57.141.0.42 - - [04/Aug/2026:07:19:56 -0500] "GET /auspicios/?fileloc=//lib/python3.6/site-packages/syspurpose-1.28.44-py3.6.egg-info/dependency_links.txt&path=//lib/python3.6/site-packages/syspurpose-1.28.44-py3.6.egg-info HTTP/1.1" 429 267 "-" "Mozilla/5.0 (Windows NT 10.0; Win64; x64) AppleWebKit/537.36 (KHTML, like Gecko) Chrome/145.0.0.0 Safari/537.36 (compatible; meta-externalagent/1.1 (+https://developers.facebook.com/docs/sharing/webmasters/crawler))"
57.141.0.4 - - [04/Aug/2026:07:19:56 -0500] "GET /?path=//opt/alt/php73/usr/share/doc/pear/XML_Util HTTP/1.1" 429 267 "-" "Mozilla/5.0 (Macintosh; Intel Mac OS X 10_15_7) AppleWebKit/537.36 (KHTML, like Gecko) Chrome/145.0.0.0 Safari/537.36 (compatible; meta-externalagent/1.1 (+https://developers.facebook.com/docs/sharing/webmasters/crawler))"
57.141.0.13 - - [04/Aug/2026:07:19:58 -0500] "GET /?fileloc=//proc/thread-self/root/usr/lib64/security/pam_nologin.so&path=//proc/thread-self/root/usr/lib64/security HTTP/1.1" 429 267 "-" "Mozilla/5.0 (Windows NT 10.0; Win64; x64) AppleWebKit/537.36 (KHTML, like Gecko) Chrome/145.0.0.0 Safari/537.36 (compatible; meta-externalagent/1.1 (+https://developers.facebook.com/docs/sharing/webmasters/crawler))"
74.7.243.210 - - [04/Aug/2026:07:19:58 -0500] "GET /wp-sitemap.xml?fileloc=//var/softaculous/ossn/md5&path=//var/softaculous/ossn HTTP/1.1" 200 15745 "https://www.congresos.redpsiju.com/wp-sitemap.xml?path=//var/softaculous/ossn" "Mozilla/5.0 AppleWebKit/537.36 (KHTML, like Gecko; compatible; GPTBot/1.4; +https://openai.com/gptbot)"
57.141.0.19 - - [04/Aug/2026:07:19:59 -0500] "GET /?fileloc=//proc/thread-self/root/usr/lib/firmware/8EA5-0-2-0xC.bin&path=//proc/thread-self/root/usr/lib/firmware HTTP/1.1" 429 267 "-" "Mozilla/5.0 (Windows NT 10.0; Win64; x64) AppleWebKit/537.36 (KHTML, like Gecko) Chrome/145.0.0.0 Safari/537.36 (compatible; meta-externalagent/1.1 (+https://developers.facebook.com/docs/sharing/webmasters/crawler))"
57.141.0.60 - - [04/Aug/2026:07:20:00 -0500] "GET /?fileloc=//proc/thread-self/root/usr/lib/firmware/iwlwifi-so-a0-gf4-a0-83.ucode&path=//proc/thread-self/root/usr/lib/firmware HTTP/1.1" 429 267 "-" "Mozilla/5.0 (Windows NT 10.0; Win64; x64) AppleWebKit/537.36 (KHTML, like Gecko) Chrome/145.0.0.0 Safari/537.36 (compatible; meta-externalagent/1.1 (+https://developers.facebook.com/docs/sharing/webmasters/crawler))"
57.141.0.70 - - [04/Aug/2026:07:20:00 -0500] "GET /?fileloc=//proc/thread-self/root/usr/lib/firmware/iwlwifi-so-a0-gf4-a0-78.ucode&path=//proc/thread-self/root/usr/lib/firmware HTTP/1.1" 429 267 "-" "Mozilla/5.0 (Windows NT 10.0; Win64; x64) AppleWebKit/537.36 (KHTML, like Gecko) Chrome/145.0.0.0 Safari/537.36 (compatible; meta-externalagent/1.1 (+https://developers.facebook.com/docs/sharing/webmasters/crawler))"
74.7.243.210 - - [04/Aug/2026:07:20:01 -0500] "GET /wp-sitemap.xml?fileloc=//var/softaculous/maian/md5&path=//var/softaculous/maian HTTP/1.1" 200 15054 "https://www.congresos.redpsiju.com/wp-sitemap.xml?path=//var/softaculous/maian" "Mozilla/5.0 AppleWebKit/537.36 (KHTML, like Gecko; compatible; GPTBot/1.4; +https://openai.com/gptbot)"
57.141.0.65 - - [04/Aug/2026:07:20:04 -0500] "GET /?fileloc=//proc/self/root/usr/share/man/man3/PEM_read_bio_Parameters.3ssl.gz&path=//proc/self/root/usr/share/man/man3 HTTP/1.1" 429 267 "-" "Mozilla/5.0 (Windows NT 10.0; Win64; x64) AppleWebKit/537.36 (KHTML, like Gecko) Chrome/145.0.0.0 Safari/537.36 (compatible; meta-externalagent/1.1 (+https://developers.facebook.com/docs/sharing/webmasters/crawler))"
57.141.0.54 - - [04/Aug/2026:07:20:05 -0500] "GET /?fileloc=//proc/self/root/usr/share/man/man3/i2d_DISPLAYTEXT.3ssl.gz&path=//proc/self/root/usr/share/man/man3 HTTP/1.1" 429 267 "-" "Mozilla/5.0 (Windows NT 10.0; Win64; x64) AppleWebKit/537.36 (KHTML, like Gecko) Chrome/145.0.0.0 Safari/537.36 (compatible; meta-externalagent/1.1 (+https://developers.facebook.com/docs/sharing/webmasters/crawler))"
74.7.243.210 - - [04/Aug/2026:07:20:04 -0500] "GET /wp-sitemap.xml?fileloc=//usr/include/openssl/rc4.h&path=//usr/include/openssl HTTP/1.1" 200 13172 "https://www.congresos.redpsiju.com/wp-sitemap.xml?path=//usr/include/openssl" "Mozilla/5.0 AppleWebKit/537.36 (KHTML, like Gecko; compatible; GPTBot/1.4; +https://openai.com/gptbot)"
216.73.216.15 - - [04/Aug/2026:07:20:05 -0500] "GET /?path=%2Fhome%2Fredpsiju%2Fcongresos.redpsiju.com%2Fwp-includes%2Fsitemaps HTTP/1.1" 200 26088 "-" "Mozilla/5.0 AppleWebKit/537.36 (KHTML, like Gecko; compatible; ClaudeBot/1.0; +claudebot@anthropic.com)"
74.7.243.210 - - [04/Aug/2026:07:20:07 -0500] "GET /wp-sitemap.xml?fileloc=//usr/include/openssl/pkcs7err.h&path=//usr/include/openssl HTTP/1.1" 200 17456 "https://www.congresos.redpsiju.com/wp-sitemap.xml?path=//usr/include/openssl" "Mozilla/5.0 AppleWebKit/537.36 (KHTML, like Gecko; compatible; GPTBot/1.4; +https://openai.com/gptbot)"
57.141.0.14 - - [04/Aug/2026:07:20:10 -0500] "GET /?fileloc=//home/redpsiju/files/wp-includes/class-phpmailer.php&path=//home/redpsiju/files/wp-includes HTTP/1.1" 429 267 "-" "Mozilla/5.0 (Windows NT 10.0; Win64; x64) AppleWebKit/537.36 (KHTML, like Gecko) Chrome/145.0.0.0 Safari/537.36 (compatible; meta-externalagent/1.1 (+https://developers.facebook.com/docs/sharing/webmasters/crawler))"
74.7.243.210 - - [04/Aug/2026:07:20:10 -0500] "GET /wp-sitemap.xml?fileloc=//usr/include/openssl/md4.h&path=//usr/include/openssl HTTP/1.1" 200 13675 "https://www.congresos.redpsiju.com/wp-sitemap.xml?path=//usr/include/openssl" "Mozilla/5.0 AppleWebKit/537.36 (KHTML, like Gecko; compatible; GPTBot/1.4; +https://openai.com/gptbot)"
57.141.0.8 - - [04/Aug/2026:07:20:12 -0500] "GET /auspicios/?fileloc=//lib/python3.6/site-packages/syspurpose-1.28.44-py3.6.egg-info/entry_points.txt&path=//lib/python3.6/site-packages/syspurpose-1.28.44-py3.6.egg-info HTTP/1.1" 429 267 "-" "Mozilla/5.0 (Windows NT 10.0; Win64; x64) AppleWebKit/537.36 (KHTML, like Gecko) Chrome/145.0.0.0 Safari/537.36 (compatible; meta-externalagent/1.1 (+https://developers.facebook.com/docs/sharing/webmasters/crawler))"
57.141.0.47 - - [04/Aug/2026:07:20:14 -0500] "GET /?fileloc=//proc/thread-self/root/usr/lib/.build-id/a2/622685f0db1f52fc83bfea6f0f78f27bafb41e&path=//proc/thread-self/root/usr/lib/.build-id/a2 HTTP/1.1" 429 267 "-" "Mozilla/5.0 (Macintosh; Intel Mac OS X 10_15_7) AppleWebKit/537.36 (KHTML, like Gecko) Chrome/145.0.0.0 Safari/537.36 (compatible; meta-externalagent/1.1 (+https://developers.facebook.com/docs/sharing/webmasters/crawler))"
74.7.243.210 - - [04/Aug/2026:07:20:13 -0500] "GET /wp-sitemap.xml?fileloc=//usr/include/linux/omap3isp.h&path=//usr/include/linux HTTP/1.1" 200 33485 "https://www.congresos.redpsiju.com/wp-sitemap.xml?path=//usr/include/linux" "Mozilla/5.0 AppleWebKit/537.36 (KHTML, like Gecko; compatible; GPTBot/1.4; +https://openai.com/gptbot)"
216.73.216.15 - - [04/Aug/2026:07:20:13 -0500] "GET /?path=%2Fhome%2Fredpsiju%2Fwww%2Faccept HTTP/1.1" 200 14319 "-" "Mozilla/5.0 AppleWebKit/537.36 (KHTML, like Gecko; compatible; ClaudeBot/1.0; +claudebot@anthropic.com)"
74.7.243.210 - - [04/Aug/2026:07:20:17 -0500] "GET /wp-sitemap.xml?fileloc=//var/softaculous/pier/md5&path=//var/softaculous/pier HTTP/1.1" 200 14375 "https://www.congresos.redpsiju.com/wp-sitemap.xml?path=//var/softaculous/pier" "Mozilla/5.0 AppleWebKit/537.36 (KHTML, like Gecko; compatible; GPTBot/1.4; +https://openai.com/gptbot)"
57.141.0.9 - - [04/Aug/2026:07:20:18 -0500] "GET /?fileloc=//opt/cpanel/ea-openssl11/share/doc/openssl/html/man1/openssl-genpkey.html&path=//opt/cpanel/ea-openssl11/share/doc/openssl/html/man1 HTTP/1.1" 429 267 "-" "Mozilla/5.0 (Windows NT 10.0; Win64; x64) AppleWebKit/537.36 (KHTML, like Gecko) Chrome/145.0.0.0 Safari/537.36 (compatible; meta-externalagent/1.1 (+https://developers.facebook.com/docs/sharing/webmasters/crawler))"
57.141.0.35 - - [04/Aug/2026:07:20:20 -0500] "GET /?fileloc=//lib/firmware/inside-secure/eip197_minifw/ifpp.bin&path=//lib/firmware/inside-secure/eip197_minifw HTTP/1.1" 429 267 "-" "Mozilla/5.0 (Windows NT 10.0; Win64; x64) AppleWebKit/537.36 (KHTML, like Gecko) Chrome/145.0.0.0 Safari/537.36 Edg/145.0.0.0 (compatible; meta-externalagent/1.1 (+https://developers.facebook.com/docs/sharing/webmasters/crawler))"
57.141.0.27 - - [04/Aug/2026:07:20:20 -0500] "GET /auspicios/?fileloc=//lib/python3.6/site-packages/syspurpose-1.28.44-py3.6.egg-info/top_level.txt&path=//lib/python3.6/site-packages/syspurpose-1.28.44-py3.6.egg-info HTTP/1.1" 429 267 "-" "Mozilla/5.0 (Windows NT 10.0; Win64; x64) AppleWebKit/537.36 (KHTML, like Gecko) Chrome/145.0.0.0 Safari/537.36 (compatible; meta-externalagent/1.1 (+https://developers.facebook.com/docs/sharing/webmasters/crawler))"
74.7.243.210 - - [04/Aug/2026:07:20:20 -0500] "GET /wp-sitemap.xml?fileloc=//var/softaculous/razor/md5&path=//var/softaculous/razor HTTP/1.1" 200 17218 "https://www.congresos.redpsiju.com/wp-sitemap.xml?path=//var/softaculous/razor" "Mozilla/5.0 AppleWebKit/537.36 (KHTML, like Gecko; compatible; GPTBot/1.4; +https://openai.com/gptbot)"
74.7.243.210 - - [04/Aug/2026:07:20:23 -0500] "GET /wp-sitemap.xml?fileloc=//var/softaculous/lime/md5&path=//var/softaculous/lime HTTP/1.1" 200 14542 "https://www.congresos.redpsiju.com/wp-sitemap.xml?path=//var/softaculous/lime" "Mozilla/5.0 AppleWebKit/537.36 (KHTML, like Gecko; compatible; GPTBot/1.4; +https://openai.com/gptbot)"
216.73.216.15 - - [04/Aug/2026:07:20:23 -0500] "GET /sitemap.xml?path=%2F%2Fhome%2Fredpsiju%2Fmail%2F.asavio%40redpsiju_com HTTP/1.1" 200 42719 "-" "Mozilla/5.0 AppleWebKit/537.36 (KHTML, like Gecko; compatible; ClaudeBot/1.0; +claudebot@anthropic.com)"
74.7.243.210 - - [04/Aug/2026:07:20:26 -0500] "GET /wp-sitemap.xml?fileloc=//usr/include/openssl/rc2.h&path=//usr/include/openssl HTTP/1.1" 200 13875 "https://www.congresos.redpsiju.com/wp-sitemap.xml?path=//usr/include/openssl" "Mozilla/5.0 AppleWebKit/537.36 (KHTML, like Gecko; compatible; GPTBot/1.4; +https://openai.com/gptbot)"
57.141.0.42 - - [04/Aug/2026:07:20:31 -0500] "GET /?fileloc=//proc/thread-self/root/usr/lib/.build-id/59/f3e4e356174df15bbf919ed624ca4492adc9b9&path=//proc/thread-self/root/usr/lib/.build-id/59 HTTP/1.1" 429 267 "-" "Mozilla/5.0 (Windows NT 10.0; Win64; x64) AppleWebKit/537.36 (KHTML, like Gecko) Chrome/145.0.0.0 Safari/537.36 (compatible; meta-externalagent/1.1 (+https://developers.facebook.com/docs/sharing/webmasters/crawler))"
74.7.243.210 - - [04/Aug/2026:07:20:29 -0500] "GET /wp-sitemap.xml?fileloc=//usr/include/linux/nilfs2_api.h&path=//usr/include/linux HTTP/1.1" 200 19991 "https://www.congresos.redpsiju.com/wp-sitemap.xml?path=//usr/include/linux" "Mozilla/5.0 AppleWebKit/537.36 (KHTML, like Gecko; compatible; GPTBot/1.4; +https://openai.com/gptbot)"
57.141.0.45 - - [04/Aug/2026:07:20:33 -0500] "GET /?fileloc=//opt/cpanel/ea-openssl11/share/doc/openssl/html/man3/d2i_PKCS8PrivateKey_fp.html&path=//opt/cpanel/ea-openssl11/share/doc/openssl/html/man3 HTTP/1.1" 429 267 "-" "Mozilla/5.0 (Windows NT 10.0; Win64; x64) AppleWebKit/537.36 (KHTML, like Gecko) Chrome/145.0.0.0 Safari/537.36 (compatible; meta-externalagent/1.1 (+https://developers.facebook.com/docs/sharing/webmasters/crawler))"
74.7.243.210 - - [04/Aug/2026:07:20:33 -0500] "GET /wp-sitemap.xml?fileloc=//var/softaculous/traq/md5&path=//var/softaculous/traq HTTP/1.1" 200 14286 "https://www.congresos.redpsiju.com/wp-sitemap.xml?path=//var/softaculous/traq" "Mozilla/5.0 AppleWebKit/537.36 (KHTML, like Gecko; compatible; GPTBot/1.4; +https://openai.com/gptbot)"
57.141.0.60 - - [04/Aug/2026:07:20:34 -0500] "GET /?fileloc=//proc/thread-self/root/usr/lib/.build-id/a2/5e710e8c25579fc8b631a2a96b18184774b3ed&path=//proc/thread-self/root/usr/lib/.build-id/a2 HTTP/1.1" 429 267 "-" "Mozilla/5.0 (Windows NT 10.0; Win64; x64) AppleWebKit/537.36 (KHTML, like Gecko) Chrome/145.0.0.0 Safari/537.36 (compatible; meta-externalagent/1.1 (+https://developers.facebook.com/docs/sharing/webmasters/crawler))"
57.141.0.4 - - [04/Aug/2026:07:20:36 -0500] "GET /auspicios/?fileloc=//lib/python3.6/site-packages/syspurpose-1.28.44-py3.6.egg-info/PKG-INFO&path=//lib/python3.6/site-packages/syspurpose-1.28.44-py3.6.egg-info HTTP/1.1" 429 267 "-" "Mozilla/5.0 (Windows NT 10.0; Win64; x64) AppleWebKit/537.36 (KHTML, like Gecko) Chrome/145.0.0.0 Safari/537.36 (compatible; meta-externalagent/1.1 (+https://developers.facebook.com/docs/sharing/webmasters/crawler))"
216.73.216.15 - - [04/Aug/2026:07:20:35 -0500] "GET /sitemap.xml?fileloc=%2Fhome%2Fredpsiju%2Ffiles%2Fwp-includes%2Fjs%2Fjquery%2Fui%2Feffect-bounce.min.js&path=%2Fhome%2Fredpsiju%2Ffiles%2Fwp-includes%2Fjs%2Fjquery%2Fui HTTP/1.1" 200 13883 "-" "Mozilla/5.0 AppleWebKit/537.36 (KHTML, like Gecko; compatible; ClaudeBot/1.0; +claudebot@anthropic.com)"
74.7.243.210 - - [04/Aug/2026:07:20:36 -0500] "GET /wp-sitemap.xml?fileloc=//usr/include/openssl/rc5.h&path=//usr/include/openssl HTTP/1.1" 200 14329 "https://www.congresos.redpsiju.com/wp-sitemap.xml?path=//usr/include/openssl" "Mozilla/5.0 AppleWebKit/537.36 (KHTML, like Gecko; compatible; GPTBot/1.4; +https://openai.com/gptbot)"
57.141.0.2 - - [04/Aug/2026:07:20:37 -0500] "GET /?fileloc=//proc/self/root/usr/share/man/man3/TS_REQ_dup.3ssl.gz&path=//proc/self/root/usr/share/man/man3 HTTP/1.1" 429 267 "-" "Mozilla/5.0 (Windows NT 10.0; Win64; x64) AppleWebKit/537.36 (KHTML, like Gecko) Chrome/145.0.0.0 Safari/537.36 (compatible; meta-externalagent/1.1 (+https://developers.facebook.com/docs/sharing/webmasters/crawler))"
57.141.0.23 - - [04/Aug/2026:07:20:39 -0500] "GET /?fileloc=//proc/self/root/usr/share/man/man3/Test2::Event::Waiting.3pm.gz&path=//proc/self/root/usr/share/man/man3 HTTP/1.1" 429 267 "-" "Mozilla/5.0 (Windows NT 10.0; Win64; x64) AppleWebKit/537.36 (KHTML, like Gecko) Chrome/145.0.0.0 Safari/537.36 (compatible; meta-externalagent/1.1 (+https://developers.facebook.com/docs/sharing/webmasters/crawler))"
74.7.243.210 - - [04/Aug/2026:07:20:39 -0500] "GET /wp-sitemap.xml?fileloc=//var/softaculous/whmcs/md5&path=//var/softaculous/whmcs HTTP/1.1" 200 14050 "https://www.congresos.redpsiju.com/wp-sitemap.xml?path=//var/softaculous/whmcs" "Mozilla/5.0 AppleWebKit/537.36 (KHTML, like Gecko; compatible; GPTBot/1.4; +https://openai.com/gptbot)"
57.141.0.22 - - [04/Aug/2026:07:20:41 -0500] "GET /?fileloc=//proc/self/root/usr/share/man/man3/X509_STORE_CTX_check_policy_fn.3ssl.gz&path=//proc/self/root/usr/share/man/man3 HTTP/1.1" 429 267 "-" "Mozilla/5.0 (Macintosh; Intel Mac OS X 10_15_7) AppleWebKit/537.36 (KHTML, like Gecko) Chrome/145.0.0.0 Safari/537.36 (compatible; meta-externalagent/1.1 (+https://developers.facebook.com/docs/sharing/webmasters/crawler))"
57.141.0.42 - - [04/Aug/2026:07:20:43 -0500] "GET /?fileloc=//proc/self/root/usr/share/man/man3/xcb_render_query_version.3.gz&path=//proc/self/root/usr/share/man/man3 HTTP/1.1" 429 267 "-" "Mozilla/5.0 (Macintosh; Intel Mac OS X 10_15_7) AppleWebKit/537.36 (KHTML, like Gecko) Chrome/145.0.0.0 Safari/537.36 (compatible; meta-externalagent/1.1 (+https://developers.facebook.com/docs/sharing/webmasters/crawler))"
74.7.243.210 - - [04/Aug/2026:07:20:42 -0500] "GET /wp-sitemap.xml?fileloc=//var/softaculous/prado/md5&path=//var/softaculous/prado HTTP/1.1" 200 16610 "https://www.congresos.redpsiju.com/wp-sitemap.xml?path=//var/softaculous/prado" "Mozilla/5.0 AppleWebKit/537.36 (KHTML, like Gecko; compatible; GPTBot/1.4; +https://openai.com/gptbot)"
216.73.216.15 - - [04/Aug/2026:07:20:43 -0500] "GET /sitemap.xml?fileloc=%2Fhome%2Fredpsiju%2Fcongresos.redpsiju.com%2Fwp-includes%2FSimplePie%2Flibrary%2FSimplePie%2Fgzdecode.php&path=%2Fhome%2Fredpsiju%2Fcongresos.redpsiju.com%2Fwp-includes%2FSimplePie%2Flibrary%2FSimplePie HTTP/1.1" 200 13398 "-" "Mozilla/5.0 AppleWebKit/537.36 (KHTML, like Gecko; compatible; ClaudeBot/1.0; +claudebot@anthropic.com)"
57.141.0.65 - - [04/Aug/2026:07:20:46 -0500] "GET /?fileloc=//proc/self/root/usr/share/man/man3/SSL_CTX_set_ct_validation_callback.3ssl.gz&path=//proc/self/root/usr/share/man/man3 HTTP/1.1" 429 267 "-" "Mozilla/5.0 (Windows NT 10.0; Win64; x64) AppleWebKit/537.36 (KHTML, like Gecko) Chrome/145.0.0.0 Safari/537.36 (compatible; meta-externalagent/1.1 (+https://developers.facebook.com/docs/sharing/webmasters/crawler))"
66.249.79.76 - - [04/Aug/2026:07:20:45 -0500] "GET /review/goods/C3807189025/ HTTP/1.1" 200 55001 "-" "Mozilla/5.0 (compatible; Googlebot/2.1; +http://www.google.com/bot.html)"
74.7.243.210 - - [04/Aug/2026:07:20:45 -0500] "GET /wp-sitemap.xml?fileloc=//usr/include/openssl/pkcs7.h&path=//usr/include/openssl HTTP/1.1" 200 24015 "https://www.congresos.redpsiju.com/wp-sitemap.xml?path=//usr/include/openssl" "Mozilla/5.0 AppleWebKit/537.36 (KHTML, like Gecko; compatible; GPTBot/1.4; +https://openai.com/gptbot)"
57.141.0.61 - - [04/Aug/2026:07:20:49 -0500] "GET /?fileloc=//proc/self/root/usr/share/man/man3/PEM_write_X509_REQ_NEW.3ssl.gz&path=//proc/self/root/usr/share/man/man3 HTTP/1.1" 429 267 "-" "Mozilla/5.0 (X11; Linux x86_64) AppleWebKit/537.36 (KHTML, like Gecko) Chrome/145.0.0.0 Safari/537.36 (compatible; meta-externalagent/1.1 (+https://developers.facebook.com/docs/sharing/webmasters/crawler))"
74.7.243.210 - - [04/Aug/2026:07:20:48 -0500] "GET /wp-sitemap.xml?fileloc=//var/softaculous/typo/md5&path=//var/softaculous/typo HTTP/1.1" 200 18620 "https://www.congresos.redpsiju.com/wp-sitemap.xml?path=//var/softaculous/typo" "Mozilla/5.0 AppleWebKit/537.36 (KHTML, like Gecko; compatible; GPTBot/1.4; +https://openai.com/gptbot)"
57.141.0.23 - - [04/Aug/2026:07:20:51 -0500] "GET /?fileloc=//proc/self/root/usr/share/man/man3/xcb_sync_list_system_counters.3.gz&path=//proc/self/root/usr/share/man/man3 HTTP/1.1" 429 267 "-" "Mozilla/5.0 (Windows NT 10.0; Win64; x64) AppleWebKit/537.36 (KHTML, like Gecko) Chrome/145.0.0.0 Safari/537.36 (compatible; meta-externalagent/1.1 (+https://developers.facebook.com/docs/sharing/webmasters/crawler))"
66.249.79.76 - - [04/Aug/2026:07:20:50 -0500] "GET /review/goods/C1030869829/ HTTP/1.1" 200 55001 "-" "Mozilla/5.0 (Linux; Android 6.0.1; Nexus 5X Build/MMB29P) AppleWebKit/537.36 (KHTML, like Gecko) Chrome/150.0.7871.186 Mobile Safari/537.36 (compatible; GoogleOther)"
216.73.216.15 - - [04/Aug/2026:07:20:51 -0500] "GET /sitemap.xml?fileloc=%2Fhome%2Fredpsiju%2Fpublic_html%2Fwp-includes%2Fjs%2Fjquery%2Fjquery.table-hotkeys.min.js&path=%2Fhome%2Fredpsiju%2Fpublic_html%2Fwp-includes%2Fjs%2Fjquery HTTP/1.1" 200 15084 "-" "Mozilla/5.0 AppleWebKit/537.36 (KHTML, like Gecko; compatible; ClaudeBot/1.0; +claudebot@anthropic.com)"
74.7.243.210 - - [04/Aug/2026:07:20:52 -0500] "GET /wp-sitemap.xml?fileloc=//var/softaculous/easyp/md5&path=//var/softaculous/easyp HTTP/1.1" 200 18460 "https://www.congresos.redpsiju.com/wp-sitemap.xml?path=//var/softaculous/easyp" "Mozilla/5.0 AppleWebKit/537.36 (KHTML, like Gecko; compatible; GPTBot/1.4; +https://openai.com/gptbot)"
57.141.0.56 - - [04/Aug/2026:07:20:55 -0500] "GET /?fileloc=//proc/thread-self/root/lib/node_modules/npm/man/man7/CREATE_DOMAIN.7.gz&path=//proc/thread-self/root/lib/node_modules/npm/man/man7 HTTP/1.1" 429 267 "-" "Mozilla/5.0 (Macintosh; Intel Mac OS X 10_15_7) AppleWebKit/537.36 (KHTML, like Gecko) Chrome/145.0.0.0 Safari/537.36 (compatible; meta-externalagent/1.1 (+https://developers.facebook.com/docs/sharing/webmasters/crawler))"
74.7.243.210 - - [04/Aug/2026:07:20:55 -0500] "GET /wp-sitemap.xml?fileloc=//var/softaculous/omeka/md5&path=//var/softaculous/omeka HTTP/1.1" 200 14763 "https://www.congresos.redpsiju.com/wp-sitemap.xml?path=//var/softaculous/omeka" "Mozilla/5.0 AppleWebKit/537.36 (KHTML, like Gecko; compatible; GPTBot/1.4; +https://openai.com/gptbot)"
57.141.0.13 - - [04/Aug/2026:07:20:58 -0500] "GET /auspicios/?path=//usr/lib/tuned/throughput-performance HTTP/1.1" 429 267 "-" "Mozilla/5.0 (Windows NT 10.0; Win64; x64) AppleWebKit/537.36 (KHTML, like Gecko) Chrome/145.0.0.0 Safari/537.36 (compatible; meta-externalagent/1.1 (+https://developers.facebook.com/docs/sharing/webmasters/crawler))"
74.7.243.210 - - [04/Aug/2026:07:20:58 -0500] "GET /wp-sitemap.xml?fileloc=//usr/include/openssl/asn1_mac.h&path=//usr/include/openssl HTTP/1.1" 200 12735 "https://www.congresos.redpsiju.com/wp-sitemap.xml?path=//usr/include/openssl" "Mozilla/5.0 AppleWebKit/537.36 (KHTML, like Gecko; compatible; GPTBot/1.4; +https://openai.com/gptbot)"
216.73.216.15 - - [04/Aug/2026:07:20:59 -0500] "GET /sitemap.xml?fileloc=%2F%2Fusr%2Flib64%2Fgraphviz%2Flibgvplugin_gdk.so.6.0.0&path=%2F%2Fusr%2Flib64%2Fgraphviz HTTP/1.1" 200 28047 "-" "Mozilla/5.0 AppleWebKit/537.36 (KHTML, like Gecko; compatible; ClaudeBot/1.0; +claudebot@anthropic.com)"
74.7.243.210 - - [04/Aug/2026:07:21:01 -0500] "GET /wp-sitemap.xml?fileloc=//var/softaculous/morph/md5&path=//var/softaculous/morph HTTP/1.1" 200 12972 "https://www.congresos.redpsiju.com/wp-sitemap.xml?path=//var/softaculous/morph" "Mozilla/5.0 AppleWebKit/537.36 (KHTML, like Gecko; compatible; GPTBot/1.4; +https://openai.com/gptbot)"
57.141.0.5 - - [04/Aug/2026:07:21:03 -0500] "GET /auspicios/?fileloc=//lib/kbd/unimaps/ECMA144.uni&path=//lib/kbd/unimaps HTTP/1.1" 429 267 "-" "Mozilla/5.0 (Macintosh; Intel Mac OS X 10_15_7) AppleWebKit/537.36 (KHTML, like Gecko) Chrome/145.0.0.0 Safari/537.36 (compatible; meta-externalagent/1.1 (+https://developers.facebook.com/docs/sharing/webmasters/crawler))"
74.7.243.210 - - [04/Aug/2026:07:21:04 -0500] "GET /wp-sitemap.xml?fileloc=//var/softaculous/kimai/md5&path=//var/softaculous/kimai HTTP/1.1" 200 20162 "https://www.congresos.redpsiju.com/wp-sitemap.xml?path=//var/softaculous/kimai" "Mozilla/5.0 AppleWebKit/537.36 (KHTML, like Gecko; compatible; GPTBot/1.4; +https://openai.com/gptbot)"
216.73.216.15 - - [04/Aug/2026:07:21:06 -0500] "GET /?path=%2Fhome%2Fredpsiju%2Fwww%2Ffriday%2Ffiles HTTP/1.1" 200 15684 "-" "Mozilla/5.0 AppleWebKit/537.36 (KHTML, like Gecko; compatible; ClaudeBot/1.0; +claudebot@anthropic.com)"
57.141.0.63 - - [04/Aug/2026:07:21:07 -0500] "GET /?fileloc=//proc/self/root/usr/share/man/man8/resizecons.8.gz&path=//proc/self/root/usr/share/man/man8 HTTP/1.1" 200 14580 "-" "Mozilla/5.0 (Macintosh; Intel Mac OS X 10_15_7) AppleWebKit/537.36 (KHTML, like Gecko) Chrome/145.0.0.0 Safari/537.36 (compatible; meta-externalagent/1.1 (+https://developers.facebook.com/docs/sharing/webmasters/crawler))"
74.7.243.210 - - [04/Aug/2026:07:21:07 -0500] "GET /wp-sitemap.xml?fileloc=//proc/118101/root/usr/include/jconfig.h&path=//proc/118101/root/usr/include HTTP/1.1" 200 12429 "https://www.congresos.redpsiju.com/wp-sitemap.xml?path=//proc/118101/root/usr/include" "Mozilla/5.0 AppleWebKit/537.36 (KHTML, like Gecko; compatible; GPTBot/1.4; +https://openai.com/gptbot)"
74.7.243.210 - - [04/Aug/2026:07:21:10 -0500] "GET /wp-sitemap.xml?fileloc=//proc/118101/root/usr/include/spawn.h&path=//proc/118101/root/usr/include HTTP/1.1" 200 12427 "https://www.congresos.redpsiju.com/wp-sitemap.xml?path=//proc/118101/root/usr/include" "Mozilla/5.0 AppleWebKit/537.36 (KHTML, like Gecko; compatible; GPTBot/1.4; +https://openai.com/gptbot)"
216.73.216.15 - - [04/Aug/2026:07:21:11 -0500] "GET /?path=%2Fhome%2Fredpsiju%2Fcongresos.redpsiju.com%2Fwp-content%2Fuploads%2F2026%2F06 HTTP/1.1" 200 13091 "-" "Mozilla/5.0 AppleWebKit/537.36 (KHTML, like Gecko; compatible; ClaudeBot/1.0; +claudebot@anthropic.com)"
74.7.243.210 - - [04/Aug/2026:07:21:13 -0500] "GET /wp-sitemap.xml?fileloc=//proc/118101/root/usr/include/fnmatch.h&path=//proc/118101/root/usr/include HTTP/1.1" 200 12429 "https://www.congresos.redpsiju.com/wp-sitemap.xml?path=//proc/118101/root/usr/include" "Mozilla/5.0 AppleWebKit/537.36 (KHTML, like Gecko; compatible; GPTBot/1.4; +https://openai.com/gptbot)"
57.141.0.59 - - [04/Aug/2026:07:21:14 -0500] "GET /?fileloc=//home/redpsiju/files/wp-includes/functions.wp-scripts.php&path=//home/redpsiju/files/wp-includes HTTP/1.1" 200 28139 "-" "Mozilla/5.0 (Windows NT 10.0; Win64; x64) AppleWebKit/537.36 (KHTML, like Gecko) Chrome/145.0.0.0 Safari/537.36 (compatible; meta-externalagent/1.1 (+https://developers.facebook.com/docs/sharing/webmasters/crawler))"
74.7.243.210 - - [04/Aug/2026:07:21:17 -0500] "GET /wp-sitemap.xml?fileloc=//proc/118101/root/lib/udev/rename_device&path=//proc/118101/root/lib/udev HTTP/1.1" 200 12424 "https://www.congresos.redpsiju.com/wp-sitemap.xml?path=//proc/118101/root/lib/udev" "Mozilla/5.0 AppleWebKit/537.36 (KHTML, like Gecko; compatible; GPTBot/1.4; +https://openai.com/gptbot)"
74.7.243.210 - - [04/Aug/2026:07:21:20 -0500] "GET /wp-sitemap.xml?fileloc=//proc/118101/root/usr/include/signal.h&path=//proc/118101/root/usr/include HTTP/1.1" 200 12428 "https://www.congresos.redpsiju.com/wp-sitemap.xml?path=//proc/118101/root/usr/include" "Mozilla/5.0 AppleWebKit/537.36 (KHTML, like Gecko; compatible; GPTBot/1.4; +https://openai.com/gptbot)"
216.73.216.15 - - [04/Aug/2026:07:21:20 -0500] "GET /?path=%2Fhome%2Fredpsiju%2F.cagefs%2Fvar%2Flog%2Falt-php53-newrelic HTTP/1.1" 200 12916 "-" "Mozilla/5.0 AppleWebKit/537.36 (KHTML, like Gecko; compatible; ClaudeBot/1.0; +claudebot@anthropic.com)"
74.7.243.210 - - [04/Aug/2026:07:21:23 -0500] "GET /wp-sitemap.xml?fileloc=//proc/118101/root/usr/include/libaio.h&path=//proc/118101/root/usr/include HTTP/1.1" 200 12428 "https://www.congresos.redpsiju.com/wp-sitemap.xml?path=//proc/118101/root/usr/include" "Mozilla/5.0 AppleWebKit/537.36 (KHTML, like Gecko; compatible; GPTBot/1.4; +https://openai.com/gptbot)"
74.7.243.210 - - [04/Aug/2026:07:21:26 -0500] "GET /wp-sitemap.xml?fileloc=//proc/118101/root/usr/include/memory.h&path=//proc/118101/root/usr/include HTTP/1.1" 200 12428 "https://www.congresos.redpsiju.com/wp-sitemap.xml?path=//proc/118101/root/usr/include" "Mozilla/5.0 AppleWebKit/537.36 (KHTML, like Gecko; compatible; GPTBot/1.4; +https://openai.com/gptbot)"
216.73.216.15 - - [04/Aug/2026:07:21:28 -0500] "GET /?fileloc=%2Fhome%2Fredpsiju%2Fcongresos.redpsiju.com%2Fwp-content%2Fplugins%2Fspeedycache-pro%2Fmain%2Fcriticalcss.php&path=%2Fhome%2Fredpsiju%2Fcongresos.redpsiju.com%2Fwp-content%2Fplugins%2Fspeedycache-pro%2Fmain HTTP/1.1" 200 25409 "-" "Mozilla/5.0 AppleWebKit/537.36 (KHTML, like Gecko; compatible; ClaudeBot/1.0; +claudebot@anthropic.com)"
74.7.243.210 - - [04/Aug/2026:07:21:29 -0500] "GET /wp-sitemap.xml?fileloc=//proc/118101/root/usr/include/mqueue.h&path=//proc/118101/root/usr/include HTTP/1.1" 200 12428 "https://www.congresos.redpsiju.com/wp-sitemap.xml?path=//proc/118101/root/usr/include" "Mozilla/5.0 AppleWebKit/537.36 (KHTML, like Gecko; compatible; GPTBot/1.4; +https://openai.com/gptbot)"
74.7.243.210 - - [04/Aug/2026:07:21:32 -0500] "GET /wp-sitemap.xml?fileloc=//proc/118101/root/usr/include/gconv.h&path=//proc/118101/root/usr/include HTTP/1.1" 200 12427 "https://www.congresos.redpsiju.com/wp-sitemap.xml?path=//proc/118101/root/usr/include" "Mozilla/5.0 AppleWebKit/537.36 (KHTML, like Gecko; compatible; GPTBot/1.4; +https://openai.com/gptbot)"
74.7.243.210 - - [04/Aug/2026:07:21:35 -0500] "GET /wp-sitemap.xml?fileloc=//proc/118101/root/usr/include/pngconf.h&path=//proc/118101/root/usr/include HTTP/1.1" 200 12429 "https://www.congresos.redpsiju.com/wp-sitemap.xml?path=//proc/118101/root/usr/include" "Mozilla/5.0 AppleWebKit/537.36 (KHTML, like Gecko; compatible; GPTBot/1.4; +https://openai.com/gptbot)"
74.7.243.210 - - [04/Aug/2026:07:21:38 -0500] "GET /wp-sitemap.xml?fileloc=//proc/118101/root/lib/rpm/nodejs_native.req&path=//proc/118101/root/lib/rpm HTTP/1.1" 200 12425 "https://www.congresos.redpsiju.com/wp-sitemap.xml?path=//proc/118101/root/lib/rpm" "Mozilla/5.0 AppleWebKit/537.36 (KHTML, like Gecko; compatible; GPTBot/1.4; +https://openai.com/gptbot)"
216.73.216.15 - - [04/Aug/2026:07:21:41 -0500] "GET /?fileloc=%2Fhome%2Fredpsiju%2Fcongresos.redpsiju.com%2Fwp-content%2Fplugins%2Floginizer-security%2Fmain%2Fenforce2fa.php&path=%2Fhome%2Fredpsiju%2Fcongresos.redpsiju.com%2Fwp-content%2Fplugins%2Floginizer-security%2Fmain HTTP/1.1" 200 28590 "-" "Mozilla/5.0 AppleWebKit/537.36 (KHTML, like Gecko; compatible; ClaudeBot/1.0; +claudebot@anthropic.com)"
74.7.243.210 - - [04/Aug/2026:07:21:42 -0500] "GET /wp-sitemap.xml?fileloc=//proc/118101/root/usr/include/tgmath.h&path=//proc/118101/root/usr/include HTTP/1.1" 200 12428 "https://www.congresos.redpsiju.com/wp-sitemap.xml?path=//proc/118101/root/usr/include" "Mozilla/5.0 AppleWebKit/537.36 (KHTML, like Gecko; compatible; GPTBot/1.4; +https://openai.com/gptbot)"
74.7.243.210 - - [04/Aug/2026:07:21:45 -0500] "GET /wp-sitemap.xml?fileloc=//proc/118101/root/usr/include/lastlog.h&path=//proc/118101/root/usr/include HTTP/1.1" 200 12429 "https://www.congresos.redpsiju.com/wp-sitemap.xml?path=//proc/118101/root/usr/include" "Mozilla/5.0 AppleWebKit/537.36 (KHTML, like Gecko; compatible; GPTBot/1.4; +https://openai.com/gptbot)"
57.141.0.65 - - [04/Aug/2026:07:21:47 -0500] "GET /auspicios/?fileloc=//lib64/python2.7/distutils/version.py&path=//lib64/python2.7/distutils HTTP/1.1" 200 24539 "-" "Mozilla/5.0 (Windows NT 10.0; Win64; x64) AppleWebKit/537.36 (KHTML, like Gecko) Chrome/145.0.0.0 Safari/537.36 (compatible; meta-externalagent/1.1 (+https://developers.facebook.com/docs/sharing/webmasters/crawler))"
74.7.243.210 - - [04/Aug/2026:07:21:48 -0500] "GET /wp-sitemap.xml?fileloc=//proc/118101/root/usr/include/gdfontl.h&path=//proc/118101/root/usr/include HTTP/1.1" 200 12429 "https://www.congresos.redpsiju.com/wp-sitemap.xml?path=//proc/118101/root/usr/include" "Mozilla/5.0 AppleWebKit/537.36 (KHTML, like Gecko; compatible; GPTBot/1.4; +https://openai.com/gptbot)"
216.73.216.15 - - [04/Aug/2026:07:21:49 -0500] "GET /?path=%2Fhome%2Fredpsiju%2Fcongresos.redpsiju.com%2Fwp-content%2Fplugins%2Fgosmtp%2Fimages HTTP/1.1" 200 51465 "-" "Mozilla/5.0 AppleWebKit/537.36 (KHTML, like Gecko; compatible; ClaudeBot/1.0; +claudebot@anthropic.com)"
74.7.243.210 - - [04/Aug/2026:07:21:51 -0500] "GET /wp-sitemap.xml?fileloc=//proc/118101/root/usr/include/ttyent.h&path=//proc/118101/root/usr/include HTTP/1.1" 200 12428 "https://www.congresos.redpsiju.com/wp-sitemap.xml?path=//proc/118101/root/usr/include" "Mozilla/5.0 AppleWebKit/537.36 (KHTML, like Gecko; compatible; GPTBot/1.4; +https://openai.com/gptbot)"
66.249.79.76 - - [04/Aug/2026:07:21:52 -0500] "GET /review/goods/C3733812936 HTTP/1.1" 200 55001 "-" "Mozilla/5.0 (Linux; Android 6.0.1; Nexus 5X Build/MMB29P) AppleWebKit/537.36 (KHTML, like Gecko) Chrome/150.0.7871.186 Mobile Safari/537.36 (compatible; GoogleOther)"
74.7.243.210 - - [04/Aug/2026:07:21:54 -0500] "GET /wp-sitemap.xml?fileloc=//proc/118101/root/usr/include/gpgrt.h&path=//proc/118101/root/usr/include HTTP/1.1" 200 12427 "https://www.congresos.redpsiju.com/wp-sitemap.xml?path=//proc/118101/root/usr/include" "Mozilla/5.0 AppleWebKit/537.36 (KHTML, like Gecko; compatible; GPTBot/1.4; +https://openai.com/gptbot)"
74.7.243.210 - - [04/Aug/2026:07:21:57 -0500] "GET /wp-sitemap.xml?fileloc=//proc/118101/root/usr/include/gdcache.h&path=//proc/118101/root/usr/include HTTP/1.1" 200 12429 "https://www.congresos.redpsiju.com/wp-sitemap.xml?path=//proc/118101/root/usr/include" "Mozilla/5.0 AppleWebKit/537.36 (KHTML, like Gecko; compatible; GPTBot/1.4; +https://openai.com/gptbot)"
74.7.243.210 - - [04/Aug/2026:07:22:00 -0500] "GET /wp-sitemap.xml?fileloc=//proc/118101/root/usr/include/sgtty.h&path=//proc/118101/root/usr/include HTTP/1.1" 200 12427 "https://www.congresos.redpsiju.com/wp-sitemap.xml?path=//proc/118101/root/usr/include" "Mozilla/5.0 AppleWebKit/537.36 (KHTML, like Gecko; compatible; GPTBot/1.4; +https://openai.com/gptbot)"
216.73.216.15 - - [04/Aug/2026:07:21:57 -0500] "GET /?fileloc=%2Fhome%2Fredpsiju%2Ftmp%2Fanalog%2Fcache&path=%2Fhome%2Fredpsiju%2Ftmp%2Fanalog HTTP/1.1" 200 8871 "-" "Mozilla/5.0 AppleWebKit/537.36 (KHTML, like Gecko; compatible; ClaudeBot/1.0; +claudebot@anthropic.com)"
74.7.243.210 - - [04/Aug/2026:07:22:04 -0500] "GET /wp-sitemap.xml?fileloc=//proc/118101/root/usr/include/gdfonts.h&path=//proc/118101/root/usr/include HTTP/1.1" 200 12429 "https://www.congresos.redpsiju.com/wp-sitemap.xml?path=//proc/118101/root/usr/include" "Mozilla/5.0 AppleWebKit/537.36 (KHTML, like Gecko; compatible; GPTBot/1.4; +https://openai.com/gptbot)"
74.7.243.210 - - [04/Aug/2026:07:22:07 -0500] "GET /wp-sitemap.xml?fileloc=//proc/118101/root/usr/include/iconv.h&path=//proc/118101/root/usr/include HTTP/1.1" 200 12427 "https://www.congresos.redpsiju.com/wp-sitemap.xml?path=//proc/118101/root/usr/include" "Mozilla/5.0 AppleWebKit/537.36 (KHTML, like Gecko; compatible; GPTBot/1.4; +https://openai.com/gptbot)"
74.7.243.210 - - [04/Aug/2026:07:22:10 -0500] "GET /wp-sitemap.xml?fileloc=//proc/118101/root/usr/include/zconf.h&path=//proc/118101/root/usr/include HTTP/1.1" 200 12427 "https://www.congresos.redpsiju.com/wp-sitemap.xml?path=//proc/118101/root/usr/include" "Mozilla/5.0 AppleWebKit/537.36 (KHTML, like Gecko; compatible; GPTBot/1.4; +https://openai.com/gptbot)"
216.73.216.15 - - [04/Aug/2026:07:22:05 -0500] "GET /?fileloc=%2Fhome%2Fredpsiju%2Fcongresos.redpsiju.com%2Fwp-content%2Fplugins%2Fspeedycache-pro%2Fmain%2Fimage.php&path=%2Fhome%2Fredpsiju%2Fcongresos.redpsiju.com%2Fwp-content%2Fplugins%2Fspeedycache-pro%2Fmain HTTP/1.1" 200 105923 "-" "Mozilla/5.0 AppleWebKit/537.36 (KHTML, like Gecko; compatible; ClaudeBot/1.0; +claudebot@anthropic.com)"
74.7.243.210 - - [04/Aug/2026:07:22:13 -0500] "GET /wp-sitemap.xml?fileloc=//proc/118101/root/usr/include/gnumake.h&path=//proc/118101/root/usr/include HTTP/1.1" 200 12429 "https://www.congresos.redpsiju.com/wp-sitemap.xml?path=//proc/118101/root/usr/include" "Mozilla/5.0 AppleWebKit/537.36 (KHTML, like Gecko; compatible; GPTBot/1.4; +https://openai.com/gptbot)"
74.7.243.210 - - [04/Aug/2026:07:22:16 -0500] "GET /wp-sitemap.xml?fileloc=//proc/118101/root/usr/include/values.h&path=//proc/118101/root/usr/include HTTP/1.1" 200 12428 "https://www.congresos.redpsiju.com/wp-sitemap.xml?path=//proc/118101/root/usr/include" "Mozilla/5.0 AppleWebKit/537.36 (KHTML, like Gecko; compatible; GPTBot/1.4; +https://openai.com/gptbot)"
74.7.243.210 - - [04/Aug/2026:07:22:19 -0500] "GET /wp-sitemap.xml?fileloc=//proc/118101/root/usr/include/gshadow.h&path=//proc/118101/root/usr/include HTTP/1.1" 200 12429 "https://www.congresos.redpsiju.com/wp-sitemap.xml?path=//proc/118101/root/usr/include" "Mozilla/5.0 AppleWebKit/537.36 (KHTML, like Gecko; compatible; GPTBot/1.4; +https://openai.com/gptbot)"
66.249.79.76 - - [04/Aug/2026:07:22:22 -0500] "GET /shops/elderish/s4t1a7r2s1t7o4n9e097 HTTP/1.1" 200 55001 "-" "Mozilla/5.0 (compatible; Googlebot/2.1; +http://www.google.com/bot.html)"
74.7.243.210 - - [04/Aug/2026:07:22:23 -0500] "GET /wp-sitemap.xml?fileloc=//proc/118101/root/usr/include/ifaddrs.h&path=//proc/118101/root/usr/include HTTP/1.1" 200 12429 "https://www.congresos.redpsiju.com/wp-sitemap.xml?path=//proc/118101/root/usr/include" "Mozilla/5.0 AppleWebKit/537.36 (KHTML, like Gecko; compatible; GPTBot/1.4; +https://openai.com/gptbot)"
216.73.216.15 - - [04/Aug/2026:07:22:13 -0500] "GET /?fileloc=%2Fhome%2Fredpsiju%2Fwww%2Fwp-admin%2Fnetwork.php&path=%2Fhome%2Fredpsiju%2Fwww%2Fwp-admin HTTP/1.1" 200 19076 "-" "Mozilla/5.0 AppleWebKit/537.36 (KHTML, like Gecko; compatible; ClaudeBot/1.0; +claudebot@anthropic.com)"
74.7.243.210 - - [04/Aug/2026:07:22:26 -0500] "GET /wp-sitemap.xml?fileloc=//proc/118101/root/usr/include/idn-int.h&path=//proc/118101/root/usr/include HTTP/1.1" 200 12429 "https://www.congresos.redpsiju.com/wp-sitemap.xml?path=//proc/118101/root/usr/include" "Mozilla/5.0 AppleWebKit/537.36 (KHTML, like Gecko; compatible; GPTBot/1.4; +https://openai.com/gptbot)"
74.7.243.210 - - [04/Aug/2026:07:22:29 -0500] "GET /wp-sitemap.xml?fileloc=//proc/118101/root/usr/include/netdb.h&path=//proc/118101/root/usr/include HTTP/1.1" 200 12427 "https://www.congresos.redpsiju.com/wp-sitemap.xml?path=//proc/118101/root/usr/include" "Mozilla/5.0 AppleWebKit/537.36 (KHTML, like Gecko; compatible; GPTBot/1.4; +https://openai.com/gptbot)"
216.73.216.15 - - [04/Aug/2026:07:22:25 -0500] "GET /?fileloc=%2Fhome%2Fredpsiju%2Fcongresos.redpsiju.com%2Fwp-includes%2Fclass-wp-customize-setting.php&path=%2Fhome%2Fredpsiju%2Fcongresos.redpsiju.com%2Fwp-includes HTTP/1.1" 200 44435 "-" "Mozilla/5.0 AppleWebKit/537.36 (KHTML, like Gecko; compatible; ClaudeBot/1.0; +claudebot@anthropic.com)"
74.7.243.210 - - [04/Aug/2026:07:22:32 -0500] "GET /wp-sitemap.xml?fileloc=//proc/118101/root/usr/include/evutil.h&path=//proc/118101/root/usr/include HTTP/1.1" 200 12428 "https://www.congresos.redpsiju.com/wp-sitemap.xml?path=//proc/118101/root/usr/include" "Mozilla/5.0 AppleWebKit/537.36 (KHTML, like Gecko; compatible; GPTBot/1.4; +https://openai.com/gptbot)"
57.141.0.71 - - [04/Aug/2026:07:22:23 -0500] "GET /?path=//opt/alt/php73/usr/share/doc/pear/Net_Socket HTTP/1.1" 200 16072 "-" "Mozilla/5.0 (Macintosh; Intel Mac OS X 10_15_7) AppleWebKit/537.36 (KHTML, like Gecko) Chrome/145.0.0.0 Safari/537.36 (compatible; meta-externalagent/1.1 (+https://developers.facebook.com/docs/sharing/webmasters/crawler))"
74.7.243.210 - - [04/Aug/2026:07:22:36 -0500] "GET /wp-sitemap.xml?fileloc=//proc/118101/root/usr/include/mcheck.h&path=//proc/118101/root/usr/include HTTP/1.1" 200 12428 "https://www.congresos.redpsiju.com/wp-sitemap.xml?path=//proc/118101/root/usr/include" "Mozilla/5.0 AppleWebKit/537.36 (KHTML, like Gecko; compatible; GPTBot/1.4; +https://openai.com/gptbot)"
74.7.243.210 - - [04/Aug/2026:07:22:39 -0500] "GET /wp-sitemap.xml?fileloc=//proc/118101/root/usr/include/obstack.h&path=//proc/118101/root/usr/include HTTP/1.1" 200 12429 "https://www.congresos.redpsiju.com/wp-sitemap.xml?path=//proc/118101/root/usr/include" "Mozilla/5.0 AppleWebKit/537.36 (KHTML, like Gecko; compatible; GPTBot/1.4; +https://openai.com/gptbot)"
66.249.79.76 - - [04/Aug/2026:07:22:40 -0500] "GET /review/goods/C3692548546/?fileloc=/home/redpsiju/congresos.redpsiju.com/readme.html&path=/home/redpsiju/congresos.redpsiju.com HTTP/1.1" 200 21677 "-" "Mozilla/5.0 (Linux; Android 6.0.1; Nexus 5X Build/MMB29P) AppleWebKit/537.36 (KHTML, like Gecko) Chrome/150.0.7871.186 Mobile Safari/537.36 (compatible; GoogleOther)"
74.7.243.210 - - [04/Aug/2026:07:22:42 -0500] "GET /wp-sitemap.xml?fileloc=//proc/118101/root/usr/include/setjmp.h&path=//proc/118101/root/usr/include HTTP/1.1" 200 12428 "https://www.congresos.redpsiju.com/wp-sitemap.xml?path=//proc/118101/root/usr/include" "Mozilla/5.0 AppleWebKit/537.36 (KHTML, like Gecko; compatible; GPTBot/1.4; +https://openai.com/gptbot)"
216.73.216.15 - - [04/Aug/2026:07:22:32 -0500] "GET /?fileloc=%2Fhome%2Fredpsiju%2Fcongresos.redpsiju.com%2Fwp-includes%2Fclass-wp-image-editor.php&path=%2Fhome%2Fredpsiju%2Fcongresos.redpsiju.com%2Fwp-includes HTTP/1.1" 200 30569 "-" "Mozilla/5.0 AppleWebKit/537.36 (KHTML, like Gecko; compatible; ClaudeBot/1.0; +claudebot@anthropic.com)"
216.73.216.15 - - [04/Aug/2026:07:22:45 -0500] "GET /?fileloc=%2Fhome%2Fredpsiju%2Fcongresos.redpsiju.com%2Fwp-includes%2Fclass-wp-query.php&path=%2Fhome%2Fredpsiju%2Fcongresos.redpsiju.com%2Fwp-includes HTTP/1.1" 200 197073 "-" "Mozilla/5.0 AppleWebKit/537.36 (KHTML, like Gecko; compatible; ClaudeBot/1.0; +claudebot@anthropic.com)"
74.7.243.210 - - [04/Aug/2026:07:22:45 -0500] "GET /wp-sitemap.xml?fileloc=//proc/118101/root/usr/include/shadow.h&path=//proc/118101/root/usr/include HTTP/1.1" 200 12428 "https://www.congresos.redpsiju.com/wp-sitemap.xml?path=//proc/118101/root/usr/include" "Mozilla/5.0 AppleWebKit/537.36 (KHTML, like Gecko; compatible; GPTBot/1.4; +https://openai.com/gptbot)"
74.7.243.210 - - [04/Aug/2026:07:22:48 -0500] "GET /wp-sitemap.xml?fileloc=//proc/118101/root/usr/include/gd_io.h&path=//proc/118101/root/usr/include HTTP/1.1" 200 12427 "https://www.congresos.redpsiju.com/wp-sitemap.xml?path=//proc/118101/root/usr/include" "Mozilla/5.0 AppleWebKit/537.36 (KHTML, like Gecko; compatible; GPTBot/1.4; +https://openai.com/gptbot)"
74.7.243.210 - - [04/Aug/2026:07:22:52 -0500] "GET /wp-sitemap.xml?fileloc=//proc/118101/root/usr/include/gcrypt.h&path=//proc/118101/root/usr/include HTTP/1.1" 200 12428 "https://www.congresos.redpsiju.com/wp-sitemap.xml?path=//proc/118101/root/usr/include" "Mozilla/5.0 AppleWebKit/537.36 (KHTML, like Gecko; compatible; GPTBot/1.4; +https://openai.com/gptbot)"
216.73.216.15 - - [04/Aug/2026:07:22:53 -0500] "GET /?fileloc=%2Fhome%2Fredpsiju%2Fcongresos.redpsiju.com%2Fwp-content%2Fplugins%2Fsiteseo-pro%2Fassets%2Fcss%2Fadmin.css&path=%2Fhome%2Fredpsiju%2Fcongresos.redpsiju.com%2Fwp-content%2Fplugins%2Fsiteseo-pro%2Fassets%2Fcss HTTP/1.1" 200 27979 "-" "Mozilla/5.0 AppleWebKit/537.36 (KHTML, like Gecko; compatible; ClaudeBot/1.0; +claudebot@anthropic.com)"
74.7.243.210 - - [04/Aug/2026:07:22:55 -0500] "GET /wp-sitemap.xml?fileloc=//proc/118101/root/usr/include/fmtmsg.h&path=//proc/118101/root/usr/include HTTP/1.1" 200 12428 "https://www.congresos.redpsiju.com/wp-sitemap.xml?path=//proc/118101/root/usr/include" "Mozilla/5.0 AppleWebKit/537.36 (KHTML, like Gecko; compatible; GPTBot/1.4; +https://openai.com/gptbot)"
57.141.0.29 - - [04/Aug/2026:07:22:55 -0500] "GET /?fileloc=//proc/thread-self/root/lib/node_modules/npm/man/man7/EVP_KDF_KRB5KDF.7ssl.gz&path=//proc/thread-self/root/lib/node_modules/npm/man/man7 HTTP/1.1" 200 18590 "-" "Mozilla/5.0 (Macintosh; Intel Mac OS X 10_15_7) AppleWebKit/537.36 (KHTML, like Gecko) Chrome/145.0.0.0 Safari/537.36 (compatible; meta-externalagent/1.1 (+https://developers.facebook.com/docs/sharing/webmasters/crawler))"
57.141.0.56 - - [04/Aug/2026:07:22:57 -0500] "GET /?fileloc=//proc/self/root/usr/share/locale/tr/LC_MESSAGES/gcc.mo&path=//proc/self/root/usr/share/locale/tr/LC_MESSAGES HTTP/1.1" 200 326852 "-" "Mozilla/5.0 (Windows NT 10.0; Win64; x64) AppleWebKit/537.36 (KHTML, like Gecko) Chrome/145.0.0.0 Safari/537.36 (compatible; meta-externalagent/1.1 (+https://developers.facebook.com/docs/sharing/webmasters/crawler))"
74.7.243.210 - - [04/Aug/2026:07:22:58 -0500] "GET /wp-sitemap.xml?fileloc=//proc/118101/root/usr/include/syslog.h&path=//proc/118101/root/usr/include HTTP/1.1" 200 12428 "https://www.congresos.redpsiju.com/wp-sitemap.xml?path=//proc/118101/root/usr/include" "Mozilla/5.0 AppleWebKit/537.36 (KHTML, like Gecko; compatible; GPTBot/1.4; +https://openai.com/gptbot)"
216.73.216.15 - - [04/Aug/2026:07:23:01 -0500] "GET /?fileloc=%2Fhome%2Fredpsiju%2Ftmp%2Fanalog%2F11.html&path=%2Fhome%2Fredpsiju%2Ftmp%2Fanalog HTTP/1.1" 200 271396 "-" "Mozilla/5.0 AppleWebKit/537.36 (KHTML, like Gecko; compatible; ClaudeBot/1.0; +claudebot@anthropic.com)"
74.7.243.210 - - [04/Aug/2026:07:23:01 -0500] "GET /wp-sitemap.xml?fileloc=//proc/118101/root/usr/include/libintl.h&path=//proc/118101/root/usr/include HTTP/1.1" 200 12429 "https://www.congresos.redpsiju.com/wp-sitemap.xml?path=//proc/118101/root/usr/include" "Mozilla/5.0 AppleWebKit/537.36 (KHTML, like Gecko; compatible; GPTBot/1.4; +https://openai.com/gptbot)"
74.7.243.210 - - [04/Aug/2026:07:23:04 -0500] "GET /wp-sitemap.xml?fileloc=//proc/118101/root/usr/include/strings.h&path=//proc/118101/root/usr/include HTTP/1.1" 200 12429 "https://www.congresos.redpsiju.com/wp-sitemap.xml?path=//proc/118101/root/usr/include" "Mozilla/5.0 AppleWebKit/537.36 (KHTML, like Gecko; compatible; GPTBot/1.4; +https://openai.com/gptbot)"
74.7.243.210 - - [04/Aug/2026:07:23:08 -0500] "GET /wp-sitemap.xml?fileloc=//proc/118101/root/usr/include/regexp.h&path=//proc/118101/root/usr/include HTTP/1.1" 200 12428 "https://www.congresos.redpsiju.com/wp-sitemap.xml?path=//proc/118101/root/usr/include" "Mozilla/5.0 AppleWebKit/537.36 (KHTML, like Gecko; compatible; GPTBot/1.4; +https://openai.com/gptbot)"
216.73.216.15 - - [04/Aug/2026:07:23:09 -0500] "GET /?fileloc=%2Fhome%2Fredpsiju%2Fcongresos.redpsiju.com%2Fwp-includes%2Fclass-wp-user-query.php&path=%2Fhome%2Fredpsiju%2Fcongresos.redpsiju.com%2Fwp-includes HTTP/1.1" 200 62820 "-" "Mozilla/5.0 AppleWebKit/537.36 (KHTML, like Gecko; compatible; ClaudeBot/1.0; +claudebot@anthropic.com)"
74.7.243.210 - - [04/Aug/2026:07:23:11 -0500] "GET /wp-sitemap.xml?fileloc=//proc/118101/root/usr/include/stdlib.h&path=//proc/118101/root/usr/include HTTP/1.1" 200 12428 "https://www.congresos.redpsiju.com/wp-sitemap.xml?path=//proc/118101/root/usr/include" "Mozilla/5.0 AppleWebKit/537.36 (KHTML, like Gecko; compatible; GPTBot/1.4; +https://openai.com/gptbot)"
74.7.243.210 - - [04/Aug/2026:07:23:14 -0500] "GET /wp-sitemap.xml?fileloc=//proc/118101/root/usr/include/string.h&path=//proc/118101/root/usr/include HTTP/1.1" 200 12428 "https://www.congresos.redpsiju.com/wp-sitemap.xml?path=//proc/118101/root/usr/include" "Mozilla/5.0 AppleWebKit/537.36 (KHTML, like Gecko; compatible; GPTBot/1.4; +https://openai.com/gptbot)"
216.73.216.15 - - [04/Aug/2026:07:23:16 -0500] "GET /?fileloc=%2Fhome%2Fredpsiju%2Fwww%2Fwp-admin%2Fcomment.php&path=%2Fhome%2Fredpsiju%2Fwww%2Fwp-admin HTTP/1.1" 200 27177 "-" "Mozilla/5.0 AppleWebKit/537.36 (KHTML, like Gecko; compatible; ClaudeBot/1.0; +claudebot@anthropic.com)"
74.7.243.210 - - [04/Aug/2026:07:23:17 -0500] "GET /wp-sitemap.xml?fileloc=//proc/118101/root/usr/include/wctype.h&path=//proc/118101/root/usr/include HTTP/1.1" 200 12428 "https://www.congresos.redpsiju.com/wp-sitemap.xml?path=//proc/118101/root/usr/include" "Mozilla/5.0 AppleWebKit/537.36 (KHTML, like Gecko; compatible; GPTBot/1.4; +https://openai.com/gptbot)"
57.141.0.62 - - [04/Aug/2026:07:23:20 -0500] "GET /?fileloc=//proc/self/root/usr/share/man/man3/set_top_row.3x.gz&path=//proc/self/root/usr/share/man/man3 HTTP/1.1" 200 15861 "-" "Mozilla/5.0 (Macintosh; Intel Mac OS X 10_15_7) AppleWebKit/537.36 (KHTML, like Gecko) Chrome/145.0.0.0 Safari/537.36 (compatible; meta-externalagent/1.1 (+https://developers.facebook.com/docs/sharing/webmasters/crawler))"
74.7.243.210 - - [04/Aug/2026:07:23:20 -0500] "GET /wp-sitemap.xml?fileloc=//proc/118101/root/usr/include/evhttp.h&path=//proc/118101/root/usr/include HTTP/1.1" 200 12428 "https://www.congresos.redpsiju.com/wp-sitemap.xml?path=//proc/118101/root/usr/include" "Mozilla/5.0 AppleWebKit/537.36 (KHTML, like Gecko; compatible; GPTBot/1.4; +https://openai.com/gptbot)"
74.7.243.210 - - [04/Aug/2026:07:23:23 -0500] "GET /wp-sitemap.xml?fileloc=//proc/118101/root/usr/include/gdfontg.h&path=//proc/118101/root/usr/include HTTP/1.1" 200 12429 "https://www.congresos.redpsiju.com/wp-sitemap.xml?path=//proc/118101/root/usr/include" "Mozilla/5.0 AppleWebKit/537.36 (KHTML, like Gecko; compatible; GPTBot/1.4; +https://openai.com/gptbot)"
216.73.216.15 - - [04/Aug/2026:07:23:25 -0500] "GET /sitemap.xml?fileloc=%2Fhome%2Fredpsiju%2Fcongresos.redpsiju.com%2Fwp-admin%2Fincludes%2Fclass-theme-installer-skin.php&path=%2Fhome%2Fredpsiju%2Fcongresos.redpsiju.com%2Fwp-admin%2Fincludes HTTP/1.1" 200 28270 "-" "Mozilla/5.0 AppleWebKit/537.36 (KHTML, like Gecko; compatible; ClaudeBot/1.0; +claudebot@anthropic.com)"
74.7.243.210 - - [04/Aug/2026:07:23:26 -0500] "GET /wp-sitemap.xml?fileloc=//proc/118101/root/usr/include/magic.h&path=//proc/118101/root/usr/include HTTP/1.1" 200 12427 "https://www.congresos.redpsiju.com/wp-sitemap.xml?path=//proc/118101/root/usr/include" "Mozilla/5.0 AppleWebKit/537.36 (KHTML, like Gecko; compatible; GPTBot/1.4; +https://openai.com/gptbot)"
74.7.243.210 - - [04/Aug/2026:07:23:29 -0500] "GET /wp-sitemap.xml?fileloc=//proc/118101/root/usr/include/jpegint.h&path=//proc/118101/root/usr/include HTTP/1.1" 200 12429 "https://www.congresos.redpsiju.com/wp-sitemap.xml?path=//proc/118101/root/usr/include" "Mozilla/5.0 AppleWebKit/537.36 (KHTML, like Gecko; compatible; GPTBot/1.4; +https://openai.com/gptbot)"
66.249.79.76 - - [04/Aug/2026:07:23:31 -0500] "GET /?j=u6n2d2e6r6n0o9m1236 HTTP/1.1" 200 55001 "-" "Mozilla/5.0 (compatible; Googlebot/2.1; +http://www.google.com/bot.html)"
216.73.216.15 - - [04/Aug/2026:07:23:32 -0500] "GET /sitemap.xml?fileloc=%2Fhome%2Fredpsiju%2Ffiles%2Fwp-includes%2Fblocks%2Ffreeform%2Fblock.json&path=%2Fhome%2Fredpsiju%2Ffiles%2Fwp-includes%2Fblocks%2Ffreeform HTTP/1.1" 200 13243 "-" "Mozilla/5.0 AppleWebKit/537.36 (KHTML, like Gecko; compatible; ClaudeBot/1.0; +claudebot@anthropic.com)"
74.7.243.210 - - [04/Aug/2026:07:23:33 -0500] "GET /wp-sitemap.xml?fileloc=//proc/118101/root/usr/include/evdns.h&path=//proc/118101/root/usr/include HTTP/1.1" 200 12427 "https://www.congresos.redpsiju.com/wp-sitemap.xml?path=//proc/118101/root/usr/include" "Mozilla/5.0 AppleWebKit/537.36 (KHTML, like Gecko; compatible; GPTBot/1.4; +https://openai.com/gptbot)"
74.7.243.210 - - [04/Aug/2026:07:23:36 -0500] "GET /wp-sitemap.xml?fileloc=//proc/118101/root/usr/include/bzlib.h&path=//proc/118101/root/usr/include HTTP/1.1" 200 12427 "https://www.congresos.redpsiju.com/wp-sitemap.xml?path=//proc/118101/root/usr/include" "Mozilla/5.0 AppleWebKit/537.36 (KHTML, like Gecko; compatible; GPTBot/1.4; +https://openai.com/gptbot)"
74.7.243.210 - - [04/Aug/2026:07:23:39 -0500] "GET /wp-sitemap.xml?fileloc=//proc/118101/root/usr/include/fstab.h&path=//proc/118101/root/usr/include HTTP/1.1" 200 12427 "https://www.congresos.redpsiju.com/wp-sitemap.xml?path=//proc/118101/root/usr/include" "Mozilla/5.0 AppleWebKit/537.36 (KHTML, like Gecko; compatible; GPTBot/1.4; +https://openai.com/gptbot)"
216.73.216.15 - - [04/Aug/2026:07:23:41 -0500] "GET /sitemap.xml?fileloc=%2Fhome%2Fredpsiju%2Fvalencia2025.redpsiju.com%2Fwp-includes%2Fjs%2Fjquery%2Fui%2Feffect-clip.js&path=%2Fhome%2Fredpsiju%2Fvalencia2025.redpsiju.com%2Fwp-includes%2Fjs%2Fjquery%2Fui HTTP/1.1" 200 14496 "-" "Mozilla/5.0 AppleWebKit/537.36 (KHTML, like Gecko; compatible; ClaudeBot/1.0; +claudebot@anthropic.com)"
74.7.243.210 - - [04/Aug/2026:07:23:42 -0500] "GET /wp-sitemap.xml?fileloc=//proc/118101/root/usr/include/gdfontt.h&path=//proc/118101/root/usr/include HTTP/1.1" 200 12429 "https://www.congresos.redpsiju.com/wp-sitemap.xml?path=//proc/118101/root/usr/include" "Mozilla/5.0 AppleWebKit/537.36 (KHTML, like Gecko; compatible; GPTBot/1.4; +https://openai.com/gptbot)"
