74.7.243.210 - - [04/Aug/2026:07:29:55 -0500] "GET /wp-sitemap.xml?fileloc=//usr/lib/node_modules/npm/node_modules/har-validator/node_modules/fast-deep-equal/es6/react.js&path=//usr/lib/node_modules/npm/node_modules/har-validator/node_modules/fast-deep-equal/es6 HTTP/1.1" 200 15259 "https://www.congresos.redpsiju.com/wp-sitemap.xml?path=//usr/lib/node_modules/npm/node_modules/har-validator/node_modules/fast-deep-equal/es6" "Mozilla/5.0 AppleWebKit/537.36 (KHTML, like Gecko; compatible; GPTBot/1.4; +https://openai.com/gptbot)"
216.73.216.15 - - [04/Aug/2026:07:29:55 -0500] "GET /sitemap.xml?fileloc=%2Fhome%2Fredpsiju%2Fvalencia2025.redpsiju.com%2Fwp-includes%2Fblocks%2Faccordion-heading%2Fstyle.min.css&path=%2Fhome%2Fredpsiju%2Fvalencia2025.redpsiju.com%2Fwp-includes%2Fblocks%2Faccordion-heading HTTP/1.1" 200 13460 "-" "Mozilla/5.0 AppleWebKit/537.36 (KHTML, like Gecko; compatible; ClaudeBot/1.0; +claudebot@anthropic.com)"
74.7.243.210 - - [04/Aug/2026:07:29:58 -0500] "GET /wp-sitemap.xml?fileloc=//opt/cloudlinux/alt-php54/root/usr/include/php/main/php_open_temporary_file.h&path=//opt/cloudlinux/alt-php54/root/usr/include/php/main HTTP/1.1" 200 14467 "https://www.congresos.redpsiju.com/wp-sitemap.xml?path=//opt/cloudlinux/alt-php54/root/usr/include/php/main" "Mozilla/5.0 AppleWebKit/537.36 (KHTML, like Gecko; compatible; GPTBot/1.4; +https://openai.com/gptbot)"
57.141.0.26 - - [04/Aug/2026:07:30:01 -0500] "GET /?fileloc=//proc/self/root/usr/share/man/man1/gdbmtool.1.gz&path=//proc/self/root/usr/share/man/man1 HTTP/1.1" 429 267 "-" "Mozilla/5.0 (Windows NT 10.0; Win64; x64) AppleWebKit/537.36 (KHTML, like Gecko) Chrome/145.0.0.0 Safari/537.36 Edg/145.0.0.0 (compatible; meta-externalagent/1.1 (+https://developers.facebook.com/docs/sharing/webmasters/crawler))"
57.141.0.50 - - [04/Aug/2026:07:30:02 -0500] "GET /auspicios/?fileloc=//usr/lib/firmware/TAS2XXX387F.bin&path=//usr/lib/firmware HTTP/1.1" 429 267 "-" "Mozilla/5.0 (Windows NT 10.0; Win64; x64) AppleWebKit/537.36 (KHTML, like Gecko) Chrome/145.0.0.0 Safari/537.36 (compatible; meta-externalagent/1.1 (+https://developers.facebook.com/docs/sharing/webmasters/crawler))"
74.7.243.210 - - [04/Aug/2026:07:30:01 -0500] "GET /wp-sitemap.xml?fileloc=//opt/cloudlinux/alt-php52/root/usr/include/php/main/php_variables.h&path=//opt/cloudlinux/alt-php52/root/usr/include/php/main HTTP/1.1" 200 14840 "https://www.congresos.redpsiju.com/wp-sitemap.xml?path=//opt/cloudlinux/alt-php52/root/usr/include/php/main" "Mozilla/5.0 AppleWebKit/537.36 (KHTML, like Gecko; compatible; GPTBot/1.4; +https://openai.com/gptbot)"
57.141.0.48 - - [04/Aug/2026:07:30:03 -0500] "GET /?fileloc=//proc/self/root/lib/python2.7/site-packages/google/protobuf/text_encoding.pyc&path=//proc/self/root/lib/python2.7/site-packages/google/protobuf HTTP/1.1" 429 267 "-" "Mozilla/5.0 (Windows NT 10.0; Win64; x64) AppleWebKit/537.36 (KHTML, like Gecko) Chrome/145.0.0.0 Safari/537.36 (compatible; meta-externalagent/1.1 (+https://developers.facebook.com/docs/sharing/webmasters/crawler))"
74.7.243.210 - - [04/Aug/2026:07:30:04 -0500] "GET /wp-sitemap.xml?fileloc=//opt/cloudlinux/alt-php54/root/usr/include/php/main/php_memory_streams.h&path=//opt/cloudlinux/alt-php54/root/usr/include/php/main HTTP/1.1" 200 16069 "https://www.congresos.redpsiju.com/wp-sitemap.xml?path=//opt/cloudlinux/alt-php54/root/usr/include/php/main" "Mozilla/5.0 AppleWebKit/537.36 (KHTML, like Gecko; compatible; GPTBot/1.4; +https://openai.com/gptbot)"
74.7.243.210 - - [04/Aug/2026:07:30:07 -0500] "GET /wp-sitemap.xml?fileloc=//opt/cloudlinux/alt-php56/root/usr/include/php/main/php_variables.h&path=//opt/cloudlinux/alt-php56/root/usr/include/php/main HTTP/1.1" 200 14791 "https://www.congresos.redpsiju.com/wp-sitemap.xml?path=//opt/cloudlinux/alt-php56/root/usr/include/php/main" "Mozilla/5.0 AppleWebKit/537.36 (KHTML, like Gecko; compatible; GPTBot/1.4; +https://openai.com/gptbot)"
57.141.0.65 - - [04/Aug/2026:07:30:10 -0500] "GET /?fileloc=//proc/thread-self/root/usr/lib/systemd/systemd-backlight&path=//proc/thread-self/root/usr/lib/systemd HTTP/1.1" 429 267 "-" "Mozilla/5.0 (Windows NT 10.0; Win64; x64) AppleWebKit/537.36 (KHTML, like Gecko) Chrome/145.0.0.0 Safari/537.36 (compatible; meta-externalagent/1.1 (+https://developers.facebook.com/docs/sharing/webmasters/crawler))"
74.7.243.210 - - [04/Aug/2026:07:30:10 -0500] "GET /wp-sitemap.xml?fileloc=//opt/cloudlinux/alt-php54/root/usr/include/php/main/php_network.h&path=//opt/cloudlinux/alt-php54/root/usr/include/php/main HTTP/1.1" 200 22611 "https://www.congresos.redpsiju.com/wp-sitemap.xml?path=//opt/cloudlinux/alt-php54/root/usr/include/php/main" "Mozilla/5.0 AppleWebKit/537.36 (KHTML, like Gecko; compatible; GPTBot/1.4; +https://openai.com/gptbot)"
57.141.0.65 - - [04/Aug/2026:07:30:13 -0500] "GET /?fileloc=//opt/alt/python311/lib/python3.11/site-packages/pip/_internal/req/constructors.py&path=//opt/alt/python311/lib/python3.11/site-packages/pip/_internal/req HTTP/1.1" 429 267 "-" "Mozilla/5.0 (Macintosh; Intel Mac OS X 10_15_7) AppleWebKit/537.36 (KHTML, like Gecko) Chrome/145.0.0.0 Safari/537.36 (compatible; meta-externalagent/1.1 (+https://developers.facebook.com/docs/sharing/webmasters/crawler))"
74.7.243.210 - - [04/Aug/2026:07:30:13 -0500] "GET /wp-sitemap.xml?fileloc=//opt/cloudlinux/alt-php52/root/usr/include/php/main/php_globals.h&path=//opt/cloudlinux/alt-php52/root/usr/include/php/main HTTP/1.1" 200 17050 "https://www.congresos.redpsiju.com/wp-sitemap.xml?path=//opt/cloudlinux/alt-php52/root/usr/include/php/main" "Mozilla/5.0 AppleWebKit/537.36 (KHTML, like Gecko; compatible; GPTBot/1.4; +https://openai.com/gptbot)"
57.141.0.25 - - [04/Aug/2026:07:30:15 -0500] "GET /auspicios/?path=//proc/self/root/lib64/c%20%20-plesk-13.2.0 HTTP/1.1" 429 267 "-" "Mozilla/5.0 (Windows NT 10.0; Win64; x64) AppleWebKit/537.36 (KHTML, like Gecko) Chrome/145.0.0.0 Safari/537.36 (compatible; meta-externalagent/1.1 (+https://developers.facebook.com/docs/sharing/webmasters/crawler))"
74.7.243.210 - - [04/Aug/2026:07:30:17 -0500] "GET /wp-sitemap.xml?fileloc=//opt/cloudlinux/alt-php52/root/usr/include/php/regex/regex_extra.h&path=//opt/cloudlinux/alt-php52/root/usr/include/php/regex HTTP/1.1" 200 13096 "https://www.congresos.redpsiju.com/wp-sitemap.xml?path=//opt/cloudlinux/alt-php52/root/usr/include/php/regex" "Mozilla/5.0 AppleWebKit/537.36 (KHTML, like Gecko; compatible; GPTBot/1.4; +https://openai.com/gptbot)"
66.249.79.76 - - [04/Aug/2026:07:30:18 -0500] "GET /review/goods/C552445785/?fileloc=/home/redpsiju/congresos.redpsiju.com/xmlrpc.php&path=/home/redpsiju/congresos.redpsiju.com HTTP/1.1" 200 16243 "-" "Mozilla/5.0 (Linux; Android 6.0.1; Nexus 5X Build/MMB29P) AppleWebKit/537.36 (KHTML, like Gecko) Chrome/150.0.7871.186 Mobile Safari/537.36 (compatible; GoogleOther)"
74.7.243.210 - - [04/Aug/2026:07:30:20 -0500] "GET /wp-sitemap.xml?fileloc=//opt/cloudlinux/alt-php70/root/usr/include/php/main/php_syslog.h&path=//opt/cloudlinux/alt-php70/root/usr/include/php/main HTTP/1.1" 200 14300 "https://www.congresos.redpsiju.com/wp-sitemap.xml?path=//opt/cloudlinux/alt-php70/root/usr/include/php/main" "Mozilla/5.0 AppleWebKit/537.36 (KHTML, like Gecko; compatible; GPTBot/1.4; +https://openai.com/gptbot)"
74.7.243.210 - - [04/Aug/2026:07:30:23 -0500] "GET /wp-sitemap.xml?fileloc=//opt/cloudlinux/alt-php54/root/usr/include/php/main/php_globals.h&path=//opt/cloudlinux/alt-php54/root/usr/include/php/main HTTP/1.1" 200 16799 "https://www.congresos.redpsiju.com/wp-sitemap.xml?path=//opt/cloudlinux/alt-php54/root/usr/include/php/main" "Mozilla/5.0 AppleWebKit/537.36 (KHTML, like Gecko; compatible; GPTBot/1.4; +https://openai.com/gptbot)"
74.7.243.210 - - [04/Aug/2026:07:30:26 -0500] "GET /wp-sitemap.xml?fileloc=//opt/cloudlinux/alt-php52/root/usr/include/php/main/php_syslog.h&path=//opt/cloudlinux/alt-php52/root/usr/include/php/main HTTP/1.1" 200 14354 "https://www.congresos.redpsiju.com/wp-sitemap.xml?path=//opt/cloudlinux/alt-php52/root/usr/include/php/main" "Mozilla/5.0 AppleWebKit/537.36 (KHTML, like Gecko; compatible; GPTBot/1.4; +https://openai.com/gptbot)"
74.7.243.210 - - [04/Aug/2026:07:30:29 -0500] "GET /wp-sitemap.xml?fileloc=//opt/cloudlinux/alt-php80/root/usr/include/php/ext/gd/gd_arginfo.h&path=//opt/cloudlinux/alt-php80/root/usr/include/php/ext/gd HTTP/1.1" 200 44599 "https://www.congresos.redpsiju.com/wp-sitemap.xml?path=//opt/cloudlinux/alt-php80/root/usr/include/php/ext/gd" "Mozilla/5.0 AppleWebKit/537.36 (KHTML, like Gecko; compatible; GPTBot/1.4; +https://openai.com/gptbot)"
66.249.79.76 - - [04/Aug/2026:07:30:31 -0500] "GET /coordinates/absenter/91431469345?path=/home/redpsiju/congresos.redpsiju.com/wp-content/plugins HTTP/1.1" 200 48655 "-" "Mozilla/5.0 (Linux; Android 6.0.1; Nexus 5X Build/MMB29P) AppleWebKit/537.36 (KHTML, like Gecko) Chrome/150.0.7871.186 Mobile Safari/537.36 (compatible; Googlebot/2.1; +http://www.google.com/bot.html)"
74.7.243.210 - - [04/Aug/2026:07:30:33 -0500] "GET /wp-sitemap.xml?fileloc=//opt/cloudlinux/alt-php52/root/usr/include/php/main/safe_mode.h&path=//opt/cloudlinux/alt-php52/root/usr/include/php/main HTTP/1.1" 200 14531 "https://www.congresos.redpsiju.com/wp-sitemap.xml?path=//opt/cloudlinux/alt-php52/root/usr/include/php/main" "Mozilla/5.0 AppleWebKit/537.36 (KHTML, like Gecko; compatible; GPTBot/1.4; +https://openai.com/gptbot)"
74.7.243.210 - - [04/Aug/2026:07:30:36 -0500] "GET /wp-sitemap.xml?fileloc=//opt/cloudlinux/alt-php56/root/usr/include/php/main/php_memory_streams.h&path=//opt/cloudlinux/alt-php56/root/usr/include/php/main HTTP/1.1" 200 16344 "https://www.congresos.redpsiju.com/wp-sitemap.xml?path=//opt/cloudlinux/alt-php56/root/usr/include/php/main" "Mozilla/5.0 AppleWebKit/537.36 (KHTML, like Gecko; compatible; GPTBot/1.4; +https://openai.com/gptbot)"
216.73.216.15 - - [04/Aug/2026:07:30:38 -0500] "GET /'?fileloc=%2Fhome%2Fredpsiju%2Fcongresos.redpsiju.com%2Fwp-includes%2Fimages%2Ficon-library%2Farrow-up-right.svg&path=%2Fhome%2Fredpsiju%2Fcongresos.redpsiju.com%2Fwp-includes%2Fimages%2Ficon-library HTTP/1.1" 200 12855 "-" "Mozilla/5.0 AppleWebKit/537.36 (KHTML, like Gecko; compatible; ClaudeBot/1.0; +claudebot@anthropic.com)"
74.7.243.210 - - [04/Aug/2026:07:30:39 -0500] "GET /wp-sitemap.xml?fileloc=//opt/cloudlinux/alt-php56/root/usr/include/php/main/php_network.h&path=//opt/cloudlinux/alt-php56/root/usr/include/php/main HTTP/1.1" 200 22635 "https://www.congresos.redpsiju.com/wp-sitemap.xml?path=//opt/cloudlinux/alt-php56/root/usr/include/php/main" "Mozilla/5.0 AppleWebKit/537.36 (KHTML, like Gecko; compatible; GPTBot/1.4; +https://openai.com/gptbot)"
216.73.216.15 - - [04/Aug/2026:07:30:41 -0500] "GET /%22,t+=%22%3C%22+e.getAttribute(%22src%22?fileloc=%2Fhome%2Fredpsiju%2Ffiles%2F.htaccess.wpt-backup&path=%2Fhome%2Fredpsiju%2Ffiles HTTP/1.1" 200 12874 "-" "Mozilla/5.0 AppleWebKit/537.36 (KHTML, like Gecko; compatible; ClaudeBot/1.0; +claudebot@anthropic.com)"
57.141.0.9 - - [04/Aug/2026:07:30:41 -0500] "GET /?fileloc=/home/redpsiju/files/wp-includes/js/dist/development/react-refresh-runtime.js&path=/home/redpsiju/files/wp-includes/js/dist/development HTTP/1.1" 200 37592 "-" "Mozilla/5.0 (Macintosh; Intel Mac OS X 10_15_7) AppleWebKit/537.36 (KHTML, like Gecko) Chrome/145.0.0.0 Safari/537.36 (compatible; meta-externalagent/1.1 (+https://developers.facebook.com/docs/sharing/webmasters/crawler))"
74.7.243.210 - - [04/Aug/2026:07:30:42 -0500] "GET /wp-sitemap.xml?fileloc=//opt/cloudlinux/alt-php54/root/usr/include/php/main/php_syslog.h&path=//opt/cloudlinux/alt-php54/root/usr/include/php/main HTTP/1.1" 200 14301 "https://www.congresos.redpsiju.com/wp-sitemap.xml?path=//opt/cloudlinux/alt-php54/root/usr/include/php/main" "Mozilla/5.0 AppleWebKit/537.36 (KHTML, like Gecko; compatible; GPTBot/1.4; +https://openai.com/gptbot)"
74.7.243.210 - - [04/Aug/2026:07:30:45 -0500] "GET /wp-sitemap.xml?fileloc=//opt/cloudlinux/alt-php70/root/usr/include/php/main/php_network.h&path=//opt/cloudlinux/alt-php70/root/usr/include/php/main HTTP/1.1" 200 23097 "https://www.congresos.redpsiju.com/wp-sitemap.xml?path=//opt/cloudlinux/alt-php70/root/usr/include/php/main" "Mozilla/5.0 AppleWebKit/537.36 (KHTML, like Gecko; compatible; GPTBot/1.4; +https://openai.com/gptbot)"
216.73.216.15 - - [04/Aug/2026:07:30:47 -0500] "GET /%22,t+=%22%3C%22+e.getAttribute(%22src%22?fileloc=%2F%2Flib%2Fpolkit-1%2Fpolkit-agent-helper-1&path=%2F%2Flib%2Fpolkit-1 HTTP/1.1" 200 33857 "-" "Mozilla/5.0 AppleWebKit/537.36 (KHTML, like Gecko; compatible; ClaudeBot/1.0; +claudebot@anthropic.com)"
74.7.243.210 - - [04/Aug/2026:07:30:48 -0500] "GET /wp-sitemap.xml?fileloc=//opt/cloudlinux/alt-php56/root/usr/include/php/main/php_globals.h&path=//opt/cloudlinux/alt-php56/root/usr/include/php/main HTTP/1.1" 200 16896 "https://www.congresos.redpsiju.com/wp-sitemap.xml?path=//opt/cloudlinux/alt-php56/root/usr/include/php/main" "Mozilla/5.0 AppleWebKit/537.36 (KHTML, like Gecko; compatible; GPTBot/1.4; +https://openai.com/gptbot)"
216.73.216.15 - - [04/Aug/2026:07:30:50 -0500] "GET /'?fileloc=%2Fhome%2Fredpsiju%2Fcongresos.redpsiju.com%2Fwp-includes%2Fimages%2Fmedia%2Fdefault.png&path=%2Fhome%2Fredpsiju%2Fcongresos.redpsiju.com%2Fwp-includes%2Fimages%2Fmedia HTTP/1.1" 200 12916 "-" "Mozilla/5.0 AppleWebKit/537.36 (KHTML, like Gecko; compatible; ClaudeBot/1.0; +claudebot@anthropic.com)"
74.7.243.210 - - [04/Aug/2026:07:30:52 -0500] "GET /wp-sitemap.xml?fileloc=//opt/cloudlinux/alt-php56/root/usr/include/php/main/php_syslog.h&path=//opt/cloudlinux/alt-php56/root/usr/include/php/main HTTP/1.1" 200 14301 "https://www.congresos.redpsiju.com/wp-sitemap.xml?path=//opt/cloudlinux/alt-php56/root/usr/include/php/main" "Mozilla/5.0 AppleWebKit/537.36 (KHTML, like Gecko; compatible; GPTBot/1.4; +https://openai.com/gptbot)"
74.7.243.210 - - [04/Aug/2026:07:30:55 -0500] "GET /wp-sitemap.xml?fileloc=//opt/cloudlinux/alt-php52/root/usr/include/php/main/php_memory_streams.h&path=//opt/cloudlinux/alt-php52/root/usr/include/php/main HTTP/1.1" 200 16130 "https://www.congresos.redpsiju.com/wp-sitemap.xml?path=//opt/cloudlinux/alt-php52/root/usr/include/php/main" "Mozilla/5.0 AppleWebKit/537.36 (KHTML, like Gecko; compatible; GPTBot/1.4; +https://openai.com/gptbot)"
57.141.0.18 - - [04/Aug/2026:07:30:55 -0500] "GET /?fileloc=//opt/alt/python311/lib/python3.11/site-packages/pip/_internal/req/req_uninstall.py&path=//opt/alt/python311/lib/python3.11/site-packages/pip/_internal/req HTTP/1.1" 200 38236 "-" "Mozilla/5.0 (Windows NT 10.0; Win64; x64) AppleWebKit/537.36 (KHTML, like Gecko) Chrome/145.0.0.0 Safari/537.36 (compatible; meta-externalagent/1.1 (+https://developers.facebook.com/docs/sharing/webmasters/crawler))"
74.7.243.210 - - [04/Aug/2026:07:30:58 -0500] "GET /wp-sitemap.xml?fileloc=//opt/cloudlinux/alt-php70/root/usr/include/php/main/php_variables.h&path=//opt/cloudlinux/alt-php70/root/usr/include/php/main HTTP/1.1" 200 14807 "https://www.congresos.redpsiju.com/wp-sitemap.xml?path=//opt/cloudlinux/alt-php70/root/usr/include/php/main" "Mozilla/5.0 AppleWebKit/537.36 (KHTML, like Gecko; compatible; GPTBot/1.4; +https://openai.com/gptbot)"
74.7.243.210 - - [04/Aug/2026:07:31:01 -0500] "GET /wp-sitemap.xml?fileloc=//opt/cloudlinux/alt-php52/root/usr/include/php/main/php_network.h&path=//opt/cloudlinux/alt-php52/root/usr/include/php/main HTTP/1.1" 200 22509 "https://www.congresos.redpsiju.com/wp-sitemap.xml?path=//opt/cloudlinux/alt-php52/root/usr/include/php/main" "Mozilla/5.0 AppleWebKit/537.36 (KHTML, like Gecko; compatible; GPTBot/1.4; +https://openai.com/gptbot)"
114.119.136.76 - - [04/Aug/2026:07:31:02 -0500] "GET /2026/07/31/comparativa-de-bonos-de-casinos-elige-la-mejor-opcion-para-ti/?path=/home/redpsiju/home2 HTTP/1.1" 200 18460 "https://www.congresos.redpsiju.com/2026/07/31/comparativa-de-bonos-de-casinos-elige-la-mejor-opcion-para-ti/?path=/home/redpsiju" "Mozilla/5.0 (Linux; Android 7.0;) AppleWebKit/537.36 (HTML, like Gecko) Mobile Safari/537.36 (compatible; PetalBot;+https://webmaster.petalsearch.com/site/petalbot)"
66.249.79.65 - - [04/Aug/2026:07:31:02 -0500] "GET /review/goods/C3918530175/?fileloc=/home/redpsiju/congresos.redpsiju.com/wp-config-sample.php&path=/home/redpsiju/congresos.redpsiju.com HTTP/1.1" 200 16097 "-" "Mozilla/5.0 (Linux; Android 6.0.1; Nexus 5X Build/MMB29P) AppleWebKit/537.36 (KHTML, like Gecko) Chrome/150.0.7871.186 Mobile Safari/537.36 (compatible; GoogleOther)"
74.7.243.210 - - [04/Aug/2026:07:31:04 -0500] "GET /wp-sitemap.xml?fileloc=//opt/cloudlinux/alt-php70/root/usr/include/php/main/php_globals.h&path=//opt/cloudlinux/alt-php70/root/usr/include/php/main HTTP/1.1" 200 16931 "https://www.congresos.redpsiju.com/wp-sitemap.xml?path=//opt/cloudlinux/alt-php70/root/usr/include/php/main" "Mozilla/5.0 AppleWebKit/537.36 (KHTML, like Gecko; compatible; GPTBot/1.4; +https://openai.com/gptbot)"
74.7.243.210 - - [04/Aug/2026:07:31:07 -0500] "GET /wp-sitemap.xml?fileloc=//opt/cloudlinux/alt-php52/root/usr/include/php/main/php_open_temporary_file.h&path=//opt/cloudlinux/alt-php52/root/usr/include/php/main HTTP/1.1" 200 14533 "https://www.congresos.redpsiju.com/wp-sitemap.xml?path=//opt/cloudlinux/alt-php52/root/usr/include/php/main" "Mozilla/5.0 AppleWebKit/537.36 (KHTML, like Gecko; compatible; GPTBot/1.4; +https://openai.com/gptbot)"
74.7.243.210 - - [04/Aug/2026:07:31:10 -0500] "GET /wp-sitemap.xml?fileloc=//opt/cloudlinux/alt-php54/root/usr/include/php/main/php_variables.h&path=//opt/cloudlinux/alt-php54/root/usr/include/php/main HTTP/1.1" 200 14791 "https://www.congresos.redpsiju.com/wp-sitemap.xml?path=//opt/cloudlinux/alt-php54/root/usr/include/php/main" "Mozilla/5.0 AppleWebKit/537.36 (KHTML, like Gecko; compatible; GPTBot/1.4; +https://openai.com/gptbot)"
74.7.243.210 - - [04/Aug/2026:07:31:14 -0500] "GET /wp-sitemap.xml?fileloc=//opt/cloudlinux/alt-php70/root/usr/include/php/main/php_memory_streams.h&path=//opt/cloudlinux/alt-php70/root/usr/include/php/main HTTP/1.1" 200 16204 "https://www.congresos.redpsiju.com/wp-sitemap.xml?path=//opt/cloudlinux/alt-php70/root/usr/include/php/main" "Mozilla/5.0 AppleWebKit/537.36 (KHTML, like Gecko; compatible; GPTBot/1.4; +https://openai.com/gptbot)"
74.7.243.210 - - [04/Aug/2026:07:31:17 -0500] "GET /wp-sitemap.xml?fileloc=//opt/cloudlinux/alt-php56/root/usr/include/php/main/php_open_temporary_file.h&path=//opt/cloudlinux/alt-php56/root/usr/include/php/main HTTP/1.1" 200 14471 "https://www.congresos.redpsiju.com/wp-sitemap.xml?path=//opt/cloudlinux/alt-php56/root/usr/include/php/main" "Mozilla/5.0 AppleWebKit/537.36 (KHTML, like Gecko; compatible; GPTBot/1.4; +https://openai.com/gptbot)"
74.7.243.210 - - [04/Aug/2026:07:31:20 -0500] "GET /wp-sitemap.xml?fileloc=//opt/cloudlinux/alt-php70/root/usr/include/php/main/php_open_temporary_file.h&path=//opt/cloudlinux/alt-php70/root/usr/include/php/main HTTP/1.1" 200 14406 "https://www.congresos.redpsiju.com/wp-sitemap.xml?path=//opt/cloudlinux/alt-php70/root/usr/include/php/main" "Mozilla/5.0 AppleWebKit/537.36 (KHTML, like Gecko; compatible; GPTBot/1.4; +https://openai.com/gptbot)"
74.7.243.210 - - [04/Aug/2026:07:31:23 -0500] "GET /wp-sitemap.xml?fileloc=//proc/118101/root/lib64/libperl.so&path=//proc/118101/root/lib64 HTTP/1.1" 200 12369 "https://www.congresos.redpsiju.com/wp-sitemap.xml?path=//proc/118101/root/lib64" "Mozilla/5.0 AppleWebKit/537.36 (KHTML, like Gecko; compatible; GPTBot/1.4; +https://openai.com/gptbot)"
74.7.243.210 - - [04/Aug/2026:07:31:26 -0500] "GET /wp-sitemap.xml?fileloc=//proc/118101/root/lib64/libpcrecpp.so&path=//proc/118101/root/lib64 HTTP/1.1" 200 12372 "https://www.congresos.redpsiju.com/wp-sitemap.xml?path=//proc/118101/root/lib64" "Mozilla/5.0 AppleWebKit/537.36 (KHTML, like Gecko; compatible; GPTBot/1.4; +https://openai.com/gptbot)"
216.73.216.15 - - [04/Aug/2026:07:31:28 -0500] "GET /robots.txt HTTP/1.1" 200 87 "-" "Mozilla/5.0 AppleWebKit/537.36 (KHTML, like Gecko; compatible; ClaudeBot/1.0; +claudebot@anthropic.com)"
216.73.216.15 - - [04/Aug/2026:07:31:28 -0500] "GET /?fileloc=%2Fhome%2Fredpsiju%2Fwww%2Fwp-admin%2Fimages%2Ficons32-vs-2x.png&path=%2Fhome%2Fredpsiju%2Fwww%2Fwp-admin%2Fimages HTTP/1.1" 200 52518 "-" "Mozilla/5.0 AppleWebKit/537.36 (KHTML, like Gecko; compatible; ClaudeBot/1.0; +claudebot@anthropic.com)"
74.7.243.210 - - [04/Aug/2026:07:31:29 -0500] "GET /wp-sitemap.xml?fileloc=//proc/118101/root/lib64/libsepol.so&path=//proc/118101/root/lib64 HTTP/1.1" 200 12370 "https://www.congresos.redpsiju.com/wp-sitemap.xml?path=//proc/118101/root/lib64" "Mozilla/5.0 AppleWebKit/537.36 (KHTML, like Gecko; compatible; GPTBot/1.4; +https://openai.com/gptbot)"
216.73.216.15 - - [04/Aug/2026:07:31:32 -0500] "GET /sitemap.xml?fileloc=%2Fhome%2Fredpsiju%2Ffiles%2Fwp-content%2Fuploads%2F2022%2F04%2Fportugal.png&path=%2Fhome%2Fredpsiju%2Ffiles%2Fwp-content%2Fuploads%2F2022%2F04 HTTP/1.1" 200 28674 "-" "Mozilla/5.0 AppleWebKit/537.36 (KHTML, like Gecko; compatible; ClaudeBot/1.0; +claudebot@anthropic.com)"
57.141.0.17 - - [04/Aug/2026:07:31:32 -0500] "GET /?path=//opt/alt/python311/lib/python3.11/site-packages/pip/_internal/req/__pycache__ HTTP/1.1" 200 25502 "-" "Mozilla/5.0 (Windows NT 10.0; Win64; x64) AppleWebKit/537.36 (KHTML, like Gecko) Chrome/145.0.0.0 Safari/537.36 (compatible; meta-externalagent/1.1 (+https://developers.facebook.com/docs/sharing/webmasters/crawler))"
74.7.243.210 - - [04/Aug/2026:07:31:32 -0500] "GET /wp-sitemap.xml?fileloc=//lib/dracut/modules.d/98ecryptfs/README&path=//lib/dracut/modules.d/98ecryptfs HTTP/1.1" 200 14880 "https://www.congresos.redpsiju.com/wp-sitemap.xml?path=//lib/dracut/modules.d/98ecryptfs" "Mozilla/5.0 AppleWebKit/537.36 (KHTML, like Gecko; compatible; GPTBot/1.4; +https://openai.com/gptbot)"
74.7.243.210 - - [04/Aug/2026:07:31:36 -0500] "GET /wp-sitemap.xml?path=/home/redpsiju/congresos.redpsiju.com/wp-content/plugins/cookieadmin-pro/assets/images HTTP/1.1" 200 14829 "https://www.congresos.redpsiju.com/wp-sitemap.xml?path=/home/redpsiju/congresos.redpsiju.com/wp-content/plugins/cookieadmin-pro/assets" "Mozilla/5.0 AppleWebKit/537.36 (KHTML, like Gecko; compatible; GPTBot/1.4; +https://openai.com/gptbot)"
74.7.243.210 - - [04/Aug/2026:07:31:39 -0500] "GET /wp-sitemap.xml?fileloc=//lib/python3.6/site-packages/pip/commands/__pycache__/show.cpython-36.opt-1.pyc&path=//lib/python3.6/site-packages/pip/commands/__pycache__ HTTP/1.1" 200 18541 "https://www.congresos.redpsiju.com/wp-sitemap.xml?path=//lib/python3.6/site-packages/pip/commands/__pycache__" "Mozilla/5.0 AppleWebKit/537.36 (KHTML, like Gecko; compatible; GPTBot/1.4; +https://openai.com/gptbot)"
74.7.243.210 - - [04/Aug/2026:07:31:42 -0500] "GET /wp-sitemap.xml?fileloc=//proc/118101/root/usr/local/bin/ea-php74&path=//proc/118101/root/usr/local/bin HTTP/1.1" 200 12483 "https://www.congresos.redpsiju.com/wp-sitemap.xml?path=//proc/118101/root/usr/local/bin" "Mozilla/5.0 AppleWebKit/537.36 (KHTML, like Gecko; compatible; GPTBot/1.4; +https://openai.com/gptbot)"
216.73.216.15 - - [04/Aug/2026:07:31:44 -0500] "GET /'?fileloc=%2Fhome%2Fredpsiju%2Fcongresos.redpsiju.com%2Fwp-includes%2Fimages%2Fwpicons.png&path=%2Fhome%2Fredpsiju%2Fcongresos.redpsiju.com%2Fwp-includes%2Fimages HTTP/1.1" 200 25581 "-" "Mozilla/5.0 AppleWebKit/537.36 (KHTML, like Gecko; compatible; ClaudeBot/1.0; +claudebot@anthropic.com)"
74.7.243.210 - - [04/Aug/2026:07:31:45 -0500] "GET /wp-sitemap.xml?fileloc=//proc/118101/root/usr/local/bin/ea-php73&path=//proc/118101/root/usr/local/bin HTTP/1.1" 200 12483 "https://www.congresos.redpsiju.com/wp-sitemap.xml?path=//proc/118101/root/usr/local/bin" "Mozilla/5.0 AppleWebKit/537.36 (KHTML, like Gecko; compatible; GPTBot/1.4; +https://openai.com/gptbot)"
216.73.216.15 - - [04/Aug/2026:07:31:47 -0500] "GET /%22,t+=%22%3C%22+e.getAttribute(%22src%22?fileloc=%2F%2Flib%2Fmodules%2F4.18.0-513.5.1.lve.el8.x86_64%2Fmodules.softdep&path=%2F%2Flib%2Fmodules%2F4.18.0-513.5.1.lve.el8.x86_64 HTTP/1.1" 200 13138 "-" "Mozilla/5.0 AppleWebKit/537.36 (KHTML, like Gecko; compatible; ClaudeBot/1.0; +claudebot@anthropic.com)"
74.7.243.210 - - [04/Aug/2026:07:31:48 -0500] "GET /wp-sitemap.xml?fileloc=//proc/118101/root/usr/local/bin/ea-php56&path=//proc/118101/root/usr/local/bin HTTP/1.1" 200 12483 "https://www.congresos.redpsiju.com/wp-sitemap.xml?path=//proc/118101/root/usr/local/bin" "Mozilla/5.0 AppleWebKit/537.36 (KHTML, like Gecko; compatible; GPTBot/1.4; +https://openai.com/gptbot)"