66.249.79.76 - - [04/Aug/2026:07:23:42 -0500] "GET /review/goods/C774224570 HTTP/1.1" 200 55001 "-" "Mozilla/5.0 (Linux; Android 6.0.1; Nexus 5X Build/MMB29P) AppleWebKit/537.36 (KHTML, like Gecko) Chrome/150.0.7871.186 Mobile Safari/537.36 (compatible; GoogleOther)"
74.7.243.210 - - [04/Aug/2026:07:23:45 -0500] "GET /wp-sitemap.xml?fileloc=//proc/118101/root/usr/include/libgen.h&path=//proc/118101/root/usr/include HTTP/1.1" 200 12428 "https://www.congresos.redpsiju.com/wp-sitemap.xml?path=//proc/118101/root/usr/include" "Mozilla/5.0 AppleWebKit/537.36 (KHTML, like Gecko; compatible; GPTBot/1.4; +https://openai.com/gptbot)"
74.7.243.210 - - [04/Aug/2026:07:23:48 -0500] "GET /wp-sitemap.xml?fileloc=//proc/118101/root/usr/include/jpeglib.h&path=//proc/118101/root/usr/include HTTP/1.1" 200 12429 "https://www.congresos.redpsiju.com/wp-sitemap.xml?path=//proc/118101/root/usr/include" "Mozilla/5.0 AppleWebKit/537.36 (KHTML, like Gecko; compatible; GPTBot/1.4; +https://openai.com/gptbot)"
216.73.216.15 - - [04/Aug/2026:07:23:49 -0500] "GET /sitemap.xml?fileloc=%2Fhome%2Fredpsiju%2Fvalencia2025.redpsiju.com%2Fwp-includes%2Fjs%2Fjquery%2Fui%2Feffect-blind.min.js&path=%2Fhome%2Fredpsiju%2Fvalencia2025.redpsiju.com%2Fwp-includes%2Fjs%2Fjquery%2Fui HTTP/1.1" 200 13888 "-" "Mozilla/5.0 AppleWebKit/537.36 (KHTML, like Gecko; compatible; ClaudeBot/1.0; +claudebot@anthropic.com)"
74.7.243.210 - - [04/Aug/2026:07:23:51 -0500] "GET /wp-sitemap.xml?fileloc=//proc/118101/root/usr/include/regex.h&path=//proc/118101/root/usr/include HTTP/1.1" 200 12427 "https://www.congresos.redpsiju.com/wp-sitemap.xml?path=//proc/118101/root/usr/include" "Mozilla/5.0 AppleWebKit/537.36 (KHTML, like Gecko; compatible; GPTBot/1.4; +https://openai.com/gptbot)"
74.7.243.210 - - [04/Aug/2026:07:23:54 -0500] "GET /wp-sitemap.xml?fileloc=//proc/118101/root/usr/include/syscall.h&path=//proc/118101/root/usr/include HTTP/1.1" 200 12429 "https://www.congresos.redpsiju.com/wp-sitemap.xml?path=//proc/118101/root/usr/include" "Mozilla/5.0 AppleWebKit/537.36 (KHTML, like Gecko; compatible; GPTBot/1.4; +https://openai.com/gptbot)"
57.141.0.12 - - [04/Aug/2026:07:23:57 -0500] "GET /?fileloc=//home/redpsiju/congresos.redpsiju.com/wp-includes/class-wp-taxonomy.php&path=//home/redpsiju/congresos.redpsiju.com/wp-includes HTTP/1.1" 200 33670 "-" "Mozilla/5.0 (Windows NT 10.0; Win64; x64) AppleWebKit/537.36 (KHTML, like Gecko) Chrome/145.0.0.0 Safari/537.36 (compatible; meta-externalagent/1.1 (+https://developers.facebook.com/docs/sharing/webmasters/crawler))"
216.73.216.15 - - [04/Aug/2026:07:23:57 -0500] "GET /sitemap.xml?fileloc=%2Fhome%2Fredpsiju%2Fvalencia2025.redpsiju.com%2Fwp-includes%2Fjs%2Fjquery%2Fui%2Fresizable.js&path=%2Fhome%2Fredpsiju%2Fvalencia2025.redpsiju.com%2Fwp-includes%2Fjs%2Fjquery%2Fui HTTP/1.1" 200 45582 "-" "Mozilla/5.0 AppleWebKit/537.36 (KHTML, like Gecko; compatible; ClaudeBot/1.0; +claudebot@anthropic.com)"
74.7.243.210 - - [04/Aug/2026:07:23:58 -0500] "GET /wp-sitemap.xml?fileloc=//proc/118101/root/lib/udev/prefixdevname&path=//proc/118101/root/lib/udev HTTP/1.1" 200 12424 "https://www.congresos.redpsiju.com/wp-sitemap.xml?path=//proc/118101/root/lib/udev" "Mozilla/5.0 AppleWebKit/537.36 (KHTML, like Gecko; compatible; GPTBot/1.4; +https://openai.com/gptbot)"
57.141.0.36 - - [04/Aug/2026:07:23:58 -0500] "GET /?fileloc=//opt/alt/python-internal/lib64/python3.11/asyncio/__pycache__/__init__.cpython-311.opt-2.pyc&path=//opt/alt/python-internal/lib64/python3.11/asyncio/__pycache__ HTTP/1.1" 200 14381 "-" "Mozilla/5.0 (Macintosh; Intel Mac OS X 10_15_7) AppleWebKit/537.36 (KHTML, like Gecko) Chrome/145.0.0.0 Safari/537.36 (compatible; meta-externalagent/1.1 (+https://developers.facebook.com/docs/sharing/webmasters/crawler))"
57.141.0.29 - - [04/Aug/2026:07:23:58 -0500] "GET /?fileloc=//home/redpsiju/congresos.redpsiju.com/wp-includes/class-wp-theme.php&path=//home/redpsiju/congresos.redpsiju.com/wp-includes HTTP/1.1" 200 86303 "-" "Mozilla/5.0 (Macintosh; Intel Mac OS X 10_15_7) AppleWebKit/537.36 (KHTML, like Gecko) Chrome/145.0.0.0 Safari/537.36 (compatible; meta-externalagent/1.1 (+https://developers.facebook.com/docs/sharing/webmasters/crawler))"
74.7.243.210 - - [04/Aug/2026:07:24:01 -0500] "GET /wp-sitemap.xml?fileloc=//proc/118101/root/usr/include/gssapi.h&path=//proc/118101/root/usr/include HTTP/1.1" 200 12428 "https://www.congresos.redpsiju.com/wp-sitemap.xml?path=//proc/118101/root/usr/include" "Mozilla/5.0 AppleWebKit/537.36 (KHTML, like Gecko; compatible; GPTBot/1.4; +https://openai.com/gptbot)"
74.7.243.210 - - [04/Aug/2026:07:24:04 -0500] "GET /wp-sitemap.xml?fileloc=/home/redpsiju/files/wp-admin/privacy-policy-guide.php&path=/home/redpsiju/files/wp-admin HTTP/1.1" 200 17122 "https://www.congresos.redpsiju.com/wp-sitemap.xml?path=/home/redpsiju/files/wp-admin" "Mozilla/5.0 AppleWebKit/537.36 (KHTML, like Gecko; compatible; GPTBot/1.4; +https://openai.com/gptbot)"
216.73.216.15 - - [04/Aug/2026:07:24:05 -0500] "GET /sitemap.xml?fileloc=%2Fhome%2Fredpsiju%2Fvalencia2025.redpsiju.com%2Fwp-includes%2Fjs%2Fjquery%2Fui%2Feffect-pulsate.js&path=%2Fhome%2Fredpsiju%2Fvalencia2025.redpsiju.com%2Fwp-includes%2Fjs%2Fjquery%2Fui HTTP/1.1" 200 14502 "-" "Mozilla/5.0 AppleWebKit/537.36 (KHTML, like Gecko; compatible; ClaudeBot/1.0; +claudebot@anthropic.com)"
74.7.243.210 - - [04/Aug/2026:07:24:07 -0500] "GET /wp-sitemap.xml?fileloc=//var/softaculous/leafpub/install.js&path=//var/softaculous/leafpub HTTP/1.1" 200 13287 "https://www.congresos.redpsiju.com/wp-sitemap.xml?path=//var/softaculous/leafpub" "Mozilla/5.0 AppleWebKit/537.36 (KHTML, like Gecko; compatible; GPTBot/1.4; +https://openai.com/gptbot)"
57.141.0.40 - - [04/Aug/2026:07:24:08 -0500] "GET /?fileloc=//proc/self/root/usr/share/man/man8/systemd-rc-local-generator.8.gz&path=//proc/self/root/usr/share/man/man8 HTTP/1.1" 200 14323 "-" "Mozilla/5.0 (Macintosh; Intel Mac OS X 10_15_7) AppleWebKit/537.36 (KHTML, like Gecko) Chrome/145.0.0.0 Safari/537.36 (compatible; meta-externalagent/1.1 (+https://developers.facebook.com/docs/sharing/webmasters/crawler))"
74.7.243.210 - - [04/Aug/2026:07:24:10 -0500] "GET /wp-sitemap.xml?fileloc=//var/softaculous/sitecake/install.js&path=//var/softaculous/sitecake HTTP/1.1" 200 13290 "https://www.congresos.redpsiju.com/wp-sitemap.xml?path=//var/softaculous/sitecake" "Mozilla/5.0 AppleWebKit/537.36 (KHTML, like Gecko; compatible; GPTBot/1.4; +https://openai.com/gptbot)"
216.73.216.15 - - [04/Aug/2026:07:24:13 -0500] "GET /sitemap.xml?fileloc=%2Fhome%2Fredpsiju%2Fvalencia2025.redpsiju.com%2Fwp-includes%2Fjs%2Fjquery%2Fui%2Fcore.min.js&path=%2Fhome%2Fredpsiju%2Fvalencia2025.redpsiju.com%2Fwp-includes%2Fjs%2Fjquery%2Fui HTTP/1.1" 200 36857 "-" "Mozilla/5.0 AppleWebKit/537.36 (KHTML, like Gecko; compatible; ClaudeBot/1.0; +claudebot@anthropic.com)"
74.7.243.210 - - [04/Aug/2026:07:24:14 -0500] "GET /wp-sitemap.xml?fileloc=//var/softaculous/bbpress/install.js&path=//var/softaculous/bbpress HTTP/1.1" 200 13900 "https://www.congresos.redpsiju.com/wp-sitemap.xml?path=//var/softaculous/bbpress" "Mozilla/5.0 AppleWebKit/537.36 (KHTML, like Gecko; compatible; GPTBot/1.4; +https://openai.com/gptbot)"
74.7.243.210 - - [04/Aug/2026:07:24:17 -0500] "GET /wp-sitemap.xml?fileloc=//var/softaculous/october/install.js&path=//var/softaculous/october HTTP/1.1" 200 13287 "https://www.congresos.redpsiju.com/wp-sitemap.xml?path=//var/softaculous/october" "Mozilla/5.0 AppleWebKit/537.36 (KHTML, like Gecko; compatible; GPTBot/1.4; +https://openai.com/gptbot)"
74.7.243.210 - - [04/Aug/2026:07:24:20 -0500] "GET /wp-sitemap.xml?fileloc=//var/softaculous/procwire/install.js&path=//var/softaculous/procwire HTTP/1.1" 200 13293 "https://www.congresos.redpsiju.com/wp-sitemap.xml?path=//var/softaculous/procwire" "Mozilla/5.0 AppleWebKit/537.36 (KHTML, like Gecko; compatible; GPTBot/1.4; +https://openai.com/gptbot)"
57.141.0.6 - - [04/Aug/2026:07:24:21 -0500] "GET /auspicios/?fileloc=//lib64/pkgconfig/xcb-randr.pc&path=//lib64/pkgconfig HTTP/1.1" 200 12502 "-" "Mozilla/5.0 (Windows NT 10.0; Win64; x64) AppleWebKit/537.36 (KHTML, like Gecko) Chrome/145.0.0.0 Safari/537.36 (compatible; meta-externalagent/1.1 (+https://developers.facebook.com/docs/sharing/webmasters/crawler))"
216.73.216.15 - - [04/Aug/2026:07:24:21 -0500] "GET /sitemap.xml?fileloc=%2Fhome%2Fredpsiju%2Fvalencia2025.redpsiju.com%2Fwp-includes%2Fjs%2Fjquery%2Fui%2Feffect-puff.min.js&path=%2Fhome%2Fredpsiju%2Fvalencia2025.redpsiju.com%2Fwp-includes%2Fjs%2Fjquery%2Fui HTTP/1.1" 200 13363 "-" "Mozilla/5.0 AppleWebKit/537.36 (KHTML, like Gecko; compatible; ClaudeBot/1.0; +claudebot@anthropic.com)"
57.141.0.38 - - [04/Aug/2026:07:24:22 -0500] "GET /?fileloc=//opt/cpanel/ea-openssl11/share/doc/openssl/html/man3/sk_TYPE_set_cmp_func.html&path=//opt/cpanel/ea-openssl11/share/doc/openssl/html/man3 HTTP/1.1" 200 28710 "-" "Mozilla/5.0 (Macintosh; Intel Mac OS X 10_15_7) AppleWebKit/537.36 (KHTML, like Gecko) Chrome/145.0.0.0 Safari/537.36 (compatible; meta-externalagent/1.1 (+https://developers.facebook.com/docs/sharing/webmasters/crawler))"
74.7.243.210 - - [04/Aug/2026:07:24:23 -0500] "GET /wp-sitemap.xml?fileloc=//var/softaculous/elkarte/install.js&path=//var/softaculous/elkarte HTTP/1.1" 200 13290 "https://www.congresos.redpsiju.com/wp-sitemap.xml?path=//var/softaculous/elkarte" "Mozilla/5.0 AppleWebKit/537.36 (KHTML, like Gecko; compatible; GPTBot/1.4; +https://openai.com/gptbot)"
74.7.243.210 - - [04/Aug/2026:07:24:26 -0500] "GET /wp-sitemap.xml?fileloc=//var/softaculous/admidio/install.js&path=//var/softaculous/admidio HTTP/1.1" 200 13287 "https://www.congresos.redpsiju.com/wp-sitemap.xml?path=//var/softaculous/admidio" "Mozilla/5.0 AppleWebKit/537.36 (KHTML, like Gecko; compatible; GPTBot/1.4; +https://openai.com/gptbot)"
74.7.243.210 - - [04/Aug/2026:07:24:29 -0500] "GET /wp-sitemap.xml?fileloc=//var/softaculous/eengine/install.js&path=//var/softaculous/eengine HTTP/1.1" 200 13287 "https://www.congresos.redpsiju.com/wp-sitemap.xml?path=//var/softaculous/eengine" "Mozilla/5.0 AppleWebKit/537.36 (KHTML, like Gecko; compatible; GPTBot/1.4; +https://openai.com/gptbot)"
216.73.216.15 - - [04/Aug/2026:07:24:29 -0500] "GET /sitemap.xml?fileloc=%2Fhome%2Fredpsiju%2Fwww%2Fwp-includes%2Fblock-supports%2Fspacing.php&path=%2Fhome%2Fredpsiju%2Fwww%2Fwp-includes%2Fblock-supports HTTP/1.1" 200 15613 "-" "Mozilla/5.0 AppleWebKit/537.36 (KHTML, like Gecko; compatible; ClaudeBot/1.0; +claudebot@anthropic.com)"
66.249.79.76 - - [04/Aug/2026:07:24:31 -0500] "GET /review/goods/C2005012631/?fileloc=/home/redpsiju/congresos.redpsiju.com/license.txt&path=/home/redpsiju/congresos.redpsiju.com HTTP/1.1" 200 32453 "-" "Mozilla/5.0 (Linux; Android 6.0.1; Nexus 5X Build/MMB29P) AppleWebKit/537.36 (KHTML, like Gecko) Chrome/150.0.7871.186 Mobile Safari/537.36 (compatible; GoogleOther)"
74.7.243.210 - - [04/Aug/2026:07:24:32 -0500] "GET /wp-sitemap.xml?fileloc=//var/softaculous/eventum/install.js&path=//var/softaculous/eventum HTTP/1.1" 200 13659 "https://www.congresos.redpsiju.com/wp-sitemap.xml?path=//var/softaculous/eventum" "Mozilla/5.0 AppleWebKit/537.36 (KHTML, like Gecko; compatible; GPTBot/1.4; +https://openai.com/gptbot)"
74.7.243.210 - - [04/Aug/2026:07:24:35 -0500] "GET /wp-sitemap.xml?fileloc=//var/softaculous/webmail/install.js&path=//var/softaculous/webmail HTTP/1.1" 200 14773 "https://www.congresos.redpsiju.com/wp-sitemap.xml?path=//var/softaculous/webmail" "Mozilla/5.0 AppleWebKit/537.36 (KHTML, like Gecko; compatible; GPTBot/1.4; +https://openai.com/gptbot)"
57.141.0.64 - - [04/Aug/2026:07:24:37 -0500] "GET /?fileloc=//opt/cpanel/ea-openssl11/share/doc/openssl/html/man3/i2d_DSA_PUBKEY_fp.html&path=//opt/cpanel/ea-openssl11/share/doc/openssl/html/man3 HTTP/1.1" 200 32784 "-" "Mozilla/5.0 (Windows NT 10.0; Win64; x64) AppleWebKit/537.36 (KHTML, like Gecko) Chrome/145.0.0.0 Safari/537.36 (compatible; meta-externalagent/1.1 (+https://developers.facebook.com/docs/sharing/webmasters/crawler))"
216.73.216.15 - - [04/Aug/2026:07:24:37 -0500] "GET /sitemap.xml?fileloc=%2Fhome%2Fredpsiju%2Fpublic_html%2Fwp-includes%2Fbuild%2Fpages%2Foptions-connectors%2Fpage-wp-admin.php&path=%2Fhome%2Fredpsiju%2Fpublic_html%2Fwp-includes%2Fbuild%2Fpages%2Foptions-connectors HTTP/1.1" 200 22912 "-" "Mozilla/5.0 AppleWebKit/537.36 (KHTML, like Gecko; compatible; ClaudeBot/1.0; +claudebot@anthropic.com)"
74.7.243.210 - - [04/Aug/2026:07:24:38 -0500] "GET /wp-sitemap.xml?fileloc=/home/redpsiju/www/wp-includes/images/icon-library/close-small.svg&path=/home/redpsiju/www/wp-includes/images/icon-library HTTP/1.1" 200 12836 "https://www.congresos.redpsiju.com/wp-sitemap.xml?path=/home/redpsiju/www/wp-includes/images/icon-library" "Mozilla/5.0 AppleWebKit/537.36 (KHTML, like Gecko; compatible; GPTBot/1.4; +https://openai.com/gptbot)"
57.141.0.18 - - [04/Aug/2026:07:24:39 -0500] "GET /?path=//opt/alt/php52/usr/share/doc/pear/Archive_Tar/docs HTTP/1.1" 200 14662 "-" "Mozilla/5.0 (Windows NT 10.0; Win64; x64) AppleWebKit/537.36 (KHTML, like Gecko) Chrome/145.0.0.0 Safari/537.36 (compatible; meta-externalagent/1.1 (+https://developers.facebook.com/docs/sharing/webmasters/crawler))"
57.141.0.11 - - [04/Aug/2026:07:24:41 -0500] "GET /wp-sitemap-users-1.xml?fileloc=/home/redpsiju/congresos.redpsiju.com/wp-admin/network/.htaccess&path=/home/redpsiju/congresos.redpsiju.com/wp-admin/network HTTP/1.1" 200 12694 "-" "Mozilla/5.0 (Windows NT 10.0; Win64; x64) AppleWebKit/537.36 (KHTML, like Gecko) Chrome/145.0.0.0 Safari/537.36 Edg/145.0.0.0 (compatible; meta-externalagent/1.1 (+https://developers.facebook.com/docs/sharing/webmasters/crawler))"
74.7.243.210 - - [04/Aug/2026:07:24:41 -0500] "GET /wp-sitemap.xml?fileloc=//var/softaculous/ocart23/install.js&path=//var/softaculous/ocart23 HTTP/1.1" 200 13290 "https://www.congresos.redpsiju.com/wp-sitemap.xml?path=//var/softaculous/ocart23" "Mozilla/5.0 AppleWebKit/537.36 (KHTML, like Gecko; compatible; GPTBot/1.4; +https://openai.com/gptbot)"
74.7.243.210 - - [04/Aug/2026:07:24:45 -0500] "GET /wp-sitemap.xml?path=/home/redpsiju/public_html/doc HTTP/1.1" 200 23395 "https://www.congresos.redpsiju.com/wp-sitemap.xml?path=/home/redpsiju/public_html" "Mozilla/5.0 AppleWebKit/537.36 (KHTML, like Gecko; compatible; GPTBot/1.4; +https://openai.com/gptbot)"
216.73.216.15 - - [04/Aug/2026:07:24:45 -0500] "GET /sitemap.xml?fileloc=%2Fhome%2Fredpsiju%2Fpublic_html%2Fwp-content%2Fuploads%2F2020%2F03%2F2020-1024x346.png&path=%2Fhome%2Fredpsiju%2Fpublic_html%2Fwp-content%2Fuploads%2F2020%2F03 HTTP/1.1" 200 485587 "-" "Mozilla/5.0 AppleWebKit/537.36 (KHTML, like Gecko; compatible; ClaudeBot/1.0; +claudebot@anthropic.com)"
74.7.243.210 - - [04/Aug/2026:07:24:48 -0500] "GET /wp-sitemap.xml?path=/home/redpsiju/public_html/ysl HTTP/1.1" 200 14283 "https://www.congresos.redpsiju.com/wp-sitemap.xml?path=/home/redpsiju/public_html" "Mozilla/5.0 AppleWebKit/537.36 (KHTML, like Gecko; compatible; GPTBot/1.4; +https://openai.com/gptbot)"
57.141.0.63 - - [04/Aug/2026:07:24:49 -0500] "GET /auspicios/?fileloc=//lib/locale/C.utf8/LC_TIME&path=//lib/locale/C.utf8 HTTP/1.1" 200 15853 "-" "Mozilla/5.0 (Windows NT 10.0; Win64; x64) AppleWebKit/537.36 (KHTML, like Gecko) Chrome/145.0.0.0 Safari/537.36 Edg/145.0.0.0 (compatible; meta-externalagent/1.1 (+https://developers.facebook.com/docs/sharing/webmasters/crawler))"
74.7.243.210 - - [04/Aug/2026:07:24:51 -0500] "GET /wp-sitemap.xml?path=/home/redpsiju/public_html/new HTTP/1.1" 200 14155 "https://www.congresos.redpsiju.com/wp-sitemap.xml?path=/home/redpsiju/public_html" "Mozilla/5.0 AppleWebKit/537.36 (KHTML, like Gecko; compatible; GPTBot/1.4; +https://openai.com/gptbot)"
57.141.0.45 - - [04/Aug/2026:07:24:52 -0500] "GET /auspicios/?fileloc=//lib/.build-id/7e/fc9418b49a623b3583f2a890ced52d508f6ef9&path=//lib/.build-id/7e HTTP/1.1" 200 28239 "-" "Mozilla/5.0 (X11; Linux x86_64; rv:147.0) Gecko/20100101 Firefox/147.0 (compatible; meta-externalagent/1.1 (+https://developers.facebook.com/docs/sharing/webmasters/crawler))"
216.73.216.15 - - [04/Aug/2026:07:24:53 -0500] "GET /sitemap.xml?fileloc=%2Fhome%2Fredpsiju%2Fpublic_html%2Fwp-content%2Fuploads%2F2020%2F03%2Farg-474x380.png&path=%2Fhome%2Fredpsiju%2Fpublic_html%2Fwp-content%2Fuploads%2F2020%2F03 HTTP/1.1" 200 184892 "-" "Mozilla/5.0 AppleWebKit/537.36 (KHTML, like Gecko; compatible; ClaudeBot/1.0; +claudebot@anthropic.com)"
74.7.243.210 - - [04/Aug/2026:07:24:54 -0500] "GET /wp-sitemap.xml?fileloc=//var/softaculous/wp/plugin_activate.php&path=//var/softaculous/wp HTTP/1.1" 200 13031 "https://www.congresos.redpsiju.com/wp-sitemap.xml?path=//var/softaculous/wp" "Mozilla/5.0 AppleWebKit/537.36 (KHTML, like Gecko; compatible; GPTBot/1.4; +https://openai.com/gptbot)"
74.7.243.210 - - [04/Aug/2026:07:24:57 -0500] "GET /wp-sitemap.xml?path=//opt/cloudlinux/venv/lib64/python3.11/site-packages/future/builtins/__pycache__ HTTP/1.1" 200 27191 "https://www.congresos.redpsiju.com/wp-sitemap.xml?path=//opt/cloudlinux/venv/lib64/python3.11/site-packages/future/builtins" "Mozilla/5.0 AppleWebKit/537.36 (KHTML, like Gecko; compatible; GPTBot/1.4; +https://openai.com/gptbot)"
57.141.0.62 - - [04/Aug/2026:07:25:00 -0500] "GET /?path=//proc/self/root/opt/alt/php83/etc/newrelic HTTP/1.1" 200 14538 "-" "Mozilla/5.0 (X11; Linux x86_64) AppleWebKit/537.36 (KHTML, like Gecko) Chrome/145.0.0.0 Safari/537.36 (compatible; meta-externalagent/1.1 (+https://developers.facebook.com/docs/sharing/webmasters/crawler))"
74.7.243.210 - - [04/Aug/2026:07:25:01 -0500] "GET /wp-sitemap.xml?path=//opt/cloudlinux/venv/lib64/python3.11/site-packages/clconfigure/cli/__pycache__ HTTP/1.1" 200 16862 "https://www.congresos.redpsiju.com/wp-sitemap.xml?path=//opt/cloudlinux/venv/lib64/python3.11/site-packages/clconfigure/cli" "Mozilla/5.0 AppleWebKit/537.36 (KHTML, like Gecko; compatible; GPTBot/1.4; +https://openai.com/gptbot)"
216.73.216.15 - - [04/Aug/2026:07:25:01 -0500] "GET /sitemap.xml?fileloc=%2Fhome%2Fredpsiju%2Fcongresos.redpsiju.com%2Fwp-admin%2Fcss%2Fcolors%2Fmidnight%2Fcolors.scss&path=%2Fhome%2Fredpsiju%2Fcongresos.redpsiju.com%2Fwp-admin%2Fcss%2Fcolors%2Fmidnight HTTP/1.1" 200 13101 "-" "Mozilla/5.0 AppleWebKit/537.36 (KHTML, like Gecko; compatible; ClaudeBot/1.0; +claudebot@anthropic.com)"
57.141.0.37 - - [04/Aug/2026:07:25:02 -0500] "GET /?fileloc=//proc/self/root/usr/share/man/man3/EVP_cast5_ecb.3ssl.gz&path=//proc/self/root/usr/share/man/man3 HTTP/1.1" 200 16931 "-" "Mozilla/5.0 (Macintosh; Intel Mac OS X 10_15_7) AppleWebKit/537.36 (KHTML, like Gecko) Chrome/145.0.0.0 Safari/537.36 (compatible; meta-externalagent/1.1 (+https://developers.facebook.com/docs/sharing/webmasters/crawler))"
74.7.243.210 - - [04/Aug/2026:07:25:04 -0500] "GET /wp-sitemap.xml?path=//opt/cloudlinux/alt-php53/root/usr/share/pear/test/HttpKernel/Symfony/Component/HttpKernel/Tests/Fixtures/ExtensionPresentBundle HTTP/1.1" 200 19258 "https://www.congresos.redpsiju.com/wp-sitemap.xml?path=//opt/cloudlinux/alt-php53/root/usr/share/pear/test/HttpKernel/Symfony/Component/HttpKernel/Tests/Fixtures" "Mozilla/5.0 AppleWebKit/537.36 (KHTML, like Gecko; compatible; GPTBot/1.4; +https://openai.com/gptbot)"
74.7.243.210 - - [04/Aug/2026:07:25:07 -0500] "GET /wp-sitemap.xml?fileloc=//usr/lib/python2.7/site-packages/google/protobuf/internal/type_checkers.pyo&path=//usr/lib/python2.7/site-packages/google/protobuf/internal HTTP/1.1" 200 24924 "https://www.congresos.redpsiju.com/wp-sitemap.xml?path=//usr/lib/python2.7/site-packages/google/protobuf/internal" "Mozilla/5.0 AppleWebKit/537.36 (KHTML, like Gecko; compatible; GPTBot/1.4; +https://openai.com/gptbot)"
57.141.0.46 - - [04/Aug/2026:07:25:07 -0500] "GET /auspicios/?fileloc=//lib64/pkgconfig/libpcre.pc&path=//lib64/pkgconfig HTTP/1.1" 200 12583 "-" "Mozilla/5.0 (Windows NT 10.0; Win64; x64) AppleWebKit/537.36 (KHTML, like Gecko) Chrome/145.0.0.0 Safari/537.36 (compatible; meta-externalagent/1.1 (+https://developers.facebook.com/docs/sharing/webmasters/crawler))"
216.73.216.15 - - [04/Aug/2026:07:25:09 -0500] "GET /sitemap.xml?fileloc=%2Fhome%2Fredpsiju%2Fvalencia2025.redpsiju.com%2Fwp-content%2Ffilefuns.php&path=%2Fhome%2Fredpsiju%2Fvalencia2025.redpsiju.com%2Fwp-content HTTP/1.1" 200 19004 "-" "Mozilla/5.0 AppleWebKit/537.36 (KHTML, like Gecko; compatible; ClaudeBot/1.0; +claudebot@anthropic.com)"
74.7.243.210 - - [04/Aug/2026:07:25:10 -0500] "GET /wp-sitemap.xml?fileloc=//usr/lib/python2.7/site-packages/google/protobuf/internal/_parameterized.pyc&path=//usr/lib/python2.7/site-packages/google/protobuf/internal HTTP/1.1" 200 29666 "https://www.congresos.redpsiju.com/wp-sitemap.xml?path=//usr/lib/python2.7/site-packages/google/protobuf/internal" "Mozilla/5.0 AppleWebKit/537.36 (KHTML, like Gecko; compatible; GPTBot/1.4; +https://openai.com/gptbot)"
74.7.243.210 - - [04/Aug/2026:07:25:13 -0500] "GET /wp-sitemap.xml?fileloc=/home/redpsiju/www/wp-includes/html-api/class-wp-html-tag-processor.php&path=/home/redpsiju/www/wp-includes/html-api HTTP/1.1" 200 194565 "https://www.congresos.redpsiju.com/wp-sitemap.xml?path=/home/redpsiju/www/wp-includes/html-api" "Mozilla/5.0 AppleWebKit/537.36 (KHTML, like Gecko; compatible; GPTBot/1.4; +https://openai.com/gptbot)"
57.141.0.70 - - [04/Aug/2026:07:25:14 -0500] "GET /?fileloc=//proc/self/root/usr/share/man/man3/FcConfigGetCacheDirs.3.gz&path=//proc/self/root/usr/share/man/man3 HTTP/1.1" 200 13216 "-" "Mozilla/5.0 (Windows NT 10.0; Win64; x64) AppleWebKit/537.36 (KHTML, like Gecko) Chrome/145.0.0.0 Safari/537.36 (compatible; meta-externalagent/1.1 (+https://developers.facebook.com/docs/sharing/webmasters/crawler))"
57.141.0.18 - - [04/Aug/2026:07:25:15 -0500] "GET /?fileloc=//home/redpsiju/etc/redpsiju.rcube.db.1784109915&path=//home/redpsiju/etc HTTP/1.1" 200 896596 "-" "Mozilla/5.0 (Windows NT 10.0; Win64; x64) AppleWebKit/537.36 (KHTML, like Gecko) Chrome/145.0.0.0 Safari/537.36 (compatible; meta-externalagent/1.1 (+https://developers.facebook.com/docs/sharing/webmasters/crawler))"
74.7.243.210 - - [04/Aug/2026:07:25:17 -0500] "GET /wp-sitemap.xml?fileloc=//var/softaculous/pivotx/ser_users.php&path=//var/softaculous/pivotx HTTP/1.1" 200 12382 "https://www.congresos.redpsiju.com/wp-sitemap.xml?path=//var/softaculous/pivotx" "Mozilla/5.0 AppleWebKit/537.36 (KHTML, like Gecko; compatible; GPTBot/1.4; +https://openai.com/gptbot)"
216.73.216.15 - - [04/Aug/2026:07:25:17 -0500] "GET /sitemap.xml?fileloc=%2F%2Fhome%2Fredpsiju%2Fmail%2F.jalchieri%40redpsiju_com%2Fdovecot-quota&path=%2F%2Fhome%2Fredpsiju%2Fmail%2F.jalchieri%40redpsiju_com HTTP/1.1" 200 12483 "-" "Mozilla/5.0 AppleWebKit/537.36 (KHTML, like Gecko; compatible; ClaudeBot/1.0; +claudebot@anthropic.com)"
74.7.243.210 - - [04/Aug/2026:07:25:20 -0500] "GET /wp-sitemap.xml?fileloc=/home/redpsiju/public_html/doc/diplo.pdf&path=/home/redpsiju/public_html/doc HTTP/1.1" 200 1346189 "https://www.congresos.redpsiju.com/wp-sitemap.xml?path=/home/redpsiju/public_html/doc" "Mozilla/5.0 AppleWebKit/537.36 (KHTML, like Gecko; compatible; GPTBot/1.4; +https://openai.com/gptbot)"
57.141.0.17 - - [04/Aug/2026:07:25:21 -0500] "GET /auspicios/?path=//usr/share/man/man9 HTTP/1.1" 200 12749 "-" "Mozilla/5.0 (Macintosh; Intel Mac OS X 10_15_7) AppleWebKit/537.36 (KHTML, like Gecko) Chrome/145.0.0.0 Safari/537.36 (compatible; meta-externalagent/1.1 (+https://developers.facebook.com/docs/sharing/webmasters/crawler))"
74.7.243.210 - - [04/Aug/2026:07:25:23 -0500] "GET /wp-sitemap.xml?fileloc=/home/redpsiju/public_html/doc/pei.pdf&path=/home/redpsiju/public_html/doc HTTP/1.1" 200 1056705 "https://www.congresos.redpsiju.com/wp-sitemap.xml?path=/home/redpsiju/public_html/doc" "Mozilla/5.0 AppleWebKit/537.36 (KHTML, like Gecko; compatible; GPTBot/1.4; +https://openai.com/gptbot)"
216.73.216.15 - - [04/Aug/2026:07:25:25 -0500] "GET /sitemap.xml?fileloc=%2F%2Fhome%2Fredpsiju%2Fmail%2F.jalchieri%40redpsiju_com%2Fdovecot-acl-list&path=%2F%2Fhome%2Fredpsiju%2Fmail%2F.jalchieri%40redpsiju_com HTTP/1.1" 200 12439 "-" "Mozilla/5.0 AppleWebKit/537.36 (KHTML, like Gecko; compatible; ClaudeBot/1.0; +claudebot@anthropic.com)"
74.7.243.210 - - [04/Aug/2026:07:25:26 -0500] "GET /wp-sitemap.xml?fileloc=/home/redpsiju/public_html/doc/estatuto.pdf&path=/home/redpsiju/public_html/doc HTTP/1.1" 200 347726 "https://www.congresos.redpsiju.com/wp-sitemap.xml?path=/home/redpsiju/public_html/doc" "Mozilla/5.0 AppleWebKit/537.36 (KHTML, like Gecko; compatible; GPTBot/1.4; +https://openai.com/gptbot)"
57.141.0.54 - - [04/Aug/2026:07:25:27 -0500] "GET /?fileloc=//proc/self/root/usr/share/man/man3/UI_get_ex_new_index.3ssl.gz&path=//proc/self/root/usr/share/man/man3 HTTP/1.1" 200 17335 "-" "Mozilla/5.0 (Macintosh; Intel Mac OS X 10_15_7) AppleWebKit/537.36 (KHTML, like Gecko) Chrome/145.0.0.0 Safari/537.36 (compatible; meta-externalagent/1.1 (+https://developers.facebook.com/docs/sharing/webmasters/crawler))"
57.141.0.62 - - [04/Aug/2026:07:25:28 -0500] "GET /auspicios/?fileloc=//lib/python3.6/site-packages/html2text-2019.9.26-py3.6.egg-info/PKG-INFO&path=//lib/python3.6/site-packages/html2text-2019.9.26-py3.6.egg-info HTTP/1.1" 200 17744 "-" "Mozilla/5.0 (Windows NT 10.0; Win64; x64) AppleWebKit/537.36 (KHTML, like Gecko) Chrome/145.0.0.0 Safari/537.36 (compatible; meta-externalagent/1.1 (+https://developers.facebook.com/docs/sharing/webmasters/crawler))"
74.7.243.210 - - [04/Aug/2026:07:25:29 -0500] "GET /wp-sitemap.xml?fileloc=//var/softaculous/pivotx/edit.php&path=//var/softaculous/pivotx HTTP/1.1" 200 16527 "https://www.congresos.redpsiju.com/wp-sitemap.xml?path=//var/softaculous/pivotx" "Mozilla/5.0 AppleWebKit/537.36 (KHTML, like Gecko; compatible; GPTBot/1.4; +https://openai.com/gptbot)"
74.7.243.210 - - [04/Aug/2026:07:25:32 -0500] "GET /wp-sitemap.xml?fileloc=//var/softaculous/cszcms/edit.php&path=//var/softaculous/cszcms HTTP/1.1" 200 17026 "https://www.congresos.redpsiju.com/wp-sitemap.xml?path=//var/softaculous/cszcms" "Mozilla/5.0 AppleWebKit/537.36 (KHTML, like Gecko; compatible; GPTBot/1.4; +https://openai.com/gptbot)"
216.73.216.15 - - [04/Aug/2026:07:25:35 -0500] "GET /sitemap.xml?fileloc=%2Fhome%2Fredpsiju%2Fcongresos.redpsiju.com%2Fwp-admin%2Fjs%2Fcolor-picker.min.js&path=%2Fhome%2Fredpsiju%2Fcongresos.redpsiju.com%2Fwp-admin%2Fjs HTTP/1.1" 200 16936 "-" "Mozilla/5.0 AppleWebKit/537.36 (KHTML, like Gecko; compatible; ClaudeBot/1.0; +claudebot@anthropic.com)"
74.7.243.210 - - [04/Aug/2026:07:25:35 -0500] "GET /wp-sitemap.xml?fileloc=//opt/cloudlinux/venv/lib64/python3.11/site-packages/clconfigure/cli/__pycache__/cloudlinux-reconfigure.cpython-311.pyc&path=//opt/cloudlinux/venv/lib64/python3.11/site-packages/clconfigure/cli/__pycache__ HTTP/1.1" 200 19172 "https://www.congresos.redpsiju.com/wp-sitemap.xml?path=//opt/cloudlinux/venv/lib64/python3.11/site-packages/clconfigure/cli/__pycache__" "Mozilla/5.0 AppleWebKit/537.36 (KHTML, like Gecko; compatible; GPTBot/1.4; +https://openai.com/gptbot)"
74.7.243.210 - - [04/Aug/2026:07:25:38 -0500] "GET /wp-sitemap.xml?fileloc=//opt/cloudlinux/venv/lib64/python3.11/site-packages/clconfigure/cli/__pycache__/cloudlinux-reconfigure.cpython-311.opt-1.pyc&path=//opt/cloudlinux/venv/lib64/python3.11/site-packages/clconfigure/cli/__pycache__ HTTP/1.1" 200 19178 "https://www.congresos.redpsiju.com/wp-sitemap.xml?path=//opt/cloudlinux/venv/lib64/python3.11/site-packages/clconfigure/cli/__pycache__" "Mozilla/5.0 AppleWebKit/537.36 (KHTML, like Gecko; compatible; GPTBot/1.4; +https://openai.com/gptbot)"
57.141.0.50 - - [04/Aug/2026:07:25:40 -0500] "GET /auspicios/?fileloc=//proc/self/root/lib64/python3.6/cgitb.py&path=//proc/self/root/lib64/python3.6 HTTP/1.1" 200 26568 "-" "Mozilla/5.0 (Windows NT 10.0; Win64; x64) AppleWebKit/537.36 (KHTML, like Gecko) Chrome/145.0.0.0 Safari/537.36 Edg/145.0.0.0 (compatible; meta-externalagent/1.1 (+https://developers.facebook.com/docs/sharing/webmasters/crawler))"
57.141.0.1 - - [04/Aug/2026:07:25:41 -0500] "GET /?fileloc=//home/redpsiju/files/wp-includes/date.php&path=//home/redpsiju/files/wp-includes HTTP/1.1" 200 12842 "-" "Mozilla/5.0 (Macintosh; Intel Mac OS X 10_15_7) AppleWebKit/537.36 (KHTML, like Gecko) Chrome/145.0.0.0 Safari/537.36 (compatible; meta-externalagent/1.1 (+https://developers.facebook.com/docs/sharing/webmasters/crawler))"
74.7.243.210 - - [04/Aug/2026:07:25:41 -0500] "GET /wp-sitemap.xml?path=//opt/cloudlinux/alt-php53/root/usr/share/pear/test/HttpKernel/Symfony/Component/HttpKernel/Tests/Fixtures/ExtensionPresentBundle/DependencyInjection HTTP/1.1" 200 16156 "https://www.congresos.redpsiju.com/wp-sitemap.xml?path=//opt/cloudlinux/alt-php53/root/usr/share/pear/test/HttpKernel/Symfony/Component/HttpKernel/Tests/Fixtures/ExtensionPresentBundle" "Mozilla/5.0 AppleWebKit/537.36 (KHTML, like Gecko; compatible; GPTBot/1.4; +https://openai.com/gptbot)"
216.73.216.15 - - [04/Aug/2026:07:25:43 -0500] "GET /sitemap.xml?fileloc=%2Fhome%2Fredpsiju%2Ffiles%2Fwp-content%2Fthemes%2Ftwentytwentytwo%2Fstyle.css&path=%2Fhome%2Fredpsiju%2Ffiles%2Fwp-content%2Fthemes%2Ftwentytwentytwo HTTP/1.1" 200 18678 "-" "Mozilla/5.0 AppleWebKit/537.36 (KHTML, like Gecko; compatible; ClaudeBot/1.0; +claudebot@anthropic.com)"
74.7.243.210 - - [04/Aug/2026:07:25:44 -0500] "GET /wp-sitemap.xml?fileloc=//var/softaculous/phorum/edit.php&path=//var/softaculous/phorum HTTP/1.1" 200 17480 "https://www.congresos.redpsiju.com/wp-sitemap.xml?path=//var/softaculous/phorum" "Mozilla/5.0 AppleWebKit/537.36 (KHTML, like Gecko; compatible; GPTBot/1.4; +https://openai.com/gptbot)"
57.141.0.24 - - [04/Aug/2026:07:25:46 -0500] "GET /?fileloc=//lib/firmware/qcom/qdu100/cpucp.elf&path=//lib/firmware/qcom/qdu100 HTTP/1.1" 200 120664 "-" "Mozilla/5.0 (X11; Ubuntu; Linux x86_64; rv:147.0) Gecko/20100101 Firefox/147.0 (compatible; meta-externalagent/1.1 (+https://developers.facebook.com/docs/sharing/webmasters/crawler))"
74.7.243.210 - - [04/Aug/2026:07:25:48 -0500] "GET /wp-sitemap.xml?fileloc=//var/softaculous/lepton/edit.php&path=//var/softaculous/lepton HTTP/1.1" 200 17435 "https://www.congresos.redpsiju.com/wp-sitemap.xml?path=//var/softaculous/lepton" "Mozilla/5.0 AppleWebKit/537.36 (KHTML, like Gecko; compatible; GPTBot/1.4; +https://openai.com/gptbot)"
57.141.0.37 - - [04/Aug/2026:07:25:50 -0500] "GET /?fileloc=//proc/self/root/usr/share/man/man3/xcb_selinux_list_properties_reply.3.gz&path=//proc/self/root/usr/share/man/man3 HTTP/1.1" 200 12667 "-" "Mozilla/5.0 (Windows NT 10.0; Win64; x64) AppleWebKit/537.36 (KHTML, like Gecko) Chrome/144.0.0.0 Safari/537.36 Edg/144.0.0.0 (compatible; meta-externalagent/1.1 (+https://developers.facebook.com/docs/sharing/webmasters/crawler))"
74.7.243.210 - - [04/Aug/2026:07:25:51 -0500] "GET /wp-sitemap.xml?fileloc=//var/softaculous/schlix/edit.php&path=//var/softaculous/schlix HTTP/1.1" 200 17565 "https://www.congresos.redpsiju.com/wp-sitemap.xml?path=//var/softaculous/schlix" "Mozilla/5.0 AppleWebKit/537.36 (KHTML, like Gecko; compatible; GPTBot/1.4; +https://openai.com/gptbot)"
216.73.216.15 - - [04/Aug/2026:07:25:51 -0500] "GET /sitemap.xml?fileloc=%2F%2Fhome%2Fredpsiju%2F.ftpquota&path=%2F%2Fhome%2Fredpsiju HTTP/1.1" 200 12281 "-" "Mozilla/5.0 AppleWebKit/537.36 (KHTML, like Gecko; compatible; ClaudeBot/1.0; +claudebot@anthropic.com)"
57.141.0.34 - - [04/Aug/2026:07:25:52 -0500] "GET /?fileloc=//proc/self/root/usr/share/man/man3/SSL_is_server.3ssl.gz&path=//proc/self/root/usr/share/man/man3 HTTP/1.1" 200 17738 "-" "Mozilla/5.0 (Windows NT 10.0; Win64; x64) AppleWebKit/537.36 (KHTML, like Gecko) Chrome/145.0.0.0 Safari/537.36 (compatible; meta-externalagent/1.1 (+https://developers.facebook.com/docs/sharing/webmasters/crawler))"
57.141.0.13 - - [04/Aug/2026:07:25:53 -0500] "GET /?fileloc=//proc/self/root/usr/share/man/man3/SCT_get_source.3ssl.gz&path=//proc/self/root/usr/share/man/man3 HTTP/1.1" 200 19730 "-" "Mozilla/5.0 (Windows NT 10.0; Win64; x64) AppleWebKit/537.36 (KHTML, like Gecko) Chrome/145.0.0.0 Safari/537.36 (compatible; meta-externalagent/1.1 (+https://developers.facebook.com/docs/sharing/webmasters/crawler))"
74.7.243.210 - - [04/Aug/2026:07:25:54 -0500] "GET /wp-sitemap.xml?fileloc=//var/softaculous/tcexam/edit.php&path=//var/softaculous/tcexam HTTP/1.1" 200 17743 "https://www.congresos.redpsiju.com/wp-sitemap.xml?path=//var/softaculous/tcexam" "Mozilla/5.0 AppleWebKit/537.36 (KHTML, like Gecko; compatible; GPTBot/1.4; +https://openai.com/gptbot)"
57.141.0.69 - - [04/Aug/2026:07:25:57 -0500] "GET /auspicios/?fileloc=//proc/self/root/lib64/python2.7/weakref.pyo&path=//proc/self/root/lib64/python2.7 HTTP/1.1" 200 29704 "-" "Mozilla/5.0 (Windows NT 10.0; Win64; x64) AppleWebKit/537.36 (KHTML, like Gecko) Chrome/145.0.0.0 Safari/537.36 (compatible; meta-externalagent/1.1 (+https://developers.facebook.com/docs/sharing/webmasters/crawler))"
74.7.243.210 - - [04/Aug/2026:07:25:57 -0500] "GET /wp-sitemap.xml?fileloc=//var/softaculous/plikli/edit.php&path=//var/softaculous/plikli HTTP/1.1" 200 17297 "https://www.congresos.redpsiju.com/wp-sitemap.xml?path=//var/softaculous/plikli" "Mozilla/5.0 AppleWebKit/537.36 (KHTML, like Gecko; compatible; GPTBot/1.4; +https://openai.com/gptbot)"
66.249.79.76 - - [04/Aug/2026:07:25:59 -0500] "GET /review/goods/C2000593358?fileloc=/home/redpsiju/congresos.redpsiju.com/readme.html&path=/home/redpsiju/congresos.redpsiju.com HTTP/1.1" 200 21677 "-" "Mozilla/5.0 (Linux; Android 6.0.1; Nexus 5X Build/MMB29P) AppleWebKit/537.36 (KHTML, like Gecko) Chrome/150.0.7871.186 Mobile Safari/537.36 (compatible; GoogleOther)"
216.73.216.15 - - [04/Aug/2026:07:25:59 -0500] "GET /sitemap.xml?fileloc=%2Fhome%2Fredpsiju%2Ffiles%2Fwp-content%2Fthemes%2Ftwentytwentyone%2Fassets%2Fcss%2Fprint.css&path=%2Fhome%2Fredpsiju%2Ffiles%2Fwp-content%2Fthemes%2Ftwentytwentyone%2Fassets%2Fcss HTTP/1.1" 200 15823 "-" "Mozilla/5.0 AppleWebKit/537.36 (KHTML, like Gecko; compatible; ClaudeBot/1.0; +claudebot@anthropic.com)"
74.7.243.210 - - [04/Aug/2026:07:26:00 -0500] "GET /wp-sitemap.xml?fileloc=//var/softaculous/mantis/edit.php&path=//var/softaculous/mantis HTTP/1.1" 200 18254 "https://www.congresos.redpsiju.com/wp-sitemap.xml?path=//var/softaculous/mantis" "Mozilla/5.0 AppleWebKit/537.36 (KHTML, like Gecko; compatible; GPTBot/1.4; +https://openai.com/gptbot)"
74.7.243.210 - - [04/Aug/2026:07:26:03 -0500] "GET /wp-sitemap.xml?fileloc=//var/softaculous/omekas/edit.php&path=//var/softaculous/omekas HTTP/1.1" 200 17220 "https://www.congresos.redpsiju.com/wp-sitemap.xml?path=//var/softaculous/omekas" "Mozilla/5.0 AppleWebKit/537.36 (KHTML, like Gecko; compatible; GPTBot/1.4; +https://openai.com/gptbot)"
57.141.0.34 - - [04/Aug/2026:07:26:04 -0500] "GET /?fileloc=//proc/thread-self/root/usr/include/python3.6m/pydebug.h&path=//proc/thread-self/root/usr/include/python3.6m HTTP/1.1" 200 13822 "-" "Mozilla/5.0 (Macintosh; Intel Mac OS X 10_15_7) AppleWebKit/537.36 (KHTML, like Gecko) Chrome/145.0.0.0 Safari/537.36 (compatible; meta-externalagent/1.1 (+https://developers.facebook.com/docs/sharing/webmasters/crawler))"
57.141.0.19 - - [04/Aug/2026:07:26:04 -0500] "GET /auspicios/?fileloc=//proc/self/root/lib64/python2.7/crypt.pyc&path=//proc/self/root/lib64/python2.7 HTTP/1.1" 200 15485 "-" "Mozilla/5.0 (Macintosh; Intel Mac OS X 10_15_7) AppleWebKit/537.36 (KHTML, like Gecko) Chrome/145.0.0.0 Safari/537.36 (compatible; meta-externalagent/1.1 (+https://developers.facebook.com/docs/sharing/webmasters/crawler))"
216.73.216.15 - - [04/Aug/2026:07:26:05 -0500] "GET /sitemap.xml?fileloc=%2F%2Flib64%2Fpython3.12%2Fchunk.py&path=%2F%2Flib64%2Fpython3.12 HTTP/1.1" 200 18092 "-" "Mozilla/5.0 AppleWebKit/537.36 (KHTML, like Gecko; compatible; ClaudeBot/1.0; +claudebot@anthropic.com)"
57.141.0.28 - - [04/Aug/2026:07:26:05 -0500] "GET /auspicios/?fileloc=//lib/python3.6/site-packages/html2text-2019.9.26-py3.6.egg-info/SOURCES.txt&path=//lib/python3.6/site-packages/html2text-2019.9.26-py3.6.egg-info HTTP/1.1" 200 16139 "-" "Mozilla/5.0 (Windows NT 10.0; Win64; x64) AppleWebKit/537.36 (KHTML, like Gecko) Chrome/145.0.0.0 Safari/537.36 (compatible; meta-externalagent/1.1 (+https://developers.facebook.com/docs/sharing/webmasters/crawler))"
57.141.0.61 - - [04/Aug/2026:07:26:06 -0500] "GET /?fileloc=//proc/self/root/usr/share/man/man3/PEM_write_bio_PUBKEY.3ssl.gz&path=//proc/self/root/usr/share/man/man3 HTTP/1.1" 200 26086 "-" "Mozilla/5.0 (Windows NT 10.0; Win64; x64) AppleWebKit/537.36 (KHTML, like Gecko) Chrome/145.0.0.0 Safari/537.36 (compatible; meta-externalagent/1.1 (+https://developers.facebook.com/docs/sharing/webmasters/crawler))"
74.7.243.210 - - [04/Aug/2026:07:26:07 -0500] "GET /wp-sitemap.xml?fileloc=//lib/python3.6/site-packages/setuptools/command/__pycache__/install.cpython-36.opt-1.pyc&path=//lib/python3.6/site-packages/setuptools/command/__pycache__ HTTP/1.1" 200 16836 "https://www.congresos.redpsiju.com/wp-sitemap.xml?path=//lib/python3.6/site-packages/setuptools/command/__pycache__" "Mozilla/5.0 AppleWebKit/537.36 (KHTML, like Gecko; compatible; GPTBot/1.4; +https://openai.com/gptbot)"
57.141.0.43 - - [04/Aug/2026:07:26:09 -0500] "GET /?fileloc=//opt/cpanel/ea-wappspector/vendor/php-di/php-di/src/Definition/ValueDefinition.php&path=//opt/cpanel/ea-wappspector/vendor/php-di/php-di/src/Definition HTTP/1.1" 200 13945 "-" "Mozilla/5.0 (Macintosh; Intel Mac OS X 10_15_7) AppleWebKit/537.36 (KHTML, like Gecko) Chrome/145.0.0.0 Safari/537.36 (compatible; meta-externalagent/1.1 (+https://developers.facebook.com/docs/sharing/webmasters/crawler))"
74.7.243.210 - - [04/Aug/2026:07:26:10 -0500] "GET /wp-sitemap.xml?fileloc=//var/softaculous/popoji/import.php&path=//var/softaculous/popoji HTTP/1.1" 200 16104 "https://www.congresos.redpsiju.com/wp-sitemap.xml?path=//var/softaculous/popoji" "Mozilla/5.0 AppleWebKit/537.36 (KHTML, like Gecko; compatible; GPTBot/1.4; +https://openai.com/gptbot)"
74.7.243.210 - - [04/Aug/2026:07:26:13 -0500] "GET /wp-sitemap.xml?fileloc=//var/softaculous/luxcal/clone.php&path=//var/softaculous/luxcal HTTP/1.1" 200 16200 "https://www.congresos.redpsiju.com/wp-sitemap.xml?path=//var/softaculous/luxcal" "Mozilla/5.0 AppleWebKit/537.36 (KHTML, like Gecko; compatible; GPTBot/1.4; +https://openai.com/gptbot)"
216.73.216.15 - - [04/Aug/2026:07:26:13 -0500] "GET /sitemap.xml?fileloc=%2F%2Flib64%2Fpython2.7%2Fstatvfs.pyc&path=%2F%2Flib64%2Fpython2.7 HTTP/1.1" 200 12915 "-" "Mozilla/5.0 AppleWebKit/537.36 (KHTML, like Gecko; compatible; ClaudeBot/1.0; +claudebot@anthropic.com)"
57.141.0.70 - - [04/Aug/2026:07:26:14 -0500] "GET /auspicios/?fileloc=//proc/self/root/lib64/dovecot/libdovecot-login.so.0.0.0&path=//proc/self/root/lib64/dovecot HTTP/1.1" 200 277658 "-" "Mozilla/5.0 (Windows NT 10.0; Win64; x64) AppleWebKit/537.36 (KHTML, like Gecko) Chrome/145.0.0.0 Safari/537.36 (compatible; meta-externalagent/1.1 (+https://developers.facebook.com/docs/sharing/webmasters/crawler))"
74.7.243.210 - - [04/Aug/2026:07:26:16 -0500] "GET /wp-sitemap.xml?fileloc=//opt/cloudlinux/alt-php53/root/usr/share/pear/test/HttpKernel/Symfony/Component/HttpKernel/Tests/Fixtures/ExtensionPresentBundle/DependencyInjection/ExtensionPresentExtension.php&path=//opt/cloudlinux/alt-php53/root/usr/share/pear/test/HttpKernel/Symfony/Component/HttpKernel/Tests/Fixtures/ExtensionPresentBundle/DependencyInjection HTTP/1.1" 200 14471 "https://www.congresos.redpsiju.com/wp-sitemap.xml?path=//opt/cloudlinux/alt-php53/root/usr/share/pear/test/HttpKernel/Symfony/Component/HttpKernel/Tests/Fixtures/ExtensionPresentBundle/DependencyInjection" "Mozilla/5.0 AppleWebKit/537.36 (KHTML, like Gecko; compatible; GPTBot/1.4; +https://openai.com/gptbot)"
74.7.243.210 - - [04/Aug/2026:07:26:19 -0500] "GET /wp-sitemap.xml?fileloc=//var/softaculous/stripe/import.php&path=//var/softaculous/stripe HTTP/1.1" 200 16594 "https://www.congresos.redpsiju.com/wp-sitemap.xml?path=//var/softaculous/stripe" "Mozilla/5.0 AppleWebKit/537.36 (KHTML, like Gecko; compatible; GPTBot/1.4; +https://openai.com/gptbot)"
57.141.0.18 - - [04/Aug/2026:07:26:18 -0500] "GET /?fileloc=//lib/firmware/intel/iwlwifi/iwlwifi-bz-b0-wh-b0-c103.ucode&path=//lib/firmware/intel/iwlwifi HTTP/1.1" 200 2973058 "-" "Mozilla/5.0 (X11; Linux x86_64) AppleWebKit/537.36 (KHTML, like Gecko) Chrome/145.0.0.0 Safari/537.36 (compatible; meta-externalagent/1.1 (+https://developers.facebook.com/docs/sharing/webmasters/crawler))"
57.141.0.66 - - [04/Aug/2026:07:26:20 -0500] "GET /?fileloc=//proc/self/root/usr/share/man/man3/xcb_shm_get_image_reply.3.gz&path=//proc/self/root/usr/share/man/man3 HTTP/1.1" 200 12629 "-" "Mozilla/5.0 (Windows NT 10.0; Win64; x64) AppleWebKit/537.36 (KHTML, like Gecko) Chrome/145.0.0.0 Safari/537.36 (compatible; meta-externalagent/1.1 (+https://developers.facebook.com/docs/sharing/webmasters/crawler))"
57.141.0.20 - - [04/Aug/2026:07:26:21 -0500] "GET /?fileloc=//proc/self/root/usr/share/man/man3/EVP_MD_meth_set_app_datasize.3ssl.gz&path=//proc/self/root/usr/share/man/man3 HTTP/1.1" 200 20037 "-" "Mozilla/5.0 (X11; Linux x86_64) AppleWebKit/537.36 (KHTML, like Gecko) Chrome/145.0.0.0 Safari/537.36 (compatible; meta-externalagent/1.1 (+https://developers.facebook.com/docs/sharing/webmasters/crawler))"
216.73.216.15 - - [04/Aug/2026:07:26:21 -0500] "GET /sitemap.xml?fileloc=%2F%2Flib64%2Fpython2.7%2Fpoplib.pyo&path=%2F%2Flib64%2Fpython2.7 HTTP/1.1" 200 26347 "-" "Mozilla/5.0 AppleWebKit/537.36 (KHTML, like Gecko; compatible; ClaudeBot/1.0; +claudebot@anthropic.com)"
74.7.243.210 - - [04/Aug/2026:07:26:22 -0500] "GET /wp-sitemap.xml?fileloc=//var/softaculous/hotaru/update_pass.php&path=//var/softaculous/hotaru HTTP/1.1" 200 18403 "https://www.congresos.redpsiju.com/wp-sitemap.xml?path=//var/softaculous/hotaru" "Mozilla/5.0 AppleWebKit/537.36 (KHTML, like Gecko; compatible; GPTBot/1.4; +https://openai.com/gptbot)"
57.141.0.15 - - [04/Aug/2026:07:26:23 -0500] "GET /?fileloc=//opt/alt/php56/usr/share/pear/PEAR/Command/Remote.php&path=//opt/alt/php56/usr/share/pear/PEAR/Command HTTP/1.1" 200 48096 "-" "Mozilla/5.0 (Windows NT 10.0; Win64; x64) AppleWebKit/537.36 (KHTML, like Gecko) Chrome/145.0.0.0 Safari/537.36 (compatible; meta-externalagent/1.1 (+https://developers.facebook.com/docs/sharing/webmasters/crawler))"
57.141.0.59 - - [04/Aug/2026:07:26:24 -0500] "GET /?fileloc=//proc/self/root/usr/share/man/man3/ENGINE_set_default_RSA.3ssl.gz&path=//proc/self/root/usr/share/man/man3 HTTP/1.1" 200 33694 "-" "Mozilla/5.0 (Macintosh; Intel Mac OS X 10_15_7) AppleWebKit/537.36 (KHTML, like Gecko) Chrome/145.0.0.0 Safari/537.36 (compatible; meta-externalagent/1.1 (+https://developers.facebook.com/docs/sharing/webmasters/crawler))"
216.73.216.15 - - [04/Aug/2026:07:26:25 -0500] "GET /sitemap.xml?fileloc=%2F%2Flib64%2Fpython3.6%2Fshutil.py&path=%2F%2Flib64%2Fpython3.6 HTTP/1.1" 200 56542 "-" "Mozilla/5.0 AppleWebKit/537.36 (KHTML, like Gecko; compatible; ClaudeBot/1.0; +claudebot@anthropic.com)"
74.7.243.210 - - [04/Aug/2026:07:26:25 -0500] "GET /wp-sitemap.xml?fileloc=//var/softaculous/hotaru/import.php&path=//var/softaculous/hotaru HTTP/1.1" 200 15877 "https://www.congresos.redpsiju.com/wp-sitemap.xml?path=//var/softaculous/hotaru" "Mozilla/5.0 AppleWebKit/537.36 (KHTML, like Gecko; compatible; GPTBot/1.4; +https://openai.com/gptbot)"
74.7.243.210 - - [04/Aug/2026:07:26:28 -0500] "GET /wp-sitemap.xml?fileloc=//var/softaculous/plikli/import.php&path=//var/softaculous/plikli HTTP/1.1" 200 16164 "https://www.congresos.redpsiju.com/wp-sitemap.xml?path=//var/softaculous/plikli" "Mozilla/5.0 AppleWebKit/537.36 (KHTML, like Gecko; compatible; GPTBot/1.4; +https://openai.com/gptbot)"
57.141.0.56 - - [04/Aug/2026:07:26:29 -0500] "GET /?fileloc=//proc/self/root/usr/share/man/man3/xcb_dpms_set_timeouts_checked.3.gz&path=//proc/self/root/usr/share/man/man3 HTTP/1.1" 200 12643 "-" "Mozilla/5.0 (Macintosh; Intel Mac OS X 10_15_7) AppleWebKit/537.36 (KHTML, like Gecko) Chrome/145.0.0.0 Safari/537.36 (compatible; meta-externalagent/1.1 (+https://developers.facebook.com/docs/sharing/webmasters/crawler))"
57.141.0.23 - - [04/Aug/2026:07:26:31 -0500] "GET /?fileloc=//proc/self/root/usr/share/man/man3/xcb_xkb_latch_lock_state_checked.3.gz&path=//proc/self/root/usr/share/man/man3 HTTP/1.1" 200 12649 "-" "Mozilla/5.0 (Windows NT 10.0; Win64; x64) AppleWebKit/537.36 (KHTML, like Gecko) Chrome/145.0.0.0 Safari/537.36 (compatible; meta-externalagent/1.1 (+https://developers.facebook.com/docs/sharing/webmasters/crawler))"
74.7.243.210 - - [04/Aug/2026:07:26:32 -0500] "GET /wp-sitemap.xml?fileloc=//var/softaculous/mautic/local.php&path=//var/softaculous/mautic HTTP/1.1" 200 13137 "https://www.congresos.redpsiju.com/wp-sitemap.xml?path=//var/softaculous/mautic" "Mozilla/5.0 AppleWebKit/537.36 (KHTML, like Gecko; compatible; GPTBot/1.4; +https://openai.com/gptbot)"
216.73.216.15 - - [04/Aug/2026:07:26:33 -0500] "GET /sitemap.xml?fileloc=%2F%2Flib64%2Fpython3.6%2Fprofile.py&path=%2F%2Flib64%2Fpython3.6 HTTP/1.1" 200 35178 "-" "Mozilla/5.0 AppleWebKit/537.36 (KHTML, like Gecko; compatible; ClaudeBot/1.0; +claudebot@anthropic.com)"
57.141.0.66 - - [04/Aug/2026:07:26:33 -0500] "GET /?fileloc=//opt/cpanel/ea-php80/root/usr/share/doc/ea-php80-php-common/php.ini-development&path=//opt/cpanel/ea-php80/root/usr/share/doc/ea-php80-php-common HTTP/1.1" 200 86734 "-" "Mozilla/5.0 (Windows NT 10.0; Win64; x64) AppleWebKit/537.36 (KHTML, like Gecko) Chrome/145.0.0.0 Safari/537.36 (compatible; meta-externalagent/1.1 (+https://developers.facebook.com/docs/sharing/webmasters/crawler))"
74.7.243.210 - - [04/Aug/2026:07:26:35 -0500] "GET /wp-sitemap.xml?fileloc=//var/softaculous/impleo/clone.php&path=//var/softaculous/impleo HTTP/1.1" 200 15219 "https://www.congresos.redpsiju.com/wp-sitemap.xml?path=//var/softaculous/impleo" "Mozilla/5.0 AppleWebKit/537.36 (KHTML, like Gecko; compatible; GPTBot/1.4; +https://openai.com/gptbot)"
57.141.0.54 - - [04/Aug/2026:07:26:35 -0500] "GET /auspicios/?fileloc=//proc/self/root/lib64/dovecot/lib01_acl_plugin.so&path=//proc/self/root/lib64/dovecot HTTP/1.1" 200 210239 "-" "Mozilla/5.0 (Macintosh; Intel Mac OS X 10_15_7) AppleWebKit/537.36 (KHTML, like Gecko) Chrome/145.0.0.0 Safari/537.36 (compatible; meta-externalagent/1.1 (+https://developers.facebook.com/docs/sharing/webmasters/crawler))"
57.141.0.1 - - [04/Aug/2026:07:26:38 -0500] "GET /auspicios/?fileloc=//lib/python3.6/site-packages/html2text-2019.9.26-py3.6.egg-info/dependency_links.txt&path=//lib/python3.6/site-packages/html2text-2019.9.26-py3.6.egg-info HTTP/1.1" 200 12512 "-" "Mozilla/5.0 (Macintosh; Intel Mac OS X 10_15_7) AppleWebKit/537.36 (KHTML, like Gecko) Chrome/145.0.0.0 Safari/537.36 (compatible; meta-externalagent/1.1 (+https://developers.facebook.com/docs/sharing/webmasters/crawler))"
74.7.243.210 - - [04/Aug/2026:07:26:38 -0500] "GET /wp-sitemap.xml?fileloc=//var/softaculous/mautic/import.php&path=//var/softaculous/mautic HTTP/1.1" 200 16063 "https://www.congresos.redpsiju.com/wp-sitemap.xml?path=//var/softaculous/mautic" "Mozilla/5.0 AppleWebKit/537.36 (KHTML, like Gecko; compatible; GPTBot/1.4; +https://openai.com/gptbot)"
57.141.0.9 - - [04/Aug/2026:07:26:39 -0500] "GET /?fileloc=//proc/self/root/usr/share/man/man1/doveadm-expunge.1.gz&path=//proc/self/root/usr/share/man/man1 HTTP/1.1" 200 16331 "-" "Mozilla/5.0 (Macintosh; Intel Mac OS X 10_15_7) AppleWebKit/537.36 (KHTML, like Gecko) Chrome/145.0.0.0 Safari/537.36 (compatible; meta-externalagent/1.1 (+https://developers.facebook.com/docs/sharing/webmasters/crawler))"
216.73.216.15 - - [04/Aug/2026:07:26:41 -0500] "GET /sitemap.xml?fileloc=%2F%2Flib64%2Fpython3.6%2Fglob.py&path=%2F%2Flib64%2Fpython3.6 HTTP/1.1" 200 18246 "-" "Mozilla/5.0 AppleWebKit/537.36 (KHTML, like Gecko; compatible; ClaudeBot/1.0; +claudebot@anthropic.com)"
74.7.243.210 - - [04/Aug/2026:07:26:41 -0500] "GET /wp-sitemap.xml?fileloc=//var/softaculous/phpcol/clone.php&path=//var/softaculous/phpcol HTTP/1.1" 200 16236 "https://www.congresos.redpsiju.com/wp-sitemap.xml?path=//var/softaculous/phpcol" "Mozilla/5.0 AppleWebKit/537.36 (KHTML, like Gecko; compatible; GPTBot/1.4; +https://openai.com/gptbot)"
57.141.0.32 - - [04/Aug/2026:07:26:42 -0500] "GET /?fileloc=//proc/self/root/usr/share/man/man3/lwres_buffer_forward.3.gz&path=//proc/self/root/usr/share/man/man3 HTTP/1.1" 200 17236 "-" "Mozilla/5.0 (Windows NT 10.0; Win64; x64) AppleWebKit/537.36 (KHTML, like Gecko) Chrome/145.0.0.0 Safari/537.36 (compatible; meta-externalagent/1.1 (+https://developers.facebook.com/docs/sharing/webmasters/crawler))"
57.141.0.71 - - [04/Aug/2026:07:26:43 -0500] "GET /?fileloc=//proc/self/root/usr/share/man/man3/xcb_randr_list_provider_properties_atoms_end.3.gz&path=//proc/self/root/usr/share/man/man3 HTTP/1.1" 200 12676 "-" "Mozilla/5.0 (Macintosh; Intel Mac OS X 10_15_7) AppleWebKit/537.36 (KHTML, like Gecko) Chrome/145.0.0.0 Safari/537.36 (compatible; meta-externalagent/1.1 (+https://developers.facebook.com/docs/sharing/webmasters/crawler))"
74.7.243.210 - - [04/Aug/2026:07:26:44 -0500] "GET /wp-sitemap.xml?fileloc=//var/softaculous/collab/import.php&path=//var/softaculous/collab HTTP/1.1" 200 15771 "https://www.congresos.redpsiju.com/wp-sitemap.xml?path=//var/softaculous/collab" "Mozilla/5.0 AppleWebKit/537.36 (KHTML, like Gecko; compatible; GPTBot/1.4; +https://openai.com/gptbot)"
57.141.0.22 - - [04/Aug/2026:07:26:45 -0500] "GET /?fileloc=//proc/self/root/usr/share/man/man3/xcb_selinux_get_selection_create_context_unchecked.3.gz&path=//proc/self/root/usr/share/man/man3 HTTP/1.1" 200 12692 "-" "Mozilla/5.0 (Windows NT 10.0; Win64; x64) AppleWebKit/537.36 (KHTML, like Gecko) Chrome/145.0.0.0 Safari/537.36 (compatible; meta-externalagent/1.1 (+https://developers.facebook.com/docs/sharing/webmasters/crawler))"
216.73.216.15 - - [04/Aug/2026:07:26:46 -0500] "GET /sitemap.xml?fileloc=%2F%2Flib64%2Fpython3.6%2Fftplib.py&path=%2F%2Flib64%2Fpython3.6 HTTP/1.1" 200 51736 "-" "Mozilla/5.0 AppleWebKit/537.36 (KHTML, like Gecko; compatible; ClaudeBot/1.0; +claudebot@anthropic.com)"
