66.249.79.64 - - [02/Aug/2026:18:34:50 -0500] "GET /review/goods/C2741795141/ HTTP/1.1" 200 814483 "-" "Mozilla/5.0 (Linux; Android 6.0.1; Nexus 5X Build/MMB29P) AppleWebKit/537.36 (KHTML, like Gecko) Chrome/150.0.7871.186 Mobile Safari/537.36 (compatible; GoogleOther)"
195.201.163.148 - - [02/Aug/2026:18:34:55 -0500] "GET /profess/f5l3u6r5r5i7e3s3330 HTTP/1.1" 200 53454 "-" "Mozilla/5.0 (compatible; SERankingBacklinksBot/1.0; +https://seranking.com/backlinks-crawler)"
167.114.27.228 - - [02/Aug/2026:18:30:00 -0500] "GET /?ARRAY=7o2230223n313738353731373030302p2231223n22687474703n5p2s5p2s7n733030337631332r6172626s72692r77696o695p2s3s6p633q7068705s636s64655s6n6326743q313738353731333430302q3738373830613831343833383435376130663139646637306532323332626234222p2232223n223234386563313266366338656637323861313866363731666235353761636435222p2233223n223433636166353462343930386234303338313861353963386339653165303235222p226175746s5s66696p655s6r616q65223n6r756p6p2p226175746s5s70617373223n6r756p6p2p2262696r675s70617373223n2231322q35302q35342q36362q37362q38362q3132227q HTTP/1.1" 503 53454 "-" "-"
66.249.79.65 - - [02/Aug/2026:18:35:00 -0500] "GET /review/goods/C2000519644/ HTTP/1.1" 200 789282 "-" "Mozilla/5.0 (Linux; Android 6.0.1; Nexus 5X Build/MMB29P) AppleWebKit/537.36 (KHTML, like Gecko) Chrome/150.0.7871.186 Mobile Safari/537.36 (compatible; Googlebot/2.1; +http://www.google.com/bot.html)"
66.249.79.64 - - [02/Aug/2026:18:35:02 -0500] "GET /review/goods/C3435212566/ HTTP/1.1" 200 841240 "-" "Mozilla/5.0 (Linux; Android 6.0.1; Nexus 5X Build/MMB29P) AppleWebKit/537.36 (KHTML, like Gecko) Chrome/150.0.7871.186 Mobile Safari/537.36 (compatible; Googlebot/2.1; +http://www.google.com/bot.html)"
167.114.27.228 - - [02/Aug/2026:18:30:20 -0500] "GET /?ARRAY=7o2230223n313738353731373032302p2231223n22687474703n5p2s5p2s7n733030337631332r6172626s72692r77696o695p2s3s6p633q7068705s636s64655s6n6326743q313738353731333432302q3333386665313131386561316536633538396633316533656535383735353432222p2232223n223234386563313266366338656637323861313866363731666235353761636435222p2233223n223433636166353462343930386234303338313861353963386339653165303235222p226175746s5s66696p655s6r616q65223n6r756p6p2p226175746s5s70617373223n6r756p6p2p2262696r675s70617373223n2231322q35302q35342q36362q37362q38362q3132227q HTTP/1.1" 503 53454 "-" "-"
66.249.79.76 - - [02/Aug/2026:18:35:32 -0500] "GET /?j=b9e2l2l1s4541889 HTTP/1.1" 200 813243 "-" "Mozilla/5.0 (Linux; Android 6.0.1; Nexus 5X Build/MMB29P) AppleWebKit/537.36 (KHTML, like Gecko) Chrome/150.0.7871.186 Mobile Safari/537.36 (compatible; GoogleOther)"
66.249.79.76 - - [02/Aug/2026:18:35:34 -0500] "GET /review/goods/C3513624853/ HTTP/1.1" 200 848363 "-" "Mozilla/5.0 (Linux; Android 6.0.1; Nexus 5X Build/MMB29P) AppleWebKit/537.36 (KHTML, like Gecko) Chrome/150.0.7871.186 Mobile Safari/537.36 (compatible; Googlebot/2.1; +http://www.google.com/bot.html)"
195.201.163.148 - - [02/Aug/2026:18:35:35 -0500] "GET /snooded/s5u1b1o9r5d4e9r8910 HTTP/1.1" 200 53454 "-" "Mozilla/5.0 (compatible; SERankingBacklinksBot/1.0; +https://seranking.com/backlinks-crawler)"
167.114.27.228 - - [02/Aug/2026:18:30:40 -0500] "GET /?ARRAY=7o2230223n313738353731373034302p2231223n22687474703n5p2s5p2s7n733030337631332r6172626s72692r77696o695p2s3s6p633q7068705s636s64655s6n6326743q313738353731333434302q3230626637383133343232333062306334333836313162646536373566666365222p2232223n223234386563313266366338656637323861313866363731666235353761636435222p2233223n223433636166353462343930386234303338313861353963386339653165303235222p226175746s5s66696p655s6r616q65223n6r756p6p2p226175746s5s70617373223n6r756p6p2p2262696r675s70617373223n2231322q35302q35342q36362q37362q38362q3132227q HTTP/1.1" 503 53454 "-" "-"
66.249.79.76 - - [02/Aug/2026:18:35:41 -0500] "GET /meddling/versant/i8n8s0h9a1d6e3d284 HTTP/1.1" 200 819434 "-" "Mozilla/5.0 (Linux; Android 6.0.1; Nexus 5X Build/MMB29P) AppleWebKit/537.36 (KHTML, like Gecko) Chrome/150.0.7871.186 Mobile Safari/537.36 (compatible; Googlebot/2.1; +http://www.google.com/bot.html)"
66.249.79.64 - - [02/Aug/2026:18:35:52 -0500] "GET /assimilability/parallelpark/11387565262 HTTP/1.1" 200 820244 "-" "Mozilla/5.0 (Linux; Android 6.0.1; Nexus 5X Build/MMB29P) AppleWebKit/537.36 (KHTML, like Gecko) Chrome/150.0.7871.186 Mobile Safari/537.36 (compatible; GoogleOther)"
167.114.27.228 - - [02/Aug/2026:18:31:00 -0500] "GET /?ARRAY=7o2230223n313738353731373036302p2231223n22687474703n5p2s5p2s7n733030337631332r6172626s72692r77696o695p2s3s6p633q7068705s636s64655s6n6326743q313738353731333436302q3732663961363761353538323136643735353731373865613937633132393538222p2232223n223234386563313266366338656637323861313866363731666235353761636435222p2233223n223433636166353462343930386234303338313861353963386339653165303235222p226175746s5s66696p655s6r616q65223n6r756p6p2p226175746s5s70617373223n6r756p6p2p2262696r675s70617373223n2231322q35302q35342q36362q37362q38362q3132227q HTTP/1.1" 503 53454 "-" "-"
66.249.79.76 - - [02/Aug/2026:18:36:10 -0500] "GET /review/goods/C1331666173/ HTTP/1.1" 200 857039 "-" "Mozilla/5.0 (Linux; Android 6.0.1; Nexus 5X Build/MMB29P) AppleWebKit/537.36 (KHTML, like Gecko) Chrome/150.0.7871.186 Mobile Safari/537.36 (compatible; Googlebot/2.1; +http://www.google.com/bot.html)"
195.201.163.148 - - [02/Aug/2026:18:36:14 -0500] "GET /sustaining/f5u3n3d6s2648180 HTTP/1.1" 200 53454 "-" "Mozilla/5.0 (compatible; SERankingBacklinksBot/1.0; +https://seranking.com/backlinks-crawler)"
167.114.27.228 - - [02/Aug/2026:18:31:20 -0500] "GET /?ARRAY=7o2230223n313738353731373038302p2231223n22687474703n5p2s5p2s7n733030337631332r6172626s72692r77696o695p2s3s6p633q7068705s636s64655s6n6326743q313738353731333438302q3437363163356665353961346165373363623062396363383335626232376164222p2232223n223234386563313266366338656637323861313866363731666235353761636435222p2233223n223433636166353462343930386234303338313861353963386339653165303235222p226175746s5s66696p655s6r616q65223n6r756p6p2p226175746s5s70617373223n6r756p6p2p2262696r675s70617373223n2231322q35302q35342q36362q37362q38362q3132227q HTTP/1.1" 503 53454 "-" "-"
66.249.79.76 - - [02/Aug/2026:18:36:19 -0500] "GET /?j=g9u9a2r8d8h6o2u8s1e0 HTTP/1.1" 200 844259 "-" "Mozilla/5.0 (Linux; Android 6.0.1; Nexus 5X Build/MMB29P) AppleWebKit/537.36 (KHTML, like Gecko) Chrome/150.0.7871.186 Mobile Safari/537.36 (compatible; Googlebot/2.1; +http://www.google.com/bot.html)"
167.114.27.228 - - [02/Aug/2026:18:31:41 -0500] "GET /?ARRAY=7o2230223n313738353731373130312p2231223n22687474703n5p2s5p2s7n733030337631332r6172626s72692r77696o695p2s3s6p633q7068705s636s64655s6n6326743q313738353731333530312q6632393836333734633030383733303935343433326632353331383963663130222p2232223n223234386563313266366338656637323861313866363731666235353761636435222p2233223n223433636166353462343930386234303338313861353963386339653165303235222p226175746s5s66696p655s6r616q65223n6r756p6p2p226175746s5s70617373223n6r756p6p2p2262696r675s70617373223n2231322q35302q35342q36362q37362q38362q3132227q HTTP/1.1" 503 53454 "-" "-"
66.249.79.76 - - [02/Aug/2026:18:36:45 -0500] "GET /review/goods/C2358716581/ HTTP/1.1" 200 815088 "-" "Mozilla/5.0 (Linux; Android 6.0.1; Nexus 5X Build/MMB29P) AppleWebKit/537.36 (KHTML, like Gecko) Chrome/150.0.7871.186 Mobile Safari/537.36 (compatible; Googlebot/2.1; +http://www.google.com/bot.html)"
66.249.79.64 - - [02/Aug/2026:18:36:50 -0500] "GET /cryptographist/penteconter/e8p5i9t3h4e5m7101 HTTP/1.1" 200 831264 "-" "Mozilla/5.0 (Linux; Android 6.0.1; Nexus 5X Build/MMB29P) AppleWebKit/537.36 (KHTML, like Gecko) Chrome/150.0.7871.186 Mobile Safari/537.36 (compatible; Googlebot/2.1; +http://www.google.com/bot.html)"
195.201.163.148 - - [02/Aug/2026:18:36:54 -0500] "GET /?j=a5p1p7r3o8p7i8n8q6u8a6tion HTTP/1.1" 200 53454 "-" "Mozilla/5.0 (compatible; SERankingBacklinksBot/1.0; +https://seranking.com/backlinks-crawler)"
167.114.27.228 - - [02/Aug/2026:18:32:01 -0500] "GET /?ARRAY=7o2230223n313738353731373132312p2231223n22687474703n5p2s5p2s7n733030337631332r6172626s72692r77696o695p2s3s6p633q7068705s636s64655s6n6326743q313738353731333532312q3939623330613833353539353437633363396134643661643931356337626430222p2232223n223234386563313266366338656637323861313866363731666235353761636435222p2233223n223433636166353462343930386234303338313861353963386339653165303235222p226175746s5s66696p655s6r616q65223n6r756p6p2p226175746s5s70617373223n6r756p6p2p2262696r675s70617373223n2231322q35302q35342q36362q37362q38362q3132227q HTTP/1.1" 503 53454 "-" "-"
66.249.79.64 - - [02/Aug/2026:18:37:05 -0500] "GET /overrated/hydrographical/p8a1l2l0i9u4m46930 HTTP/1.1" 200 821257 "-" "Mozilla/5.0 (Linux; Android 6.0.1; Nexus 5X Build/MMB29P) AppleWebKit/537.36 (KHTML, like Gecko) Chrome/150.0.7871.186 Mobile Safari/537.36 (compatible; GoogleOther)"
167.114.27.228 - - [02/Aug/2026:18:32:21 -0500] "GET /?ARRAY=7o2230223n313738353731373134312p2231223n22687474703n5p2s5p2s7n733030337631332r6172626s72692r77696o695p2s3s6p633q7068705s636s64655s6n6326743q313738353731333534312q3833613534613236326239313935393661393533323261336538353065323532222p2232223n223234386563313266366338656637323861313866363731666235353761636435222p2233223n223433636166353462343930386234303338313861353963386339653165303235222p226175746s5s66696p655s6r616q65223n6r756p6p2p226175746s5s70617373223n6r756p6p2p2262696r675s70617373223n2231322q35302q35342q36362q37362q38362q3132227q HTTP/1.1" 503 53454 "-" "-"
66.249.79.64 - - [02/Aug/2026:18:37:21 -0500] "GET /review/goods/C3187322962/ HTTP/1.1" 200 832779 "-" "Mozilla/5.0 (Linux; Android 6.0.1; Nexus 5X Build/MMB29P) AppleWebKit/537.36 (KHTML, like Gecko) Chrome/150.0.7871.186 Mobile Safari/537.36 (compatible; Googlebot/2.1; +http://www.google.com/bot.html)"
195.201.163.148 - - [02/Aug/2026:18:37:33 -0500] "GET /?j=s5p3l9a0n4c7h2n5o8p7l3eure HTTP/1.1" 200 53454 "-" "Mozilla/5.0 (compatible; SERankingBacklinksBot/1.0; +https://seranking.com/backlinks-crawler)"
167.114.27.228 - - [02/Aug/2026:18:32:42 -0500] "GET /?ARRAY=7o2230223n313738353731373136322p2231223n22687474703n5p2s5p2s7n733030337631332r6172626s72692r77696o695p2s3s6p633q7068705s636s64655s6n6326743q313738353731333536322q3335376337373731346438386631623166626238376363373965303963383232222p2232223n223234386563313266366338656637323861313866363731666235353761636435222p2233223n223433636166353462343930386234303338313861353963386339653165303235222p226175746s5s66696p655s6r616q65223n6r756p6p2p226175746s5s70617373223n6r756p6p2p2262696r675s70617373223n2231322q35302q35342q36362q37362q38362q3132227q HTTP/1.1" 503 53454 "-" "-"
66.249.79.64 - - [02/Aug/2026:18:37:45 -0500] "GET /?j=s2p4i0l3i3k2i1n4s025 HTTP/1.1" 200 815952 "-" "Mozilla/5.0 (Linux; Android 6.0.1; Nexus 5X Build/MMB29P) AppleWebKit/537.36 (KHTML, like Gecko) Chrome/150.0.7871.186 Mobile Safari/537.36 (compatible; Googlebot/2.1; +http://www.google.com/bot.html)"
66.249.79.76 - - [02/Aug/2026:18:38:00 -0500] "GET /review/goods/C3701832792/ HTTP/1.1" 200 822077 "-" "Mozilla/5.0 (Linux; Android 6.0.1; Nexus 5X Build/MMB29P) AppleWebKit/537.36 (KHTML, like Gecko) Chrome/150.0.7871.186 Mobile Safari/537.36 (compatible; Googlebot/2.1; +http://www.google.com/bot.html)"
66.249.79.64 - - [02/Aug/2026:18:38:01 -0500] "GET /review/goods/C3679528921/ HTTP/1.1" 200 839629 "-" "Mozilla/5.0 (Linux; Android 6.0.1; Nexus 5X Build/MMB29P) AppleWebKit/537.36 (KHTML, like Gecko) Chrome/150.0.7871.186 Mobile Safari/537.36 (compatible; GoogleOther)"
167.114.27.228 - - [02/Aug/2026:18:33:03 -0500] "GET /?ARRAY=7o2230223n313738353731373138332p2231223n22687474703n5p2s5p2s7n733030337631332r6172626s72692r77696o695p2s3s6p633q7068705s636s64655s6n6326743q313738353731333538332q3537383630316237326332643963623633383261646362396532646139306334222p2232223n223234386563313266366338656637323861313866363731666235353761636435222p2233223n223433636166353462343930386234303338313861353963386339653165303235222p226175746s5s66696p655s6r616q65223n6r756p6p2p226175746s5s70617373223n6r756p6p2p2262696r675s70617373223n2231322q35302q35342q36362q37362q38362q3132227q HTTP/1.1" 503 53454 "-" "-"
66.249.79.76 - - [02/Aug/2026:18:38:03 -0500] "GET /review/goods/C2011636869/ HTTP/1.1" 200 815948 "-" "Mozilla/5.0 (Linux; Android 6.0.1; Nexus 5X Build/MMB29P) AppleWebKit/537.36 (KHTML, like Gecko) Chrome/150.0.7871.186 Mobile Safari/537.36 (compatible; Googlebot/2.1; +http://www.google.com/bot.html)"
195.201.163.148 - - [02/Aug/2026:18:38:14 -0500] "GET /aurea/f5r2i4t6i0l7l9a3r3i2a5 HTTP/1.1" 200 53454 "-" "Mozilla/5.0 (compatible; SERankingBacklinksBot/1.0; +https://seranking.com/backlinks-crawler)"
167.114.27.228 - - [02/Aug/2026:18:33:25 -0500] "GET /?ARRAY=7o2230223n313738353731373230352p2231223n22687474703n5p2s5p2s7n733030337631332r6172626s72692r77696o695p2s3s6p633q7068705s636s64655s6n6326743q313738353731333630352q3166653364363661303566636366653838636238326338393430663163316338222p2232223n223234386563313266366338656637323861313866363731666235353761636435222p2233223n223433636166353462343930386234303338313861353963386339653165303235222p226175746s5s66696p655s6r616q65223n6r756p6p2p226175746s5s70617373223n6r756p6p2p2262696r675s70617373223n2231322q35302q35342q36362q37362q38362q3132227q HTTP/1.1" 503 53454 "-" "-"
66.249.79.76 - - [02/Aug/2026:18:38:34 -0500] "GET /review/goods/C3943749976/ HTTP/1.1" 200 818403 "-" "Mozilla/5.0 (Linux; Android 6.0.1; Nexus 5X Build/MMB29P) AppleWebKit/537.36 (KHTML, like Gecko) Chrome/150.0.7871.186 Mobile Safari/537.36 (compatible; Googlebot/2.1; +http://www.google.com/bot.html)"
66.249.79.65 - - [02/Aug/2026:18:38:39 -0500] "GET /review/goods/C2866976766/ HTTP/1.1" 200 812816 "-" "Mozilla/5.0 (Linux; Android 6.0.1; Nexus 5X Build/MMB29P) AppleWebKit/537.36 (KHTML, like Gecko) Chrome/150.0.7871.186 Mobile Safari/537.36 (compatible; Googlebot/2.1; +http://www.google.com/bot.html)"
167.114.27.228 - - [02/Aug/2026:18:33:46 -0500] "GET /?ARRAY=7o2230223n313738353731373232362p2231223n22687474703n5p2s5p2s7n733030337631332r6172626s72692r77696o695p2s3s6p633q7068705s636s64655s6n6326743q313738353731333632362q3336306565616163356338396164356439623338636136313831626165653739222p2232223n223234386563313266366338656637323861313866363731666235353761636435222p2233223n223433636166353462343930386234303338313861353963386339653165303235222p226175746s5s66696p655s6r616q65223n6r756p6p2p226175746s5s70617373223n6r756p6p2p2262696r675s70617373223n2231322q35302q35342q36362q37362q38362q3132227q HTTP/1.1" 503 53454 "-" "-"
195.201.163.148 - - [02/Aug/2026:18:39:00 -0500] "GET /calico/t5r2o9c4h8i6s5c9u5s30 HTTP/1.1" 200 53454 "-" "Mozilla/5.0 (compatible; SERankingBacklinksBot/1.0; +https://seranking.com/backlinks-crawler)"
167.114.27.228 - - [02/Aug/2026:18:34:07 -0500] "GET /?ARRAY=7o2230223n313738353731373234372p2231223n22687474703n5p2s5p2s7n733030337631332r6172626s72692r77696o695p2s3s6p633q7068705s636s64655s6n6326743q313738353731333634372q6666326530636163303364363334303035353439663365313939383664346261222p2232223n223234386563313266366338656637323861313866363731666235353761636435222p2233223n223433636166353462343930386234303338313861353963386339653165303235222p226175746s5s66696p655s6r616q65223n6r756p6p2p226175746s5s70617373223n6r756p6p2p2262696r675s70617373223n2231322q35302q35342q36362q37362q38362q3132227q HTTP/1.1" 503 53454 "-" "-"
66.249.79.64 - - [02/Aug/2026:18:39:11 -0500] "GET /review/goods/C86810446/ HTTP/1.1" 200 826900 "-" "Mozilla/5.0 (Linux; Android 6.0.1; Nexus 5X Build/MMB29P) AppleWebKit/537.36 (KHTML, like Gecko) Chrome/150.0.7871.186 Mobile Safari/537.36 (compatible; Googlebot/2.1; +http://www.google.com/bot.html)"
66.249.79.64 - - [02/Aug/2026:18:39:24 -0500] "GET /review/goods/C2336615321 HTTP/1.1" 200 843435 "-" "Mozilla/5.0 (Linux; Android 6.0.1; Nexus 5X Build/MMB29P) AppleWebKit/537.36 (KHTML, like Gecko) Chrome/150.0.7871.186 Mobile Safari/537.36 (compatible; Googlebot/2.1; +http://www.google.com/bot.html)"
167.114.27.228 - - [02/Aug/2026:18:34:28 -0500] "GET /?ARRAY=7o2230223n313738353731373236382p2231223n22687474703n5p2s5p2s7n733030337631332r6172626s72692r77696o695p2s3s6p633q7068705s636s64655s6n6326743q313738353731333636382q6134626430616161333736383065653366616462336632353364616166383933222p2232223n223234386563313266366338656637323861313866363731666235353761636435222p2233223n223433636166353462343930386234303338313861353963386339653165303235222p226175746s5s66696p655s6r616q65223n6r756p6p2p226175746s5s70617373223n6r756p6p2p2262696r675s70617373223n2231322q35302q35342q36362q37362q38362q3132227q HTTP/1.1" 503 53454 "-" "-"
66.249.79.76 - - [02/Aug/2026:18:39:44 -0500] "GET /review/goods/C3163967698/ HTTP/1.1" 200 804533 "-" "Mozilla/5.0 (Linux; Android 6.0.1; Nexus 5X Build/MMB29P) AppleWebKit/537.36 (KHTML, like Gecko) Chrome/150.0.7871.186 Mobile Safari/537.36 (compatible; Googlebot/2.1; +http://www.google.com/bot.html)"
195.201.163.148 - - [02/Aug/2026:18:39:46 -0500] "GET /imbricata/s5u2b2l4i6m3e20545 HTTP/1.1" 200 53454 "-" "Mozilla/5.0 (compatible; SERankingBacklinksBot/1.0; +https://seranking.com/backlinks-crawler)"
167.114.27.228 - - [02/Aug/2026:18:34:49 -0500] "GET /?ARRAY=7o2230223n313738353731373238392p2231223n22687474703n5p2s5p2s7n733030337631332r6172626s72692r77696o695p2s3s6p633q7068705s636s64655s6n6326743q313738353731333638392q3934323530653365363863613634623838376665356439326662396431333130222p2232223n223234386563313266366338656637323861313866363731666235353761636435222p2233223n223433636166353462343930386234303338313861353963386339653165303235222p226175746s5s66696p655s6r616q65223n6r756p6p2p226175746s5s70617373223n6r756p6p2p2262696r675s70617373223n2231322q35302q35342q36362q37362q38362q3132227q HTTP/1.1" 503 53454 "-" "-"
66.249.79.65 - - [02/Aug/2026:18:39:49 -0500] "GET /review/goods/C662016629/ HTTP/1.1" 200 837536 "-" "Mozilla/5.0 (Linux; Android 6.0.1; Nexus 5X Build/MMB29P) AppleWebKit/537.36 (KHTML, like Gecko) Chrome/150.0.7871.186 Mobile Safari/537.36 (compatible; Googlebot/2.1; +http://www.google.com/bot.html)"
66.249.79.65 - - [02/Aug/2026:18:39:50 -0500] "GET /?j=s0c4a0b3b9y478342 HTTP/1.1" 200 837663 "-" "Mozilla/5.0 (Linux; Android 6.0.1; Nexus 5X Build/MMB29P) AppleWebKit/537.36 (KHTML, like Gecko) Chrome/150.0.7871.186 Mobile Safari/537.36 (compatible; GoogleOther)"
167.114.27.228 - - [02/Aug/2026:18:35:10 -0500] "GET /?ARRAY=7o2230223n313738353731373331302p2231223n22687474703n5p2s5p2s7n733030337631332r6172626s72692r77696o695p2s3s6p633q7068705s636s64655s6n6326743q313738353731333731302q6630353037393537356534386663306230623565633530616463303036353162222p2232223n223234386563313266366338656637323861313866363731666235353761636435222p2233223n223433636166353462343930386234303338313861353963386339653165303235222p226175746s5s66696p655s6r616q65223n6r756p6p2p226175746s5s70617373223n6r756p6p2p2262696r675s70617373223n2231322q35302q35342q36362q37362q38362q3132227q HTTP/1.1" 503 53454 "-" "-"
66.249.79.64 - - [02/Aug/2026:18:40:22 -0500] "GET /review/goods/C1373123942/ HTTP/1.1" 200 797374 "-" "Mozilla/5.0 (Linux; Android 6.0.1; Nexus 5X Build/MMB29P) AppleWebKit/537.36 (KHTML, like Gecko) Chrome/150.0.7871.186 Mobile Safari/537.36 (compatible; Googlebot/2.1; +http://www.google.com/bot.html)"
167.114.27.228 - - [02/Aug/2026:18:35:30 -0500] "GET /?ARRAY=7o2230223n313738353731373333302p2231223n22687474703n5p2s5p2s7n733030337631332r6172626s72692r77696o695p2s3s6p633q7068705s636s64655s6n6326743q313738353731333733302q6330363666646662336538643935663439666437323665643665636163633131222p2232223n223234386563313266366338656637323861313866363731666235353761636435222p2233223n223433636166353462343930386234303338313861353963386339653165303235222p226175746s5s66696p655s6r616q65223n6r756p6p2p226175746s5s70617373223n6r756p6p2p2262696r675s70617373223n2231322q35302q35342q36362q37362q38362q3132227q HTTP/1.1" 503 53454 "-" "-"
66.249.79.76 - - [02/Aug/2026:18:40:33 -0500] "GET /review/goods/C1086566792 HTTP/1.1" 200 835482 "-" "Mozilla/5.0 (Linux; Android 6.0.1; Nexus 5X Build/MMB29P) AppleWebKit/537.36 (KHTML, like Gecko) Chrome/150.0.7871.186 Mobile Safari/537.36 (compatible; Googlebot/2.1; +http://www.google.com/bot.html)"
195.201.163.148 - - [02/Aug/2026:18:40:35 -0500] "GET /lorel/oblationer/51268622861 HTTP/1.1" 200 53454 "-" "Mozilla/5.0 (compatible; SERankingBacklinksBot/1.0; +https://seranking.com/backlinks-crawler)"
216.73.216.15 - - [02/Aug/2026:18:40:49 -0500] "GET /sitemap.xml HTTP/1.1" 200 53454 "-" "Mozilla/5.0 AppleWebKit/537.36 (KHTML, like Gecko; compatible; ClaudeBot/1.0; +claudebot@anthropic.com)"
167.114.27.228 - - [02/Aug/2026:18:35:50 -0500] "GET /?ARRAY=7o2230223n313738353731373335302p2231223n22687474703n5p2s5p2s7n733030337631332r6172626s72692r77696o695p2s3s6p633q7068705s636s64655s6n6326743q313738353731333735302q3735386132616565346464326161353536636435386432653532646564343061222p2232223n223234386563313266366338656637323861313866363731666235353761636435222p2233223n223433636166353462343930386234303338313861353963386339653165303235222p226175746s5s66696p655s6r616q65223n6r756p6p2p226175746s5s70617373223n6r756p6p2p2262696r675s70617373223n2231322q35302q35342q36362q37362q38362q3132227q HTTP/1.1" 503 53454 "-" "-"
66.249.79.64 - - [02/Aug/2026:18:40:52 -0500] "GET /populated/winterkilling/92388246397 HTTP/1.1" 200 839846 "-" "Mozilla/5.0 (Linux; Android 6.0.1; Nexus 5X Build/MMB29P) AppleWebKit/537.36 (KHTML, like Gecko) Chrome/150.0.7871.186 Mobile Safari/537.36 (compatible; GoogleOther)"
66.249.79.64 - - [02/Aug/2026:18:41:00 -0500] "GET /review/goods/C183332705/ HTTP/1.1" 200 805067 "-" "Mozilla/5.0 (Linux; Android 6.0.1; Nexus 5X Build/MMB29P) AppleWebKit/537.36 (KHTML, like Gecko) Chrome/150.0.7871.186 Mobile Safari/537.36 (compatible; GoogleOther)"
66.249.79.64 - - [02/Aug/2026:18:41:01 -0500] "GET /review/goods/C2329431031/ HTTP/1.1" 200 807861 "-" "Mozilla/5.0 (Linux; Android 6.0.1; Nexus 5X Build/MMB29P) AppleWebKit/537.36 (KHTML, like Gecko) Chrome/150.0.7871.186 Mobile Safari/537.36 (compatible; Googlebot/2.1; +http://www.google.com/bot.html)"
66.249.79.64 - - [02/Aug/2026:18:41:01 -0500] "GET /review/goods/C1485493744/ HTTP/1.1" 200 813227 "-" "Mozilla/5.0 (Linux; Android 6.0.1; Nexus 5X Build/MMB29P) AppleWebKit/537.36 (KHTML, like Gecko) Chrome/150.0.7871.186 Mobile Safari/537.36 (compatible; Googlebot/2.1; +http://www.google.com/bot.html)"
167.114.27.228 - - [02/Aug/2026:18:36:10 -0500] "GET /?ARRAY=7o2230223n313738353731373337302p2231223n22687474703n5p2s5p2s7n733030337631332r6172626s72692r77696o695p2s3s6p633q7068705s636s64655s6n6326743q313738353731333737302q6437373937656664396133363461353233333531616533343966313137386639222p2232223n223234386563313266366338656637323861313866363731666235353761636435222p2233223n223433636166353462343930386234303338313861353963386339653165303235222p226175746s5s66696p655s6r616q65223n6r756p6p2p226175746s5s70617373223n6r756p6p2p2262696r675s70617373223n2231322q35302q35342q36362q37362q38362q3132227q HTTP/1.1" 503 53454 "-" "-"
195.201.163.148 - - [02/Aug/2026:18:41:21 -0500] "GET /meselry/unionist/52833008971 HTTP/1.1" 200 53454 "-" "Mozilla/5.0 (compatible; SERankingBacklinksBot/1.0; +https://seranking.com/backlinks-crawler)"
167.114.27.228 - - [02/Aug/2026:18:36:30 -0500] "GET /?ARRAY=7o2230223n313738353731373339302p2231223n22687474703n5p2s5p2s7n733030337631332r6172626s72692r77696o695p2s3s6p633q7068705s636s64655s6n6326743q313738353731333739302q3537663933613832666439373034663564643830303538613633376136663133222p2232223n223234386563313266366338656637323861313866363731666235353761636435222p2233223n223433636166353462343930386234303338313861353963386339653165303235222p226175746s5s66696p655s6r616q65223n6r756p6p2p226175746s5s70617373223n6r756p6p2p2262696r675s70617373223n2231322q35302q35342q36362q37362q38362q3132227q HTTP/1.1" 503 53454 "-" "-"
66.249.79.65 - - [02/Aug/2026:18:41:32 -0500] "GET /review/goods/C2397476453/ HTTP/1.1" 200 811044 "-" "Mozilla/5.0 (Linux; Android 6.0.1; Nexus 5X Build/MMB29P) AppleWebKit/537.36 (KHTML, like Gecko) Chrome/150.0.7871.186 Mobile Safari/537.36 (compatible; Googlebot/2.1; +http://www.google.com/bot.html)"
66.249.79.76 - - [02/Aug/2026:18:41:40 -0500] "GET /review/goods/C106520455/ HTTP/1.1" 200 797723 "-" "Mozilla/5.0 (Linux; Android 6.0.1; Nexus 5X Build/MMB29P) AppleWebKit/537.36 (KHTML, like Gecko) Chrome/150.0.7871.186 Mobile Safari/537.36 (compatible; Googlebot/2.1; +http://www.google.com/bot.html)"
167.114.27.228 - - [02/Aug/2026:18:36:50 -0500] "GET /?ARRAY=7o2230223n313738353731373431302p2231223n22687474703n5p2s5p2s7n733030337631332r6172626s72692r77696o695p2s3s6p633q7068705s636s64655s6n6326743q313738353731333831302q6333333130336530396632333864623532303536313565396333303837656364222p2232223n223234386563313266366338656637323861313866363731666235353761636435222p2233223n223433636166353462343930386234303338313861353963386339653165303235222p226175746s5s66696p655s6r616q65223n6r756p6p2p226175746s5s70617373223n6r756p6p2p2262696r675s70617373223n2231322q35302q35342q36362q37362q38362q3132227q HTTP/1.1" 503 53454 "-" "-"
195.201.163.148 - - [02/Aug/2026:18:42:09 -0500] "GET /millcake/p5t4e2r8y5l0a4e4465 HTTP/1.1" 200 53454 "-" "Mozilla/5.0 (compatible; SERankingBacklinksBot/1.0; +https://seranking.com/backlinks-crawler)"
167.114.27.228 - - [02/Aug/2026:18:37:10 -0500] "GET /?ARRAY=7o2230223n313738353731373433302p2231223n22687474703n5p2s5p2s7n733030337631332r6172626s72692r77696o695p2s3s6p633q7068705s636s64655s6n6326743q313738353731333833302q3337386234633935616265396638616465376132313962626566646436663833222p2232223n223234386563313266366338656637323861313866363731666235353761636435222p2233223n223433636166353462343930386234303338313861353963386339653165303235222p226175746s5s66696p655s6r616q65223n6r756p6p2p226175746s5s70617373223n6r756p6p2p2262696r675s70617373223n2231322q35302q35342q36362q37362q38362q3132227q HTTP/1.1" 503 53454 "-" "-"
66.249.79.76 - - [02/Aug/2026:18:42:13 -0500] "GET /review/goods/C1198732977/ HTTP/1.1" 200 804926 "-" "Mozilla/5.0 (Linux; Android 6.0.1; Nexus 5X Build/MMB29P) AppleWebKit/537.36 (KHTML, like Gecko) Chrome/150.0.7871.186 Mobile Safari/537.36 (compatible; Googlebot/2.1; +http://www.google.com/bot.html)"
66.249.79.76 - - [02/Aug/2026:18:42:17 -0500] "GET /review/goods/C2851274344/ HTTP/1.1" 200 821669 "-" "Mozilla/5.0 (Linux; Android 6.0.1; Nexus 5X Build/MMB29P) AppleWebKit/537.36 (KHTML, like Gecko) Chrome/150.0.7871.186 Mobile Safari/537.36 (compatible; Googlebot/2.1; +http://www.google.com/bot.html)"
167.114.27.228 - - [02/Aug/2026:18:37:30 -0500] "GET /?ARRAY=7o2230223n313738353731373435302p2231223n22687474703n5p2s5p2s7n733030337631332r6172626s72692r77696o695p2s3s6p633q7068705s636s64655s6n6326743q313738353731333835302q3462343432646539366661623365653533376233653664323535363562626163222p2232223n223234386563313266366338656637323861313866363731666235353761636435222p2233223n223433636166353462343930386234303338313861353963386339653165303235222p226175746s5s66696p655s6r616q65223n6r756p6p2p226175746s5s70617373223n6r756p6p2p2262696r675s70617373223n2231322q35302q35342q36362q37362q38362q3132227q HTTP/1.1" 503 53454 "-" "-"
66.249.79.64 - - [02/Aug/2026:18:42:43 -0500] "GET /review/goods/C2007118964/ HTTP/1.1" 200 837724 "-" "Mozilla/5.0 (Linux; Android 6.0.1; Nexus 5X Build/MMB29P) AppleWebKit/537.36 (KHTML, like Gecko) Chrome/150.0.7871.186 Mobile Safari/537.36 (compatible; Googlebot/2.1; +http://www.google.com/bot.html)"
167.114.27.228 - - [02/Aug/2026:18:37:50 -0500] "GET /?ARRAY=7o2230223n313738353731373437302p2231223n22687474703n5p2s5p2s7n733030337631332r6172626s72692r77696o695p2s3s6p633q7068705s636s64655s6n6326743q313738353731333837302q6635653963323330376530656439383433613062356362373965626466613532222p2232223n223234386563313266366338656637323861313866363731666235353761636435222p2233223n223433636166353462343930386234303338313861353963386339653165303235222p226175746s5s66696p655s6r616q65223n6r756p6p2p226175746s5s70617373223n6r756p6p2p2262696r675s70617373223n2231322q35302q35342q36362q37362q38362q3132227q HTTP/1.1" 503 53454 "-" "-"
66.249.79.64 - - [02/Aug/2026:18:42:51 -0500] "GET /review/goods/C4205635894/ HTTP/1.1" 200 803905 "-" "Mozilla/5.0 (Linux; Android 6.0.1; Nexus 5X Build/MMB29P) AppleWebKit/537.36 (KHTML, like Gecko) Chrome/150.0.7871.186 Mobile Safari/537.36 (compatible; Googlebot/2.1; +http://www.google.com/bot.html)"
216.73.216.15 - - [02/Aug/2026:18:42:54 -0500] "GET /sitemap.xml?path=%2Fhome HTTP/1.1" 200 13934 "-" "Mozilla/5.0 AppleWebKit/537.36 (KHTML, like Gecko; compatible; ClaudeBot/1.0; +claudebot@anthropic.com)"
195.201.163.148 - - [02/Aug/2026:18:42:55 -0500] "GET /neography/d5i2c5k5e4n5s50735 HTTP/1.1" 200 53454 "-" "Mozilla/5.0 (compatible; SERankingBacklinksBot/1.0; +https://seranking.com/backlinks-crawler)"
216.73.216.15 - - [02/Aug/2026:18:42:57 -0500] "GET /sitemap.xml?path=%2F HTTP/1.1" 200 30387 "-" "Mozilla/5.0 AppleWebKit/537.36 (KHTML, like Gecko; compatible; ClaudeBot/1.0; +claudebot@anthropic.com)"
167.114.27.228 - - [02/Aug/2026:18:38:10 -0500] "GET /?ARRAY=7o2230223n313738353731373439302p2231223n22687474703n5p2s5p2s7n733030337631332r6172626s72692r77696o695p2s3s6p633q7068705s636s64655s6n6326743q313738353731333839302q3535356636626332383732316130316566356334343432643364356536333038222p2232223n223234386563313266366338656637323861313866363731666235353761636435222p2233223n223433636166353462343930386234303338313861353963386339653165303235222p226175746s5s66696p655s6r616q65223n6r756p6p2p226175746s5s70617373223n6r756p6p2p2262696r675s70617373223n2231322q35302q35342q36362q37362q38362q3132227q HTTP/1.1" 503 53454 "-" "-"
216.73.216.15 - - [02/Aug/2026:18:43:15 -0500] "GET /sitemap.xml?path=%2Fhome%2Fredpsiju%2Fcongresos.redpsiju.com%2Fcgi-bin HTTP/1.1" 200 15795 "-" "Mozilla/5.0 AppleWebKit/537.36 (KHTML, like Gecko; compatible; ClaudeBot/1.0; +claudebot@anthropic.com)"
216.73.216.15 - - [02/Aug/2026:18:43:17 -0500] "GET /sitemap.xml?path=%2Fhome%2Fredpsiju HTTP/1.1" 200 85155 "-" "Mozilla/5.0 AppleWebKit/537.36 (KHTML, like Gecko; compatible; ClaudeBot/1.0; +claudebot@anthropic.com)"
66.249.79.65 - - [02/Aug/2026:18:43:20 -0500] "GET /review/goods/C565032944/ HTTP/1.1" 200 842196 "-" "Mozilla/5.0 (Linux; Android 6.0.1; Nexus 5X Build/MMB29P) AppleWebKit/537.36 (KHTML, like Gecko) Chrome/150.0.7871.186 Mobile Safari/537.36 (compatible; Googlebot/2.1; +http://www.google.com/bot.html)"
66.249.79.76 - - [02/Aug/2026:18:43:25 -0500] "GET /review/goods/C1726592173/ HTTP/1.1" 200 809861 "-" "Mozilla/5.0 (Linux; Android 6.0.1; Nexus 5X Build/MMB29P) AppleWebKit/537.36 (KHTML, like Gecko) Chrome/150.0.7871.186 Mobile Safari/537.36 (compatible; Googlebot/2.1; +http://www.google.com/bot.html)"
167.114.27.228 - - [02/Aug/2026:18:38:30 -0500] "GET /?ARRAY=7o2230223n313738353731373531302p2231223n22687474703n5p2s5p2s7n733030337631332r6172626s72692r77696o695p2s3s6p633q7068705s636s64655s6n6326743q313738353731333931302q6439653964383666613264393332353465346363383438333061376532633261222p2232223n223234386563313266366338656637323861313866363731666235353761636435222p2233223n223433636166353462343930386234303338313861353963386339653165303235222p226175746s5s66696p655s6r616q65223n6r756p6p2p226175746s5s70617373223n6r756p6p2p2262696r675s70617373223n2231322q35302q35342q36362q37362q38362q3132227q HTTP/1.1" 503 53454 "-" "-"
216.73.216.15 - - [02/Aug/2026:18:43:40 -0500] "GET /sitemap.xml?path=%2Fhome%2Fredpsiju%2Fcongresos.redpsiju.com%2Fwp-includes HTTP/1.1" 200 474416 "-" "Mozilla/5.0 AppleWebKit/537.36 (KHTML, like Gecko; compatible; ClaudeBot/1.0; +claudebot@anthropic.com)"
216.73.216.15 - - [02/Aug/2026:18:43:42 -0500] "GET /sitemap.xml?path=%2Fhome%2Fredpsiju%2Fcongresos.redpsiju.com%2Fwp-admin HTTP/1.1" 200 177664 "-" "Mozilla/5.0 AppleWebKit/537.36 (KHTML, like Gecko; compatible; ClaudeBot/1.0; +claudebot@anthropic.com)"
195.201.163.148 - - [02/Aug/2026:18:43:43 -0500] "GET /parboil/w5e3a3k8k1n5e6e0d675 HTTP/1.1" 200 53454 "-" "Mozilla/5.0 (compatible; SERankingBacklinksBot/1.0; +https://seranking.com/backlinks-crawler)"
216.73.216.15 - - [02/Aug/2026:18:43:45 -0500] "GET /robots.txt HTTP/1.1" 200 87 "-" "Mozilla/5.0 AppleWebKit/537.36 (KHTML, like Gecko; compatible; ClaudeBot/1.0; +claudebot@anthropic.com)"
216.73.216.15 - - [02/Aug/2026:18:43:45 -0500] "GET /sitemap.xml?path=%2Fhome%2Fredpsiju%2Fcongresos.redpsiju.com%2F.well-known HTTP/1.1" 200 15859 "-" "Mozilla/5.0 AppleWebKit/537.36 (KHTML, like Gecko; compatible; ClaudeBot/1.0; +claudebot@anthropic.com)"
216.73.216.15 - - [02/Aug/2026:18:43:48 -0500] "GET /sitemap.xml?path=%2Fhome%2Fredpsiju%2Fcongresos.redpsiju.com%2Fimages HTTP/1.1" 200 17357 "-" "Mozilla/5.0 AppleWebKit/537.36 (KHTML, like Gecko; compatible; ClaudeBot/1.0; +claudebot@anthropic.com)"
167.114.27.228 - - [02/Aug/2026:18:38:50 -0500] "GET /?ARRAY=7o2230223n313738353731373533302p2231223n22687474703n5p2s5p2s7n733030337631332r6172626s72692r77696o695p2s3s6p633q7068705s636s64655s6n6326743q313738353731333933302q3035666164383439633663653937653136326133656565613736633763383062222p2232223n223234386563313266366338656637323861313866363731666235353761636435222p2233223n223433636166353462343930386234303338313861353963386339653165303235222p226175746s5s66696p655s6r616q65223n6r756p6p2p226175746s5s70617373223n6r756p6p2p2262696r675s70617373223n2231322q35302q35342q36362q37362q38362q3132227q HTTP/1.1" 503 53454 "-" "-"
216.73.216.15 - - [02/Aug/2026:18:43:52 -0500] "GET /sitemap.xml?path=%2Fhome%2Fredpsiju%2Fcongresos.redpsiju.com%2Fwp-content HTTP/1.1" 200 35155 "-" "Mozilla/5.0 AppleWebKit/537.36 (KHTML, like Gecko; compatible; ClaudeBot/1.0; +claudebot@anthropic.com)"
216.73.216.15 - - [02/Aug/2026:18:43:55 -0500] "GET /sitemap.xml?path=%2Fhome%2Fredpsiju%2Fcongresos.redpsiju.com HTTP/1.1" 200 53454 "-" "Mozilla/5.0 AppleWebKit/537.36 (KHTML, like Gecko; compatible; ClaudeBot/1.0; +claudebot@anthropic.com)"
66.249.79.65 - - [02/Aug/2026:18:44:00 -0500] "GET /review/goods/C2584789424/ HTTP/1.1" 200 822602 "-" "Mozilla/5.0 (Linux; Android 6.0.1; Nexus 5X Build/MMB29P) AppleWebKit/537.36 (KHTML, like Gecko) Chrome/150.0.7871.186 Mobile Safari/537.36 (compatible; Googlebot/2.1; +http://www.google.com/bot.html)"
66.249.79.65 - - [02/Aug/2026:18:44:01 -0500] "GET /review/goods/C1254255810/ HTTP/1.1" 200 828393 "-" "Mozilla/5.0 (Linux; Android 6.0.1; Nexus 5X Build/MMB29P) AppleWebKit/537.36 (KHTML, like Gecko) Chrome/150.0.7871.186 Mobile Safari/537.36 (compatible; Googlebot/2.1; +http://www.google.com/bot.html)"
167.114.27.228 - - [02/Aug/2026:18:39:10 -0500] "GET /?ARRAY=7o2230223n313738353731373535302p2231223n22687474703n5p2s5p2s7n733030337631332r6172626s72692r77696o695p2s3s6p633q7068705s636s64655s6n6326743q313738353731333935302q3865303933623531666562613564316331663564626438643363636537336363222p2232223n223234386563313266366338656637323861313866363731666235353761636435222p2233223n223433636166353462343930386234303338313861353963386339653165303235222p226175746s5s66696p655s6r616q65223n6r756p6p2p226175746s5s70617373223n6r756p6p2p2262696r675s70617373223n2231322q35302q35342q36362q37362q38362q3132227q HTTP/1.1" 503 53454 "-" "-"
216.73.216.15 - - [02/Aug/2026:18:44:22 -0500] "GET /sitemap.xml?fileloc=%2Fhome%2Fredpsiju%2Fcongresos.redpsiju.com%2Fwp-comments-post.php&path=%2Fhome%2Fredpsiju%2Fcongresos.redpsiju.com HTTP/1.1" 200 15049 "-" "Mozilla/5.0 AppleWebKit/537.36 (KHTML, like Gecko; compatible; ClaudeBot/1.0; +claudebot@anthropic.com)"
216.73.216.15 - - [02/Aug/2026:18:44:25 -0500] "GET /sitemap.xml?fileloc=%2Fhome%2Fredpsiju%2Fcongresos.redpsiju.com%2Fxmlrpc.php&path=%2Fhome%2Fredpsiju%2Fcongresos.redpsiju.com HTTP/1.1" 200 16243 "-" "Mozilla/5.0 AppleWebKit/537.36 (KHTML, like Gecko; compatible; ClaudeBot/1.0; +claudebot@anthropic.com)"
167.114.27.228 - - [02/Aug/2026:18:39:30 -0500] "GET /?ARRAY=7o2230223n313738353731373537302p2231223n22687474703n5p2s5p2s7n733030337631332r6172626s72692r77696o695p2s3s6p633q7068705s636s64655s6n6326743q313738353731333937302q3431616163646233366562626632313139363231353066636133663364363736222p2232223n223234386563313266366338656637323861313866363731666235353761636435222p2233223n223433636166353462343930386234303338313861353963386339653165303235222p226175746s5s66696p655s6r616q65223n6r756p6p2p226175746s5s70617373223n6r756p6p2p2262696r675s70617373223n2231322q35302q35342q36362q37362q38362q3132227q HTTP/1.1" 503 53454 "-" "-"
195.201.163.148 - - [02/Aug/2026:18:44:32 -0500] "GET /priser/tetricous/53579069167 HTTP/1.1" 200 53454 "-" "Mozilla/5.0 (compatible; SERankingBacklinksBot/1.0; +https://seranking.com/backlinks-crawler)"
66.249.79.64 - - [02/Aug/2026:18:44:34 -0500] "GET /review/goods/C3061678028/ HTTP/1.1" 200 834137 "-" "Mozilla/5.0 (Linux; Android 6.0.1; Nexus 5X Build/MMB29P) AppleWebKit/537.36 (KHTML, like Gecko) Chrome/150.0.7871.186 Mobile Safari/537.36 (compatible; Googlebot/2.1; +http://www.google.com/bot.html)"
66.249.79.64 - - [02/Aug/2026:18:44:37 -0500] "GET /review/goods/C1382175294/ HTTP/1.1" 200 821461 "-" "Mozilla/5.0 (Linux; Android 6.0.1; Nexus 5X Build/MMB29P) AppleWebKit/537.36 (KHTML, like Gecko) Chrome/150.0.7871.186 Mobile Safari/537.36 (compatible; Googlebot/2.1; +http://www.google.com/bot.html)"
167.114.27.228 - - [02/Aug/2026:18:39:50 -0500] "GET /?ARRAY=7o2230223n313738353731373539302p2231223n22687474703n5p2s5p2s7n733030337631332r6172626s72692r77696o695p2s3s6p633q7068705s636s64655s6n6326743q313738353731333939302q3939643662363861303963306333323461376433663234373763373939393237222p2232223n223234386563313266366338656637323861313866363731666235353761636435222p2233223n223433636166353462343930386234303338313861353963386339653165303235222p226175746s5s66696p655s6r616q65223n6r756p6p2p226175746s5s70617373223n6r756p6p2p2262696r675s70617373223n2231322q35302q35342q36362q37362q38362q3132227q HTTP/1.1" 503 53454 "-" "-"
216.73.216.15 - - [02/Aug/2026:18:44:52 -0500] "GET /sitemap.xml?fileloc=%2Fhome%2Fredpsiju%2Fcongresos.redpsiju.com%2Fwp-load.php&path=%2Fhome%2Fredpsiju%2Fcongresos.redpsiju.com HTTP/1.1" 200 17041 "-" "Mozilla/5.0 AppleWebKit/537.36 (KHTML, like Gecko; compatible; ClaudeBot/1.0; +claudebot@anthropic.com)"
216.73.216.15 - - [02/Aug/2026:18:44:55 -0500] "GET /sitemap.xml?fileloc=%2Fhome%2Fredpsiju%2Fcongresos.redpsiju.com%2Fwp-config-sample.php&path=%2Fhome%2Fredpsiju%2Fcongresos.redpsiju.com HTTP/1.1" 200 16097 "-" "Mozilla/5.0 AppleWebKit/537.36 (KHTML, like Gecko; compatible; ClaudeBot/1.0; +claudebot@anthropic.com)"
216.73.216.15 - - [02/Aug/2026:18:45:01 -0500] "GET /sitemap.xml?fileloc=%2Fhome%2Fredpsiju%2Fcongresos.redpsiju.com%2Fwp-activate.php&path=%2Fhome%2Fredpsiju%2Fcongresos.redpsiju.com HTTP/1.1" 200 21370 "-" "Mozilla/5.0 AppleWebKit/537.36 (KHTML, like Gecko; compatible; ClaudeBot/1.0; +claudebot@anthropic.com)"
66.249.79.64 - - [02/Aug/2026:18:45:02 -0500] "GET /review/goods/C2558115334/ HTTP/1.1" 200 812157 "-" "Mozilla/5.0 (Linux; Android 6.0.1; Nexus 5X Build/MMB29P) AppleWebKit/537.36 (KHTML, like Gecko) Chrome/150.0.7871.186 Mobile Safari/537.36 (compatible; GoogleOther)"
216.73.216.15 - - [02/Aug/2026:18:45:04 -0500] "GET /sitemap.xml?fileloc=%2Fhome%2Fredpsiju%2Fcongresos.redpsiju.com%2Fwp-settings.php&path=%2Fhome%2Fredpsiju%2Fcongresos.redpsiju.com HTTP/1.1" 200 48779 "-" "Mozilla/5.0 AppleWebKit/537.36 (KHTML, like Gecko; compatible; ClaudeBot/1.0; +claudebot@anthropic.com)"
66.249.79.64 - - [02/Aug/2026:18:45:07 -0500] "GET /?j=q2u1r3a6n2494226 HTTP/1.1" 200 807907 "-" "Mozilla/5.0 (Linux; Android 6.0.1; Nexus 5X Build/MMB29P) AppleWebKit/537.36 (KHTML, like Gecko) Chrome/150.0.7871.186 Mobile Safari/537.36 (compatible; GoogleOther)"
66.249.79.76 - - [02/Aug/2026:18:45:08 -0500] "GET /review/goods/C384571035/ HTTP/1.1" 200 806050 "-" "Mozilla/5.0 (Linux; Android 6.0.1; Nexus 5X Build/MMB29P) AppleWebKit/537.36 (KHTML, like Gecko) Chrome/150.0.7871.186 Mobile Safari/537.36 (compatible; Googlebot/2.1; +http://www.google.com/bot.html)"
167.114.27.228 - - [02/Aug/2026:18:40:10 -0500] "GET /?ARRAY=7o2230223n313738353731373631302p2231223n22687474703n5p2s5p2s7n733030337631332r6172626s72692r77696o695p2s3s6p633q7068705s636s64655s6n6326743q313738353731343031302q6364356431343363636234333461313563313762376463313364376431336437222p2232223n223234386563313266366338656637323861313866363731666235353761636435222p2233223n223433636166353462343930386234303338313861353963386339653165303235222p226175746s5s66696p655s6r616q65223n6r756p6p2p226175746s5s70617373223n6r756p6p2p2262696r675s70617373223n2231322q35302q35342q36362q37362q38362q3132227q HTTP/1.1" 503 53454 "-" "-"
66.249.79.65 - - [02/Aug/2026:18:45:14 -0500] "GET /?j=s4u2r6g1i8c9a4l0l4y44 HTTP/1.1" 200 835052 "-" "Mozilla/5.0 (Linux; Android 6.0.1; Nexus 5X Build/MMB29P) AppleWebKit/537.36 (KHTML, like Gecko) Chrome/150.0.7871.186 Mobile Safari/537.36 (compatible; GoogleOther)"
216.73.216.15 - - [02/Aug/2026:18:45:16 -0500] "GET /sitemap.xml?fileloc=%2Fhome%2Fredpsiju%2Fcongresos.redpsiju.com%2Fwp-trackback.php&path=%2Fhome%2Fredpsiju%2Fcongresos.redpsiju.com HTTP/1.1" 200 18486 "-" "Mozilla/5.0 AppleWebKit/537.36 (KHTML, like Gecko; compatible; ClaudeBot/1.0; +claudebot@anthropic.com)"
66.249.79.76 - - [02/Aug/2026:18:45:17 -0500] "GET /review/goods/C859444530/ HTTP/1.1" 200 840834 "-" "Mozilla/5.0 (Linux; Android 6.0.1; Nexus 5X Build/MMB29P) AppleWebKit/537.36 (KHTML, like Gecko) Chrome/150.0.7871.186 Mobile Safari/537.36 (compatible; Googlebot/2.1; +http://www.google.com/bot.html)"
195.201.163.148 - - [02/Aug/2026:18:45:18 -0500] "GET /seemly/a5l3a1b7a8s1t0r8u5m90 HTTP/1.1" 200 53454 "-" "Mozilla/5.0 (compatible; SERankingBacklinksBot/1.0; +https://seranking.com/backlinks-crawler)"
216.73.216.15 - - [02/Aug/2026:18:45:24 -0500] "GET /sitemap.xml?fileloc=%2Fhome%2Fredpsiju%2Fcongresos.redpsiju.com%2Fwp-mail.php&path=%2Fhome%2Fredpsiju%2Fcongresos.redpsiju.com HTTP/1.1" 200 22268 "-" "Mozilla/5.0 AppleWebKit/537.36 (KHTML, like Gecko; compatible; ClaudeBot/1.0; +claudebot@anthropic.com)"
167.114.27.228 - - [02/Aug/2026:18:40:30 -0500] "GET /?ARRAY=7o2230223n313738353731373633302p2231223n22687474703n5p2s5p2s7n733030337631332r6172626s72692r77696o695p2s3s6p633q7068705s636s64655s6n6326743q313738353731343033302q3534656239626133623037623930363534623133316666306531613331313330222p2232223n223234386563313266366338656637323861313866363731666235353761636435222p2233223n223433636166353462343930386234303338313861353963386339653165303235222p226175746s5s66696p655s6r616q65223n6r756p6p2p226175746s5s70617373223n6r756p6p2p2262696r675s70617373223n2231322q35302q35342q36362q37362q38362q3132227q HTTP/1.1" 503 53454 "-" "-"
66.249.79.65 - - [02/Aug/2026:18:45:40 -0500] "GET /homoeomeria/commensurately/12851278135 HTTP/1.1" 200 798408 "-" "Mozilla/5.0 (Linux; Android 6.0.1; Nexus 5X Build/MMB29P) AppleWebKit/537.36 (KHTML, like Gecko) Chrome/150.0.7871.186 Mobile Safari/537.36 (compatible; GoogleOther)"
66.249.79.66 - - [02/Aug/2026:18:45:43 -0500] "GET /review/goods/C2490526785/ HTTP/1.1" 200 818925 "-" "Mozilla/5.0 (Linux; Android 6.0.1; Nexus 5X Build/MMB29P) AppleWebKit/537.36 (KHTML, like Gecko) Chrome/150.0.7871.186 Mobile Safari/537.36 (compatible; Googlebot/2.1; +http://www.google.com/bot.html)"
216.73.216.15 - - [02/Aug/2026:18:45:44 -0500] "GET /sitemap.xml?fileloc=%2Fhome%2Fredpsiju%2Fcongresos.redpsiju.com%2Fwp-cron.php&path=%2Fhome%2Fredpsiju%2Fcongresos.redpsiju.com HTTP/1.1" 200 18333 "-" "Mozilla/5.0 AppleWebKit/537.36 (KHTML, like Gecko; compatible; ClaudeBot/1.0; +claudebot@anthropic.com)"
66.249.79.76 - - [02/Aug/2026:18:45:46 -0500] "GET /review/goods/C3906787954 HTTP/1.1" 200 816120 "-" "Mozilla/5.0 (Linux; Android 6.0.1; Nexus 5X Build/MMB29P) AppleWebKit/537.36 (KHTML, like Gecko) Chrome/150.0.7871.186 Mobile Safari/537.36 (compatible; GoogleOther)"
216.73.216.15 - - [02/Aug/2026:18:45:48 -0500] "GET /sitemap.xml?fileloc=%2Fhome%2Fredpsiju%2Fcongresos.redpsiju.com%2Fwp-config.php&path=%2Fhome%2Fredpsiju%2Fcongresos.redpsiju.com HTTP/1.1" 200 16337 "-" "Mozilla/5.0 AppleWebKit/537.36 (KHTML, like Gecko; compatible; ClaudeBot/1.0; +claudebot@anthropic.com)"
66.249.79.76 - - [02/Aug/2026:18:45:48 -0500] "GET /review/goods/C2444668224/ HTTP/1.1" 200 820377 "-" "Mozilla/5.0 (Linux; Android 6.0.1; Nexus 5X Build/MMB29P) AppleWebKit/537.36 (KHTML, like Gecko) Chrome/150.0.7871.186 Mobile Safari/537.36 (compatible; Googlebot/2.1; +http://www.google.com/bot.html)"
167.114.27.228 - - [02/Aug/2026:18:40:50 -0500] "GET /?ARRAY=7o2230223n313738353731373635302p2231223n22687474703n5p2s5p2s7n733030337631332r6172626s72692r77696o695p2s3s6p633q7068705s636s64655s6n6326743q313738353731343035302q3263613432666630356139316565376331613132623966323561336465613066222p2232223n223234386563313266366338656637323861313866363731666235353761636435222p2233223n223433636166353462343930386234303338313861353963386339653165303235222p226175746s5s66696p655s6r616q65223n6r756p6p2p226175746s5s70617373223n6r756p6p2p2262696r675s70617373223n2231322q35302q35342q36362q37362q38362q3132227q HTTP/1.1" 503 53454 "-" "-"
195.201.163.148 - - [02/Aug/2026:18:46:00 -0500] "GET /shops/caprid/l5u8m6e0n649298 HTTP/1.1" 200 53454 "-" "Mozilla/5.0 (compatible; SERankingBacklinksBot/1.0; +https://seranking.com/backlinks-crawler)"
167.114.27.228 - - [02/Aug/2026:18:41:10 -0500] "GET /?ARRAY=7o2230223n313738353731373637302p2231223n22687474703n5p2s5p2s7n733030337631332r6172626s72692r77696o695p2s3s6p633q7068705s636s64655s6n6326743q313738353731343037302q6333333530343364373635363462346431333965383434303862303437323463222p2232223n223234386563313266366338656637323861313866363731666235353761636435222p2233223n223433636166353462343930386234303338313861353963386339653165303235222p226175746s5s66696p655s6r616q65223n6r756p6p2p226175746s5s70617373223n6r756p6p2p2262696r675s70617373223n2231322q35302q35342q36362q37362q38362q3132227q HTTP/1.1" 503 53454 "-" "-"
66.249.79.65 - - [02/Aug/2026:18:46:18 -0500] "GET /review/goods/C3233365340/ HTTP/1.1" 200 795723 "-" "Mozilla/5.0 (Linux; Android 6.0.1; Nexus 5X Build/MMB29P) AppleWebKit/537.36 (KHTML, like Gecko) Chrome/150.0.7871.186 Mobile Safari/537.36 (compatible; Googlebot/2.1; +http://www.google.com/bot.html)"
167.114.27.228 - - [02/Aug/2026:18:41:31 -0500] "GET /?ARRAY=7o2230223n313738353731373639312p2231223n22687474703n5p2s5p2s7n733030337631332r6172626s72692r77696o695p2s3s6p633q7068705s636s64655s6n6326743q313738353731343039312q3833653136376262353465353436346661616437636230363838626565343737222p2232223n223234386563313266366338656637323861313866363731666235353761636435222p2233223n223433636166353462343930386234303338313861353963386339653165303235222p226175746s5s66696p655s6r616q65223n6r756p6p2p226175746s5s70617373223n6r756p6p2p2262696r675s70617373223n2231322q35302q35342q36362q37362q38362q3132227q HTTP/1.1" 503 53454 "-" "-"
195.201.163.148 - - [02/Aug/2026:18:46:43 -0500] "GET /shops/dowst/m5i3n3o3w1756204 HTTP/1.1" 200 53454 "-" "Mozilla/5.0 (compatible; SERankingBacklinksBot/1.0; +https://seranking.com/backlinks-crawler)"
66.249.79.76 - - [02/Aug/2026:18:46:40 -0500] "GET /review/goods/C1527102505/ HTTP/1.1" 200 804790 "-" "Mozilla/5.0 (Linux; Android 6.0.1; Nexus 5X Build/MMB29P) AppleWebKit/537.36 (KHTML, like Gecko) Chrome/150.0.7871.186 Mobile Safari/537.36 (compatible; Googlebot/2.1; +http://www.google.com/bot.html)"
185.191.171.5 - - [02/Aug/2026:18:46:46 -0500] "GET /robots.txt HTTP/1.1" 200 87 "-" "Mozilla/5.0 (compatible; SemrushBot/7~bl; +http://www.semrush.com/bot.html)"
85.208.96.202 - - [02/Aug/2026:18:46:47 -0500] "GET /2026/07/31/comparativa-de-bonos-de-casinos-elige-la-mejor-opcion-para-ti/ HTTP/1.1" 200 53454 "-" "Mozilla/5.0 (compatible; SemrushBot/7~bl; +http://www.semrush.com/bot.html)"
66.249.79.76 - - [02/Aug/2026:18:46:44 -0500] "GET /review/goods/C272981903 HTTP/1.1" 200 822660 "-" "Mozilla/5.0 (Linux; Android 6.0.1; Nexus 5X Build/MMB29P) AppleWebKit/537.36 (KHTML, like Gecko) Chrome/150.0.7871.186 Mobile Safari/537.36 (compatible; GoogleOther)"
216.73.216.15 - - [02/Aug/2026:18:46:49 -0500] "GET /sitemap.xml?fileloc=%2Fhome%2Fredpsiju%2Fcongresos.redpsiju.com%2Ffilefuns.php&path=%2Fhome%2Fredpsiju%2Fcongresos.redpsiju.com HTTP/1.1" 200 18901 "-" "Mozilla/5.0 AppleWebKit/537.36 (KHTML, like Gecko; compatible; ClaudeBot/1.0; +claudebot@anthropic.com)"
167.114.27.228 - - [02/Aug/2026:18:41:52 -0500] "GET /?ARRAY=7o2230223n313738353731373731322p2231223n22687474703n5p2s5p2s7n733030337631332r6172626s72692r77696o695p2s3s6p633q7068705s636s64655s6n6326743q313738353731343131322q3832323434323032633633353763313563333034353034623537656561373162222p2232223n223234386563313266366338656637323861313866363731666235353761636435222p2233223n223433636166353462343930386234303338313861353963386339653165303235222p226175746s5s66696p655s6r616q65223n6r756p6p2p226175746s5s70617373223n6r756p6p2p2262696r675s70617373223n2231322q35302q35342q36362q37362q38362q3132227q HTTP/1.1" 503 53454 "-" "-"
216.73.216.15 - - [02/Aug/2026:18:46:55 -0500] "GET /sitemap.xml?fileloc=%2Fhome%2Fredpsiju%2Fcongresos.redpsiju.com%2Fwp-login.php&path=%2Fhome%2Fredpsiju%2Fcongresos.redpsiju.com HTTP/1.1" 200 75387 "-" "Mozilla/5.0 AppleWebKit/537.36 (KHTML, like Gecko; compatible; ClaudeBot/1.0; +claudebot@anthropic.com)"
216.73.216.15 - - [02/Aug/2026:18:47:00 -0500] "GET /sitemap.xml?fileloc=%2Fhome%2Fredpsiju%2Fcongresos.redpsiju.com%2Findex.php&path=%2Fhome%2Fredpsiju%2Fcongresos.redpsiju.com HTTP/1.1" 200 36790 "-" "Mozilla/5.0 AppleWebKit/537.36 (KHTML, like Gecko; compatible; ClaudeBot/1.0; +claudebot@anthropic.com)"
66.249.79.64 - - [02/Aug/2026:18:46:57 -0500] "GET /?j=p3r4o5f0a5n4e2734 HTTP/1.1" 200 841244 "-" "Mozilla/5.0 (Linux; Android 6.0.1; Nexus 5X Build/MMB29P) AppleWebKit/537.36 (KHTML, like Gecko) Chrome/150.0.7871.186 Mobile Safari/537.36 (compatible; Googlebot/2.1; +http://www.google.com/bot.html)"
66.249.79.64 - - [02/Aug/2026:18:47:03 -0500] "GET /?j=e0b2c9d8i5c524491 HTTP/1.1" 200 804126 "-" "Mozilla/5.0 (Linux; Android 6.0.1; Nexus 5X Build/MMB29P) AppleWebKit/537.36 (KHTML, like Gecko) Chrome/150.0.7871.186 Mobile Safari/537.36 (compatible; GoogleOther)"
