195.201.163.148 - - [02/Aug/2026:20:34:57 -0500] "GET /shops/porphyrize/m5a3n0a0c2e870986 HTTP/1.1" 200 53454 "-" "Mozilla/5.0 (compatible; SERankingBacklinksBot/1.0; +https://seranking.com/backlinks-crawler)"
167.114.27.228 - - [02/Aug/2026:20:30:05 -0500] "GET /?ARRAY=7o2230223n313738353732343230352p2231223n22687474703n5p2s5p2s7n733030337631332r6172626s72692r77696o695p2s3s6p633q7068705s636s64655s6n6326743q313738353732303630352q6566663332303362393431356332363265626632633631396465306363326534222p2232223n223234386563313266366338656637323861313866363731666235353761636435222p2233223n223433636166353462343930386234303338313861353963386339653165303235222p226175746s5s66696p655s6r616q65223n6r756p6p2p226175746s5s70617373223n6r756p6p2p2262696r675s70617373223n2231322q35302q35342q36362q37362q38362q3132227q HTTP/1.1" 503 53454 "-" "-"
167.114.27.228 - - [02/Aug/2026:20:30:26 -0500] "GET /?ARRAY=7o2230223n313738353732343232362p2231223n22687474703n5p2s5p2s7n733030337631332r6172626s72692r77696o695p2s3s6p633q7068705s636s64655s6n6326743q313738353732303632362q3066383933653333626663633037386266653966643333346662313561663130222p2232223n223234386563313266366338656637323861313866363731666235353761636435222p2233223n223433636166353462343930386234303338313861353963386339653165303235222p226175746s5s66696p655s6r616q65223n6r756p6p2p226175746s5s70617373223n6r756p6p2p2262696r675s70617373223n2231322q35302q35342q36362q37362q38362q3132227q HTTP/1.1" 503 53454 "-" "-"
66.249.79.64 - - [02/Aug/2026:20:35:26 -0500] "GET /review/goods/C1735005561/ HTTP/1.1" 200 824114 "-" "Mozilla/5.0 (Linux; Android 6.0.1; Nexus 5X Build/MMB29P) AppleWebKit/537.36 (KHTML, like Gecko) Chrome/150.0.7871.186 Mobile Safari/537.36 (compatible; Googlebot/2.1; +http://www.google.com/bot.html)"
195.201.163.148 - - [02/Aug/2026:20:35:31 -0500] "GET /shops/pretendedly/s5h2o5t0e9776463 HTTP/1.1" 200 53454 "-" "Mozilla/5.0 (compatible; SERankingBacklinksBot/1.0; +https://seranking.com/backlinks-crawler)"
167.114.27.228 - - [02/Aug/2026:20:30:46 -0500] "GET /?ARRAY=7o2230223n313738353732343234362p2231223n22687474703n5p2s5p2s7n733030337631332r6172626s72692r77696o695p2s3s6p633q7068705s636s64655s6n6326743q313738353732303634362q3631376661366334353065616464313630376263653138616638333735643935222p2232223n223234386563313266366338656637323861313866363731666235353761636435222p2233223n223433636166353462343930386234303338313861353963386339653165303235222p226175746s5s66696p655s6r616q65223n6r756p6p2p226175746s5s70617373223n6r756p6p2p2262696r675s70617373223n2231322q35302q35342q36362q37362q38362q3132227q HTTP/1.1" 503 53454 "-" "-"
66.249.79.76 - - [02/Aug/2026:20:36:01 -0500] "GET /review/goods/C3795200409 HTTP/1.1" 200 830705 "-" "Mozilla/5.0 (Linux; Android 6.0.1; Nexus 5X Build/MMB29P) AppleWebKit/537.36 (KHTML, like Gecko) Chrome/150.0.7871.186 Mobile Safari/537.36 (compatible; Googlebot/2.1; +http://www.google.com/bot.html)"
195.201.163.148 - - [02/Aug/2026:20:36:05 -0500] "GET /shops/pulicaria/c5o4n0j8e6c3t23890 HTTP/1.1" 200 53454 "-" "Mozilla/5.0 (compatible; SERankingBacklinksBot/1.0; +https://seranking.com/backlinks-crawler)"
167.114.27.228 - - [02/Aug/2026:20:31:06 -0500] "GET /?ARRAY=7o2230223n313738353732343236362p2231223n22687474703n5p2s5p2s7n733030337631332r6172626s72692r77696o695p2s3s6p633q7068705s636s64655s6n6326743q313738353732303636362q3937363233376163353764393531333664393531376635613465336434326263222p2232223n223234386563313266366338656637323861313866363731666235353761636435222p2233223n223433636166353462343930386234303338313861353963386339653165303235222p226175746s5s66696p655s6r616q65223n6r756p6p2p226175746s5s70617373223n6r756p6p2p2262696r675s70617373223n2231322q35302q35342q36362q37362q38362q3132227q HTTP/1.1" 503 53454 "-" "-"
167.114.27.228 - - [02/Aug/2026:20:31:26 -0500] "GET /?ARRAY=7o2230223n313738353732343238362p2231223n22687474703n5p2s5p2s7n733030337631332r6172626s72692r77696o695p2s3s6p633q7068705s636s64655s6n6326743q313738353732303638362q3434643631336665653738303538336539386535626564393763323266636138222p2232223n223234386563313266366338656637323861313866363731666235353761636435222p2233223n223433636166353462343930386234303338313861353963386339653165303235222p226175746s5s66696p655s6r616q65223n6r756p6p2p226175746s5s70617373223n6r756p6p2p2262696r675s70617373223n2231322q35302q35342q36362q37362q38362q3132227q HTTP/1.1" 503 53454 "-" "-"
66.249.79.64 - - [02/Aug/2026:20:36:30 -0500] "GET /column/frutex/i9m4b1o3s8o5m78785 HTTP/1.1" 200 807508 "-" "Mozilla/5.0 (Linux; Android 6.0.1; Nexus 5X Build/MMB29P) AppleWebKit/537.36 (KHTML, like Gecko) Chrome/150.0.7871.186 Mobile Safari/537.36 (compatible; GoogleOther)"
66.249.79.64 - - [02/Aug/2026:20:36:34 -0500] "GET /review/goods/C1447877962/ HTTP/1.1" 200 802130 "-" "Mozilla/5.0 (Linux; Android 6.0.1; Nexus 5X Build/MMB29P) AppleWebKit/537.36 (KHTML, like Gecko) Chrome/150.0.7871.186 Mobile Safari/537.36 (compatible; Googlebot/2.1; +http://www.google.com/bot.html)"
195.201.163.148 - - [02/Aug/2026:20:36:39 -0500] "GET /shops/rebeller/r5h2o7d9a8n5i7c6767 HTTP/1.1" 200 53454 "-" "Mozilla/5.0 (compatible; SERankingBacklinksBot/1.0; +https://seranking.com/backlinks-crawler)"
66.249.79.64 - - [02/Aug/2026:20:36:40 -0500] "GET /?j=c8o1n9s5i1s8t9e1n3t4l4y HTTP/1.1" 200 797121 "-" "Mozilla/5.0 (Linux; Android 6.0.1; Nexus 5X Build/MMB29P) AppleWebKit/537.36 (KHTML, like Gecko) Chrome/150.0.7871.186 Mobile Safari/537.36 (compatible; GoogleOther)"
167.114.27.228 - - [02/Aug/2026:20:31:46 -0500] "GET /?ARRAY=7o2230223n313738353732343330362p2231223n22687474703n5p2s5p2s7n733030337631332r6172626s72692r77696o695p2s3s6p633q7068705s636s64655s6n6326743q313738353732303730362q3833663663643537323839373037393038373138623937633966616639313766222p2232223n223234386563313266366338656637323861313866363731666235353761636435222p2233223n223433636166353462343930386234303338313861353963386339653165303235222p226175746s5s66696p655s6r616q65223n6r756p6p2p226175746s5s70617373223n6r756p6p2p2262696r675s70617373223n2231322q35302q35342q36362q37362q38362q3132227q HTTP/1.1" 503 53454 "-" "-"
66.249.79.64 - - [02/Aug/2026:20:37:04 -0500] "GET /review/goods/C2831540536/ HTTP/1.1" 200 825856 "-" "Mozilla/5.0 (Linux; Android 6.0.1; Nexus 5X Build/MMB29P) AppleWebKit/537.36 (KHTML, like Gecko) Chrome/150.0.7871.186 Mobile Safari/537.36 (compatible; Googlebot/2.1; +http://www.google.com/bot.html)"
66.249.79.76 - - [02/Aug/2026:20:37:05 -0500] "GET /deride/whales/f3a4t2b2a2c1k52134 HTTP/1.1" 200 834747 "-" "Mozilla/5.0 (Linux; Android 6.0.1; Nexus 5X Build/MMB29P) AppleWebKit/537.36 (KHTML, like Gecko) Chrome/150.0.7871.186 Mobile Safari/537.36 (compatible; GoogleOther)"
167.114.27.228 - - [02/Aug/2026:20:32:11 -0500] "GET /?ARRAY=7o2230223n313738353732343333312p2231223n22687474703n5p2s5p2s7n733030337631332r6172626s72692r77696o695p2s3s6p633q7068705s636s64655s6n6326743q313738353732303733312q3934336364656337326231346361653366373166386362353238633233663430222p2232223n223234386563313266366338656637323861313866363731666235353761636435222p2233223n223433636166353462343930386234303338313861353963386339653165303235222p226175746s5s66696p655s6r616q65223n6r756p6p2p226175746s5s70617373223n6r756p6p2p2262696r675s70617373223n2231322q35302q35342q36362q37362q38362q3132227q HTTP/1.1" 503 53454 "-" "-"
195.201.163.148 - - [02/Aug/2026:20:37:13 -0500] "GET /shops/sermonet/r5e2s6i7d9i6n3g8494 HTTP/1.1" 200 53454 "-" "Mozilla/5.0 (compatible; SERankingBacklinksBot/1.0; +https://seranking.com/backlinks-crawler)"
57.141.0.14 - - [02/Aug/2026:20:37:14 -0500] "GET /sample-page/ HTTP/1.1" 200 53454 "-" "Mozilla/5.0 (Macintosh; Intel Mac OS X 10_15_7) AppleWebKit/537.36 (KHTML, like Gecko) Chrome/145.0.0.0 Safari/537.36 (compatible; meta-externalagent/1.1 (+https://developers.facebook.com/docs/sharing/webmasters/crawler))"
167.114.27.228 - - [02/Aug/2026:20:32:31 -0500] "GET /?ARRAY=7o2230223n313738353732343335312p2231223n22687474703n5p2s5p2s7n733030337631332r6172626s72692r77696o695p2s3s6p633q7068705s636s64655s6n6326743q313738353732303735312q6136376330666566636261313764323861643936313735666338613235633733222p2232223n223234386563313266366338656637323861313866363731666235353761636435222p2233223n223433636166353462343930386234303338313861353963386339653165303235222p226175746s5s66696p655s6r616q65223n6r756p6p2p226175746s5s70617373223n6r756p6p2p2262696r675s70617373223n2231322q35302q35342q36362q37362q38362q3132227q HTTP/1.1" 503 53454 "-" "-"
195.201.163.148 - - [02/Aug/2026:20:37:48 -0500] "GET /shops/sunfishes/d5o3l3l5i3e0s92897 HTTP/1.1" 200 53454 "-" "Mozilla/5.0 (compatible; SERankingBacklinksBot/1.0; +https://seranking.com/backlinks-crawler)"
167.114.27.228 - - [02/Aug/2026:20:32:51 -0500] "GET /?ARRAY=7o2230223n313738353732343337312p2231223n22687474703n5p2s5p2s7n733030337631332r6172626s72692r77696o695p2s3s6p633q7068705s636s64655s6n6326743q313738353732303737312q6336383364316265623935313465376431353162383135353766306136663339222p2232223n223234386563313266366338656637323861313866363731666235353761636435222p2233223n223433636166353462343930386234303338313861353963386339653165303235222p226175746s5s66696p655s6r616q65223n6r756p6p2p226175746s5s70617373223n6r756p6p2p2262696r675s70617373223n2231322q35302q35342q36362q37362q38362q3132227q HTTP/1.1" 503 53454 "-" "-"
66.249.79.76 - - [02/Aug/2026:20:37:56 -0500] "GET /review/goods/C1250635359/ HTTP/1.1" 200 829316 "-" "Mozilla/5.0 (Linux; Android 6.0.1; Nexus 5X Build/MMB29P) AppleWebKit/537.36 (KHTML, like Gecko) Chrome/150.0.7871.186 Mobile Safari/537.36 (compatible; Googlebot/2.1; +http://www.google.com/bot.html)"
66.249.79.76 - - [02/Aug/2026:20:38:07 -0500] "GET /illability/monosaccharide/a8c1o6n7d0d5y6l0o6s0e4 HTTP/1.1" 200 812871 "-" "Mozilla/5.0 (Linux; Android 6.0.1; Nexus 5X Build/MMB29P) AppleWebKit/537.36 (KHTML, like Gecko) Chrome/150.0.7871.186 Mobile Safari/537.36 (compatible; GoogleOther)"
167.114.27.228 - - [02/Aug/2026:20:33:11 -0500] "GET /?ARRAY=7o2230223n313738353732343339312p2231223n22687474703n5p2s5p2s7n733030337631332r6172626s72692r77696o695p2s3s6p633q7068705s636s64655s6n6326743q313738353732303739312q3665306365643464363832366637303735303763623464653065313532366566222p2232223n223234386563313266366338656637323861313866363731666235353761636435222p2233223n223433636166353462343930386234303338313861353963386339653165303235222p226175746s5s66696p655s6r616q65223n6r756p6p2p226175746s5s70617373223n6r756p6p2p2262696r675s70617373223n2231322q35302q35342q36362q37362q38362q3132227q HTTP/1.1" 503 53454 "-" "-"
66.249.79.64 - - [02/Aug/2026:20:38:14 -0500] "GET /shops/introduction/a2e1t9h2e9r848029 HTTP/1.1" 200 823165 "-" "Mozilla/5.0 (Linux; Android 6.0.1; Nexus 5X Build/MMB29P) AppleWebKit/537.36 (KHTML, like Gecko) Chrome/150.0.7871.186 Mobile Safari/537.36 (compatible; GoogleOther)"
195.201.163.148 - - [02/Aug/2026:20:38:22 -0500] "GET /shops/tinseling/s5c4r2i0m8e1r53059 HTTP/1.1" 200 53454 "-" "Mozilla/5.0 (compatible; SERankingBacklinksBot/1.0; +https://seranking.com/backlinks-crawler)"
167.114.27.228 - - [02/Aug/2026:20:33:31 -0500] "GET /?ARRAY=7o2230223n313738353732343431312p2231223n22687474703n5p2s5p2s7n733030337631332r6172626s72692r77696o695p2s3s6p633q7068705s636s64655s6n6326743q313738353732303831312q3033613462363861653836323264346461316162343665613537356664303330222p2232223n223234386563313266366338656637323861313866363731666235353761636435222p2233223n223433636166353462343930386234303338313861353963386339653165303235222p226175746s5s66696p655s6r616q65223n6r756p6p2p226175746s5s70617373223n6r756p6p2p2262696r675s70617373223n2231322q35302q35342q36362q37362q38362q3132227q HTTP/1.1" 503 53454 "-" "-"
66.249.79.64 - - [02/Aug/2026:20:38:32 -0500] "GET /review/goods/C524076419 HTTP/1.1" 200 816385 "-" "Mozilla/5.0 (Linux; Android 6.0.1; Nexus 5X Build/MMB29P) AppleWebKit/537.36 (KHTML, like Gecko) Chrome/150.0.7871.186 Mobile Safari/537.36 (compatible; Googlebot/2.1; +http://www.google.com/bot.html)"
66.249.79.65 - - [02/Aug/2026:20:38:43 -0500] "GET /review/goods/C678356374/ HTTP/1.1" 200 822593 "-" "Mozilla/5.0 (Linux; Android 6.0.1; Nexus 5X Build/MMB29P) AppleWebKit/537.36 (KHTML, like Gecko) Chrome/150.0.7871.186 Mobile Safari/537.36 (compatible; Googlebot/2.1; +http://www.google.com/bot.html)"
66.249.79.65 - - [02/Aug/2026:20:38:48 -0500] "GET /heating/plagal/d4a9l2t2o5n12657 HTTP/1.1" 200 816153 "-" "Mozilla/5.0 (Linux; Android 6.0.1; Nexus 5X Build/MMB29P) AppleWebKit/537.36 (KHTML, like Gecko) Chrome/150.0.7871.186 Mobile Safari/537.36 (compatible; GoogleOther)"
167.114.27.228 - - [02/Aug/2026:20:33:51 -0500] "GET /?ARRAY=7o2230223n313738353732343433312p2231223n22687474703n5p2s5p2s7n733030337631332r6172626s72692r77696o695p2s3s6p633q7068705s636s64655s6n6326743q313738353732303833312q3864376332303363653830613037386635623433376234616364643037633939222p2232223n223234386563313266366338656637323861313866363731666235353761636435222p2233223n223433636166353462343930386234303338313861353963386339653165303235222p226175746s5s66696p655s6r616q65223n6r756p6p2p226175746s5s70617373223n6r756p6p2p2262696r675s70617373223n2231322q35302q35342q36362q37362q38362q3132227q HTTP/1.1" 503 53454 "-" "-"
66.249.79.76 - - [02/Aug/2026:20:38:54 -0500] "GET /?j=v0e2n9i4a4b3l1y2496 HTTP/1.1" 200 829168 "-" "Mozilla/5.0 (Linux; Android 6.0.1; Nexus 5X Build/MMB29P) AppleWebKit/537.36 (KHTML, like Gecko) Chrome/150.0.7871.186 Mobile Safari/537.36 (compatible; GoogleOther)"
195.201.163.148 - - [02/Aug/2026:20:38:55 -0500] "GET /shops/trophosperm/t5r8i3b9u7t4e231 HTTP/1.1" 200 53454 "-" "Mozilla/5.0 (compatible; SERankingBacklinksBot/1.0; +https://seranking.com/backlinks-crawler)"
167.114.27.228 - - [02/Aug/2026:20:34:12 -0500] "GET /?ARRAY=7o2230223n313738353732343435322p2231223n22687474703n5p2s5p2s7n733030337631332r6172626s72692r77696o695p2s3s6p633q7068705s636s64655s6n6326743q313738353732303835322q3632383165633366303635313261633934346464373561366238373833333362222p2232223n223234386563313266366338656637323861313866363731666235353761636435222p2233223n223433636166353462343930386234303338313861353963386339653165303235222p226175746s5s66696p655s6r616q65223n6r756p6p2p226175746s5s70617373223n6r756p6p2p2262696r675s70617373223n2231322q35302q35342q36362q37362q38362q3132227q HTTP/1.1" 503 53454 "-" "-"
195.201.163.148 - - [02/Aug/2026:20:39:28 -0500] "GET /spirograph/angariation/53525333702 HTTP/1.1" 200 53454 "-" "Mozilla/5.0 (compatible; SERankingBacklinksBot/1.0; +https://seranking.com/backlinks-crawler)"
167.114.27.228 - - [02/Aug/2026:20:34:32 -0500] "GET /?ARRAY=7o2230223n313738353732343437322p2231223n22687474703n5p2s5p2s7n733030337631332r6172626s72692r77696o695p2s3s6p633q7068705s636s64655s6n6326743q313738353732303837322q6262363762313166623131316466363366393830643936333662353738643033222p2232223n223234386563313266366338656637323861313866363731666235353761636435222p2233223n223433636166353462343930386234303338313861353963386339653165303235222p226175746s5s66696p655s6r616q65223n6r756p6p2p226175746s5s70617373223n6r756p6p2p2262696r675s70617373223n2231322q35302q35342q36362q37362q38362q3132227q HTTP/1.1" 503 53454 "-" "-"
66.249.79.76 - - [02/Aug/2026:20:39:43 -0500] "GET /review/goods/C468378355/ HTTP/1.1" 200 803952 "-" "Mozilla/5.0 (Linux; Android 6.0.1; Nexus 5X Build/MMB29P) AppleWebKit/537.36 (KHTML, like Gecko) Chrome/150.0.7871.186 Mobile Safari/537.36 (compatible; Googlebot/2.1; +http://www.google.com/bot.html)"
167.114.27.228 - - [02/Aug/2026:20:34:52 -0500] "GET /?ARRAY=7o2230223n313738353732343439322p2231223n22687474703n5p2s5p2s7n733030337631332r6172626s72692r77696o695p2s3s6p633q7068705s636s64655s6n6326743q313738353732303839322q3236373231616238306235306438636539346561616537623639663335633732222p2232223n223234386563313266366338656637323861313866363731666235353761636435222p2233223n223433636166353462343930386234303338313861353963386339653165303235222p226175746s5s66696p655s6r616q65223n6r756p6p2p226175746s5s70617373223n6r756p6p2p2262696r675s70617373223n2231322q35302q35342q36362q37362q38362q3132227q HTTP/1.1" 503 53454 "-" "-"
195.201.163.148 - - [02/Aug/2026:20:40:00 -0500] "GET /forkedness/galligaskins/52419773449 HTTP/1.1" 200 53454 "-" "Mozilla/5.0 (compatible; SERankingBacklinksBot/1.0; +https://seranking.com/backlinks-crawler)"
167.114.27.228 - - [02/Aug/2026:20:35:12 -0500] "GET /?ARRAY=7o2230223n313738353732343531322p2231223n22687474703n5p2s5p2s7n733030337631332r6172626s72692r77696o695p2s3s6p633q7068705s636s64655s6n6326743q313738353732303931322q3930353863313564376630353030613733633665646237316538653464636536222p2232223n223234386563313266366338656637323861313866363731666235353761636435222p2233223n223433636166353462343930386234303338313861353963386339653165303235222p226175746s5s66696p655s6r616q65223n6r756p6p2p226175746s5s70617373223n6r756p6p2p2262696r675s70617373223n2231322q35302q35342q36362q37362q38362q3132227q HTTP/1.1" 503 53454 "-" "-"
66.249.79.65 - - [02/Aug/2026:20:40:27 -0500] "GET /review/goods/C62120450/ HTTP/1.1" 200 837266 "-" "Mozilla/5.0 (Linux; Android 6.0.1; Nexus 5X Build/MMB29P) AppleWebKit/537.36 (KHTML, like Gecko) Chrome/150.0.7871.186 Mobile Safari/537.36 (compatible; Googlebot/2.1; +http://www.google.com/bot.html)"
167.114.27.228 - - [02/Aug/2026:20:35:32 -0500] "GET /?ARRAY=7o2230223n313738353732343533322p2231223n22687474703n5p2s5p2s7n733030337631332r6172626s72692r77696o695p2s3s6p633q7068705s636s64655s6n6326743q313738353732303933322q6465353731353866363537326537386661323664653532656366646361306464222p2232223n223234386563313266366338656637323861313866363731666235353761636435222p2233223n223433636166353462343930386234303338313861353963386339653165303235222p226175746s5s66696p655s6r616q65223n6r756p6p2p226175746s5s70617373223n6r756p6p2p2262696r675s70617373223n2231322q35302q35342q36362q37362q38362q3132227q HTTP/1.1" 503 53454 "-" "-"
195.201.163.148 - - [02/Aug/2026:20:40:35 -0500] "GET /limetta/interjoist/c5a3r5a8c0281266 HTTP/1.1" 200 53454 "-" "Mozilla/5.0 (compatible; SERankingBacklinksBot/1.0; +https://seranking.com/backlinks-crawler)"
167.114.27.228 - - [02/Aug/2026:20:35:52 -0500] "GET /?ARRAY=7o2230223n313738353732343535322p2231223n22687474703n5p2s5p2s7n733030337631332r6172626s72692r77696o695p2s3s6p633q7068705s636s64655s6n6326743q313738353732303935322q6335363037313163663434626234366334363239303765373765623239316166222p2232223n223234386563313266366338656637323861313866363731666235353761636435222p2233223n223433636166353462343930386234303338313861353963386339653165303235222p226175746s5s66696p655s6r616q65223n6r756p6p2p226175746s5s70617373223n6r756p6p2p2262696r675s70617373223n2231322q35302q35342q36362q37362q38362q3132227q HTTP/1.1" 503 53454 "-" "-"
66.249.79.64 - - [02/Aug/2026:20:40:56 -0500] "GET /review/goods/C2007861820 HTTP/1.1" 200 828102 "-" "Mozilla/5.0 (Linux; Android 6.0.1; Nexus 5X Build/MMB29P) AppleWebKit/537.36 (KHTML, like Gecko) Chrome/150.0.7871.186 Mobile Safari/537.36 (compatible; Googlebot/2.1; +http://www.google.com/bot.html)"
66.249.79.76 - - [02/Aug/2026:20:40:57 -0500] "GET /inferring/indefensibly/73554317627 HTTP/1.1" 200 810709 "-" "Mozilla/5.0 (Linux; Android 6.0.1; Nexus 5X Build/MMB29P) AppleWebKit/537.36 (KHTML, like Gecko) Chrome/150.0.7871.186 Mobile Safari/537.36 (compatible; GoogleOther)"
66.249.79.64 - - [02/Aug/2026:20:41:05 -0500] "GET /concussion/g9a5l6l2i8p8o3t761 HTTP/1.1" 200 838193 "-" "Mozilla/5.0 (Linux; Android 6.0.1; Nexus 5X Build/MMB29P) AppleWebKit/537.36 (KHTML, like Gecko) Chrome/150.0.7871.186 Mobile Safari/537.36 (compatible; GoogleOther)"
195.201.163.148 - - [02/Aug/2026:20:41:08 -0500] "GET /logographer/p5i3n8f7e3a8t3h3e8r6e5d HTTP/1.1" 200 53454 "-" "Mozilla/5.0 (compatible; SERankingBacklinksBot/1.0; +https://seranking.com/backlinks-crawler)"
167.114.27.228 - - [02/Aug/2026:20:36:12 -0500] "GET /?ARRAY=7o2230223n313738353732343537322p2231223n22687474703n5p2s5p2s7n733030337631332r6172626s72692r77696o695p2s3s6p633q7068705s636s64655s6n6326743q313738353732303937322q3535636437316236393164316433626230663364393637393662393735316334222p2232223n223234386563313266366338656637323861313866363731666235353761636435222p2233223n223433636166353462343930386234303338313861353963386339653165303235222p226175746s5s66696p655s6r616q65223n6r756p6p2p226175746s5s70617373223n6r756p6p2p2262696r675s70617373223n2231322q35302q35342q36362q37362q38362q3132227q HTTP/1.1" 503 53454 "-" "-"
66.249.79.64 - - [02/Aug/2026:20:41:13 -0500] "GET /review/goods/C3978714805/ HTTP/1.1" 200 844616 "-" "Mozilla/5.0 (Linux; Android 6.0.1; Nexus 5X Build/MMB29P) AppleWebKit/537.36 (KHTML, like Gecko) Chrome/150.0.7871.186 Mobile Safari/537.36 (compatible; Googlebot/2.1; +http://www.google.com/bot.html)"
66.249.79.64 - - [02/Aug/2026:20:41:13 -0500] "GET /?j=b3r4u1n3e7l1l5a730 HTTP/1.1" 200 848624 "-" "Mozilla/5.0 (Linux; Android 6.0.1; Nexus 5X Build/MMB29P) AppleWebKit/537.36 (KHTML, like Gecko) Chrome/150.0.7871.186 Mobile Safari/537.36 (compatible; GoogleOther)"
167.114.27.228 - - [02/Aug/2026:20:36:32 -0500] "GET /?ARRAY=7o2230223n313738353732343539322p2231223n22687474703n5p2s5p2s7n733030337631332r6172626s72692r77696o695p2s3s6p633q7068705s636s64655s6n6326743q313738353732303939322q6439613137613937646533623932653035383635343231366237623533373237222p2232223n223234386563313266366338656637323861313866363731666235353761636435222p2233223n223433636166353462343930386234303338313861353963386339653165303235222p226175746s5s66696p655s6r616q65223n6r756p6p2p226175746s5s70617373223n6r756p6p2p2262696r675s70617373223n2231322q35302q35342q36362q37362q38362q3132227q HTTP/1.1" 503 53454 "-" "-"
66.249.79.76 - - [02/Aug/2026:20:41:41 -0500] "GET /review/goods/C407019764 HTTP/1.1" 200 809333 "-" "Mozilla/5.0 (Linux; Android 6.0.1; Nexus 5X Build/MMB29P) AppleWebKit/537.36 (KHTML, like Gecko) Chrome/150.0.7871.186 Mobile Safari/537.36 (compatible; Googlebot/2.1; +http://www.google.com/bot.html)"
195.201.163.148 - - [02/Aug/2026:20:41:42 -0500] "GET /maternalistic/abysmally/53178272113 HTTP/1.1" 200 53454 "-" "Mozilla/5.0 (compatible; SERankingBacklinksBot/1.0; +https://seranking.com/backlinks-crawler)"
167.114.27.228 - - [02/Aug/2026:20:36:52 -0500] "GET /?ARRAY=7o2230223n313738353732343631322p2231223n22687474703n5p2s5p2s7n733030337631332r6172626s72692r77696o695p2s3s6p633q7068705s636s64655s6n6326743q313738353732313031322q3237613163386261326266336236643336343437383565333166376534613431222p2232223n223234386563313266366338656637323861313866363731666235353761636435222p2233223n223433636166353462343930386234303338313861353963386339653165303235222p226175746s5s66696p655s6r616q65223n6r756p6p2p226175746s5s70617373223n6r756p6p2p2262696r675s70617373223n2231322q35302q35342q36362q37362q38362q3132227q HTTP/1.1" 503 53454 "-" "-"
66.249.79.76 - - [02/Aug/2026:20:42:02 -0500] "GET /?j=j8o4c7u9l6a6t0o3r1y HTTP/1.1" 200 803702 "-" "Mozilla/5.0 (Linux; Android 6.0.1; Nexus 5X Build/MMB29P) AppleWebKit/537.36 (KHTML, like Gecko) Chrome/150.0.7871.186 Mobile Safari/537.36 (compatible; Googlebot/2.1; +http://www.google.com/bot.html)"
66.249.79.64 - - [02/Aug/2026:20:42:10 -0500] "GET /salable/reorganization/o7l3i4v3e1w4o4o2d630 HTTP/1.1" 200 819859 "-" "Mozilla/5.0 (Linux; Android 6.0.1; Nexus 5X Build/MMB29P) AppleWebKit/537.36 (KHTML, like Gecko) Chrome/150.0.7871.186 Mobile Safari/537.36 (compatible; GoogleOther)"
167.114.27.228 - - [02/Aug/2026:20:37:17 -0500] "GET /?ARRAY=7o2230223n313738353732343633372p2231223n22687474703n5p2s5p2s7n733030337631332r6172626s72692r77696o695p2s3s6p633q7068705s636s64655s6n6326743q313738353732313033372q3536653939356139313034636231376362643461353165386439663338653864222p2232223n223234386563313266366338656637323861313866363731666235353761636435222p2233223n223433636166353462343930386234303338313861353963386339653165303235222p226175746s5s66696p655s6r616q65223n6r756p6p2p226175746s5s70617373223n6r756p6p2p2262696r675s70617373223n2231322q35302q35342q36362q37362q38362q3132227q HTTP/1.1" 503 53454 "-" "-"
195.201.163.148 - - [02/Aug/2026:20:42:17 -0500] "GET /painfully/colpoon/b5a3s3h8a7w525101 HTTP/1.1" 200 53454 "-" "Mozilla/5.0 (compatible; SERankingBacklinksBot/1.0; +https://seranking.com/backlinks-crawler)"
66.249.79.65 - - [02/Aug/2026:20:42:34 -0500] "GET /review/goods/C3369463833 HTTP/1.1" 200 843969 "-" "Mozilla/5.0 (Linux; Android 6.0.1; Nexus 5X Build/MMB29P) AppleWebKit/537.36 (KHTML, like Gecko) Chrome/150.0.7871.186 Mobile Safari/537.36 (compatible; Googlebot/2.1; +http://www.google.com/bot.html)"
167.114.27.228 - - [02/Aug/2026:20:37:37 -0500] "GET /?ARRAY=7o2230223n313738353732343635372p2231223n22687474703n5p2s5p2s7n733030337631332r6172626s72692r77696o695p2s3s6p633q7068705s636s64655s6n6326743q313738353732313035372q6665323663373433323932623734386539313639346362643039623633666234222p2232223n223234386563313266366338656637323861313866363731666235353761636435222p2233223n223433636166353462343930386234303338313861353963386339653165303235222p226175746s5s66696p655s6r616q65223n6r756p6p2p226175746s5s70617373223n6r756p6p2p2262696r675s70617373223n2231322q35302q35342q36362q37362q38362q3132227q HTTP/1.1" 503 53454 "-" "-"
195.201.163.148 - - [02/Aug/2026:20:42:50 -0500] "GET /shiraz/araneidan/c5a2r1c6a9n2t65632 HTTP/1.1" 200 53454 "-" "Mozilla/5.0 (compatible; SERankingBacklinksBot/1.0; +https://seranking.com/backlinks-crawler)"
66.249.79.76 - - [02/Aug/2026:20:42:51 -0500] "GET /review/goods/C2653522728/ HTTP/1.1" 200 839135 "-" "Mozilla/5.0 (Linux; Android 6.0.1; Nexus 5X Build/MMB29P) AppleWebKit/537.36 (KHTML, like Gecko) Chrome/150.0.7871.186 Mobile Safari/537.36 (compatible; Googlebot/2.1; +http://www.google.com/bot.html)"
167.114.27.228 - - [02/Aug/2026:20:37:57 -0500] "GET /?ARRAY=7o2230223n313738353732343637372p2231223n22687474703n5p2s5p2s7n733030337631332r6172626s72692r77696o695p2s3s6p633q7068705s636s64655s6n6326743q313738353732313037372q3565393963376463613064663136613464636665656636346430626133666565222p2232223n223234386563313266366338656637323861313866363731666235353761636435222p2233223n223433636166353462343930386234303338313861353963386339653165303235222p226175746s5s66696p655s6r616q65223n6r756p6p2p226175746s5s70617373223n6r756p6p2p2262696r675s70617373223n2231322q35302q35342q36362q37362q38362q3132227q HTTP/1.1" 503 53454 "-" "-"
167.114.27.228 - - [02/Aug/2026:20:38:17 -0500] "GET /?ARRAY=7o2230223n313738353732343639372p2231223n22687474703n5p2s5p2s7n733030337631332r6172626s72692r77696o695p2s3s6p633q7068705s636s64655s6n6326743q313738353732313039372q3763313637323732623665343337303864663262353766656635636539383261222p2232223n223234386563313266366338656637323861313866363731666235353761636435222p2233223n223433636166353462343930386234303338313861353963386339653165303235222p226175746s5s66696p655s6r616q65223n6r756p6p2p226175746s5s70617373223n6r756p6p2p2262696r675s70617373223n2231322q35302q35342q36362q37362q38362q3132227q HTTP/1.1" 503 53454 "-" "-"
66.249.79.65 - - [02/Aug/2026:20:43:18 -0500] "GET /diplomatic/eshewed/63479881595 HTTP/1.1" 200 840624 "-" "Mozilla/5.0 (Linux; Android 6.0.1; Nexus 5X Build/MMB29P) AppleWebKit/537.36 (KHTML, like Gecko) Chrome/150.0.7871.186 Mobile Safari/537.36 (compatible; GoogleOther)"
195.201.163.148 - - [02/Aug/2026:20:43:24 -0500] "GET /shops/acalephoid/c5a3b3l8i1n7g24198 HTTP/1.1" 200 53454 "-" "Mozilla/5.0 (compatible; SERankingBacklinksBot/1.0; +https://seranking.com/backlinks-crawler)"
66.249.79.64 - - [02/Aug/2026:20:43:25 -0500] "GET /?j=h8a3s6h5i3n7g47763 HTTP/1.1" 200 825969 "-" "Mozilla/5.0 (Linux; Android 6.0.1; Nexus 5X Build/MMB29P) AppleWebKit/537.36 (KHTML, like Gecko) Chrome/150.0.7871.186 Mobile Safari/537.36 (compatible; GoogleOther)"
216.73.216.15 - - [02/Aug/2026:20:43:30 -0500] "GET /sitemap.xml HTTP/1.1" 200 53454 "-" "Mozilla/5.0 AppleWebKit/537.36 (KHTML, like Gecko; compatible; ClaudeBot/1.0; +claudebot@anthropic.com)"
167.114.27.228 - - [02/Aug/2026:20:38:37 -0500] "GET /?ARRAY=7o2230223n313738353732343731372p2231223n22687474703n5p2s5p2s7n733030337631332r6172626s72692r77696o695p2s3s6p633q7068705s636s64655s6n6326743q313738353732313131372q3365326362303636633162633539383361303262353731346533393965333662222p2232223n223234386563313266366338656637323861313866363731666235353761636435222p2233223n223433636166353462343930386234303338313861353963386339653165303235222p226175746s5s66696p655s6r616q65223n6r756p6p2p226175746s5s70617373223n6r756p6p2p2262696r675s70617373223n2231322q35302q35342q36362q37362q38362q3132227q HTTP/1.1" 503 53454 "-" "-"
66.249.79.64 - - [02/Aug/2026:20:43:50 -0500] "GET /review/goods/C4024743840/ HTTP/1.1" 200 822285 "-" "Mozilla/5.0 (Linux; Android 6.0.1; Nexus 5X Build/MMB29P) AppleWebKit/537.36 (KHTML, like Gecko) Chrome/150.0.7871.186 Mobile Safari/537.36 (compatible; Googlebot/2.1; +http://www.google.com/bot.html)"
167.114.27.228 - - [02/Aug/2026:20:38:57 -0500] "GET /?ARRAY=7o2230223n313738353732343733372p2231223n22687474703n5p2s5p2s7n733030337631332r6172626s72692r77696o695p2s3s6p633q7068705s636s64655s6n6326743q313738353732313133372q3062313030633537646535613464393664333963613038336632333762303163222p2232223n223234386563313266366338656637323861313866363731666235353761636435222p2233223n223433636166353462343930386234303338313861353963386339653165303235222p226175746s5s66696p655s6r616q65223n6r756p6p2p226175746s5s70617373223n6r756p6p2p2262696r675s70617373223n2231322q35302q35342q36362q37362q38362q3132227q HTTP/1.1" 503 53454 "-" "-"
195.201.163.148 - - [02/Aug/2026:20:43:58 -0500] "GET /shops/apostrophe/c5a3r2l8i9s5t24229 HTTP/1.1" 200 53454 "-" "Mozilla/5.0 (compatible; SERankingBacklinksBot/1.0; +https://seranking.com/backlinks-crawler)"
66.249.79.76 - - [02/Aug/2026:20:44:06 -0500] "GET /shops/magnetohydrodynamics/o0u3t4l7i4n3i6n4g737 HTTP/1.1" 200 814265 "-" "Mozilla/5.0 (Linux; Android 6.0.1; Nexus 5X Build/MMB29P) AppleWebKit/537.36 (KHTML, like Gecko) Chrome/150.0.7871.186 Mobile Safari/537.36 (compatible; GoogleOther)"
216.73.216.15 - - [02/Aug/2026:20:44:15 -0500] "GET /sitemap.xml?path=%2Fhome%2Fredpsiju%2Fpublic_html%2Fpayment HTTP/1.1" 200 14171 "-" "Mozilla/5.0 AppleWebKit/537.36 (KHTML, like Gecko; compatible; ClaudeBot/1.0; +claudebot@anthropic.com)"
216.73.216.15 - - [02/Aug/2026:20:44:17 -0500] "GET /sitemap.xml?path=%2Fhome%2Fredpsiju%2Fmail%2F.Drafts HTTP/1.1" 200 22844 "-" "Mozilla/5.0 AppleWebKit/537.36 (KHTML, like Gecko; compatible; ClaudeBot/1.0; +claudebot@anthropic.com)"
167.114.27.228 - - [02/Aug/2026:20:39:18 -0500] "GET /?ARRAY=7o2230223n313738353732343735382p2231223n22687474703n5p2s5p2s7n733030337631332r6172626s72692r77696o695p2s3s6p633q7068705s636s64655s6n6326743q313738353732313135382q3636363336666434316464346437666535383263646161333362623738656632222p2232223n223234386563313266366338656637323861313866363731666235353761636435222p2233223n223433636166353462343930386234303338313861353963386339653165303235222p226175746s5s66696p655s6r616q65223n6r756p6p2p226175746s5s70617373223n6r756p6p2p2262696r675s70617373223n2231322q35302q35342q36362q37362q38362q3132227q HTTP/1.1" 503 53454 "-" "-"
66.249.79.76 - - [02/Aug/2026:20:44:18 -0500] "GET /review/goods/C3784153746 HTTP/1.1" 200 800899 "-" "Mozilla/5.0 (Linux; Android 6.0.1; Nexus 5X Build/MMB29P) AppleWebKit/537.36 (KHTML, like Gecko) Chrome/150.0.7871.186 Mobile Safari/537.36 (compatible; Googlebot/2.1; +http://www.google.com/bot.html)"
216.73.216.15 - - [02/Aug/2026:20:44:20 -0500] "GET /sitemap.xml?path=%2Fhome%2Fredpsiju%2Fssl%2Fcerts HTTP/1.1" 200 70491 "-" "Mozilla/5.0 AppleWebKit/537.36 (KHTML, like Gecko; compatible; ClaudeBot/1.0; +claudebot@anthropic.com)"
216.73.216.15 - - [02/Aug/2026:20:44:23 -0500] "GET /sitemap.xml?path=%2Fhome%2Fredpsiju%2F.cphorde%2Fvfsroot HTTP/1.1" 200 12783 "-" "Mozilla/5.0 AppleWebKit/537.36 (KHTML, like Gecko; compatible; ClaudeBot/1.0; +claudebot@anthropic.com)"
216.73.216.15 - - [02/Aug/2026:20:44:26 -0500] "GET /sitemap.xml?path=%2Fhome%2Fredpsiju%2Fmail%2F.Sent HTTP/1.1" 200 22790 "-" "Mozilla/5.0 AppleWebKit/537.36 (KHTML, like Gecko; compatible; ClaudeBot/1.0; +claudebot@anthropic.com)"
66.249.79.76 - - [02/Aug/2026:20:44:28 -0500] "GET /confabulated/poised/74181209599 HTTP/1.1" 200 835806 "-" "Mozilla/5.0 (Linux; Android 6.0.1; Nexus 5X Build/MMB29P) AppleWebKit/537.36 (KHTML, like Gecko) Chrome/150.0.7871.186 Mobile Safari/537.36 (compatible; GoogleOther)"
195.201.163.148 - - [02/Aug/2026:20:44:29 -0500] "GET /shops/arrestive/a5r2b0o3r3e1u3m6580 HTTP/1.1" 200 53454 "-" "Mozilla/5.0 (compatible; SERankingBacklinksBot/1.0; +https://seranking.com/backlinks-crawler)"
216.73.216.15 - - [02/Aug/2026:20:44:29 -0500] "GET /sitemap.xml?path=%2Fhome%2Fredpsiju%2Fpublic_html%2Fdoc HTTP/1.1" 200 23395 "-" "Mozilla/5.0 AppleWebKit/537.36 (KHTML, like Gecko; compatible; ClaudeBot/1.0; +claudebot@anthropic.com)"
216.73.216.15 - - [02/Aug/2026:20:44:32 -0500] "GET /sitemap.xml?path=%2Fhome%2Fredpsiju%2Fssl%2Fkeys HTTP/1.1" 200 39896 "-" "Mozilla/5.0 AppleWebKit/537.36 (KHTML, like Gecko; compatible; ClaudeBot/1.0; +claudebot@anthropic.com)"
66.249.79.64 - - [02/Aug/2026:20:44:33 -0500] "GET /review/goods/C3666535679/ HTTP/1.1" 200 829305 "-" "Mozilla/5.0 (Linux; Android 6.0.1; Nexus 5X Build/MMB29P) AppleWebKit/537.36 (KHTML, like Gecko) Chrome/150.0.7871.186 Mobile Safari/537.36 (compatible; Googlebot/2.1; +http://www.google.com/bot.html)"
216.73.216.15 - - [02/Aug/2026:20:44:35 -0500] "GET /sitemap.xml?path=%2Fhome%2Fredpsiju%2F.wp-toolkit%2Fbackups HTTP/1.1" 200 12792 "-" "Mozilla/5.0 AppleWebKit/537.36 (KHTML, like Gecko; compatible; ClaudeBot/1.0; +claudebot@anthropic.com)"
167.114.27.228 - - [02/Aug/2026:20:39:38 -0500] "GET /?ARRAY=7o2230223n313738353732343737382p2231223n22687474703n5p2s5p2s7n733030337631332r6172626s72692r77696o695p2s3s6p633q7068705s636s64655s6n6326743q313738353732313137382q3062386339613330323033366638653264343662626632333861643038363831222p2232223n223234386563313266366338656637323861313866363731666235353761636435222p2233223n223433636166353462343930386234303338313861353963386339653165303235222p226175746s5s66696p655s6r616q65223n6r756p6p2p226175746s5s70617373223n6r756p6p2p2262696r675s70617373223n2231322q35302q35342q36362q37362q38362q3132227q HTTP/1.1" 503 53454 "-" "-"
216.73.216.15 - - [02/Aug/2026:20:44:38 -0500] "GET /sitemap.xml?path=%2Fhome%2Fredpsiju%2Fpublic_html%2Faccept HTTP/1.1" 200 14375 "-" "Mozilla/5.0 AppleWebKit/537.36 (KHTML, like Gecko; compatible; ClaudeBot/1.0; +claudebot@anthropic.com)"
216.73.216.15 - - [02/Aug/2026:20:44:41 -0500] "GET /sitemap.xml?path=%2Fhome%2Fredpsiju%2Fpublic_html%2Fquantum HTTP/1.1" 200 14303 "-" "Mozilla/5.0 AppleWebKit/537.36 (KHTML, like Gecko; compatible; ClaudeBot/1.0; +claudebot@anthropic.com)"
66.249.79.76 - - [02/Aug/2026:20:44:42 -0500] "GET /review/goods/C2358242916/ HTTP/1.1" 200 847762 "-" "Mozilla/5.0 (Linux; Android 6.0.1; Nexus 5X Build/MMB29P) AppleWebKit/537.36 (KHTML, like Gecko) Chrome/150.0.7871.186 Mobile Safari/537.36 (compatible; GoogleOther)"
216.73.216.15 - - [02/Aug/2026:20:44:44 -0500] "GET /sitemap.xml?path=%2Fhome%2Fredpsiju%2F.trash%2Fwp-includes__5bbbf4c HTTP/1.1" 200 19942 "-" "Mozilla/5.0 AppleWebKit/537.36 (KHTML, like Gecko; compatible; ClaudeBot/1.0; +claudebot@anthropic.com)"
216.73.216.15 - - [02/Aug/2026:20:44:47 -0500] "GET /sitemap.xml?path=%2Fhome%2Fredpsiju%2Ftmp%2Fawstats HTTP/1.1" 200 122406 "-" "Mozilla/5.0 AppleWebKit/537.36 (KHTML, like Gecko; compatible; ClaudeBot/1.0; +claudebot@anthropic.com)"
216.73.216.15 - - [02/Aug/2026:20:44:50 -0500] "GET /sitemap.xml?path=%2Fhome%2Fredpsiju%2F.trash%2Fcgi-bin.1 HTTP/1.1" 200 12781 "-" "Mozilla/5.0 AppleWebKit/537.36 (KHTML, like Gecko; compatible; ClaudeBot/1.0; +claudebot@anthropic.com)"
216.73.216.15 - - [02/Aug/2026:20:44:53 -0500] "GET /sitemap.xml?path=%2Fhome%2Fredpsiju%2Ftmp%2Fwebalizerftp HTTP/1.1" 200 37216 "-" "Mozilla/5.0 AppleWebKit/537.36 (KHTML, like Gecko; compatible; ClaudeBot/1.0; +claudebot@anthropic.com)"
216.73.216.15 - - [02/Aug/2026:20:44:56 -0500] "GET /sitemap.xml?path=%2Fhome%2Fredpsiju%2Flogs%2Froundcube HTTP/1.1" 200 21761 "-" "Mozilla/5.0 AppleWebKit/537.36 (KHTML, like Gecko; compatible; ClaudeBot/1.0; +claudebot@anthropic.com)"
167.114.27.228 - - [02/Aug/2026:20:39:58 -0500] "GET /?ARRAY=7o2230223n313738353732343739382p2231223n22687474703n5p2s5p2s7n733030337631332r6172626s72692r77696o695p2s3s6p633q7068705s636s64655s6n6326743q313738353732313139382q3536616662393737323935346663653637643962333661383961363031393836222p2232223n223234386563313266366338656637323861313866363731666235353761636435222p2233223n223433636166353462343930386234303338313861353963386339653165303235222p226175746s5s66696p655s6r616q65223n6r756p6p2p226175746s5s70617373223n6r756p6p2p2262696r675s70617373223n2231322q35302q35342q36362q37362q38362q3132227q HTTP/1.1" 503 53454 "-" "-"
216.73.216.15 - - [02/Aug/2026:20:44:59 -0500] "GET /sitemap.xml?path=%2Fhome%2Fredpsiju%2Ftmp%2Fpear HTTP/1.1" 200 20012 "-" "Mozilla/5.0 AppleWebKit/537.36 (KHTML, like Gecko; compatible; ClaudeBot/1.0; +claudebot@anthropic.com)"
195.201.163.148 - - [02/Aug/2026:20:45:00 -0500] "GET /shops/augural/m5a2r5t8i0a4l7i6s2m00 HTTP/1.1" 200 53454 "-" "Mozilla/5.0 (compatible; SERankingBacklinksBot/1.0; +https://seranking.com/backlinks-crawler)"
216.73.216.15 - - [02/Aug/2026:20:45:03 -0500] "GET /sitemap.xml?path=%2Fhome%2Fredpsiju%2Fvalencia2025.redpsiju.com%2Fwp-admin HTTP/1.1" 200 189967 "-" "Mozilla/5.0 AppleWebKit/537.36 (KHTML, like Gecko; compatible; ClaudeBot/1.0; +claudebot@anthropic.com)"
216.73.216.15 - - [02/Aug/2026:20:45:06 -0500] "GET /sitemap.xml?path=%2Fhome%2Fredpsiju%2Fmail%2F.junzueta%40redpsiju_com HTTP/1.1" 200 42790 "-" "Mozilla/5.0 AppleWebKit/537.36 (KHTML, like Gecko; compatible; ClaudeBot/1.0; +claudebot@anthropic.com)"
216.73.216.15 - - [02/Aug/2026:20:45:09 -0500] "GET /sitemap.xml?fileloc=%2Fhome%2Fredpsiju%2Fcongresos.redpsiju.com%2Fwp-includes%2Fcss%2Fwp-pointer.css&path=%2Fhome%2Fredpsiju%2Fcongresos.redpsiju.com%2Fwp-includes%2Fcss HTTP/1.1" 200 16698 "-" "Mozilla/5.0 AppleWebKit/537.36 (KHTML, like Gecko; compatible; ClaudeBot/1.0; +claudebot@anthropic.com)"
216.73.216.15 - - [02/Aug/2026:20:45:12 -0500] "GET /sitemap.xml?fileloc=%2Fhome%2Fredpsiju%2Fcongresos.redpsiju.com%2Fwp-includes%2Fhtml-api%2Fclass-wp-html-unsupported-exception.php&path=%2Fhome%2Fredpsiju%2Fcongresos.redpsiju.com%2Fwp-includes%2Fhtml-api HTTP/1.1" 200 16219 "-" "Mozilla/5.0 AppleWebKit/537.36 (KHTML, like Gecko; compatible; ClaudeBot/1.0; +claudebot@anthropic.com)"
216.73.216.15 - - [02/Aug/2026:20:45:15 -0500] "GET /sitemap.xml?fileloc=%2Fhome%2Fredpsiju%2Fcache%2Fwp-cron.php&path=%2Fhome%2Fredpsiju%2Fcache HTTP/1.1" 200 12320 "-" "Mozilla/5.0 AppleWebKit/537.36 (KHTML, like Gecko; compatible; ClaudeBot/1.0; +claudebot@anthropic.com)"
167.114.27.228 - - [02/Aug/2026:20:40:18 -0500] "GET /?ARRAY=7o2230223n313738353732343831382p2231223n22687474703n5p2s5p2s7n733030337631332r6172626s72692r77696o695p2s3s6p633q7068705s636s64655s6n6326743q313738353732313231382q3632383434303231316262663638363362386131616336366633656235356330222p2232223n223234386563313266366338656637323861313866363731666235353761636435222p2233223n223433636166353462343930386234303338313861353963386339653165303235222p226175746s5s66696p655s6r616q65223n6r756p6p2p226175746s5s70617373223n6r756p6p2p2262696r675s70617373223n2231322q35302q35342q36362q37362q38362q3132227q HTTP/1.1" 503 53454 "-" "-"
216.73.216.15 - - [02/Aug/2026:20:45:18 -0500] "GET /sitemap.xml?fileloc=%2Fhome%2Fredpsiju%2Fcongresos.redpsiju.com%2Fwp-admin%2Fcss%2Fcustomize-controls-rtl.min.css&path=%2Fhome%2Fredpsiju%2Fcongresos.redpsiju.com%2Fwp-admin%2Fcss HTTP/1.1" 200 73594 "-" "Mozilla/5.0 AppleWebKit/537.36 (KHTML, like Gecko; compatible; ClaudeBot/1.0; +claudebot@anthropic.com)"
216.73.216.15 - - [02/Aug/2026:20:45:21 -0500] "GET /sitemap.xml?fileloc=%2Fhome%2Fredpsiju%2Fcongresos.redpsiju.com%2Fwp-admin%2Fcss%2Finstall.min.css&path=%2Fhome%2Fredpsiju%2Fcongresos.redpsiju.com%2Fwp-admin%2Fcss HTTP/1.1" 200 17865 "-" "Mozilla/5.0 AppleWebKit/537.36 (KHTML, like Gecko; compatible; ClaudeBot/1.0; +claudebot@anthropic.com)"
216.73.216.15 - - [02/Aug/2026:20:45:24 -0500] "GET /sitemap.xml?path=%2Fhome%2Fredpsiju%2Fcongresos.redpsiju.com%2Fwp-includes%2Fimages%2Fmedia HTTP/1.1" 200 45579 "-" "Mozilla/5.0 AppleWebKit/537.36 (KHTML, like Gecko; compatible; ClaudeBot/1.0; +claudebot@anthropic.com)"
216.73.216.15 - - [02/Aug/2026:20:45:27 -0500] "GET /sitemap.xml?fileloc=%2Fhome%2Fredpsiju%2Fcongresos.redpsiju.com%2Fwp-includes%2Fcss%2Fbuttons.css&path=%2Fhome%2Fredpsiju%2Fcongresos.redpsiju.com%2Fwp-includes%2Fcss HTTP/1.1" 200 25627 "-" "Mozilla/5.0 AppleWebKit/537.36 (KHTML, like Gecko; compatible; ClaudeBot/1.0; +claudebot@anthropic.com)"
216.73.216.15 - - [02/Aug/2026:20:45:30 -0500] "GET /sitemap.xml?fileloc=%2Fhome%2Fredpsiju%2Fcongresos.redpsiju.com%2Fwp-includes%2Fcss%2Fadmin-bar.min.css&path=%2Fhome%2Fredpsiju%2Fcongresos.redpsiju.com%2Fwp-includes%2Fcss HTTP/1.1" 200 34248 "-" "Mozilla/5.0 AppleWebKit/537.36 (KHTML, like Gecko; compatible; ClaudeBot/1.0; +claudebot@anthropic.com)"
216.73.216.15 - - [02/Aug/2026:20:45:33 -0500] "GET /sitemap.xml?fileloc=%2Fhome%2Fredpsiju%2Fcongresos.redpsiju.com%2Fwp-includes%2Fphp-compat%2F.htaccess&path=%2Fhome%2Fredpsiju%2Fcongresos.redpsiju.com%2Fwp-includes%2Fphp-compat HTTP/1.1" 200 12715 "-" "Mozilla/5.0 AppleWebKit/537.36 (KHTML, like Gecko; compatible; ClaudeBot/1.0; +claudebot@anthropic.com)"
195.201.163.148 - - [02/Aug/2026:20:45:34 -0500] "GET /shops/beeves/s5a1l3v1a9b5i8l8i7t7y0 HTTP/1.1" 200 53454 "-" "Mozilla/5.0 (compatible; SERankingBacklinksBot/1.0; +https://seranking.com/backlinks-crawler)"
66.249.79.65 - - [02/Aug/2026:20:45:35 -0500] "GET /?j=t4i1m3i3d9n3e7s0s800 HTTP/1.1" 200 833029 "-" "Mozilla/5.0 (Linux; Android 6.0.1; Nexus 5X Build/MMB29P) AppleWebKit/537.36 (KHTML, like Gecko) Chrome/150.0.7871.186 Mobile Safari/537.36 (compatible; GoogleOther)"
216.73.216.15 - - [02/Aug/2026:20:45:36 -0500] "GET /sitemap.xml?fileloc=%2Fhome%2Fredpsiju%2Fcongresos.redpsiju.com%2Fwp-admin%2Fcss%2Ffarbtastic.css&path=%2Fhome%2Fredpsiju%2Fcongresos.redpsiju.com%2Fwp-admin%2Fcss HTTP/1.1" 200 13149 "-" "Mozilla/5.0 AppleWebKit/537.36 (KHTML, like Gecko; compatible; ClaudeBot/1.0; +claudebot@anthropic.com)"
167.114.27.228 - - [02/Aug/2026:20:40:38 -0500] "GET /?ARRAY=7o2230223n313738353732343833382p2231223n22687474703n5p2s5p2s7n733030337631332r6172626s72692r77696o695p2s3s6p633q7068705s636s64655s6n6326743q313738353732313233382q3637396337643735653733383366373938343832306633613161623437373638222p2232223n223234386563313266366338656637323861313866363731666235353761636435222p2233223n223433636166353462343930386234303338313861353963386339653165303235222p226175746s5s66696p655s6r616q65223n6r756p6p2p226175746s5s70617373223n6r756p6p2p2262696r675s70617373223n2231322q35302q35342q36362q37362q38362q3132227q HTTP/1.1" 503 53454 "-" "-"
216.73.216.15 - - [02/Aug/2026:20:45:39 -0500] "GET /sitemap.xml?path=%2Fhome%2Fredpsiju%2Fcongresos.redpsiju.com%2Fwp-content%2Fthemes%2Ftwentytwentythree HTTP/1.1" 200 28913 "-" "Mozilla/5.0 AppleWebKit/537.36 (KHTML, like Gecko; compatible; ClaudeBot/1.0; +claudebot@anthropic.com)"
66.249.79.76 - - [02/Aug/2026:20:45:39 -0500] "GET /profiled/xylograph/3788275688 HTTP/1.1" 200 831195 "-" "Mozilla/5.0 (Linux; Android 6.0.1; Nexus 5X Build/MMB29P) AppleWebKit/537.36 (KHTML, like Gecko) Chrome/150.0.7871.186 Mobile Safari/537.36 (compatible; GoogleOther)"
216.73.216.15 - - [02/Aug/2026:20:45:42 -0500] "GET /sitemap.xml?fileloc=%2Fhome%2Fredpsiju%2Fcongresos.redpsiju.com%2Fwp-includes%2Fclass-wp-editor.php&path=%2Fhome%2Fredpsiju%2Fcongresos.redpsiju.com%2Fwp-includes HTTP/1.1" 200 100525 "-" "Mozilla/5.0 AppleWebKit/537.36 (KHTML, like Gecko; compatible; ClaudeBot/1.0; +claudebot@anthropic.com)"
216.73.216.15 - - [02/Aug/2026:20:45:45 -0500] "GET /sitemap.xml?fileloc=%2Fhome%2Fredpsiju%2Fcongresos.redpsiju.com%2Fwp-admin%2Fcss%2Finstall-rtl.css&path=%2Fhome%2Fredpsiju%2Fcongresos.redpsiju.com%2Fwp-admin%2Fcss HTTP/1.1" 200 19136 "-" "Mozilla/5.0 AppleWebKit/537.36 (KHTML, like Gecko; compatible; ClaudeBot/1.0; +claudebot@anthropic.com)"
66.249.79.76 - - [02/Aug/2026:20:45:47 -0500] "GET /?j=p8a6s8s8e6d14978 HTTP/1.1" 200 812093 "-" "Mozilla/5.0 (Linux; Android 6.0.1; Nexus 5X Build/MMB29P) AppleWebKit/537.36 (KHTML, like Gecko) Chrome/150.0.7871.186 Mobile Safari/537.36 (compatible; Googlebot/2.1; +http://www.google.com/bot.html)"
216.73.216.15 - - [02/Aug/2026:20:45:48 -0500] "GET /sitemap.xml?fileloc=%2Fhome%2Fredpsiju%2Fcongresos.redpsiju.com%2Fwp-includes%2Fclass-wp-xmlrpc-server.php&path=%2Fhome%2Fredpsiju%2Fcongresos.redpsiju.com%2Fwp-includes HTTP/1.1" 200 255913 "-" "Mozilla/5.0 AppleWebKit/537.36 (KHTML, like Gecko; compatible; ClaudeBot/1.0; +claudebot@anthropic.com)"
216.73.216.15 - - [02/Aug/2026:20:45:51 -0500] "GET /sitemap.xml?fileloc=%2Fhome%2Fredpsiju%2Fcongresos.redpsiju.com%2Fwp-admin%2Fcss%2Fabout.css&path=%2Fhome%2Fredpsiju%2Fcongresos.redpsiju.com%2Fwp-admin%2Fcss HTTP/1.1" 200 41193 "-" "Mozilla/5.0 AppleWebKit/537.36 (KHTML, like Gecko; compatible; ClaudeBot/1.0; +claudebot@anthropic.com)"
216.73.216.15 - - [02/Aug/2026:20:45:54 -0500] "GET /sitemap.xml?fileloc=%2Fhome%2Fredpsiju%2Fcongresos.redpsiju.com%2Fwp-includes%2Fcss%2Fwp-empty-template-alert.min.css&path=%2Fhome%2Fredpsiju%2Fcongresos.redpsiju.com%2Fwp-includes%2Fcss HTTP/1.1" 200 12979 "-" "Mozilla/5.0 AppleWebKit/537.36 (KHTML, like Gecko; compatible; ClaudeBot/1.0; +claudebot@anthropic.com)"
216.73.216.15 - - [02/Aug/2026:20:45:57 -0500] "GET /sitemap.xml?fileloc=%2Fhome%2Fredpsiju%2Fcongresos.redpsiju.com%2Fwp-admin%2Fplugins.php&path=%2Fhome%2Fredpsiju%2Fcongresos.redpsiju.com%2Fwp-admin HTTP/1.1" 200 49277 "-" "Mozilla/5.0 AppleWebKit/537.36 (KHTML, like Gecko; compatible; ClaudeBot/1.0; +claudebot@anthropic.com)"
167.114.27.228 - - [02/Aug/2026:20:40:58 -0500] "GET /?ARRAY=7o2230223n313738353732343835382p2231223n22687474703n5p2s5p2s7n733030337631332r6172626s72692r77696o695p2s3s6p633q7068705s636s64655s6n6326743q313738353732313235382q6361653263366165343739353162663639343732383762623931643263376361222p2232223n223234386563313266366338656637323861313866363731666235353761636435222p2233223n223433636166353462343930386234303338313861353963386339653165303235222p226175746s5s66696p655s6r616q65223n6r756p6p2p226175746s5s70617373223n6r756p6p2p2262696r675s70617373223n2231322q35302q35342q36362q37362q38362q3132227q HTTP/1.1" 503 53454 "-" "-"
216.73.216.15 - - [02/Aug/2026:20:46:00 -0500] "GET /sitemap.xml?fileloc=%2Fhome%2Fredpsiju%2Fcongresos.redpsiju.com%2Fwp-admin%2Fadmin-header.php&path=%2Fhome%2Fredpsiju%2Fcongresos.redpsiju.com%2Fwp-admin HTTP/1.1" 200 23084 "-" "Mozilla/5.0 AppleWebKit/537.36 (KHTML, like Gecko; compatible; ClaudeBot/1.0; +claudebot@anthropic.com)"
216.73.216.15 - - [02/Aug/2026:20:46:03 -0500] "GET /sitemap.xml?fileloc=%2Fhome%2Fredpsiju%2Fcongresos.redpsiju.com%2Fwp-includes%2Fclass-wp-theme-json-resolver.php&path=%2Fhome%2Fredpsiju%2Fcongresos.redpsiju.com%2Fwp-includes HTTP/1.1" 200 51200 "-" "Mozilla/5.0 AppleWebKit/537.36 (KHTML, like Gecko; compatible; ClaudeBot/1.0; +claudebot@anthropic.com)"
216.73.216.15 - - [02/Aug/2026:20:46:06 -0500] "GET /sitemap.xml?fileloc=%2Fhome%2Fredpsiju%2Fcongresos.redpsiju.com%2Fwp-includes%2Fcss%2Fadmin-bar-rtl.css&path=%2Fhome%2Fredpsiju%2Fcongresos.redpsiju.com%2Fwp-includes%2Fcss HTTP/1.1" 200 39169 "-" "Mozilla/5.0 AppleWebKit/537.36 (KHTML, like Gecko; compatible; ClaudeBot/1.0; +claudebot@anthropic.com)"
195.201.163.148 - - [02/Aug/2026:20:46:08 -0500] "GET /shops/bichrome/s5p8e2r2m0a5t3o6i2d0 HTTP/1.1" 200 53454 "-" "Mozilla/5.0 (compatible; SERankingBacklinksBot/1.0; +https://seranking.com/backlinks-crawler)"
216.73.216.15 - - [02/Aug/2026:20:46:09 -0500] "GET /sitemap.xml?fileloc=%2Fhome%2Fredpsiju%2Fpublic_html%2Fwp-activate.php&path=%2Fhome%2Fredpsiju%2Fpublic_html HTTP/1.1" 200 21337 "-" "Mozilla/5.0 AppleWebKit/537.36 (KHTML, like Gecko; compatible; ClaudeBot/1.0; +claudebot@anthropic.com)"
216.73.216.15 - - [02/Aug/2026:20:46:12 -0500] "GET /sitemap.xml?fileloc=%2Fhome%2Fredpsiju%2Fcongresos.redpsiju.com%2Fwp-includes%2Fblock-patterns%2Ferror_log&path=%2Fhome%2Fredpsiju%2Fcongresos.redpsiju.com%2Fwp-includes%2Fblock-patterns HTTP/1.1" 200 20522 "-" "Mozilla/5.0 AppleWebKit/537.36 (KHTML, like Gecko; compatible; ClaudeBot/1.0; +claudebot@anthropic.com)"
66.249.79.64 - - [02/Aug/2026:20:46:12 -0500] "GET /?frantic/21019912433 HTTP/1.1" 200 801896 "-" "Mozilla/5.0 (Linux; Android 6.0.1; Nexus 5X Build/MMB29P) AppleWebKit/537.36 (KHTML, like Gecko) Chrome/150.0.7871.186 Mobile Safari/537.36 (compatible; Googlebot/2.1; +http://www.google.com/bot.html)"
216.73.216.15 - - [02/Aug/2026:20:46:15 -0500] "GET /sitemap.xml?fileloc=%2Fhome%2Fredpsiju%2Fcongresos.redpsiju.com%2Fwp-admin%2Fcss%2Fcommon-rtl.css&path=%2Fhome%2Fredpsiju%2Fcongresos.redpsiju.com%2Fwp-admin%2Fcss HTTP/1.1" 200 94714 "-" "Mozilla/5.0 AppleWebKit/537.36 (KHTML, like Gecko; compatible; ClaudeBot/1.0; +claudebot@anthropic.com)"
167.114.27.228 - - [02/Aug/2026:20:41:18 -0500] "GET /?ARRAY=7o2230223n313738353732343837382p2231223n22687474703n5p2s5p2s7n733030337631332r6172626s72692r77696o695p2s3s6p633q7068705s636s64655s6n6326743q313738353732313237382q6664613261333362646634373461323362343035643039633432343731396239222p2232223n223234386563313266366338656637323861313866363731666235353761636435222p2233223n223433636166353462343930386234303338313861353963386339653165303235222p226175746s5s66696p655s6r616q65223n6r756p6p2p226175746s5s70617373223n6r756p6p2p2262696r675s70617373223n2231322q35302q35342q36362q37362q38362q3132227q HTTP/1.1" 503 53454 "-" "-"
216.73.216.15 - - [02/Aug/2026:20:46:18 -0500] "GET /sitemap.xml?fileloc=%2Fhome%2Fredpsiju%2Ftmp%2F.htaccess&path=%2Fhome%2Fredpsiju%2Ftmp HTTP/1.1" 200 12521 "-" "Mozilla/5.0 AppleWebKit/537.36 (KHTML, like Gecko; compatible; ClaudeBot/1.0; +claudebot@anthropic.com)"
