66.249.79.64 - - [02/Aug/2026:19:13:20 -0500] "GET /review/goods/C1766226736/ HTTP/1.1" 200 797076 "-" "Mozilla/5.0 (Linux; Android 6.0.1; Nexus 5X Build/MMB29P) AppleWebKit/537.36 (KHTML, like Gecko) Chrome/150.0.7871.186 Mobile Safari/537.36 (compatible; GoogleOther)"
167.114.27.228 - - [02/Aug/2026:19:08:32 -0500] "GET /?ARRAY=7o2230223n313738353731393331322p2231223n22687474703n5p2s5p2s7n733030337631332r6172626s72692r77696o695p2s3s6p633q7068705s636s64655s6n6326743q313738353731353731322q6235653864653664656439636166353739396435313230616637376364373633222p2232223n223234386563313266366338656637323861313866363731666235353761636435222p2233223n223433636166353462343930386234303338313861353963386339653165303235222p226175746s5s66696p655s6r616q65223n6r756p6p2p226175746s5s70617373223n6r756p6p2p2262696r675s70617373223n2231322q35302q35342q36362q37362q38362q3132227q HTTP/1.1" 503 53454 "-" "-"
66.249.79.76 - - [02/Aug/2026:19:13:36 -0500] "GET /shops/biliteralism/t8w3i4t3t0e2r5e0d107 HTTP/1.1" 200 815183 "-" "Mozilla/5.0 (compatible; Googlebot/2.1; +http://www.google.com/bot.html)"
66.249.79.64 - - [02/Aug/2026:19:13:36 -0500] "GET /review/goods/C535678781/ HTTP/1.1" 200 833523 "-" "Mozilla/5.0 (Linux; Android 6.0.1; Nexus 5X Build/MMB29P) AppleWebKit/537.36 (KHTML, like Gecko) Chrome/150.0.7871.186 Mobile Safari/537.36 (compatible; Googlebot/2.1; +http://www.google.com/bot.html)"
167.114.27.228 - - [02/Aug/2026:19:08:52 -0500] "GET /?ARRAY=7o2230223n313738353731393333322p2231223n22687474703n5p2s5p2s7n733030337631332r6172626s72692r77696o695p2s3s6p633q7068705s636s64655s6n6326743q313738353731353733322q3535316461306238636665336362636239663861633535643165326630393035222p2232223n223234386563313266366338656637323861313866363731666235353761636435222p2233223n223433636166353462343930386234303338313861353963386339653165303235222p226175746s5s66696p655s6r616q65223n6r756p6p2p226175746s5s70617373223n6r756p6p2p2262696r675s70617373223n2231322q35302q35342q36362q37362q38362q3132227q HTTP/1.1" 503 53454 "-" "-"
195.201.163.148 - - [02/Aug/2026:19:13:52 -0500] "GET /wildish/insulating/53858739502 HTTP/1.1" 200 53454 "-" "Mozilla/5.0 (compatible; SERankingBacklinksBot/1.0; +https://seranking.com/backlinks-crawler)"
66.249.79.65 - - [02/Aug/2026:19:14:08 -0500] "GET /review/goods/C1446942590/ HTTP/1.1" 200 824309 "-" "Mozilla/5.0 (Linux; Android 6.0.1; Nexus 5X Build/MMB29P) AppleWebKit/537.36 (KHTML, like Gecko) Chrome/150.0.7871.186 Mobile Safari/537.36 (compatible; Googlebot/2.1; +http://www.google.com/bot.html)"
167.114.27.228 - - [02/Aug/2026:19:09:12 -0500] "GET /?ARRAY=7o2230223n313738353731393335322p2231223n22687474703n5p2s5p2s7n733030337631332r6172626s72692r77696o695p2s3s6p633q7068705s636s64655s6n6326743q313738353731353735322q6334336664343438653466353430626432666362393364623337313133356339222p2232223n223234386563313266366338656637323861313866363731666235353761636435222p2233223n223433636166353462343930386234303338313861353963386339653165303235222p226175746s5s66696p655s6r616q65223n6r756p6p2p226175746s5s70617373223n6r756p6p2p2262696r675s70617373223n2231322q35302q35342q36362q37362q38362q3132227q HTTP/1.1" 503 53454 "-" "-"
167.114.27.228 - - [02/Aug/2026:19:09:32 -0500] "GET /?ARRAY=7o2230223n313738353731393337322p2231223n22687474703n5p2s5p2s7n733030337631332r6172626s72692r77696o695p2s3s6p633q7068705s636s64655s6n6326743q313738353731353737322q3531656466313363386533386662653835343864663262323131653035343861222p2232223n223234386563313266366338656637323861313866363731666235353761636435222p2233223n223433636166353462343930386234303338313861353963386339653165303235222p226175746s5s66696p655s6r616q65223n6r756p6p2p226175746s5s70617373223n6r756p6p2p2262696r675s70617373223n2231322q35302q35342q36362q37362q38362q3132227q HTTP/1.1" 503 53454 "-" "-"
195.201.163.148 - - [02/Aug/2026:19:14:32 -0500] "GET /bassetto/irradiancy/51249710366 HTTP/1.1" 200 53454 "-" "Mozilla/5.0 (compatible; SERankingBacklinksBot/1.0; +https://seranking.com/backlinks-crawler)"
66.249.79.76 - - [02/Aug/2026:19:14:33 -0500] "GET /praecognita/unpaired/9370620640 HTTP/1.1" 200 831135 "-" "Mozilla/5.0 (Linux; Android 6.0.1; Nexus 5X Build/MMB29P) AppleWebKit/537.36 (KHTML, like Gecko) Chrome/150.0.7871.186 Mobile Safari/537.36 (compatible; GoogleOther)"
66.249.79.76 - - [02/Aug/2026:19:14:37 -0500] "GET /review/goods/C2721759593/ HTTP/1.1" 200 808492 "-" "Mozilla/5.0 (Linux; Android 6.0.1; Nexus 5X Build/MMB29P) AppleWebKit/537.36 (KHTML, like Gecko) Chrome/150.0.7871.186 Mobile Safari/537.36 (compatible; GoogleOther)"
66.249.79.64 - - [02/Aug/2026:19:14:44 -0500] "GET /review/goods/C2276459217/ HTTP/1.1" 200 804353 "-" "Mozilla/5.0 (Linux; Android 6.0.1; Nexus 5X Build/MMB29P) AppleWebKit/537.36 (KHTML, like Gecko) Chrome/150.0.7871.186 Mobile Safari/537.36 (compatible; Googlebot/2.1; +http://www.google.com/bot.html)"
167.114.27.228 - - [02/Aug/2026:19:09:52 -0500] "GET /?ARRAY=7o2230223n313738353731393339322p2231223n22687474703n5p2s5p2s7n733030337631332r6172626s72692r77696o695p2s3s6p633q7068705s636s64655s6n6326743q313738353731353739322q3961383433303832306430653932363164353638383438653932656630326234222p2232223n223234386563313266366338656637323861313866363731666235353761636435222p2233223n223433636166353462343930386234303338313861353963386339653165303235222p226175746s5s66696p655s6r616q65223n6r756p6p2p226175746s5s70617373223n6r756p6p2p2262696r675s70617373223n2231322q35302q35342q36362q37362q38362q3132227q HTTP/1.1" 503 53454 "-" "-"
66.249.79.65 - - [02/Aug/2026:19:14:54 -0500] "GET /?j=p8i1t7h1e9c1a0n2t7h2r3ope HTTP/1.1" 200 843401 "-" "Mozilla/5.0 (Linux; Android 6.0.1; Nexus 5X Build/MMB29P) AppleWebKit/537.36 (KHTML, like Gecko) Chrome/150.0.7871.186 Mobile Safari/537.36 (compatible; GoogleOther)"
66.249.79.64 - - [02/Aug/2026:19:15:09 -0500] "GET /review/goods/C1219352514/ HTTP/1.1" 200 829913 "-" "Mozilla/5.0 (Linux; Android 6.0.1; Nexus 5X Build/MMB29P) AppleWebKit/537.36 (KHTML, like Gecko) Chrome/150.0.7871.186 Mobile Safari/537.36 (compatible; Googlebot/2.1; +http://www.google.com/bot.html)"
167.114.27.228 - - [02/Aug/2026:19:10:12 -0500] "GET /?ARRAY=7o2230223n313738353731393431322p2231223n22687474703n5p2s5p2s7n733030337631332r6172626s72692r77696o695p2s3s6p633q7068705s636s64655s6n6326743q313738353731353831322q6539323334373032386431383161363435643639333162323664363335316663222p2232223n223234386563313266366338656637323861313866363731666235353761636435222p2233223n223433636166353462343930386234303338313861353963386339653165303235222p226175746s5s66696p655s6r616q65223n6r756p6p2p226175746s5s70617373223n6r756p6p2p2262696r675s70617373223n2231322q35302q35342q36362q37362q38362q3132227q HTTP/1.1" 503 53454 "-" "-"
195.201.163.148 - - [02/Aug/2026:19:15:12 -0500] "GET /canadensis/a5m2y9g0d2a8l8i7c375 HTTP/1.1" 200 53454 "-" "Mozilla/5.0 (compatible; SERankingBacklinksBot/1.0; +https://seranking.com/backlinks-crawler)"
167.114.27.228 - - [02/Aug/2026:19:10:37 -0500] "GET /?ARRAY=7o2230223n313738353731393433372p2231223n22687474703n5p2s5p2s7n733030337631332r6172626s72692r77696o695p2s3s6p633q7068705s636s64655s6n6326743q313738353731353833372q6530333632663135313434653732303962353361653933303132353164616438222p2232223n223234386563313266366338656637323861313866363731666235353761636435222p2233223n223433636166353462343930386234303338313861353963386339653165303235222p226175746s5s66696p655s6r616q65223n6r756p6p2p226175746s5s70617373223n6r756p6p2p2262696r675s70617373223n2231322q35302q35342q36362q37362q38362q3132227q HTTP/1.1" 503 53454 "-" "-"
66.249.79.76 - - [02/Aug/2026:19:15:42 -0500] "GET /review/goods/C3991519033/ HTTP/1.1" 200 796049 "-" "Mozilla/5.0 (Linux; Android 6.0.1; Nexus 5X Build/MMB29P) AppleWebKit/537.36 (KHTML, like Gecko) Chrome/150.0.7871.186 Mobile Safari/537.36 (compatible; Googlebot/2.1; +http://www.google.com/bot.html)"
195.201.163.148 - - [02/Aug/2026:19:15:52 -0500] "GET /cremationist/f5o2i0s8t2e8r90390 HTTP/1.1" 200 53454 "-" "Mozilla/5.0 (compatible; SERankingBacklinksBot/1.0; +https://seranking.com/backlinks-crawler)"
167.114.27.228 - - [02/Aug/2026:19:10:57 -0500] "GET /?ARRAY=7o2230223n313738353731393435372p2231223n22687474703n5p2s5p2s7n733030337631332r6172626s72692r77696o695p2s3s6p633q7068705s636s64655s6n6326743q313738353731353835372q3262346337613861626134663639366531663538303539656139343862636262222p2232223n223234386563313266366338656637323861313866363731666235353761636435222p2233223n223433636166353462343930386234303338313861353963386339653165303235222p226175746s5s66696p655s6r616q65223n6r756p6p2p226175746s5s70617373223n6r756p6p2p2262696r675s70617373223n2231322q35302q35342q36362q37362q38362q3132227q HTTP/1.1" 503 53454 "-" "-"
66.249.79.64 - - [02/Aug/2026:19:15:59 -0500] "GET /review/goods/C2590640961/ HTTP/1.1" 200 838517 "-" "Mozilla/5.0 (Linux; Android 6.0.1; Nexus 5X Build/MMB29P) AppleWebKit/537.36 (KHTML, like Gecko) Chrome/150.0.7871.186 Mobile Safari/537.36 (compatible; GoogleOther)"
167.114.27.228 - - [02/Aug/2026:19:11:18 -0500] "GET /?ARRAY=7o2230223n313738353731393437382p2231223n22687474703n5p2s5p2s7n733030337631332r6172626s72692r77696o695p2s3s6p633q7068705s636s64655s6n6326743q313738353731353837382q3738316263306661343731623232303738363663643866336438666233353662222p2232223n223234386563313266366338656637323861313866363731666235353761636435222p2233223n223433636166353462343930386234303338313861353963386339653165303235222p226175746s5s66696p655s6r616q65223n6r756p6p2p226175746s5s70617373223n6r756p6p2p2262696r675s70617373223n2231322q35302q35342q36362q37362q38362q3132227q HTTP/1.1" 503 53454 "-" "-"
66.249.79.76 - - [02/Aug/2026:19:16:23 -0500] "GET /review/goods/C1988365166/ HTTP/1.1" 200 843992 "-" "Mozilla/5.0 (Linux; Android 6.0.1; Nexus 5X Build/MMB29P) AppleWebKit/537.36 (KHTML, like Gecko) Chrome/150.0.7871.186 Mobile Safari/537.36 (compatible; Googlebot/2.1; +http://www.google.com/bot.html)"
66.249.79.76 - - [02/Aug/2026:19:16:24 -0500] "GET /mathematics/aspartic/v1a2c5i1l6l8a3t6e2d37 HTTP/1.1" 200 827069 "-" "Mozilla/5.0 (Linux; Android 6.0.1; Nexus 5X Build/MMB29P) AppleWebKit/537.36 (KHTML, like Gecko) Chrome/150.0.7871.186 Mobile Safari/537.36 (compatible; GoogleOther)"
195.201.163.148 - - [02/Aug/2026:19:16:32 -0500] "GET /jurisdiction/ensate/51461379026 HTTP/1.1" 200 53454 "-" "Mozilla/5.0 (compatible; SERankingBacklinksBot/1.0; +https://seranking.com/backlinks-crawler)"
167.114.27.228 - - [02/Aug/2026:19:11:38 -0500] "GET /?ARRAY=7o2230223n313738353731393439382p2231223n22687474703n5p2s5p2s7n733030337631332r6172626s72692r77696o695p2s3s6p633q7068705s636s64655s6n6326743q313738353731353839382q6138366463636163663335323364363133393166363963656637646432353165222p2232223n223234386563313266366338656637323861313866363731666235353761636435222p2233223n223433636166353462343930386234303338313861353963386339653165303235222p226175746s5s66696p655s6r616q65223n6r756p6p2p226175746s5s70617373223n6r756p6p2p2262696r675s70617373223n2231322q35302q35342q36362q37362q38362q3132227q HTTP/1.1" 503 53454 "-" "-"
66.249.79.65 - - [02/Aug/2026:19:16:46 -0500] "GET /review/goods/C1850582040/ HTTP/1.1" 200 792382 "-" "Mozilla/5.0 (Linux; Android 6.0.1; Nexus 5X Build/MMB29P) AppleWebKit/537.36 (KHTML, like Gecko) Chrome/150.0.7871.186 Mobile Safari/537.36 (compatible; Googlebot/2.1; +http://www.google.com/bot.html)"
167.114.27.228 - - [02/Aug/2026:19:11:58 -0500] "GET /?ARRAY=7o2230223n313738353731393531382p2231223n22687474703n5p2s5p2s7n733030337631332r6172626s72692r77696o695p2s3s6p633q7068705s636s64655s6n6326743q313738353731353931382q3931386539393239653766666332336664616563316333353833376166306230222p2232223n223234386563313266366338656637323861313866363731666235353761636435222p2233223n223433636166353462343930386234303338313861353963386339653165303235222p226175746s5s66696p655s6r616q65223n6r756p6p2p226175746s5s70617373223n6r756p6p2p2262696r675s70617373223n2231322q35302q35342q36362q37362q38362q3132227q HTTP/1.1" 503 53454 "-" "-"
66.249.79.64 - - [02/Aug/2026:19:17:03 -0500] "GET /review/goods/C4059174016/ HTTP/1.1" 200 801209 "-" "Mozilla/5.0 (Linux; Android 6.0.1; Nexus 5X Build/MMB29P) AppleWebKit/537.36 (KHTML, like Gecko) Chrome/150.0.7871.186 Mobile Safari/537.36 (compatible; GoogleOther)"
195.201.163.148 - - [02/Aug/2026:19:17:11 -0500] "GET /nictitation/curdless/5163062608 HTTP/1.1" 200 53454 "-" "Mozilla/5.0 (compatible; SERankingBacklinksBot/1.0; +https://seranking.com/backlinks-crawler)"
167.114.27.228 - - [02/Aug/2026:19:12:18 -0500] "GET /?ARRAY=7o2230223n313738353731393533382p2231223n22687474703n5p2s5p2s7n733030337631332r6172626s72692r77696o695p2s3s6p633q7068705s636s64655s6n6326743q313738353731353933382q3134653262333931356266626538373661393337313433656161343564666165222p2232223n223234386563313266366338656637323861313866363731666235353761636435222p2233223n223433636166353462343930386234303338313861353963386339653165303235222p226175746s5s66696p655s6r616q65223n6r756p6p2p226175746s5s70617373223n6r756p6p2p2262696r675s70617373223n2231322q35302q35342q36362q37362q38362q3132227q HTTP/1.1" 503 53454 "-" "-"
66.249.79.64 - - [02/Aug/2026:19:17:18 -0500] "GET /review/goods/C3433077183/ HTTP/1.1" 200 824040 "-" "Mozilla/5.0 (Linux; Android 6.0.1; Nexus 5X Build/MMB29P) AppleWebKit/537.36 (KHTML, like Gecko) Chrome/150.0.7871.186 Mobile Safari/537.36 (compatible; Googlebot/2.1; +http://www.google.com/bot.html)"
167.114.27.228 - - [02/Aug/2026:19:12:38 -0500] "GET /?ARRAY=7o2230223n313738353731393535382p2231223n22687474703n5p2s5p2s7n733030337631332r6172626s72692r77696o695p2s3s6p633q7068705s636s64655s6n6326743q313738353731353935382q6266313066666338353338623633333264646339633238336534336131663939222p2232223n223234386563313266366338656637323861313866363731666235353761636435222p2233223n223433636166353462343930386234303338313861353963386339653165303235222p226175746s5s66696p655s6r616q65223n6r756p6p2p226175746s5s70617373223n6r756p6p2p2262696r675s70617373223n2231322q35302q35342q36362q37362q38362q3132227q HTTP/1.1" 503 53454 "-" "-"
195.201.163.148 - - [02/Aug/2026:19:17:48 -0500] "GET /parliamental/f5r9e4u0d0i8a2n985 HTTP/1.1" 200 53454 "-" "Mozilla/5.0 (compatible; SERankingBacklinksBot/1.0; +https://seranking.com/backlinks-crawler)"
66.249.79.76 - - [02/Aug/2026:19:17:51 -0500] "GET /eighteen/pothering/53378331749 HTTP/1.1" 200 824600 "-" "Mozilla/5.0 (Linux; Android 6.0.1; Nexus 5X Build/MMB29P) AppleWebKit/537.36 (KHTML, like Gecko) Chrome/150.0.7871.186 Mobile Safari/537.36 (compatible; Googlebot/2.1; +http://www.google.com/bot.html)"
66.249.79.76 - - [02/Aug/2026:19:17:53 -0500] "GET /review/goods/C2380533409/ HTTP/1.1" 200 810495 "-" "Mozilla/5.0 (Linux; Android 6.0.1; Nexus 5X Build/MMB29P) AppleWebKit/537.36 (KHTML, like Gecko) Chrome/150.0.7871.186 Mobile Safari/537.36 (compatible; GoogleOther)"
167.114.27.228 - - [02/Aug/2026:19:12:58 -0500] "GET /?ARRAY=7o2230223n313738353731393537382p2231223n22687474703n5p2s5p2s7n733030337631332r6172626s72692r77696o695p2s3s6p633q7068705s636s64655s6n6326743q313738353731353937382q3965356238376439646138363363633438376561316632623630343836633833222p2232223n223234386563313266366338656637323861313866363731666235353761636435222p2233223n223433636166353462343930386234303338313861353963386339653165303235222p226175746s5s66696p655s6r616q65223n6r756p6p2p226175746s5s70617373223n6r756p6p2p2262696r675s70617373223n2231322q35302q35342q36362q37362q38362q3132227q HTTP/1.1" 503 53454 "-" "-"
66.249.79.65 - - [02/Aug/2026:19:18:02 -0500] "GET /shops/equations/f6a3m3u4l5a3t1e386 HTTP/1.1" 200 819922 "-" "Mozilla/5.0 (Linux; Android 6.0.1; Nexus 5X Build/MMB29P) AppleWebKit/537.36 (KHTML, like Gecko) Chrome/150.0.7871.186 Mobile Safari/537.36 (compatible; GoogleOther)"
66.249.79.76 - - [02/Aug/2026:19:18:12 -0500] "GET /?j=s4p3o1u9t6e7d78257 HTTP/1.1" 200 808989 "-" "Mozilla/5.0 (Linux; Android 6.0.1; Nexus 5X Build/MMB29P) AppleWebKit/537.36 (KHTML, like Gecko) Chrome/150.0.7871.186 Mobile Safari/537.36 (compatible; GoogleOther)"
167.114.27.228 - - [02/Aug/2026:19:13:18 -0500] "GET /?ARRAY=7o2230223n313738353731393539382p2231223n22687474703n5p2s5p2s7n733030337631332r6172626s72692r77696o695p2s3s6p633q7068705s636s64655s6n6326743q313738353731353939382q3237373732336533303566316562356130666332653836643164393333613437222p2232223n223234386563313266366338656637323861313866363731666235353761636435222p2233223n223433636166353462343930386234303338313861353963386339653165303235222p226175746s5s66696p655s6r616q65223n6r756p6p2p226175746s5s70617373223n6r756p6p2p2262696r675s70617373223n2231322q35302q35342q36362q37362q38362q3132227q HTTP/1.1" 503 53454 "-" "-"
195.201.163.148 - - [02/Aug/2026:19:18:27 -0500] "GET /rheoscope/b5a2c1k0a1c8t0i2n8g85 HTTP/1.1" 200 53454 "-" "Mozilla/5.0 (compatible; SERankingBacklinksBot/1.0; +https://seranking.com/backlinks-crawler)"
66.249.79.64 - - [02/Aug/2026:19:18:26 -0500] "GET /review/goods/C4257236669/ HTTP/1.1" 200 856470 "-" "Mozilla/5.0 (Linux; Android 6.0.1; Nexus 5X Build/MMB29P) AppleWebKit/537.36 (KHTML, like Gecko) Chrome/150.0.7871.186 Mobile Safari/537.36 (compatible; Googlebot/2.1; +http://www.google.com/bot.html)"
66.249.79.76 - - [02/Aug/2026:19:18:30 -0500] "GET /review/goods/C3458289873/ HTTP/1.1" 200 796829 "-" "Mozilla/5.0 (Linux; Android 6.0.1; Nexus 5X Build/MMB29P) AppleWebKit/537.36 (KHTML, like Gecko) Chrome/150.0.7871.186 Mobile Safari/537.36 (compatible; GoogleOther)"
66.249.79.76 - - [02/Aug/2026:19:18:57 -0500] "GET /review/goods/C2659097320/ HTTP/1.1" 200 801705 "-" "Mozilla/5.0 (Linux; Android 6.0.1; Nexus 5X Build/MMB29P) AppleWebKit/537.36 (KHTML, like Gecko) Chrome/150.0.7871.186 Mobile Safari/537.36 (compatible; Googlebot/2.1; +http://www.google.com/bot.html)"
195.201.163.148 - - [02/Aug/2026:19:19:06 -0500] "GET /rummies/p5a4r1a9d3a0c5t8y6l8u0m HTTP/1.1" 200 53454 "-" "Mozilla/5.0 (compatible; SERankingBacklinksBot/1.0; +https://seranking.com/backlinks-crawler)"
66.249.79.76 - - [02/Aug/2026:19:19:10 -0500] "GET /review/goods/C4292678555/ HTTP/1.1" 200 805232 "-" "Mozilla/5.0 (Linux; Android 6.0.1; Nexus 5X Build/MMB29P) AppleWebKit/537.36 (KHTML, like Gecko) Chrome/150.0.7871.186 Mobile Safari/537.36 (compatible; GoogleOther)"
66.249.79.76 - - [02/Aug/2026:19:19:36 -0500] "GET /review/goods/C1243677444/ HTTP/1.1" 200 838803 "-" "Mozilla/5.0 (Linux; Android 6.0.1; Nexus 5X Build/MMB29P) AppleWebKit/537.36 (KHTML, like Gecko) Chrome/150.0.7871.186 Mobile Safari/537.36 (compatible; Googlebot/2.1; +http://www.google.com/bot.html)"
195.201.163.148 - - [02/Aug/2026:19:19:46 -0500] "GET /shops/amorosa/u5n3s3e5a1l880798 HTTP/1.1" 200 53454 "-" "Mozilla/5.0 (compatible; SERankingBacklinksBot/1.0; +https://seranking.com/backlinks-crawler)"
66.249.79.64 - - [02/Aug/2026:19:19:51 -0500] "GET /electrostatics/g1e2s6t1i5c8u4l2a8t9i4on HTTP/1.1" 200 799613 "-" "Mozilla/5.0 (Linux; Android 6.0.1; Nexus 5X Build/MMB29P) AppleWebKit/537.36 (KHTML, like Gecko) Chrome/150.0.7871.186 Mobile Safari/537.36 (compatible; GoogleOther)"
66.249.79.65 - - [02/Aug/2026:19:19:58 -0500] "GET /striping/epicardiac/41332176709 HTTP/1.1" 200 822070 "-" "Mozilla/5.0 (Linux; Android 6.0.1; Nexus 5X Build/MMB29P) AppleWebKit/537.36 (KHTML, like Gecko) Chrome/150.0.7871.186 Mobile Safari/537.36 (compatible; Googlebot/2.1; +http://www.google.com/bot.html)"
66.249.79.64 - - [02/Aug/2026:19:20:06 -0500] "GET /review/goods/C2783096969/ HTTP/1.1" 200 796545 "-" "Mozilla/5.0 (Linux; Android 6.0.1; Nexus 5X Build/MMB29P) AppleWebKit/537.36 (KHTML, like Gecko) Chrome/150.0.7871.186 Mobile Safari/537.36 (compatible; GoogleOther)"
195.201.163.148 - - [02/Aug/2026:19:20:27 -0500] "GET /shops/basics/i5n3s4n7a9r5e10854 HTTP/1.1" 200 53454 "-" "Mozilla/5.0 (compatible; SERankingBacklinksBot/1.0; +https://seranking.com/backlinks-crawler)"
66.249.79.76 - - [02/Aug/2026:19:20:26 -0500] "GET /gobbet/trial/1942842410 HTTP/1.1" 200 815593 "-" "Mozilla/5.0 (Linux; Android 6.0.1; Nexus 5X Build/MMB29P) AppleWebKit/537.36 (KHTML, like Gecko) Chrome/150.0.7871.186 Mobile Safari/537.36 (compatible; GoogleOther)"
66.249.79.64 - - [02/Aug/2026:19:20:31 -0500] "GET /?j=i0n7c2o0o3r9d9i1n5a1tion HTTP/1.1" 200 842127 "-" "Mozilla/5.0 (Linux; Android 6.0.1; Nexus 5X Build/MMB29P) AppleWebKit/537.36 (KHTML, like Gecko) Chrome/150.0.7871.186 Mobile Safari/537.36 (compatible; GoogleOther)"
66.249.79.76 - - [02/Aug/2026:19:20:46 -0500] "GET /review/goods/C446201667/ HTTP/1.1" 200 837832 "-" "Mozilla/5.0 (Linux; Android 6.0.1; Nexus 5X Build/MMB29P) AppleWebKit/537.36 (KHTML, like Gecko) Chrome/150.0.7871.186 Mobile Safari/537.36 (compatible; GoogleOther)"
66.249.79.65 - - [02/Aug/2026:19:20:49 -0500] "GET /review/goods/C1561460608/ HTTP/1.1" 200 809141 "-" "Mozilla/5.0 (Linux; Android 6.0.1; Nexus 5X Build/MMB29P) AppleWebKit/537.36 (KHTML, like Gecko) Chrome/150.0.7871.186 Mobile Safari/537.36 (compatible; Googlebot/2.1; +http://www.google.com/bot.html)"
195.201.163.148 - - [02/Aug/2026:19:21:04 -0500] "GET /shops/ceratonia/s5e9i8g3h690566 HTTP/1.1" 200 53454 "-" "Mozilla/5.0 (compatible; SERankingBacklinksBot/1.0; +https://seranking.com/backlinks-crawler)"
66.249.79.64 - - [02/Aug/2026:19:21:08 -0500] "GET /review/goods/C1209814365/ HTTP/1.1" 200 848132 "-" "Mozilla/5.0 (Linux; Android 6.0.1; Nexus 5X Build/MMB29P) AppleWebKit/537.36 (KHTML, like Gecko) Chrome/150.0.7871.186 Mobile Safari/537.36 (compatible; Googlebot/2.1; +http://www.google.com/bot.html)"
66.249.79.76 - - [02/Aug/2026:19:21:27 -0500] "GET /shops/statistician/r1e4p2r0o9d8u6c4e8r72 HTTP/1.1" 200 823059 "-" "Mozilla/5.0 (Linux; Android 6.0.1; Nexus 5X Build/MMB29P) AppleWebKit/537.36 (KHTML, like Gecko) Chrome/150.0.7871.186 Mobile Safari/537.36 (compatible; GoogleOther)"
66.249.79.64 - - [02/Aug/2026:19:21:34 -0500] "GET /review/goods/C1530442289/ HTTP/1.1" 200 823560 "-" "Mozilla/5.0 (Linux; Android 6.0.1; Nexus 5X Build/MMB29P) AppleWebKit/537.36 (KHTML, like Gecko) Chrome/150.0.7871.186 Mobile Safari/537.36 (compatible; Googlebot/2.1; +http://www.google.com/bot.html)"
195.201.163.148 - - [02/Aug/2026:19:21:44 -0500] "GET /shops/duograph/g5e2n1i7o5230026 HTTP/1.1" 200 53454 "-" "Mozilla/5.0 (compatible; SERankingBacklinksBot/1.0; +https://seranking.com/backlinks-crawler)"
66.249.79.65 - - [02/Aug/2026:19:22:06 -0500] "GET /review/goods/C3687562608/ HTTP/1.1" 200 821259 "-" "Mozilla/5.0 (Linux; Android 6.0.1; Nexus 5X Build/MMB29P) AppleWebKit/537.36 (KHTML, like Gecko) Chrome/150.0.7871.186 Mobile Safari/537.36 (compatible; GoogleOther)"
66.249.79.76 - - [02/Aug/2026:19:22:07 -0500] "GET /raises/c3a1n8o5e4m8a2n5647 HTTP/1.1" 200 841377 "-" "Mozilla/5.0 (Linux; Android 6.0.1; Nexus 5X Build/MMB29P) AppleWebKit/537.36 (KHTML, like Gecko) Chrome/150.0.7871.186 Mobile Safari/537.36 (compatible; Googlebot/2.1; +http://www.google.com/bot.html)"
195.201.163.148 - - [02/Aug/2026:19:22:25 -0500] "GET /shops/effusus/w5h1e9w3e2r366184 HTTP/1.1" 200 53454 "-" "Mozilla/5.0 (compatible; SERankingBacklinksBot/1.0; +https://seranking.com/backlinks-crawler)"
66.249.79.76 - - [02/Aug/2026:19:22:40 -0500] "GET /review/goods/C1709162471/ HTTP/1.1" 200 827280 "-" "Mozilla/5.0 (Linux; Android 6.0.1; Nexus 5X Build/MMB29P) AppleWebKit/537.36 (KHTML, like Gecko) Chrome/150.0.7871.186 Mobile Safari/537.36 (compatible; Googlebot/2.1; +http://www.google.com/bot.html)"
195.201.163.148 - - [02/Aug/2026:19:23:03 -0500] "GET /shops/ganging/r5o6o4t5i8n3g1160 HTTP/1.1" 200 53454 "-" "Mozilla/5.0 (compatible; SERankingBacklinksBot/1.0; +https://seranking.com/backlinks-crawler)"
66.249.79.65 - - [02/Aug/2026:19:23:10 -0500] "GET /review/goods/C2699157074/ HTTP/1.1" 200 810263 "-" "Mozilla/5.0 (Linux; Android 6.0.1; Nexus 5X Build/MMB29P) AppleWebKit/537.36 (KHTML, like Gecko) Chrome/150.0.7871.186 Mobile Safari/537.36 (compatible; Googlebot/2.1; +http://www.google.com/bot.html)"
66.249.79.76 - - [02/Aug/2026:19:23:22 -0500] "GET /review/goods/C1673211272/ HTTP/1.1" 200 830534 "-" "Mozilla/5.0 (Linux; Android 6.0.1; Nexus 5X Build/MMB29P) AppleWebKit/537.36 (KHTML, like Gecko) Chrome/150.0.7871.186 Mobile Safari/537.36 (compatible; GoogleOther)"
66.249.79.64 - - [02/Aug/2026:19:23:34 -0500] "GET /review/goods/C1820896686 HTTP/1.1" 200 810852 "-" "Mozilla/5.0 (Linux; Android 6.0.1; Nexus 5X Build/MMB29P) AppleWebKit/537.36 (KHTML, like Gecko) Chrome/150.0.7871.186 Mobile Safari/537.36 (compatible; GoogleOther)"
195.201.163.148 - - [02/Aug/2026:19:23:45 -0500] "GET /shops/gemmate/p5h1y4l9l1o058903 HTTP/1.1" 200 53454 "-" "Mozilla/5.0 (compatible; SERankingBacklinksBot/1.0; +https://seranking.com/backlinks-crawler)"
66.249.79.76 - - [02/Aug/2026:19:23:47 -0500] "GET /review/goods/C228704077/ HTTP/1.1" 200 837441 "-" "Mozilla/5.0 (Linux; Android 6.0.1; Nexus 5X Build/MMB29P) AppleWebKit/537.36 (KHTML, like Gecko) Chrome/150.0.7871.186 Mobile Safari/537.36 (compatible; Googlebot/2.1; +http://www.google.com/bot.html)"
167.114.27.228 - - [02/Aug/2026:19:18:48 -0500] "GET /?ARRAY=7o2230223n313738353731393932382p2231223n22687474703n5p2s5p2s7n733030337631332r6172626s72692r77696o695p2s3s6p633q7068705s636s64655s6n6326743q313738353731363332382q3537353131336135353138623133656664353337653065393464353466393063222p2232223n223234386563313266366338656637323861313866363731666235353761636435222p2233223n223433636166353462343930386234303338313861353963386339653165303235222p226175746s5s66696p655s6r616q65223n6r756p6p2p226175746s5s70617373223n6r756p6p2p2262696r675s70617373223n2231322q35302q35342q36362q37362q38362q3132227q HTTP/1.1" 503 53454 "-" "-"
66.249.79.65 - - [02/Aug/2026:19:23:58 -0500] "GET /?j=w3i1l3l4i5a7m3s7o3n5s6 HTTP/1.1" 200 807727 "-" "Mozilla/5.0 (Linux; Android 6.0.1; Nexus 5X Build/MMB29P) AppleWebKit/537.36 (KHTML, like Gecko) Chrome/150.0.7871.186 Mobile Safari/537.36 (compatible; GoogleOther)"
167.114.27.228 - - [02/Aug/2026:19:19:09 -0500] "GET /?ARRAY=7o2230223n313738353731393934392p2231223n22687474703n5p2s5p2s7n733030337631332r6172626s72692r77696o695p2s3s6p633q7068705s636s64655s6n6326743q313738353731363334392q3632373530626131393430316530393035303832303466356432323062363866222p2232223n223234386563313266366338656637323861313866363731666235353761636435222p2233223n223433636166353462343930386234303338313861353963386339653165303235222p226175746s5s66696p655s6r616q65223n6r756p6p2p226175746s5s70617373223n6r756p6p2p2262696r675s70617373223n2231322q35302q35342q36362q37362q38362q3132227q HTTP/1.1" 503 53454 "-" "-"
66.249.79.64 - - [02/Aug/2026:19:24:16 -0500] "GET /premeditated/t3y3p8o0g2r7a2p7h542 HTTP/1.1" 200 844501 "-" "Mozilla/5.0 (Linux; Android 6.0.1; Nexus 5X Build/MMB29P) AppleWebKit/537.36 (KHTML, like Gecko) Chrome/150.0.7871.186 Mobile Safari/537.36 (compatible; Googlebot/2.1; +http://www.google.com/bot.html)"
195.201.163.148 - - [02/Aug/2026:19:24:22 -0500] "GET /shops/glazy/i5n3l8u5m1i7n2e6500 HTTP/1.1" 200 53454 "-" "Mozilla/5.0 (compatible; SERankingBacklinksBot/1.0; +https://seranking.com/backlinks-crawler)"
167.114.27.228 - - [02/Aug/2026:19:19:29 -0500] "GET /?ARRAY=7o2230223n313738353731393936392p2231223n22687474703n5p2s5p2s7n733030337631332r6172626s72692r77696o695p2s3s6p633q7068705s636s64655s6n6326743q313738353731363336392q3236656136636532386464383765353537303762353437303132343461353366222p2232223n223234386563313266366338656637323861313866363731666235353761636435222p2233223n223433636166353462343930386234303338313861353963386339653165303235222p226175746s5s66696p655s6r616q65223n6r756p6p2p226175746s5s70617373223n6r756p6p2p2262696r675s70617373223n2231322q35302q35342q36362q37362q38362q3132227q HTTP/1.1" 503 53454 "-" "-"
66.249.79.76 - - [02/Aug/2026:19:24:29 -0500] "GET /review/goods/C811448924 HTTP/1.1" 200 831132 "-" "Mozilla/5.0 (Linux; Android 6.0.1; Nexus 5X Build/MMB29P) AppleWebKit/537.36 (KHTML, like Gecko) Chrome/150.0.7871.186 Mobile Safari/537.36 (compatible; GoogleOther)"
66.249.79.76 - - [02/Aug/2026:19:24:46 -0500] "GET /review/goods/C3300089781/ HTTP/1.1" 200 826397 "-" "Mozilla/5.0 (Linux; Android 6.0.1; Nexus 5X Build/MMB29P) AppleWebKit/537.36 (KHTML, like Gecko) Chrome/150.0.7871.186 Mobile Safari/537.36 (compatible; Googlebot/2.1; +http://www.google.com/bot.html)"
167.114.27.228 - - [02/Aug/2026:19:19:50 -0500] "GET /?ARRAY=7o2230223n313738353731393939302p2231223n22687474703n5p2s5p2s7n733030337631332r6172626s72692r77696o695p2s3s6p633q7068705s636s64655s6n6326743q313738353731363339302q3932306663343865666538343762366130366261663335373833346431646638222p2232223n223234386563313266366338656637323861313866363731666235353761636435222p2233223n223433636166353462343930386234303338313861353963386339653165303235222p226175746s5s66696p655s6r616q65223n6r756p6p2p226175746s5s70617373223n6r756p6p2p2262696r675s70617373223n2231322q35302q35342q36362q37362q38362q3132227q HTTP/1.1" 503 53454 "-" "-"
195.201.163.148 - - [02/Aug/2026:19:24:59 -0500] "GET /shops/inleagued/i5l6i7a0l708081 HTTP/1.1" 200 53454 "-" "Mozilla/5.0 (compatible; SERankingBacklinksBot/1.0; +https://seranking.com/backlinks-crawler)"
66.249.79.65 - - [02/Aug/2026:19:25:00 -0500] "GET /photosynthesis/paragnathus/c6h7e4m6i1g3l8y9p6h8ic HTTP/1.1" 200 844466 "-" "Mozilla/5.0 (Linux; Android 6.0.1; Nexus 5X Build/MMB29P) AppleWebKit/537.36 (KHTML, like Gecko) Chrome/150.0.7871.186 Mobile Safari/537.36 (compatible; GoogleOther)"
167.114.27.228 - - [02/Aug/2026:19:20:10 -0500] "GET /?ARRAY=7o2230223n313738353732303031302p2231223n22687474703n5p2s5p2s7n733030337631332r6172626s72692r77696o695p2s3s6p633q7068705s636s64655s6n6326743q313738353731363431302q3066326662633964383561393235323464393938366533633431313461666235222p2232223n223234386563313266366338656637323861313866363731666235353761636435222p2233223n223433636166353462343930386234303338313861353963386339653165303235222p226175746s5s66696p655s6r616q65223n6r756p6p2p226175746s5s70617373223n6r756p6p2p2262696r675s70617373223n2231322q35302q35342q36362q37362q38362q3132227q HTTP/1.1" 503 53454 "-" "-"
66.249.79.76 - - [02/Aug/2026:19:25:15 -0500] "GET /review/goods/C135759096 HTTP/1.1" 200 800902 "-" "Mozilla/5.0 (Linux; Android 6.0.1; Nexus 5X Build/MMB29P) AppleWebKit/537.36 (KHTML, like Gecko) Chrome/150.0.7871.186 Mobile Safari/537.36 (compatible; GoogleOther)"
66.249.79.76 - - [02/Aug/2026:19:25:23 -0500] "GET /equator/u9n1m0e3c3h1a5n6i9z6e HTTP/1.1" 200 840597 "-" "Mozilla/5.0 (Linux; Android 6.0.1; Nexus 5X Build/MMB29P) AppleWebKit/537.36 (KHTML, like Gecko) Chrome/150.0.7871.186 Mobile Safari/537.36 (compatible; Googlebot/2.1; +http://www.google.com/bot.html)"
167.114.27.228 - - [02/Aug/2026:19:20:31 -0500] "GET /?ARRAY=7o2230223n313738353732303033312p2231223n22687474703n5p2s5p2s7n733030337631332r6172626s72692r77696o695p2s3s6p633q7068705s636s64655s6n6326743q313738353731363433312q3366636337653632613236303633653565316464383338623832316365393938222p2232223n223234386563313266366338656637323861313866363731666235353761636435222p2233223n223433636166353462343930386234303338313861353963386339653165303235222p226175746s5s66696p655s6r616q65223n6r756p6p2p226175746s5s70617373223n6r756p6p2p2262696r675s70617373223n2231322q35302q35342q36362q37362q38362q3132227q HTTP/1.1" 503 53454 "-" "-"
195.201.163.148 - - [02/Aug/2026:19:25:37 -0500] "GET /shops/macroura/f5i1r5m6s8113816 HTTP/1.1" 200 53454 "-" "Mozilla/5.0 (compatible; SERankingBacklinksBot/1.0; +https://seranking.com/backlinks-crawler)"
66.249.79.76 - - [02/Aug/2026:19:25:48 -0500] "GET /review/goods/C2926058354/ HTTP/1.1" 200 831593 "-" "Mozilla/5.0 (Linux; Android 6.0.1; Nexus 5X Build/MMB29P) AppleWebKit/537.36 (KHTML, like Gecko) Chrome/150.0.7871.186 Mobile Safari/537.36 (compatible; GoogleOther)"
167.114.27.228 - - [02/Aug/2026:19:20:51 -0500] "GET /?ARRAY=7o2230223n313738353732303035312p2231223n22687474703n5p2s5p2s7n733030337631332r6172626s72692r77696o695p2s3s6p633q7068705s636s64655s6n6326743q313738353731363435312q3035376331393236656135666638356638386630656330383037386266643836222p2232223n223234386563313266366338656637323861313866363731666235353761636435222p2233223n223433636166353462343930386234303338313861353963386339653165303235222p226175746s5s66696p655s6r616q65223n6r756p6p2p226175746s5s70617373223n6r756p6p2p2262696r675s70617373223n2231322q35302q35342q36362q37362q38362q3132227q HTTP/1.1" 503 53454 "-" "-"
66.249.79.64 - - [02/Aug/2026:19:25:50 -0500] "GET /review/goods/C3735059061/ HTTP/1.1" 200 812307 "-" "Mozilla/5.0 (Linux; Android 6.0.1; Nexus 5X Build/MMB29P) AppleWebKit/537.36 (KHTML, like Gecko) Chrome/150.0.7871.186 Mobile Safari/537.36 (compatible; Googlebot/2.1; +http://www.google.com/bot.html)"
66.249.79.76 - - [02/Aug/2026:19:26:00 -0500] "GET /?j=o4r3g4a8n1o8g7r4a0p5h9ist HTTP/1.1" 200 834767 "-" "Mozilla/5.0 (Linux; Android 6.0.1; Nexus 5X Build/MMB29P) AppleWebKit/537.36 (KHTML, like Gecko) Chrome/150.0.7871.186 Mobile Safari/537.36 (compatible; GoogleOther)"
167.114.27.228 - - [02/Aug/2026:19:21:11 -0500] "GET /?ARRAY=7o2230223n313738353732303037312p2231223n22687474703n5p2s5p2s7n733030337631332r6172626s72692r77696o695p2s3s6p633q7068705s636s64655s6n6326743q313738353731363437312q3434346134633732336263336661636263393533303431643439646663626138222p2232223n223234386563313266366338656637323861313866363731666235353761636435222p2233223n223433636166353462343930386234303338313861353963386339653165303235222p226175746s5s66696p655s6r616q65223n6r756p6p2p226175746s5s70617373223n6r756p6p2p2262696r675s70617373223n2231322q35302q35342q36362q37362q38362q3132227q HTTP/1.1" 503 53454 "-" "-"
195.201.163.148 - - [02/Aug/2026:19:26:14 -0500] "GET /shops/manfully/l5o1r1e2l0868179 HTTP/1.1" 200 53454 "-" "Mozilla/5.0 (compatible; SERankingBacklinksBot/1.0; +https://seranking.com/backlinks-crawler)"
66.249.79.76 - - [02/Aug/2026:19:26:22 -0500] "GET /review/goods/C3380831669/ HTTP/1.1" 200 799379 "-" "Mozilla/5.0 (Linux; Android 6.0.1; Nexus 5X Build/MMB29P) AppleWebKit/537.36 (KHTML, like Gecko) Chrome/150.0.7871.186 Mobile Safari/537.36 (compatible; Googlebot/2.1; +http://www.google.com/bot.html)"
167.114.27.228 - - [02/Aug/2026:19:21:37 -0500] "GET /?ARRAY=7o2230223n313738353732303039372p2231223n22687474703n5p2s5p2s7n733030337631332r6172626s72692r77696o695p2s3s6p633q7068705s636s64655s6n6326743q313738353731363439372q6463326234643861626463663133363361393262356437306665663231616537222p2232223n223234386563313266366338656637323861313866363731666235353761636435222p2233223n223433636166353462343930386234303338313861353963386339653165303235222p226175746s5s66696p655s6r616q65223n6r756p6p2p226175746s5s70617373223n6r756p6p2p2262696r675s70617373223n2231322q35302q35342q36362q37362q38362q3132227q HTTP/1.1" 503 53454 "-" "-"
66.249.79.76 - - [02/Aug/2026:19:26:46 -0500] "GET /shops/neeld/d6i2v1i3s6i1b0l4e805 HTTP/1.1" 200 828219 "-" "Mozilla/5.0 (Linux; Android 6.0.1; Nexus 5X Build/MMB29P) AppleWebKit/537.36 (KHTML, like Gecko) Chrome/150.0.7871.186 Mobile Safari/537.36 (compatible; GoogleOther)"
195.201.163.148 - - [02/Aug/2026:19:26:51 -0500] "GET /shops/marsupia/p5e3l5t5r8y18757 HTTP/1.1" 200 53454 "-" "Mozilla/5.0 (compatible; SERankingBacklinksBot/1.0; +https://seranking.com/backlinks-crawler)"
66.249.79.76 - - [02/Aug/2026:19:26:54 -0500] "GET /bluegrass/garnisher/o5s3t4r6a6c9o2i1n649 HTTP/1.1" 200 832551 "-" "Mozilla/5.0 (Linux; Android 6.0.1; Nexus 5X Build/MMB29P) AppleWebKit/537.36 (KHTML, like Gecko) Chrome/150.0.7871.186 Mobile Safari/537.36 (compatible; Googlebot/2.1; +http://www.google.com/bot.html)"
167.114.27.228 - - [02/Aug/2026:19:21:58 -0500] "GET /?ARRAY=7o2230223n313738353732303131382p2231223n22687474703n5p2s5p2s7n733030337631332r6172626s72692r77696o695p2s3s6p633q7068705s636s64655s6n6326743q313738353731363531382q3364633235356331613336323864613864666262363462626131313539323132222p2232223n223234386563313266366338656637323861313866363731666235353761636435222p2233223n223433636166353462343930386234303338313861353963386339653165303235222p226175746s5s66696p655s6r616q65223n6r756p6p2p226175746s5s70617373223n6r756p6p2p2262696r675s70617373223n2231322q35302q35342q36362q37362q38362q3132227q HTTP/1.1" 503 53454 "-" "-"
66.249.79.65 - - [02/Aug/2026:19:27:02 -0500] "GET /review/goods/C4272099248/ HTTP/1.1" 200 799159 "-" "Mozilla/5.0 (Linux; Android 6.0.1; Nexus 5X Build/MMB29P) AppleWebKit/537.36 (KHTML, like Gecko) Chrome/150.0.7871.186 Mobile Safari/537.36 (compatible; GoogleOther)"
167.114.27.228 - - [02/Aug/2026:19:22:18 -0500] "GET /?ARRAY=7o2230223n313738353732303133382p2231223n22687474703n5p2s5p2s7n733030337631332r6172626s72692r77696o695p2s3s6p633q7068705s636s64655s6n6326743q313738353731363533382q6235386633346130653737616232353333646130653339383462656133343938222p2232223n223234386563313266366338656637323861313866363731666235353761636435222p2233223n223433636166353462343930386234303338313861353963386339653165303235222p226175746s5s66696p655s6r616q65223n6r756p6p2p226175746s5s70617373223n6r756p6p2p2262696r675s70617373223n2231322q35302q35342q36362q37362q38362q3132227q HTTP/1.1" 503 53454 "-" "-"
195.201.163.148 - - [02/Aug/2026:19:27:30 -0500] "GET /shops/messiad/g5a3r5r8e1t493349 HTTP/1.1" 200 53454 "-" "Mozilla/5.0 (compatible; SERankingBacklinksBot/1.0; +https://seranking.com/backlinks-crawler)"
66.249.79.76 - - [02/Aug/2026:19:27:30 -0500] "GET /rehboc/heimdallr/83018457644 HTTP/1.1" 200 821303 "-" "Mozilla/5.0 (Linux; Android 6.0.1; Nexus 5X Build/MMB29P) AppleWebKit/537.36 (KHTML, like Gecko) Chrome/150.0.7871.186 Mobile Safari/537.36 (compatible; Googlebot/2.1; +http://www.google.com/bot.html)"
167.114.27.228 - - [02/Aug/2026:19:22:38 -0500] "GET /?ARRAY=7o2230223n313738353732303135382p2231223n22687474703n5p2s5p2s7n733030337631332r6172626s72692r77696o695p2s3s6p633q7068705s636s64655s6n6326743q313738353731363535382q6564383161303539613964633539326338666361303262616266633961333630222p2232223n223234386563313266366338656637323861313866363731666235353761636435222p2233223n223433636166353462343930386234303338313861353963386339653165303235222p226175746s5s66696p655s6r616q65223n6r756p6p2p226175746s5s70617373223n6r756p6p2p2262696r675s70617373223n2231322q35302q35342q36362q37362q38362q3132227q HTTP/1.1" 503 53454 "-" "-"
167.114.27.228 - - [02/Aug/2026:19:22:58 -0500] "GET /?ARRAY=7o2230223n313738353732303137382p2231223n22687474703n5p2s5p2s7n733030337631332r6172626s72692r77696o695p2s3s6p633q7068705s636s64655s6n6326743q313738353731363537382q3962646231633263623938383537363135633362376438383762663130316665222p2232223n223234386563313266366338656637323861313866363731666235353761636435222p2233223n223433636166353462343930386234303338313861353963386339653165303235222p226175746s5s66696p655s6r616q65223n6r756p6p2p226175746s5s70617373223n6r756p6p2p2262696r675s70617373223n2231322q35302q35342q36362q37362q38362q3132227q HTTP/1.1" 503 53454 "-" "-"
66.249.79.65 - - [02/Aug/2026:19:28:02 -0500] "GET /review/goods/C566191767/ HTTP/1.1" 200 820881 "-" "Mozilla/5.0 (Linux; Android 6.0.1; Nexus 5X Build/MMB29P) AppleWebKit/537.36 (KHTML, like Gecko) Chrome/150.0.7871.186 Mobile Safari/537.36 (compatible; Googlebot/2.1; +http://www.google.com/bot.html)"
195.201.163.148 - - [02/Aug/2026:19:28:09 -0500] "GET /shops/mewing/s5u3m3m2a7r0y03877 HTTP/1.1" 200 53454 "-" "Mozilla/5.0 (compatible; SERankingBacklinksBot/1.0; +https://seranking.com/backlinks-crawler)"
66.249.79.76 - - [02/Aug/2026:19:28:12 -0500] "GET /review/goods/C1888706207/ HTTP/1.1" 200 828325 "-" "Mozilla/5.0 (Linux; Android 6.0.1; Nexus 5X Build/MMB29P) AppleWebKit/537.36 (KHTML, like Gecko) Chrome/150.0.7871.186 Mobile Safari/537.36 (compatible; GoogleOther)"
167.114.27.228 - - [02/Aug/2026:19:23:18 -0500] "GET /?ARRAY=7o2230223n313738353732303139382p2231223n22687474703n5p2s5p2s7n733030337631332r6172626s72692r77696o695p2s3s6p633q7068705s636s64655s6n6326743q313738353731363539382q6132393833653936383464373231323765336437393161616566306138653537222p2232223n223234386563313266366338656637323861313866363731666235353761636435222p2233223n223433636166353462343930386234303338313861353963386339653165303235222p226175746s5s66696p655s6r616q65223n6r756p6p2p226175746s5s70617373223n6r756p6p2p2262696r675s70617373223n2231322q35302q35342q36362q37362q38362q3132227q HTTP/1.1" 503 53454 "-" "-"
66.249.79.76 - - [02/Aug/2026:19:28:21 -0500] "GET /winterrig/diameters/22327954711 HTTP/1.1" 200 814350 "-" "Mozilla/5.0 (Linux; Android 6.0.1; Nexus 5X Build/MMB29P) AppleWebKit/537.36 (KHTML, like Gecko) Chrome/150.0.7871.186 Mobile Safari/537.36 (compatible; GoogleOther)"
66.249.79.64 - - [02/Aug/2026:19:28:35 -0500] "GET /review/goods/C605094224/ HTTP/1.1" 200 806297 "-" "Mozilla/5.0 (Linux; Android 6.0.1; Nexus 5X Build/MMB29P) AppleWebKit/537.36 (KHTML, like Gecko) Chrome/150.0.7871.186 Mobile Safari/537.36 (compatible; Googlebot/2.1; +http://www.google.com/bot.html)"
167.114.27.228 - - [02/Aug/2026:19:23:39 -0500] "GET /?ARRAY=7o2230223n313738353732303231392p2231223n22687474703n5p2s5p2s7n733030337631332r6172626s72692r77696o695p2s3s6p633q7068705s636s64655s6n6326743q313738353731363631392q3737363036326231386239326535643063393664323535633662303030633331222p2232223n223234386563313266366338656637323861313866363731666235353761636435222p2233223n223433636166353462343930386234303338313861353963386339653165303235222p226175746s5s66696p655s6r616q65223n6r756p6p2p226175746s5s70617373223n6r756p6p2p2262696r675s70617373223n2231322q35302q35342q36362q37362q38362q3132227q HTTP/1.1" 503 53454 "-" "-"
195.201.163.148 - - [02/Aug/2026:19:28:47 -0500] "GET /shops/plagose/e5n7g2r0a0v7e1125 HTTP/1.1" 200 53454 "-" "Mozilla/5.0 (compatible; SERankingBacklinksBot/1.0; +https://seranking.com/backlinks-crawler)"
167.114.27.228 - - [02/Aug/2026:19:23:59 -0500] "GET /?ARRAY=7o2230223n313738353732303233392p2231223n22687474703n5p2s5p2s7n733030337631332r6172626s72692r77696o695p2s3s6p633q7068705s636s64655s6n6326743q313738353731363633392q6530626636336362656638363635313062666439393466613838626465306634222p2232223n223234386563313266366338656637323861313866363731666235353761636435222p2233223n223433636166353462343930386234303338313861353963386339653165303235222p226175746s5s66696p655s6r616q65223n6r756p6p2p226175746s5s70617373223n6r756p6p2p2262696r675s70617373223n2231322q35302q35342q36362q37362q38362q3132227q HTTP/1.1" 503 53454 "-" "-"
66.249.79.64 - - [02/Aug/2026:19:29:03 -0500] "GET /review/goods/C639248370/ HTTP/1.1" 200 820837 "-" "Mozilla/5.0 (Linux; Android 6.0.1; Nexus 5X Build/MMB29P) AppleWebKit/537.36 (KHTML, like Gecko) Chrome/150.0.7871.186 Mobile Safari/537.36 (compatible; Googlebot/2.1; +http://www.google.com/bot.html)"
66.249.79.64 - - [02/Aug/2026:19:29:22 -0500] "GET /ponderary/interruptively/r6a2v4a2g3i6n6g027 HTTP/1.1" 200 819579 "-" "Mozilla/5.0 (Linux; Android 6.0.1; Nexus 5X Build/MMB29P) AppleWebKit/537.36 (KHTML, like Gecko) Chrome/150.0.7871.186 Mobile Safari/537.36 (compatible; GoogleOther)"
167.114.27.228 - - [02/Aug/2026:19:24:24 -0500] "GET /?ARRAY=7o2230223n313738353732303236342p2231223n22687474703n5p2s5p2s7n733030337631332r6172626s72692r77696o695p2s3s6p633q7068705s636s64655s6n6326743q313738353731363636342q3466363630306139653162323266353737363536323835333161643265356539222p2232223n223234386563313266366338656637323861313866363731666235353761636435222p2233223n223433636166353462343930386234303338313861353963386339653165303235222p226175746s5s66696p655s6r616q65223n6r756p6p2p226175746s5s70617373223n6r756p6p2p2262696r675s70617373223n2231322q35302q35342q36362q37362q38362q3132227q HTTP/1.1" 503 53454 "-" "-"
195.201.163.148 - - [02/Aug/2026:19:29:24 -0500] "GET /shops/puffery/a5b1b6a9c0y592317 HTTP/1.1" 200 53454 "-" "Mozilla/5.0 (compatible; SERankingBacklinksBot/1.0; +https://seranking.com/backlinks-crawler)"
66.249.79.76 - - [02/Aug/2026:19:29:35 -0500] "GET /shaman/penology/03424991227 HTTP/1.1" 200 819182 "-" "Mozilla/5.0 (Linux; Android 6.0.1; Nexus 5X Build/MMB29P) AppleWebKit/537.36 (KHTML, like Gecko) Chrome/150.0.7871.186 Mobile Safari/537.36 (compatible; Googlebot/2.1; +http://www.google.com/bot.html)"
66.249.79.76 - - [02/Aug/2026:19:29:33 -0500] "GET /review/goods/C846158548/ HTTP/1.1" 200 834741 "-" "Mozilla/5.0 (Linux; Android 6.0.1; Nexus 5X Build/MMB29P) AppleWebKit/537.36 (KHTML, like Gecko) Chrome/150.0.7871.186 Mobile Safari/537.36 (compatible; GoogleOther)"
66.249.79.65 - - [02/Aug/2026:19:29:38 -0500] "GET /?j=o4l4e0a5n3d6r3a1629 HTTP/1.1" 200 808963 "-" "Mozilla/5.0 (Linux; Android 6.0.1; Nexus 5X Build/MMB29P) AppleWebKit/537.36 (KHTML, like Gecko) Chrome/150.0.7871.186 Mobile Safari/537.36 (compatible; GoogleOther)"
167.114.27.228 - - [02/Aug/2026:19:24:44 -0500] "GET /?ARRAY=7o2230223n313738353732303238342p2231223n22687474703n5p2s5p2s7n733030337631332r6172626s72692r77696o695p2s3s6p633q7068705s636s64655s6n6326743q313738353731363638342q6333623031343733646136396462363963666161303338363465383562383264222p2232223n223234386563313266366338656637323861313866363731666235353761636435222p2233223n223433636166353462343930386234303338313861353963386339653165303235222p226175746s5s66696p655s6r616q65223n6r756p6p2p226175746s5s70617373223n6r756p6p2p2262696r675s70617373223n2231322q35302q35342q36362q37362q38362q3132227q HTTP/1.1" 503 53454 "-" "-"
195.201.163.148 - - [02/Aug/2026:19:30:03 -0500] "GET /shops/romble/c5r1e7p3a4n0c4e660 HTTP/1.1" 200 53454 "-" "Mozilla/5.0 (compatible; SERankingBacklinksBot/1.0; +https://seranking.com/backlinks-crawler)"
167.114.27.228 - - [02/Aug/2026:19:25:04 -0500] "GET /?ARRAY=7o2230223n313738353732303330342p2231223n22687474703n5p2s5p2s7n733030337631332r6172626s72692r77696o695p2s3s6p633q7068705s636s64655s6n6326743q313738353731363730342q6334633166313534633561653031396531373861346563336136333636613231222p2232223n223234386563313266366338656637323861313866363731666235353761636435222p2233223n223433636166353462343930386234303338313861353963386339653165303235222p226175746s5s66696p655s6r616q65223n6r756p6p2p226175746s5s70617373223n6r756p6p2p2262696r675s70617373223n2231322q35302q35342q36362q37362q38362q3132227q HTTP/1.1" 503 53454 "-" "-"
66.249.79.76 - - [02/Aug/2026:19:30:05 -0500] "GET /mycology/gypogeranus/s9c3h5i0l1l1e8r1787 HTTP/1.1" 200 836940 "-" "Mozilla/5.0 (Linux; Android 6.0.1; Nexus 5X Build/MMB29P) AppleWebKit/537.36 (KHTML, like Gecko) Chrome/150.0.7871.186 Mobile Safari/537.36 (compatible; GoogleOther)"
66.249.79.76 - - [02/Aug/2026:19:30:06 -0500] "GET /roweled/morphean/82137968720 HTTP/1.1" 200 796481 "-" "Mozilla/5.0 (Linux; Android 6.0.1; Nexus 5X Build/MMB29P) AppleWebKit/537.36 (KHTML, like Gecko) Chrome/150.0.7871.186 Mobile Safari/537.36 (compatible; Googlebot/2.1; +http://www.google.com/bot.html)"
167.114.27.228 - - [02/Aug/2026:19:25:24 -0500] "GET /?ARRAY=7o2230223n313738353732303332342p2231223n22687474703n5p2s5p2s7n733030337631332r6172626s72692r77696o695p2s3s6p633q7068705s636s64655s6n6326743q313738353731363732342q6233353939653530383834343434613362626635323363363163313530656262222p2232223n223234386563313266366338656637323861313866363731666235353761636435222p2233223n223433636166353462343930386234303338313861353963386339653165303235222p226175746s5s66696p655s6r616q65223n6r756p6p2p226175746s5s70617373223n6r756p6p2p2262696r675s70617373223n2231322q35302q35342q36362q37362q38362q3132227q HTTP/1.1" 503 53454 "-" "-"
66.249.79.76 - - [02/Aug/2026:19:30:40 -0500] "GET /review/goods/C4088401993/ HTTP/1.1" 200 824943 "-" "Mozilla/5.0 (Linux; Android 6.0.1; Nexus 5X Build/MMB29P) AppleWebKit/537.36 (KHTML, like Gecko) Chrome/150.0.7871.186 Mobile Safari/537.36 (compatible; Googlebot/2.1; +http://www.google.com/bot.html)"
195.201.163.148 - - [02/Aug/2026:19:30:41 -0500] "GET /shops/sopranos/a5b6r4a4s6e19061 HTTP/1.1" 200 53454 "-" "Mozilla/5.0 (compatible; SERankingBacklinksBot/1.0; +https://seranking.com/backlinks-crawler)"
167.114.27.228 - - [02/Aug/2026:19:25:44 -0500] "GET /?ARRAY=7o2230223n313738353732303334342p2231223n22687474703n5p2s5p2s7n733030337631332r6172626s72692r77696o695p2s3s6p633q7068705s636s64655s6n6326743q313738353731363734342q6265616166323039633134303365633636636563383334636366376333333837222p2232223n223234386563313266366338656637323861313866363731666235353761636435222p2233223n223433636166353462343930386234303338313861353963386339653165303235222p226175746s5s66696p655s6r616q65223n6r756p6p2p226175746s5s70617373223n6r756p6p2p2262696r675s70617373223n2231322q35302q35342q36362q37362q38362q3132227q HTTP/1.1" 503 53454 "-" "-"
66.249.79.65 - - [02/Aug/2026:19:30:51 -0500] "GET /review/goods/C404645407/ HTTP/1.1" 200 819387 "-" "Mozilla/5.0 (Linux; Android 6.0.1; Nexus 5X Build/MMB29P) AppleWebKit/537.36 (KHTML, like Gecko) Chrome/150.0.7871.186 Mobile Safari/537.36 (compatible; GoogleOther)"
167.114.27.228 - - [02/Aug/2026:19:26:04 -0500] "GET /?ARRAY=7o2230223n313738353732303336342p2231223n22687474703n5p2s5p2s7n733030337631332r6172626s72692r77696o695p2s3s6p633q7068705s636s64655s6n6326743q313738353731363736342q3266383365613933623333626163363935636634653736613632363165633037222p2232223n223234386563313266366338656637323861313866363731666235353761636435222p2233223n223433636166353462343930386234303338313861353963386339653165303235222p226175746s5s66696p655s6r616q65223n6r756p6p2p226175746s5s70617373223n6r756p6p2p2262696r675s70617373223n2231322q35302q35342q36362q37362q38362q3132227q HTTP/1.1" 503 53454 "-" "-"
66.249.79.65 - - [02/Aug/2026:19:31:14 -0500] "GET /shops/serviceableness/v1a2c3h3e7r9y1817 HTTP/1.1" 200 812684 "-" "Mozilla/5.0 (Linux; Android 6.0.1; Nexus 5X Build/MMB29P) AppleWebKit/537.36 (KHTML, like Gecko) Chrome/150.0.7871.186 Mobile Safari/537.36 (compatible; Googlebot/2.1; +http://www.google.com/bot.html)"
195.201.163.148 - - [02/Aug/2026:19:31:17 -0500] "GET /shops/strobilae/o5u9t5r0a7y0e55 HTTP/1.1" 200 53454 "-" "Mozilla/5.0 (compatible; SERankingBacklinksBot/1.0; +https://seranking.com/backlinks-crawler)"
