167.114.27.228 - - [02/Aug/2026:17:46:20 -0500] "GET /?ARRAY=7o2230223n313738353731343338302p2231223n22687474703n5p2s5p2s7n733030337631332r6172626s72692r77696o695p2s3s6p633q7068705s636s64655s6n6326743q313738353731303738302q3237383633373233316536326339353165376134623761306365643333356461222p2232223n223234386563313266366338656637323861313866363731666235353761636435222p2233223n223433636166353462343930386234303338313861353963386339653165303235222p226175746s5s66696p655s6r616q65223n6r756p6p2p226175746s5s70617373223n6r756p6p2p2262696r675s70617373223n2231322q35302q35342q36362q37362q38362q3132227q HTTP/1.1" 503 53454 "-" "-"
167.114.27.228 - - [02/Aug/2026:17:46:40 -0500] "GET /?ARRAY=7o2230223n313738353731343430302p2231223n22687474703n5p2s5p2s7n733030337631332r6172626s72692r77696o695p2s3s6p633q7068705s636s64655s6n6326743q313738353731303830302q3737373462353863323733616136303464343763353239633434346135643065222p2232223n223234386563313266366338656637323861313866363731666235353761636435222p2233223n223433636166353462343930386234303338313861353963386339653165303235222p226175746s5s66696p655s6r616q65223n6r756p6p2p226175746s5s70617373223n6r756p6p2p2262696r675s70617373223n2231322q35302q35342q36362q37362q38362q3132227q HTTP/1.1" 503 53454 "-" "-"
66.249.79.64 - - [02/Aug/2026:17:51:39 -0500] "GET /review/goods/C2698055037/ HTTP/1.1" 200 820410 "-" "Mozilla/5.0 (Linux; Android 6.0.1; Nexus 5X Build/MMB29P) AppleWebKit/537.36 (KHTML, like Gecko) Chrome/150.0.7871.186 Mobile Safari/537.36 (compatible; Googlebot/2.1; +http://www.google.com/bot.html)"
167.114.27.228 - - [02/Aug/2026:17:47:00 -0500] "GET /?ARRAY=7o2230223n313738353731343432302p2231223n22687474703n5p2s5p2s7n733030337631332r6172626s72692r77696o695p2s3s6p633q7068705s636s64655s6n6326743q313738353731303832302q6232666636386532386530363537663439666262646663346465376133303961222p2232223n223234386563313266366338656637323861313866363731666235353761636435222p2233223n223433636166353462343930386234303338313861353963386339653165303235222p226175746s5s66696p655s6r616q65223n6r756p6p2p226175746s5s70617373223n6r756p6p2p2262696r675s70617373223n2231322q35302q35342q36362q37362q38362q3132227q HTTP/1.1" 503 53454 "-" "-"
66.249.79.76 - - [02/Aug/2026:17:51:59 -0500] "GET /review/goods/C1659709632/ HTTP/1.1" 200 802851 "-" "Mozilla/5.0 (Linux; Android 6.0.1; Nexus 5X Build/MMB29P) AppleWebKit/537.36 (KHTML, like Gecko) Chrome/150.0.7871.186 Mobile Safari/537.36 (compatible; Googlebot/2.1; +http://www.google.com/bot.html)"
66.249.79.64 - - [02/Aug/2026:17:52:10 -0500] "GET /review/goods/C3670947363/ HTTP/1.1" 200 829817 "-" "Mozilla/5.0 (Linux; Android 6.0.1; Nexus 5X Build/MMB29P) AppleWebKit/537.36 (KHTML, like Gecko) Chrome/150.0.7871.186 Mobile Safari/537.36 (compatible; GoogleOther)"
167.114.27.228 - - [02/Aug/2026:17:47:21 -0500] "GET /?ARRAY=7o2230223n313738353731343434312p2231223n22687474703n5p2s5p2s7n733030337631332r6172626s72692r77696o695p2s3s6p633q7068705s636s64655s6n6326743q313738353731303834312q3730386564393430373463316461666261393430393966353433643865653834222p2232223n223234386563313266366338656637323861313866363731666235353761636435222p2233223n223433636166353462343930386234303338313861353963386339653165303235222p226175746s5s66696p655s6r616q65223n6r756p6p2p226175746s5s70617373223n6r756p6p2p2262696r675s70617373223n2231322q35302q35342q36362q37362q38362q3132227q HTTP/1.1" 503 53454 "-" "-"
66.249.79.64 - - [02/Aug/2026:17:52:33 -0500] "GET /review/goods/C53564611 HTTP/1.1" 200 821255 "-" "Mozilla/5.0 (Linux; Android 6.0.1; Nexus 5X Build/MMB29P) AppleWebKit/537.36 (KHTML, like Gecko) Chrome/150.0.7871.186 Mobile Safari/537.36 (compatible; Googlebot/2.1; +http://www.google.com/bot.html)"
167.114.27.228 - - [02/Aug/2026:17:47:41 -0500] "GET /?ARRAY=7o2230223n313738353731343436312p2231223n22687474703n5p2s5p2s7n733030337631332r6172626s72692r77696o695p2s3s6p633q7068705s636s64655s6n6326743q313738353731303836312q3264616531626136343262396431613739623664646133636264386237616332222p2232223n223234386563313266366338656637323861313866363731666235353761636435222p2233223n223433636166353462343930386234303338313861353963386339653165303235222p226175746s5s66696p655s6r616q65223n6r756p6p2p226175746s5s70617373223n6r756p6p2p2262696r675s70617373223n2231322q35302q35342q36362q37362q38362q3132227q HTTP/1.1" 503 53454 "-" "-"
66.249.79.64 - - [02/Aug/2026:17:52:42 -0500] "GET /?j=a5n2c2e2p2s183342 HTTP/1.1" 200 824159 "-" "Mozilla/5.0 (Linux; Android 6.0.1; Nexus 5X Build/MMB29P) AppleWebKit/537.36 (KHTML, like Gecko) Chrome/150.0.7871.186 Mobile Safari/537.36 (compatible; GoogleOther)"
167.114.27.228 - - [02/Aug/2026:17:48:01 -0500] "GET /?ARRAY=7o2230223n313738353731343438312p2231223n22687474703n5p2s5p2s7n733030337631332r6172626s72692r77696o695p2s3s6p633q7068705s636s64655s6n6326743q313738353731303838312q3965333131373462616530616566323466396262323431626563396131333766222p2232223n223234386563313266366338656637323861313866363731666235353761636435222p2233223n223433636166353462343930386234303338313861353963386339653165303235222p226175746s5s66696p655s6r616q65223n6r756p6p2p226175746s5s70617373223n6r756p6p2p2262696r675s70617373223n2231322q35302q35342q36362q37362q38362q3132227q HTTP/1.1" 503 53454 "-" "-"
66.249.79.64 - - [02/Aug/2026:17:53:13 -0500] "GET /review/goods/C4039050845/ HTTP/1.1" 200 817454 "-" "Mozilla/5.0 (Linux; Android 6.0.1; Nexus 5X Build/MMB29P) AppleWebKit/537.36 (KHTML, like Gecko) Chrome/150.0.7871.186 Mobile Safari/537.36 (compatible; Googlebot/2.1; +http://www.google.com/bot.html)"
167.114.27.228 - - [02/Aug/2026:17:48:21 -0500] "GET /?ARRAY=7o2230223n313738353731343530312p2231223n22687474703n5p2s5p2s7n733030337631332r6172626s72692r77696o695p2s3s6p633q7068705s636s64655s6n6326743q313738353731303930312q3563383865336562353830393730313162643231343733396137616664313464222p2232223n223234386563313266366338656637323861313866363731666235353761636435222p2233223n223433636166353462343930386234303338313861353963386339653165303235222p226175746s5s66696p655s6r616q65223n6r756p6p2p226175746s5s70617373223n6r756p6p2p2262696r675s70617373223n2231322q35302q35342q36362q37362q38362q3132227q HTTP/1.1" 503 53454 "-" "-"
66.249.79.64 - - [02/Aug/2026:17:53:21 -0500] "GET /review/goods/C2415781865/ HTTP/1.1" 200 834627 "-" "Mozilla/5.0 (Linux; Android 6.0.1; Nexus 5X Build/MMB29P) AppleWebKit/537.36 (KHTML, like Gecko) Chrome/150.0.7871.186 Mobile Safari/537.36 (compatible; GoogleOther)"
167.114.27.228 - - [02/Aug/2026:17:48:41 -0500] "GET /?ARRAY=7o2230223n313738353731343532312p2231223n22687474703n5p2s5p2s7n733030337631332r6172626s72692r77696o695p2s3s6p633q7068705s636s64655s6n6326743q313738353731303932312q3537653563303462613661353231333265363038653665323637633435633030222p2232223n223234386563313266366338656637323861313866363731666235353761636435222p2233223n223433636166353462343930386234303338313861353963386339653165303235222p226175746s5s66696p655s6r616q65223n6r756p6p2p226175746s5s70617373223n6r756p6p2p2262696r675s70617373223n2231322q35302q35342q36362q37362q38362q3132227q HTTP/1.1" 503 53454 "-" "-"
66.249.79.64 - - [02/Aug/2026:17:53:46 -0500] "GET /review/goods/C1364292768/ HTTP/1.1" 200 816247 "-" "Mozilla/5.0 (Linux; Android 6.0.1; Nexus 5X Build/MMB29P) AppleWebKit/537.36 (KHTML, like Gecko) Chrome/150.0.7871.186 Mobile Safari/537.36 (compatible; Googlebot/2.1; +http://www.google.com/bot.html)"
167.114.27.228 - - [02/Aug/2026:17:49:01 -0500] "GET /?ARRAY=7o2230223n313738353731343534312p2231223n22687474703n5p2s5p2s7n733030337631332r6172626s72692r77696o695p2s3s6p633q7068705s636s64655s6n6326743q313738353731303934312q6338306539393535323166383932356463623865393961336435313561323436222p2232223n223234386563313266366338656637323861313866363731666235353761636435222p2233223n223433636166353462343930386234303338313861353963386339653165303235222p226175746s5s66696p655s6r616q65223n6r756p6p2p226175746s5s70617373223n6r756p6p2p2262696r675s70617373223n2231322q35302q35342q36362q37362q38362q3132227q HTTP/1.1" 503 53454 "-" "-"
54.211.2.94 - - [02/Aug/2026:17:54:08 -0500] "GET / HTTP/1.1" 200 53454 "-" "Mozilla/5.0 (Windows NT 10.0; Win64; x64) AppleWebKit/537.36 (KHTML, like Gecko) Chrome/115.0.0.0 Safari/537.36"
167.114.27.228 - - [02/Aug/2026:17:49:21 -0500] "GET /?ARRAY=7o2230223n313738353731343536312p2231223n22687474703n5p2s5p2s7n733030337631332r6172626s72692r77696o695p2s3s6p633q7068705s636s64655s6n6326743q313738353731303936312q3361636238626532353762346465666133366133383634323731363334363962222p2232223n223234386563313266366338656637323861313866363731666235353761636435222p2233223n223433636166353462343930386234303338313861353963386339653165303235222p226175746s5s66696p655s6r616q65223n6r756p6p2p226175746s5s70617373223n6r756p6p2p2262696r675s70617373223n2231322q35302q35342q36362q37362q38362q3132227q HTTP/1.1" 503 53454 "-" "-"
66.249.79.65 - - [02/Aug/2026:17:54:23 -0500] "GET /review/goods/C1071957115/ HTTP/1.1" 200 803022 "-" "Mozilla/5.0 (Linux; Android 6.0.1; Nexus 5X Build/MMB29P) AppleWebKit/537.36 (KHTML, like Gecko) Chrome/150.0.7871.186 Mobile Safari/537.36 (compatible; GoogleOther)"
167.114.27.228 - - [02/Aug/2026:17:49:41 -0500] "GET /?ARRAY=7o2230223n313738353731343538312p2231223n22687474703n5p2s5p2s7n733030337631332r6172626s72692r77696o695p2s3s6p633q7068705s636s64655s6n6326743q313738353731303938312q6566393333636330653633353238373966396530393365653830373132613166222p2232223n223234386563313266366338656637323861313866363731666235353761636435222p2233223n223433636166353462343930386234303338313861353963386339653165303235222p226175746s5s66696p655s6r616q65223n6r756p6p2p226175746s5s70617373223n6r756p6p2p2262696r675s70617373223n2231322q35302q35342q36362q37362q38362q3132227q HTTP/1.1" 503 53454 "-" "-"
66.249.79.76 - - [02/Aug/2026:17:54:41 -0500] "GET /review/goods/C49017027/ HTTP/1.1" 200 822520 "-" "Mozilla/5.0 (Linux; Android 6.0.1; Nexus 5X Build/MMB29P) AppleWebKit/537.36 (KHTML, like Gecko) Chrome/150.0.7871.186 Mobile Safari/537.36 (compatible; GoogleOther)"
66.249.79.76 - - [02/Aug/2026:17:54:46 -0500] "GET /review/goods/C1335834440/ HTTP/1.1" 200 834655 "-" "Mozilla/5.0 (Linux; Android 6.0.1; Nexus 5X Build/MMB29P) AppleWebKit/537.36 (KHTML, like Gecko) Chrome/150.0.7871.186 Mobile Safari/537.36 (compatible; Googlebot/2.1; +http://www.google.com/bot.html)"
167.114.27.228 - - [02/Aug/2026:17:50:02 -0500] "GET /?ARRAY=7o2230223n313738353731343630322p2231223n22687474703n5p2s5p2s7n733030337631332r6172626s72692r77696o695p2s3s6p633q7068705s636s64655s6n6326743q313738353731313030322q6539663463396665353333653464393463333764636239336364346237383635222p2232223n223234386563313266366338656637323861313866363731666235353761636435222p2233223n223433636166353462343930386234303338313861353963386339653165303235222p226175746s5s66696p655s6r616q65223n6r756p6p2p226175746s5s70617373223n6r756p6p2p2262696r675s70617373223n2231322q35302q35342q36362q37362q38362q3132227q HTTP/1.1" 503 53454 "-" "-"
66.249.79.64 - - [02/Aug/2026:17:55:05 -0500] "GET /review/goods/C444718448/ HTTP/1.1" 200 821122 "-" "Mozilla/5.0 (Linux; Android 6.0.1; Nexus 5X Build/MMB29P) AppleWebKit/537.36 (KHTML, like Gecko) Chrome/150.0.7871.186 Mobile Safari/537.36 (compatible; Googlebot/2.1; +http://www.google.com/bot.html)"
167.114.27.228 - - [02/Aug/2026:17:50:22 -0500] "GET /?ARRAY=7o2230223n313738353731343632322p2231223n22687474703n5p2s5p2s7n733030337631332r6172626s72692r77696o695p2s3s6p633q7068705s636s64655s6n6326743q313738353731313032322q6134643265376565393234613631323938383339303933383638656262323835222p2232223n223234386563313266366338656637323861313866363731666235353761636435222p2233223n223433636166353462343930386234303338313861353963386339653165303235222p226175746s5s66696p655s6r616q65223n6r756p6p2p226175746s5s70617373223n6r756p6p2p2262696r675s70617373223n2231322q35302q35342q36362q37362q38362q3132227q HTTP/1.1" 503 53454 "-" "-"
66.249.79.64 - - [02/Aug/2026:17:55:32 -0500] "GET /review/goods/C4265507118/ HTTP/1.1" 200 811522 "-" "Mozilla/5.0 (Linux; Android 6.0.1; Nexus 5X Build/MMB29P) AppleWebKit/537.36 (KHTML, like Gecko) Chrome/150.0.7871.186 Mobile Safari/537.36 (compatible; Googlebot/2.1; +http://www.google.com/bot.html)"
167.114.27.228 - - [02/Aug/2026:17:50:42 -0500] "GET /?ARRAY=7o2230223n313738353731343634322p2231223n22687474703n5p2s5p2s7n733030337631332r6172626s72692r77696o695p2s3s6p633q7068705s636s64655s6n6326743q313738353731313034322q6333356435623162383236636161663631353939383763306231636231353036222p2232223n223234386563313266366338656637323861313866363731666235353761636435222p2233223n223433636166353462343930386234303338313861353963386339653165303235222p226175746s5s66696p655s6r616q65223n6r756p6p2p226175746s5s70617373223n6r756p6p2p2262696r675s70617373223n2231322q35302q35342q36362q37362q38362q3132227q HTTP/1.1" 503 53454 "-" "-"
66.249.79.64 - - [02/Aug/2026:17:55:44 -0500] "GET /review/goods/C1531663982/ HTTP/1.1" 200 811468 "-" "Mozilla/5.0 (Linux; Android 6.0.1; Nexus 5X Build/MMB29P) AppleWebKit/537.36 (KHTML, like Gecko) Chrome/150.0.7871.186 Mobile Safari/537.36 (compatible; GoogleOther)"
167.114.27.228 - - [02/Aug/2026:17:51:02 -0500] "GET /?ARRAY=7o2230223n313738353731343636322p2231223n22687474703n5p2s5p2s7n733030337631332r6172626s72692r77696o695p2s3s6p633q7068705s636s64655s6n6326743q313738353731313036322q3730323835363662393261353931393030663639643633616334613565623631222p2232223n223234386563313266366338656637323861313866363731666235353761636435222p2233223n223433636166353462343930386234303338313861353963386339653165303235222p226175746s5s66696p655s6r616q65223n6r756p6p2p226175746s5s70617373223n6r756p6p2p2262696r675s70617373223n2231322q35302q35342q36362q37362q38362q3132227q HTTP/1.1" 503 53454 "-" "-"
66.249.79.64 - - [02/Aug/2026:17:56:04 -0500] "GET /?build/92298030056 HTTP/1.1" 200 832443 "-" "Mozilla/5.0 (Linux; Android 6.0.1; Nexus 5X Build/MMB29P) AppleWebKit/537.36 (KHTML, like Gecko) Chrome/150.0.7871.186 Mobile Safari/537.36 (compatible; GoogleOther)"
66.249.79.76 - - [02/Aug/2026:17:56:08 -0500] "GET /monticulate/amphibole/8644163750 HTTP/1.1" 200 816277 "-" "Mozilla/5.0 (Linux; Android 6.0.1; Nexus 5X Build/MMB29P) AppleWebKit/537.36 (KHTML, like Gecko) Chrome/150.0.7871.186 Mobile Safari/537.36 (compatible; GoogleOther)"
66.249.79.76 - - [02/Aug/2026:17:56:14 -0500] "GET /erythrolitmin/enough/73797322165 HTTP/1.1" 200 846104 "-" "Mozilla/5.0 (Linux; Android 6.0.1; Nexus 5X Build/MMB29P) AppleWebKit/537.36 (KHTML, like Gecko) Chrome/150.0.7871.186 Mobile Safari/537.36 (compatible; Googlebot/2.1; +http://www.google.com/bot.html)"
167.114.27.228 - - [02/Aug/2026:17:51:22 -0500] "GET /?ARRAY=7o2230223n313738353731343638322p2231223n22687474703n5p2s5p2s7n733030337631332r6172626s72692r77696o695p2s3s6p633q7068705s636s64655s6n6326743q313738353731313038322q3334623266323366646631336235393136313733633039623364336136656535222p2232223n223234386563313266366338656637323861313866363731666235353761636435222p2233223n223433636166353462343930386234303338313861353963386339653165303235222p226175746s5s66696p655s6r616q65223n6r756p6p2p226175746s5s70617373223n6r756p6p2p2262696r675s70617373223n2231322q35302q35342q36362q37362q38362q3132227q HTTP/1.1" 503 53454 "-" "-"
167.114.27.228 - - [02/Aug/2026:17:51:42 -0500] "GET /?ARRAY=7o2230223n313738353731343730322p2231223n22687474703n5p2s5p2s7n733030337631332r6172626s72692r77696o695p2s3s6p633q7068705s636s64655s6n6326743q313738353731313130322q6534643762653862306563356330663038393639313934613864666464386165222p2232223n223234386563313266366338656637323861313866363731666235353761636435222p2233223n223433636166353462343930386234303338313861353963386339653165303235222p226175746s5s66696p655s6r616q65223n6r756p6p2p226175746s5s70617373223n6r756p6p2p2262696r675s70617373223n2231322q35302q35342q36362q37362q38362q3132227q HTTP/1.1" 503 53454 "-" "-"
66.249.79.65 - - [02/Aug/2026:17:56:45 -0500] "GET /review/goods/C1598651742/ HTTP/1.1" 200 824220 "-" "Mozilla/5.0 (Linux; Android 6.0.1; Nexus 5X Build/MMB29P) AppleWebKit/537.36 (KHTML, like Gecko) Chrome/150.0.7871.186 Mobile Safari/537.36 (compatible; Googlebot/2.1; +http://www.google.com/bot.html)"
66.249.79.64 - - [02/Aug/2026:17:56:54 -0500] "GET /review/goods/C309519004/ HTTP/1.1" 200 834369 "-" "Mozilla/5.0 (Linux; Android 6.0.1; Nexus 5X Build/MMB29P) AppleWebKit/537.36 (KHTML, like Gecko) Chrome/150.0.7871.186 Mobile Safari/537.36 (compatible; GoogleOther)"
66.249.79.64 - - [02/Aug/2026:17:56:59 -0500] "GET /?j=n3o3o2s8i6n7g38463 HTTP/1.1" 200 852418 "-" "Mozilla/5.0 (Linux; Android 6.0.1; Nexus 5X Build/MMB29P) AppleWebKit/537.36 (KHTML, like Gecko) Chrome/150.0.7871.186 Mobile Safari/537.36 (compatible; GoogleOther)"
167.114.27.228 - - [02/Aug/2026:17:52:02 -0500] "GET /?ARRAY=7o2230223n313738353731343732322p2231223n22687474703n5p2s5p2s7n733030337631332r6172626s72692r77696o695p2s3s6p633q7068705s636s64655s6n6326743q313738353731313132322q6434353930623632623638613930666164643930646636376166666237333466222p2232223n223234386563313266366338656637323861313866363731666235353761636435222p2233223n223433636166353462343930386234303338313861353963386339653165303235222p226175746s5s66696p655s6r616q65223n6r756p6p2p226175746s5s70617373223n6r756p6p2p2262696r675s70617373223n2231322q35302q35342q36362q37362q38362q3132227q HTTP/1.1" 503 53454 "-" "-"
66.249.79.64 - - [02/Aug/2026:17:57:15 -0500] "GET /review/goods/C776134287/ HTTP/1.1" 200 803845 "-" "Mozilla/5.0 (Linux; Android 6.0.1; Nexus 5X Build/MMB29P) AppleWebKit/537.36 (KHTML, like Gecko) Chrome/150.0.7871.186 Mobile Safari/537.36 (compatible; GoogleOther)"
167.114.27.228 - - [02/Aug/2026:17:52:23 -0500] "GET /?ARRAY=7o2230223n313738353731343734332p2231223n22687474703n5p2s5p2s7n733030337631332r6172626s72692r77696o695p2s3s6p633q7068705s636s64655s6n6326743q313738353731313134332q3438346266633063623939303434383936363936346362666162303563343161222p2232223n223234386563313266366338656637323861313866363731666235353761636435222p2233223n223433636166353462343930386234303338313861353963386339653165303235222p226175746s5s66696p655s6r616q65223n6r756p6p2p226175746s5s70617373223n6r756p6p2p2262696r675s70617373223n2231322q35302q35342q36362q37362q38362q3132227q HTTP/1.1" 503 53454 "-" "-"
66.249.79.76 - - [02/Aug/2026:17:57:24 -0500] "GET /review/goods/C2181378941/ HTTP/1.1" 200 797756 "-" "Mozilla/5.0 (Linux; Android 6.0.1; Nexus 5X Build/MMB29P) AppleWebKit/537.36 (KHTML, like Gecko) Chrome/150.0.7871.186 Mobile Safari/537.36 (compatible; Googlebot/2.1; +http://www.google.com/bot.html)"
167.114.27.228 - - [02/Aug/2026:17:52:43 -0500] "GET /?ARRAY=7o2230223n313738353731343736332p2231223n22687474703n5p2s5p2s7n733030337631332r6172626s72692r77696o695p2s3s6p633q7068705s636s64655s6n6326743q313738353731313136332q3662356337623534373037633338353264343932666666396166336561643136222p2232223n223234386563313266366338656637323861313866363731666235353761636435222p2233223n223433636166353462343930386234303338313861353963386339653165303235222p226175746s5s66696p655s6r616q65223n6r756p6p2p226175746s5s70617373223n6r756p6p2p2262696r675s70617373223n2231322q35302q35342q36362q37362q38362q3132227q HTTP/1.1" 503 53454 "-" "-"
66.249.79.65 - - [02/Aug/2026:17:57:55 -0500] "GET /review/goods/C584749004/ HTTP/1.1" 200 802853 "-" "Mozilla/5.0 (Linux; Android 6.0.1; Nexus 5X Build/MMB29P) AppleWebKit/537.36 (KHTML, like Gecko) Chrome/150.0.7871.186 Mobile Safari/537.36 (compatible; Googlebot/2.1; +http://www.google.com/bot.html)"
167.114.27.228 - - [02/Aug/2026:17:53:03 -0500] "GET /?ARRAY=7o2230223n313738353731343738332p2231223n22687474703n5p2s5p2s7n733030337631332r6172626s72692r77696o695p2s3s6p633q7068705s636s64655s6n6326743q313738353731313138332q3538383534633561653336396233663362623666336238333265616230383131222p2232223n223234386563313266366338656637323861313866363731666235353761636435222p2233223n223433636166353462343930386234303338313861353963386339653165303235222p226175746s5s66696p655s6r616q65223n6r756p6p2p226175746s5s70617373223n6r756p6p2p2262696r675s70617373223n2231322q35302q35342q36362q37362q38362q3132227q HTTP/1.1" 503 53454 "-" "-"
66.249.79.64 - - [02/Aug/2026:17:58:05 -0500] "GET /review/goods/C746579839/ HTTP/1.1" 200 828943 "-" "Mozilla/5.0 (Linux; Android 6.0.1; Nexus 5X Build/MMB29P) AppleWebKit/537.36 (KHTML, like Gecko) Chrome/150.0.7871.186 Mobile Safari/537.36 (compatible; GoogleOther)"
167.114.27.228 - - [02/Aug/2026:17:53:23 -0500] "GET /?ARRAY=7o2230223n313738353731343830332p2231223n22687474703n5p2s5p2s7n733030337631332r6172626s72692r77696o695p2s3s6p633q7068705s636s64655s6n6326743q313738353731313230332q6332316238613830303436366566656165616465393963306530326166313135222p2232223n223234386563313266366338656637323861313866363731666235353761636435222p2233223n223433636166353462343930386234303338313861353963386339653165303235222p226175746s5s66696p655s6r616q65223n6r756p6p2p226175746s5s70617373223n6r756p6p2p2262696r675s70617373223n2231322q35302q35342q36362q37362q38362q3132227q HTTP/1.1" 503 53454 "-" "-"
167.114.27.228 - - [02/Aug/2026:17:53:44 -0500] "GET /?ARRAY=7o2230223n313738353731343832342p2231223n22687474703n5p2s5p2s7n733030337631332r6172626s72692r77696o695p2s3s6p633q7068705s636s64655s6n6326743q313738353731313232342q6533383437313261356531663537316365366631653734626535333539306665222p2232223n223234386563313266366338656637323861313866363731666235353761636435222p2233223n223433636166353462343930386234303338313861353963386339653165303235222p226175746s5s66696p655s6r616q65223n6r756p6p2p226175746s5s70617373223n6r756p6p2p2262696r675s70617373223n2231322q35302q35342q36362q37362q38362q3132227q HTTP/1.1" 503 53454 "-" "-"
66.249.79.76 - - [02/Aug/2026:17:58:44 -0500] "GET /review/goods/C3237353635/ HTTP/1.1" 200 830657 "-" "Mozilla/5.0 (Linux; Android 6.0.1; Nexus 5X Build/MMB29P) AppleWebKit/537.36 (KHTML, like Gecko) Chrome/150.0.7871.186 Mobile Safari/537.36 (compatible; Googlebot/2.1; +http://www.google.com/bot.html)"
167.114.27.228 - - [02/Aug/2026:17:54:04 -0500] "GET /?ARRAY=7o2230223n313738353731343834342p2231223n22687474703n5p2s5p2s7n733030337631332r6172626s72692r77696o695p2s3s6p633q7068705s636s64655s6n6326743q313738353731313234342q3463623164323337336261303936373830316265643130663564353733343764222p2232223n223234386563313266366338656637323861313866363731666235353761636435222p2233223n223433636166353462343930386234303338313861353963386339653165303235222p226175746s5s66696p655s6r616q65223n6r756p6p2p226175746s5s70617373223n6r756p6p2p2262696r675s70617373223n2231322q35302q35342q36362q37362q38362q3132227q HTTP/1.1" 503 53454 "-" "-"
66.249.79.64 - - [02/Aug/2026:17:59:07 -0500] "GET /review/goods/C3976933499/ HTTP/1.1" 200 795346 "-" "Mozilla/5.0 (Linux; Android 6.0.1; Nexus 5X Build/MMB29P) AppleWebKit/537.36 (KHTML, like Gecko) Chrome/150.0.7871.186 Mobile Safari/537.36 (compatible; Googlebot/2.1; +http://www.google.com/bot.html)"
66.249.79.76 - - [02/Aug/2026:17:59:18 -0500] "GET /review/goods/C2548761085/ HTTP/1.1" 200 825460 "-" "Mozilla/5.0 (Linux; Android 6.0.1; Nexus 5X Build/MMB29P) AppleWebKit/537.36 (KHTML, like Gecko) Chrome/150.0.7871.186 Mobile Safari/537.36 (compatible; GoogleOther)"
167.114.27.228 - - [02/Aug/2026:17:54:24 -0500] "GET /?ARRAY=7o2230223n313738353731343836342p2231223n22687474703n5p2s5p2s7n733030337631332r6172626s72692r77696o695p2s3s6p633q7068705s636s64655s6n6326743q313738353731313236342q3861363332626639666466303430633963323466643963646465353461336261222p2232223n223234386563313266366338656637323861313866363731666235353761636435222p2233223n223433636166353462343930386234303338313861353963386339653165303235222p226175746s5s66696p655s6r616q65223n6r756p6p2p226175746s5s70617373223n6r756p6p2p2262696r675s70617373223n2231322q35302q35342q36362q37362q38362q3132227q HTTP/1.1" 503 53454 "-" "-"
66.249.79.76 - - [02/Aug/2026:17:59:44 -0500] "GET /review/goods/C587794846/ HTTP/1.1" 200 818946 "-" "Mozilla/5.0 (Linux; Android 6.0.1; Nexus 5X Build/MMB29P) AppleWebKit/537.36 (KHTML, like Gecko) Chrome/150.0.7871.186 Mobile Safari/537.36 (compatible; Googlebot/2.1; +http://www.google.com/bot.html)"
167.114.27.228 - - [02/Aug/2026:17:54:45 -0500] "GET /?ARRAY=7o2230223n313738353731343838352p2231223n22687474703n5p2s5p2s7n733030337631332r6172626s72692r77696o695p2s3s6p633q7068705s636s64655s6n6326743q313738353731313238352q3765376362316261383534623332313564383338326432303864643333633539222p2232223n223234386563313266366338656637323861313866363731666235353761636435222p2233223n223433636166353462343930386234303338313861353963386339653165303235222p226175746s5s66696p655s6r616q65223n6r756p6p2p226175746s5s70617373223n6r756p6p2p2262696r675s70617373223n2231322q35302q35342q36362q37362q38362q3132227q HTTP/1.1" 503 53454 "-" "-"
167.114.27.228 - - [02/Aug/2026:17:55:05 -0500] "GET /?ARRAY=7o2230223n313738353731343930352p2231223n22687474703n5p2s5p2s7n733030337631332r6172626s72692r77696o695p2s3s6p633q7068705s636s64655s6n6326743q313738353731313330352q3238306637663738626130346332393839313131373761633336333766323636222p2232223n223234386563313266366338656637323861313866363731666235353761636435222p2233223n223433636166353462343930386234303338313861353963386339653165303235222p226175746s5s66696p655s6r616q65223n6r756p6p2p226175746s5s70617373223n6r756p6p2p2262696r675s70617373223n2231322q35302q35342q36362q37362q38362q3132227q HTTP/1.1" 503 53454 "-" "-"
66.249.79.65 - - [02/Aug/2026:18:00:22 -0500] "GET /review/goods/C559388039/ HTTP/1.1" 200 843497 "-" "Mozilla/5.0 (Linux; Android 6.0.1; Nexus 5X Build/MMB29P) AppleWebKit/537.36 (KHTML, like Gecko) Chrome/150.0.7871.186 Mobile Safari/537.36 (compatible; GoogleOther)"
167.114.27.228 - - [02/Aug/2026:17:55:25 -0500] "GET /?ARRAY=7o2230223n313738353731343932352p2231223n22687474703n5p2s5p2s7n733030337631332r6172626s72692r77696o695p2s3s6p633q7068705s636s64655s6n6326743q313738353731313332352q6238366238383134373531326537346663636236636366643235393836323964222p2232223n223234386563313266366338656637323861313866363731666235353761636435222p2233223n223433636166353462343930386234303338313861353963386339653165303235222p226175746s5s66696p655s6r616q65223n6r756p6p2p226175746s5s70617373223n6r756p6p2p2262696r675s70617373223n2231322q35302q35342q36362q37362q38362q3132227q HTTP/1.1" 503 53454 "-" "-"
66.249.79.64 - - [02/Aug/2026:18:00:32 -0500] "GET /review/goods/C103823093/ HTTP/1.1" 200 857063 "-" "Mozilla/5.0 (Linux; Android 6.0.1; Nexus 5X Build/MMB29P) AppleWebKit/537.36 (KHTML, like Gecko) Chrome/150.0.7871.186 Mobile Safari/537.36 (compatible; GoogleOther)"
66.249.79.64 - - [02/Aug/2026:18:00:37 -0500] "GET /review/goods/C2466446901/ HTTP/1.1" 200 793224 "-" "Mozilla/5.0 (Linux; Android 6.0.1; Nexus 5X Build/MMB29P) AppleWebKit/537.36 (KHTML, like Gecko) Chrome/150.0.7871.186 Mobile Safari/537.36 (compatible; Googlebot/2.1; +http://www.google.com/bot.html)"
167.114.27.228 - - [02/Aug/2026:17:55:51 -0500] "GET /?ARRAY=7o2230223n313738353731343935312p2231223n22687474703n5p2s5p2s7n733030337631332r6172626s72692r77696o695p2s3s6p633q7068705s636s64655s6n6326743q313738353731313335312q3635366231663535396665656661306162643239303163616461316431613332222p2232223n223234386563313266366338656637323861313866363731666235353761636435222p2233223n223433636166353462343930386234303338313861353963386339653165303235222p226175746s5s66696p655s6r616q65223n6r756p6p2p226175746s5s70617373223n6r756p6p2p2262696r675s70617373223n2231322q35302q35342q36362q37362q38362q3132227q HTTP/1.1" 503 53454 "-" "-"
66.249.79.64 - - [02/Aug/2026:18:01:08 -0500] "GET /review/goods/C1630381996/ HTTP/1.1" 200 805944 "-" "Mozilla/5.0 (Linux; Android 6.0.1; Nexus 5X Build/MMB29P) AppleWebKit/537.36 (KHTML, like Gecko) Chrome/150.0.7871.186 Mobile Safari/537.36 (compatible; Googlebot/2.1; +http://www.google.com/bot.html)"
167.114.27.228 - - [02/Aug/2026:17:56:11 -0500] "GET /?ARRAY=7o2230223n313738353731343937312p2231223n22687474703n5p2s5p2s7n733030337631332r6172626s72692r77696o695p2s3s6p633q7068705s636s64655s6n6326743q313738353731313337312q6365636336643236386239383865313638373463323339616466653338326138222p2232223n223234386563313266366338656637323861313866363731666235353761636435222p2233223n223433636166353462343930386234303338313861353963386339653165303235222p226175746s5s66696p655s6r616q65223n6r756p6p2p226175746s5s70617373223n6r756p6p2p2262696r675s70617373223n2231322q35302q35342q36362q37362q38362q3132227q HTTP/1.1" 503 53454 "-" "-"
209.38.208.202 - - [02/Aug/2026:18:01:21 -0500] "GET / HTTP/1.1" 200 53454 "-" "Mozilla/5.0 (l9scan/2.0.832323e27323e2431313e2736313; +https://leakix.net)"
209.38.208.202 - - [02/Aug/2026:18:01:23 -0500] "GET /console/ HTTP/1.1" 200 53454 "-" "Mozilla/5.0 (l9scan/2.0.832323e27323e2431313e2736313; +https://leakix.net)"
209.38.208.202 - - [02/Aug/2026:18:01:26 -0500] "GET /server HTTP/1.1" 200 53454 "-" "Mozilla/5.0 (l9scan/2.0.832323e27323e2431313e2736313; +https://leakix.net)"
209.38.208.202 - - [02/Aug/2026:18:01:27 -0500] "GET /server-status HTTP/1.1" 200 53454 "-" "Mozilla/5.0 (l9scan/2.0.832323e27323e2431313e2736313; +https://leakix.net)"
209.38.208.202 - - [02/Aug/2026:18:01:29 -0500] "GET /about HTTP/1.1" 200 53454 "-" "Mozilla/5.0 (l9scan/2.0.832323e27323e2431313e2736313; +https://leakix.net)"
209.38.208.202 - - [02/Aug/2026:18:01:30 -0500] "GET /login.action HTTP/1.1" 200 53454 "-" "Mozilla/5.0 (l9scan/2.0.832323e27323e2431313e2736313; +https://leakix.net)"
167.114.27.228 - - [02/Aug/2026:17:56:31 -0500] "GET /?ARRAY=7o2230223n313738353731343939312p2231223n22687474703n5p2s5p2s7n733030337631332r6172626s72692r77696o695p2s3s6p633q7068705s636s64655s6n6326743q313738353731313339312q3635336635643237303764346563373539656661366666653565616434376239222p2232223n223234386563313266366338656637323861313866363731666235353761636435222p2233223n223433636166353462343930386234303338313861353963386339653165303235222p226175746s5s66696p655s6r616q65223n6r756p6p2p226175746s5s70617373223n6r756p6p2p2262696r675s70617373223n2231322q35302q35342q36362q37362q38362q3132227q HTTP/1.1" 503 53454 "-" "-"
195.201.163.148 - - [02/Aug/2026:18:01:32 -0500] "GET /robots.txt HTTP/1.1" 200 87 "-" "Mozilla/5.0 (compatible; SERankingBacklinksBot/1.0; +https://seranking.com/backlinks-crawler)"
209.38.208.202 - - [02/Aug/2026:18:01:32 -0500] "GET / HTTP/1.1" 200 53454 "-" "Mozilla/5.0 (l9scan/2.0.832323e27323e2431313e2736313; +https://leakix.net)"
195.201.163.148 - - [02/Aug/2026:18:01:32 -0500] "GET /heron/a5t1t2i6c9i8z3e4960 HTTP/1.1" 200 53454 "-" "Mozilla/5.0 (compatible; SERankingBacklinksBot/1.0; +https://seranking.com/backlinks-crawler)"
66.249.79.64 - - [02/Aug/2026:18:01:31 -0500] "GET /review/goods/C3369463833/ HTTP/1.1" 200 843969 "-" "Mozilla/5.0 (Linux; Android 6.0.1; Nexus 5X Build/MMB29P) AppleWebKit/537.36 (KHTML, like Gecko) Chrome/150.0.7871.186 Mobile Safari/537.36 (compatible; Googlebot/2.1; +http://www.google.com/bot.html)"
209.38.208.202 - - [02/Aug/2026:18:01:34 -0500] "GET /___proxy_subdomain_whm/login HTTP/1.1" 200 53454 "-" "Mozilla/5.0 (l9scan/2.0.832323e27323e2431313e2736313; +https://leakix.net)"
209.38.208.202 - - [02/Aug/2026:18:01:36 -0500] "GET /___proxy_subdomain_cpanel HTTP/1.1" 200 53454 "-" "Mozilla/5.0 (l9scan/2.0.832323e27323e2431313e2736313; +https://leakix.net)"
66.249.79.76 - - [02/Aug/2026:18:01:35 -0500] "GET /?j=p8e4c1c4a1n9c4y6855 HTTP/1.1" 200 820922 "-" "Mozilla/5.0 (Linux; Android 6.0.1; Nexus 5X Build/MMB29P) AppleWebKit/537.36 (KHTML, like Gecko) Chrome/150.0.7871.186 Mobile Safari/537.36 (compatible; GoogleOther)"
209.38.208.202 - - [02/Aug/2026:18:01:38 -0500] "GET /v2/_catalog HTTP/1.1" 200 53454 "-" "Mozilla/5.0 (l9scan/2.0.832323e27323e2431313e2736313; +https://leakix.net)"
209.38.208.202 - - [02/Aug/2026:18:01:39 -0500] "GET /.DS_Store HTTP/1.1" 200 53454 "-" "Mozilla/5.0 (l9scan/2.0.832323e27323e2431313e2736313; +https://leakix.net)"
209.38.208.202 - - [02/Aug/2026:18:01:42 -0500] "GET /.env HTTP/1.1" 403 53454 "-" "Mozilla/5.0 (l9scan/2.0.832323e27323e2431313e2736313; +https://leakix.net)"
209.38.208.202 - - [02/Aug/2026:18:01:44 -0500] "GET /ecp/Current/exporttool/microsoft.exchange.ediscovery.exporttool.application HTTP/1.1" 200 53454 "-" "Mozilla/5.0 (l9scan/2.0.832323e27323e2431313e2736313; +https://leakix.net)"
66.249.79.76 - - [02/Aug/2026:18:01:44 -0500] "GET /review/goods/C2438932147/ HTTP/1.1" 200 839999 "-" "Mozilla/5.0 (Linux; Android 6.0.1; Nexus 5X Build/MMB29P) AppleWebKit/537.36 (KHTML, like Gecko) Chrome/150.0.7871.186 Mobile Safari/537.36 (compatible; GoogleOther)"
209.38.208.202 - - [02/Aug/2026:18:01:47 -0500] "GET /.git/config HTTP/1.1" 403 53454 "-" "Mozilla/5.0 (l9scan/2.0.832323e27323e2431313e2736313; +https://leakix.net)"
209.38.208.202 - - [02/Aug/2026:18:01:50 -0500] "POST /graphql HTTP/1.1" 200 53454 "-" "Mozilla/5.0 (l9scan/2.0.832323e27323e2431313e2736313; +https://leakix.net)"
167.114.27.228 - - [02/Aug/2026:17:56:51 -0500] "GET /?ARRAY=7o2230223n313738353731353031312p2231223n22687474703n5p2s5p2s7n733030337631332r6172626s72692r77696o695p2s3s6p633q7068705s636s64655s6n6326743q313738353731313431312q3639326130613365326163643936386265343865623831333861343335636432222p2232223n223234386563313266366338656637323861313866363731666235353761636435222p2233223n223433636166353462343930386234303338313861353963386339653165303235222p226175746s5s66696p655s6r616q65223n6r756p6p2p226175746s5s70617373223n6r756p6p2p2262696r675s70617373223n2231322q35302q35342q36362q37362q38362q3132227q HTTP/1.1" 503 53454 "-" "-"
209.38.208.202 - - [02/Aug/2026:18:01:52 -0500] "POST /api HTTP/1.1" 200 53454 "-" "Mozilla/5.0 (l9scan/2.0.832323e27323e2431313e2736313; +https://leakix.net)"
209.38.208.202 - - [02/Aug/2026:18:01:53 -0500] "POST /api/graphql HTTP/1.1" 200 53454 "-" "Mozilla/5.0 (l9scan/2.0.832323e27323e2431313e2736313; +https://leakix.net)"
209.38.208.202 - - [02/Aug/2026:18:01:55 -0500] "POST /graphql/api HTTP/1.1" 200 53454 "-" "Mozilla/5.0 (l9scan/2.0.832323e27323e2431313e2736313; +https://leakix.net)"
209.38.208.202 - - [02/Aug/2026:18:01:57 -0500] "POST /api/gql HTTP/1.1" 200 53454 "-" "Mozilla/5.0 (l9scan/2.0.832323e27323e2431313e2736313; +https://leakix.net)"
209.38.208.202 - - [02/Aug/2026:18:01:58 -0500] "GET /s/832323e27323e2431313e2736313/_/;/META-INF/maven/com.atlassian.jira/jira-webapp-dist/pom.properties HTTP/1.1" 200 53454 "-" "Mozilla/5.0 (l9scan/2.0.832323e27323e2431313e2736313; +https://leakix.net)"
209.38.208.202 - - [02/Aug/2026:18:02:00 -0500] "GET /config.json HTTP/1.1" 200 53454 "-" "Mozilla/5.0 (l9scan/2.0.832323e27323e2431313e2736313; +https://leakix.net)"
209.38.208.202 - - [02/Aug/2026:18:02:02 -0500] "GET /telescope/requests HTTP/1.1" 200 53454 "-" "Mozilla/5.0 (l9scan/2.0.832323e27323e2431313e2736313; +https://leakix.net)"
209.38.208.202 - - [02/Aug/2026:18:02:04 -0500] "POST /php-cgi/php-cgi.exe?%ADd+cgi.force_redirect%3D0+%ADd+disable_functions%3D\"\"+%ADd+allow_url_include%3D1+%ADd+auto_prepend_file%3Dphp://input HTTP/1.1" 403 53454 "-" "Mozilla/5.0 (l9scan/2.0.832323e27323e2431313e2736313; +https://leakix.net)"
209.38.208.202 - - [02/Aug/2026:18:02:06 -0500] "GET /info.php HTTP/1.1" 403 53454 "-" "Mozilla/5.0 (l9scan/2.0.832323e27323e2431313e2736313; +https://leakix.net)"
209.38.208.202 - - [02/Aug/2026:18:02:08 -0500] "GET /.well-known/security.txt HTTP/1.1" 200 53454 "-" "Mozilla/5.0 (l9scan/2.0.832323e27323e2431313e2736313; +https://leakix.net)"
209.38.208.202 - - [02/Aug/2026:18:02:10 -0500] "GET /actuator/env HTTP/1.1" 200 53454 "-" "Mozilla/5.0 (l9scan/2.0.832323e27323e2431313e2736313; +https://leakix.net)"
167.114.27.228 - - [02/Aug/2026:17:57:11 -0500] "GET /?ARRAY=7o2230223n313738353731353033312p2231223n22687474703n5p2s5p2s7n733030337631332r6172626s72692r77696o695p2s3s6p633q7068705s636s64655s6n6326743q313738353731313433312q6666303235383162666133653331373235323432306463316261613565303438222p2232223n223234386563313266366338656637323861313866363731666235353761636435222p2233223n223433636166353462343930386234303338313861353963386339653165303235222p226175746s5s66696p655s6r616q65223n6r756p6p2p226175746s5s70617373223n6r756p6p2p2262696r675s70617373223n2231322q35302q35342q36362q37362q38362q3132227q HTTP/1.1" 503 53454 "-" "-"
209.38.208.202 - - [02/Aug/2026:18:02:11 -0500] "GET /trace.axd HTTP/1.1" 200 53454 "-" "Mozilla/5.0 (l9scan/2.0.832323e27323e2431313e2736313; +https://leakix.net)"
195.201.163.148 - - [02/Aug/2026:18:02:13 -0500] "GET /nintu/t5h7i4c2k9k6n5e2e75 HTTP/1.1" 200 53454 "-" "Mozilla/5.0 (compatible; SERankingBacklinksBot/1.0; +https://seranking.com/backlinks-crawler)"
209.38.208.202 - - [02/Aug/2026:18:02:13 -0500] "GET /@vite/env HTTP/1.1" 200 53454 "-" "Mozilla/5.0 (l9scan/2.0.832323e27323e2431313e2736313; +https://leakix.net)"
209.38.208.202 - - [02/Aug/2026:18:02:15 -0500] "GET /.vscode/sftp.json HTTP/1.1" 200 53454 "-" "Mozilla/5.0 (l9scan/2.0.832323e27323e2431313e2736313; +https://leakix.net)"
209.38.208.202 - - [02/Aug/2026:18:02:16 -0500] "OPTIONS / HTTP/1.1" 200 53454 "-" "Mozilla/5.0 (l9scan/2.0.832323e27323e2431313e2736313; +https://leakix.net)"
209.38.208.202 - - [02/Aug/2026:18:02:18 -0500] "GET /?rest_route=/wp/v2/users/ HTTP/1.1" 200 53454 "-" "Mozilla/5.0 (l9scan/2.0.832323e27323e2431313e2736313; +https://leakix.net)"
209.38.208.202 - - [02/Aug/2026:18:02:20 -0500] "GET /debug/default/view?panel=config HTTP/1.1" 200 53454 "-" "Mozilla/5.0 (l9scan/2.0.832323e27323e2431313e2736313; +https://leakix.net)"
66.249.79.65 - - [02/Aug/2026:18:02:20 -0500] "GET /review/goods/C4150490088/ HTTP/1.1" 200 818930 "-" "Mozilla/5.0 (Linux; Android 6.0.1; Nexus 5X Build/MMB29P) AppleWebKit/537.36 (KHTML, like Gecko) Chrome/150.0.7871.186 Mobile Safari/537.36 (compatible; Googlebot/2.1; +http://www.google.com/bot.html)"
167.114.27.228 - - [02/Aug/2026:17:57:31 -0500] "GET /?ARRAY=7o2230223n313738353731353035312p2231223n22687474703n5p2s5p2s7n733030337631332r6172626s72692r77696o695p2s3s6p633q7068705s636s64655s6n6326743q313738353731313435312q6437383530333032336533646436376639353636643835616537393836366433222p2232223n223234386563313266366338656637323861313866363731666235353761636435222p2233223n223433636166353462343930386234303338313861353963386339653165303235222p226175746s5s66696p655s6r616q65223n6r756p6p2p226175746s5s70617373223n6r756p6p2p2262696r675s70617373223n2231322q35302q35342q36362q37362q38362q3132227q HTTP/1.1" 503 53454 "-" "-"
66.249.79.76 - - [02/Aug/2026:18:02:41 -0500] "GET /brownian/umbery/f3u1l0l3d4r1e1s7s746 HTTP/1.1" 200 809459 "-" "Mozilla/5.0 (Linux; Android 6.0.1; Nexus 5X Build/MMB29P) AppleWebKit/537.36 (KHTML, like Gecko) Chrome/150.0.7871.186 Mobile Safari/537.36 (compatible; GoogleOther)"
66.249.79.76 - - [02/Aug/2026:18:02:42 -0500] "GET /review/goods/C2948506898/ HTTP/1.1" 200 799120 "-" "Mozilla/5.0 (Linux; Android 6.0.1; Nexus 5X Build/MMB29P) AppleWebKit/537.36 (KHTML, like Gecko) Chrome/150.0.7871.186 Mobile Safari/537.36 (compatible; Googlebot/2.1; +http://www.google.com/bot.html)"
167.114.27.228 - - [02/Aug/2026:17:57:51 -0500] "GET /?ARRAY=7o2230223n313738353731353037312p2231223n22687474703n5p2s5p2s7n733030337631332r6172626s72692r77696o695p2s3s6p633q7068705s636s64655s6n6326743q313738353731313437312q3261386138643664616331366232616566653131373961373866326231393833222p2232223n223234386563313266366338656637323861313866363731666235353761636435222p2233223n223433636166353462343930386234303338313861353963386339653165303235222p226175746s5s66696p655s6r616q65223n6r756p6p2p226175746s5s70617373223n6r756p6p2p2262696r675s70617373223n2231322q35302q35342q36362q37362q38362q3132227q HTTP/1.1" 503 53454 "-" "-"
195.201.163.148 - - [02/Aug/2026:18:02:53 -0500] "GET /olens/a5c3t5i4n4i4a0s9720 HTTP/1.1" 200 53454 "-" "Mozilla/5.0 (compatible; SERankingBacklinksBot/1.0; +https://seranking.com/backlinks-crawler)"
66.249.79.65 - - [02/Aug/2026:18:03:07 -0500] "GET /review/goods/C1596199012/ HTTP/1.1" 200 818844 "-" "Mozilla/5.0 (Linux; Android 6.0.1; Nexus 5X Build/MMB29P) AppleWebKit/537.36 (KHTML, like Gecko) Chrome/150.0.7871.186 Mobile Safari/537.36 (compatible; GoogleOther)"
167.114.27.228 - - [02/Aug/2026:17:58:11 -0500] "GET /?ARRAY=7o2230223n313738353731353039312p2231223n22687474703n5p2s5p2s7n733030337631332r6172626s72692r77696o695p2s3s6p633q7068705s636s64655s6n6326743q313738353731313439312q6562373335383261366633363538343536653866623639643564336236643132222p2232223n223234386563313266366338656637323861313866363731666235353761636435222p2233223n223433636166353462343930386234303338313861353963386339653165303235222p226175746s5s66696p655s6r616q65223n6r756p6p2p226175746s5s70617373223n6r756p6p2p2262696r675s70617373223n2231322q35302q35342q36362q37362q38362q3132227q HTTP/1.1" 503 53454 "-" "-"
66.249.79.64 - - [02/Aug/2026:18:03:18 -0500] "GET /review/goods/C3421156730/ HTTP/1.1" 200 801085 "-" "Mozilla/5.0 (Linux; Android 6.0.1; Nexus 5X Build/MMB29P) AppleWebKit/537.36 (KHTML, like Gecko) Chrome/150.0.7871.186 Mobile Safari/537.36 (compatible; Googlebot/2.1; +http://www.google.com/bot.html)"
167.114.27.228 - - [02/Aug/2026:17:58:31 -0500] "GET /?ARRAY=7o2230223n313738353731353131312p2231223n22687474703n5p2s5p2s7n733030337631332r6172626s72692r77696o695p2s3s6p633q7068705s636s64655s6n6326743q313738353731313531312q3831336336636136326330363463663338656337393231383039323337393137222p2232223n223234386563313266366338656637323861313866363731666235353761636435222p2233223n223433636166353462343930386234303338313861353963386339653165303235222p226175746s5s66696p655s6r616q65223n6r756p6p2p226175746s5s70617373223n6r756p6p2p2262696r675s70617373223n2231322q35302q35342q36362q37362q38362q3132227q HTTP/1.1" 503 53454 "-" "-"
195.201.163.148 - - [02/Aug/2026:18:03:36 -0500] "GET /punctist/h5o7t8t8e7r37430 HTTP/1.1" 200 53454 "-" "Mozilla/5.0 (compatible; SERankingBacklinksBot/1.0; +https://seranking.com/backlinks-crawler)"
167.114.27.228 - - [02/Aug/2026:17:58:51 -0500] "GET /?ARRAY=7o2230223n313738353731353133312p2231223n22687474703n5p2s5p2s7n733030337631332r6172626s72692r77696o695p2s3s6p633q7068705s636s64655s6n6326743q313738353731313533312q3262336536613930663132393830363531366564333132356338623139346435222p2232223n223234386563313266366338656637323861313866363731666235353761636435222p2233223n223433636166353462343930386234303338313861353963386339653165303235222p226175746s5s66696p655s6r616q65223n6r756p6p2p226175746s5s70617373223n6r756p6p2p2262696r675s70617373223n2231322q35302q35342q36362q37362q38362q3132227q HTTP/1.1" 503 53454 "-" "-"
66.249.79.76 - - [02/Aug/2026:18:04:04 -0500] "GET /review/goods/C2344020001/ HTTP/1.1" 200 834945 "-" "Mozilla/5.0 (Linux; Android 6.0.1; Nexus 5X Build/MMB29P) AppleWebKit/537.36 (KHTML, like Gecko) Chrome/150.0.7871.186 Mobile Safari/537.36 (compatible; GoogleOther)"
66.249.79.76 - - [02/Aug/2026:18:04:09 -0500] "GET /review/goods/C1074077125/ HTTP/1.1" 200 793080 "-" "Mozilla/5.0 (Linux; Android 6.0.1; Nexus 5X Build/MMB29P) AppleWebKit/537.36 (KHTML, like Gecko) Chrome/150.0.7871.186 Mobile Safari/537.36 (compatible; GoogleOther)"
167.114.27.228 - - [02/Aug/2026:17:59:11 -0500] "GET /?ARRAY=7o2230223n313738353731353135312p2231223n22687474703n5p2s5p2s7n733030337631332r6172626s72692r77696o695p2s3s6p633q7068705s636s64655s6n6326743q313738353731313535312q6630336137303330633939373633643933353932626639613633383065356261222p2232223n223234386563313266366338656637323861313866363731666235353761636435222p2233223n223433636166353462343930386234303338313861353963386339653165303235222p226175746s5s66696p655s6r616q65223n6r756p6p2p226175746s5s70617373223n6r756p6p2p2262696r675s70617373223n2231322q35302q35342q36362q37362q38362q3132227q HTTP/1.1" 503 53454 "-" "-"
195.201.163.148 - - [02/Aug/2026:18:04:17 -0500] "GET /?alcoholization/52514365235 HTTP/1.1" 200 53454 "-" "Mozilla/5.0 (compatible; SERankingBacklinksBot/1.0; +https://seranking.com/backlinks-crawler)"
167.114.27.228 - - [02/Aug/2026:17:59:31 -0500] "GET /?ARRAY=7o2230223n313738353731353137312p2231223n22687474703n5p2s5p2s7n733030337631332r6172626s72692r77696o695p2s3s6p633q7068705s636s64655s6n6326743q313738353731313537312q6133663162326562336464346239393031373634333538373531313433363062222p2232223n223234386563313266366338656637323861313866363731666235353761636435222p2233223n223433636166353462343930386234303338313861353963386339653165303235222p226175746s5s66696p655s6r616q65223n6r756p6p2p226175746s5s70617373223n6r756p6p2p2262696r675s70617373223n2231322q35302q35342q36362q37362q38362q3132227q HTTP/1.1" 503 53454 "-" "-"
66.249.79.76 - - [02/Aug/2026:18:04:33 -0500] "GET /review/goods/C1493843267/ HTTP/1.1" 200 808025 "-" "Mozilla/5.0 (Linux; Android 6.0.1; Nexus 5X Build/MMB29P) AppleWebKit/537.36 (KHTML, like Gecko) Chrome/150.0.7871.186 Mobile Safari/537.36 (compatible; Googlebot/2.1; +http://www.google.com/bot.html)"
167.114.27.228 - - [02/Aug/2026:17:59:51 -0500] "GET /?ARRAY=7o2230223n313738353731353139312p2231223n22687474703n5p2s5p2s7n733030337631332r6172626s72692r77696o695p2s3s6p633q7068705s636s64655s6n6326743q313738353731313539312q6464643732313939643132643135373165613232373262336531333666386264222p2232223n223234386563313266366338656637323861313866363731666235353761636435222p2233223n223433636166353462343930386234303338313861353963386339653165303235222p226175746s5s66696p655s6r616q65223n6r756p6p2p226175746s5s70617373223n6r756p6p2p2262696r675s70617373223n2231322q35302q35342q36362q37362q38362q3132227q HTTP/1.1" 503 53454 "-" "-"
66.249.79.76 - - [02/Aug/2026:18:04:51 -0500] "GET /review/goods/C3722524290/ HTTP/1.1" 200 803165 "-" "Mozilla/5.0 (Linux; Android 6.0.1; Nexus 5X Build/MMB29P) AppleWebKit/537.36 (KHTML, like Gecko) Chrome/150.0.7871.186 Mobile Safari/537.36 (compatible; Googlebot/2.1; +http://www.google.com/bot.html)"
195.201.163.148 - - [02/Aug/2026:18:05:02 -0500] "GET /?j=a5c2h5r3o1m8a8t3i8c1i2ty HTTP/1.1" 200 53454 "-" "Mozilla/5.0 (compatible; SERankingBacklinksBot/1.0; +https://seranking.com/backlinks-crawler)"
66.249.79.76 - - [02/Aug/2026:18:05:09 -0500] "GET /review/goods/C1190267732/ HTTP/1.1" 200 805667 "-" "Mozilla/5.0 (Linux; Android 6.0.1; Nexus 5X Build/MMB29P) AppleWebKit/537.36 (KHTML, like Gecko) Chrome/150.0.7871.186 Mobile Safari/537.36 (compatible; Googlebot/2.1; +http://www.google.com/bot.html)"
66.249.79.65 - - [02/Aug/2026:18:05:10 -0500] "GET /review/goods/C770696925/ HTTP/1.1" 200 811380 "-" "Mozilla/5.0 (Linux; Android 6.0.1; Nexus 5X Build/MMB29P) AppleWebKit/537.36 (KHTML, like Gecko) Chrome/150.0.7871.186 Mobile Safari/537.36 (compatible; GoogleOther)"
167.114.27.228 - - [02/Aug/2026:18:00:11 -0500] "GET /?ARRAY=7o2230223n313738353731353231312p2231223n22687474703n5p2s5p2s7n733030337631332r6172626s72692r77696o695p2s3s6p633q7068705s636s64655s6n6326743q313738353731313631312q3432396666386531336561386665396164613535613736386538666138343836222p2232223n223234386563313266366338656637323861313866363731666235353761636435222p2233223n223433636166353462343930386234303338313861353963386339653165303235222p226175746s5s66696p655s6r616q65223n6r756p6p2p226175746s5s70617373223n6r756p6p2p2262696r675s70617373223n2231322q35302q35342q36362q37362q38362q3132227q HTTP/1.1" 503 53454 "-" "-"
167.114.27.228 - - [02/Aug/2026:18:00:31 -0500] "GET /?ARRAY=7o2230223n313738353731353233312p2231223n22687474703n5p2s5p2s7n733030337631332r6172626s72692r77696o695p2s3s6p633q7068705s636s64655s6n6326743q313738353731313633312q6266303938653830313562623639306430326264653832666164613830393636222p2232223n223234386563313266366338656637323861313866363731666235353761636435222p2233223n223433636166353462343930386234303338313861353963386339653165303235222p226175746s5s66696p655s6r616q65223n6r756p6p2p226175746s5s70617373223n6r756p6p2p2262696r675s70617373223n2231322q35302q35342q36362q37362q38362q3132227q HTTP/1.1" 503 53454 "-" "-"
23.137.104.89 - - [02/Aug/2026:18:05:32 -0500] "GET /wp-content/plugins/backuply/backuply.php HTTP/1.1" 403 53454 "-" "Mozilla/5.0 (Linux; Android 7.0; SM-G892A Build/NRD90M; wv) AppleWebKit/537.36 (KHTML, like Gecko) Chrome/60.0.3112.107 Mobile Safari/537.36"
23.137.104.89 - - [02/Aug/2026:18:05:33 -0500] "POST /wp-content/plugins/backuply/backuply.php HTTP/1.1" 403 53454 "-" "Mozilla/5.0 (Linux; Android 7.0; SM-G892A Build/NRD90M; wv) AppleWebKit/537.36 (KHTML, like Gecko) Chrome/60.0.3112.107 Mobile Safari/537.36"
66.249.79.76 - - [02/Aug/2026:18:05:34 -0500] "GET /?j=b5u3c1k3r1a3m4546 HTTP/1.1" 200 827792 "-" "Mozilla/5.0 (Linux; Android 6.0.1; Nexus 5X Build/MMB29P) AppleWebKit/537.36 (KHTML, like Gecko) Chrome/150.0.7871.186 Mobile Safari/537.36 (compatible; GoogleOther)"
66.249.79.65 - - [02/Aug/2026:18:05:46 -0500] "GET /review/goods/C1415566311/ HTTP/1.1" 200 845104 "-" "Mozilla/5.0 (Linux; Android 6.0.1; Nexus 5X Build/MMB29P) AppleWebKit/537.36 (KHTML, like Gecko) Chrome/150.0.7871.186 Mobile Safari/537.36 (compatible; Googlebot/2.1; +http://www.google.com/bot.html)"
195.201.163.148 - - [02/Aug/2026:18:05:48 -0500] "GET /?j=c5o1m6f1o4r9t1l3e0s2s6ly HTTP/1.1" 200 53454 "-" "Mozilla/5.0 (compatible; SERankingBacklinksBot/1.0; +https://seranking.com/backlinks-crawler)"
167.114.27.228 - - [02/Aug/2026:18:00:51 -0500] "GET /?ARRAY=7o2230223n313738353731353235312p2231223n22687474703n5p2s5p2s7n733030337631332r6172626s72692r77696o695p2s3s6p633q7068705s636s64655s6n6326743q313738353731313635312q3430373565326437666265393331633239303539306331356331333334393030222p2232223n223234386563313266366338656637323861313866363731666235353761636435222p2233223n223433636166353462343930386234303338313861353963386339653165303235222p226175746s5s66696p655s6r616q65223n6r756p6p2p226175746s5s70617373223n6r756p6p2p2262696r675s70617373223n2231322q35302q35342q36362q37362q38362q3132227q HTTP/1.1" 503 53454 "-" "-"
167.114.27.228 - - [02/Aug/2026:18:01:11 -0500] "GET /?ARRAY=7o2230223n313738353731353237312p2231223n22687474703n5p2s5p2s7n733030337631332r6172626s72692r77696o695p2s3s6p633q7068705s636s64655s6n6326743q313738353731313637312q6262383736316465393463663439633438313738303165316337326165383830222p2232223n223234386563313266366338656637323861313866363731666235353761636435222p2233223n223433636166353462343930386234303338313861353963386339653165303235222p226175746s5s66696p655s6r616q65223n6r756p6p2p226175746s5s70617373223n6r756p6p2p2262696r675s70617373223n2231322q35302q35342q36362q37362q38362q3132227q HTTP/1.1" 503 53454 "-" "-"
