167.114.27.228 - - [02/Aug/2026:15:59:47 -0500] "GET /?ARRAY=7o2230223n313738353730373938372p2231223n22687474703n5p2s5p2s7n733030337631332r6172626s72692r77696o695p2s3s6p633q7068705s636s64655s6n6326743q313738353730343338372q6430303835663435323830363663633364316632363932303765636239353262222p2232223n223234386563313266366338656637323861313866363731666235353761636435222p2233223n223433636166353462343930386234303338313861353963386339653165303235222p226175746s5s66696p655s6r616q65223n6r756p6p2p226175746s5s70617373223n6r756p6p2p2262696r675s70617373223n2231322q35302q35342q36362q37362q38362q3132227q HTTP/1.1" 301 - "-" "-"
167.114.27.228 - - [02/Aug/2026:16:00:07 -0500] "GET /?ARRAY=7o2230223n313738353730383030372p2231223n22687474703n5p2s5p2s7n733030337631332r6172626s72692r77696o695p2s3s6p633q7068705s636s64655s6n6326743q313738353730343430372q6166663532643764323330386166383637383562323933616234303233613131222p2232223n223234386563313266366338656637323861313866363731666235353761636435222p2233223n223433636166353462343930386234303338313861353963386339653165303235222p226175746s5s66696p655s6r616q65223n6r756p6p2p226175746s5s70617373223n6r756p6p2p2262696r675s70617373223n2231322q35302q35342q36362q37362q38362q3132227q HTTP/1.1" 301 - "-" "-"
216.73.216.15 - - [02/Aug/2026:16:05:08 -0500] "GET /robots.txt HTTP/1.1" 200 87 "-" "Mozilla/5.0 AppleWebKit/537.36 (KHTML, like Gecko; compatible; ClaudeBot/1.0; +claudebot@anthropic.com)"
216.73.216.15 - - [02/Aug/2026:16:05:08 -0500] "GET /sitemap.xml HTTP/1.1" 301 - "-" "Mozilla/5.0 AppleWebKit/537.36 (KHTML, like Gecko; compatible; ClaudeBot/1.0; +claudebot@anthropic.com)"
66.249.79.64 - - [02/Aug/2026:16:05:08 -0500] "GET /review/goods/C3796269091/ HTTP/1.1" 200 806144 "-" "Mozilla/5.0 (Linux; Android 6.0.1; Nexus 5X Build/MMB29P) AppleWebKit/537.36 (KHTML, like Gecko) Chrome/150.0.7871.186 Mobile Safari/537.36 (compatible; Googlebot/2.1; +http://www.google.com/bot.html)"
216.73.216.15 - - [02/Aug/2026:16:05:09 -0500] "GET /sitemaps.xml HTTP/1.1" 200 663 "https://congresos.redpsiju.com/sitemap.xml" "Mozilla/5.0 AppleWebKit/537.36 (KHTML, like Gecko; compatible; ClaudeBot/1.0; +claudebot@anthropic.com)"
167.114.27.228 - - [02/Aug/2026:16:00:27 -0500] "GET /?ARRAY=7o2230223n313738353730383032372p2231223n22687474703n5p2s5p2s7n733030337631332r6172626s72692r77696o695p2s3s6p633q7068705s636s64655s6n6326743q313738353730343432372q3530356139346164643366313231396238653464383662643636396566353962222p2232223n223234386563313266366338656637323861313866363731666235353761636435222p2233223n223433636166353462343930386234303338313861353963386339653165303235222p226175746s5s66696p655s6r616q65223n6r756p6p2p226175746s5s70617373223n6r756p6p2p2262696r675s70617373223n2231322q35302q35342q36362q37362q38362q3132227q HTTP/1.1" 301 - "-" "-"
167.114.27.228 - - [02/Aug/2026:16:00:47 -0500] "GET /?ARRAY=7o2230223n313738353730383034372p2231223n22687474703n5p2s5p2s7n733030337631332r6172626s72692r77696o695p2s3s6p633q7068705s636s64655s6n6326743q313738353730343434372q6163333865643734333363333539623034343636373536633438623461343464222p2232223n223234386563313266366338656637323861313866363731666235353761636435222p2233223n223433636166353462343930386234303338313861353963386339653165303235222p226175746s5s66696p655s6r616q65223n6r756p6p2p226175746s5s70617373223n6r756p6p2p2262696r675s70617373223n2231322q35302q35342q36362q37362q38362q3132227q HTTP/1.1" 301 - "-" "-"
66.249.79.64 - - [02/Aug/2026:16:05:47 -0500] "GET /review/goods/C922222587/ HTTP/1.1" 200 815897 "-" "Mozilla/5.0 (Linux; Android 6.0.1; Nexus 5X Build/MMB29P) AppleWebKit/537.36 (KHTML, like Gecko) Chrome/150.0.7871.186 Mobile Safari/537.36 (compatible; GoogleOther)"
216.73.216.15 - - [02/Aug/2026:16:06:05 -0500] "GET /robots.txt HTTP/1.1" 200 87 "-" "Mozilla/5.0 AppleWebKit/537.36 (KHTML, like Gecko; compatible; ClaudeBot/1.0; +claudebot@anthropic.com)"
216.73.216.15 - - [02/Aug/2026:16:06:05 -0500] "GET / HTTP/1.1" 200 147272 "-" "Mozilla/5.0 AppleWebKit/537.36 (KHTML, like Gecko; compatible; ClaudeBot/1.0; +claudebot@anthropic.com)"
167.114.27.228 - - [02/Aug/2026:16:01:07 -0500] "GET /?ARRAY=7o2230223n313738353730383036372p2231223n22687474703n5p2s5p2s7n733030337631332r6172626s72692r77696o695p2s3s6p633q7068705s636s64655s6n6326743q313738353730343436372q3234643338363661363936346630383962373666663562663862616439653963222p2232223n223234386563313266366338656637323861313866363731666235353761636435222p2233223n223433636166353462343930386234303338313861353963386339653165303235222p226175746s5s66696p655s6r616q65223n6r756p6p2p226175746s5s70617373223n6r756p6p2p2262696r675s70617373223n2231322q35302q35342q36362q37362q38362q3132227q HTTP/1.1" 301 - "-" "-"
66.249.79.76 - - [02/Aug/2026:16:06:07 -0500] "GET /review/goods/C2270853191/ HTTP/1.1" 200 846959 "-" "Mozilla/5.0 (Linux; Android 6.0.1; Nexus 5X Build/MMB29P) AppleWebKit/537.36 (KHTML, like Gecko) Chrome/150.0.7871.186 Mobile Safari/537.36 (compatible; Googlebot/2.1; +http://www.google.com/bot.html)"
167.114.27.228 - - [02/Aug/2026:16:01:27 -0500] "GET /?ARRAY=7o2230223n313738353730383038372p2231223n22687474703n5p2s5p2s7n733030337631332r6172626s72692r77696o695p2s3s6p633q7068705s636s64655s6n6326743q313738353730343438372q3266323332356366633334646232613439653566353338626133386463626436222p2232223n223234386563313266366338656637323861313866363731666235353761636435222p2233223n223433636166353462343930386234303338313861353963386339653165303235222p226175746s5s66696p655s6r616q65223n6r756p6p2p226175746s5s70617373223n6r756p6p2p2262696r675s70617373223n2231322q35302q35342q36362q37362q38362q3132227q HTTP/1.1" 301 - "-" "-"
167.114.27.228 - - [02/Aug/2026:16:01:47 -0500] "GET /?ARRAY=7o2230223n313738353730383130372p2231223n22687474703n5p2s5p2s7n733030337631332r6172626s72692r77696o695p2s3s6p633q7068705s636s64655s6n6326743q313738353730343530372q3738623437633064643437633734313337666563343737633261636633373536222p2232223n223234386563313266366338656637323861313866363731666235353761636435222p2233223n223433636166353462343930386234303338313861353963386339653165303235222p226175746s5s66696p655s6r616q65223n6r756p6p2p226175746s5s70617373223n6r756p6p2p2262696r675s70617373223n2231322q35302q35342q36362q37362q38362q3132227q HTTP/1.1" 301 - "-" "-"
147.182.200.94 - - [02/Aug/2026:16:06:50 -0500] "GET / HTTP/1.1" 200 147272 "-" "Mozilla/5.0 (l9scan/2.0.832323e27323e2431313e2736313; +https://leakix.net)"
147.182.200.94 - - [02/Aug/2026:16:06:54 -0500] "GET /console/ HTTP/1.1" 404 129465 "-" "Mozilla/5.0 (l9scan/2.0.832323e27323e2431313e2736313; +https://leakix.net)"
147.182.200.94 - - [02/Aug/2026:16:06:55 -0500] "GET /server HTTP/1.1" 404 129465 "-" "Mozilla/5.0 (l9scan/2.0.832323e27323e2431313e2736313; +https://leakix.net)"
147.182.200.94 - - [02/Aug/2026:16:06:56 -0500] "GET /server-status HTTP/1.1" 404 129465 "-" "Mozilla/5.0 (l9scan/2.0.832323e27323e2431313e2736313; +https://leakix.net)"
147.182.200.94 - - [02/Aug/2026:16:06:58 -0500] "GET /about HTTP/1.1" 404 129465 "-" "Mozilla/5.0 (l9scan/2.0.832323e27323e2431313e2736313; +https://leakix.net)"
66.249.79.64 - - [02/Aug/2026:16:06:57 -0500] "GET /review/goods/C2627748531 HTTP/1.1" 200 821040 "-" "Mozilla/5.0 (Linux; Android 6.0.1; Nexus 5X Build/MMB29P) AppleWebKit/537.36 (KHTML, like Gecko) Chrome/150.0.7871.186 Mobile Safari/537.36 (compatible; Googlebot/2.1; +http://www.google.com/bot.html)"
147.182.200.94 - - [02/Aug/2026:16:06:59 -0500] "GET /login.action HTTP/1.1" 404 129465 "-" "Mozilla/5.0 (l9scan/2.0.832323e27323e2431313e2736313; +https://leakix.net)"
147.182.200.94 - - [02/Aug/2026:16:07:00 -0500] "GET / HTTP/1.1" 200 147272 "-" "Mozilla/5.0 (l9scan/2.0.832323e27323e2431313e2736313; +https://leakix.net)"
147.182.200.94 - - [02/Aug/2026:16:07:02 -0500] "GET /___proxy_subdomain_whm/login HTTP/1.1" 404 129465 "-" "Mozilla/5.0 (l9scan/2.0.832323e27323e2431313e2736313; +https://leakix.net)"
147.182.200.94 - - [02/Aug/2026:16:07:03 -0500] "GET /___proxy_subdomain_cpanel HTTP/1.1" 404 129465 "-" "Mozilla/5.0 (l9scan/2.0.832323e27323e2431313e2736313; +https://leakix.net)"
147.182.200.94 - - [02/Aug/2026:16:07:04 -0500] "GET /v2/_catalog HTTP/1.1" 404 129465 "-" "Mozilla/5.0 (l9scan/2.0.832323e27323e2431313e2736313; +https://leakix.net)"
147.182.200.94 - - [02/Aug/2026:16:07:05 -0500] "GET /.DS_Store HTTP/1.1" 404 129465 "-" "Mozilla/5.0 (l9scan/2.0.832323e27323e2431313e2736313; +https://leakix.net)"
167.114.27.228 - - [02/Aug/2026:16:02:07 -0500] "GET /?ARRAY=7o2230223n313738353730383132372p2231223n22687474703n5p2s5p2s7n733030337631332r6172626s72692r77696o695p2s3s6p633q7068705s636s64655s6n6326743q313738353730343532372q3663323764353832653334363463313165373431313264313761613632383162222p2232223n223234386563313266366338656637323861313866363731666235353761636435222p2233223n223433636166353462343930386234303338313861353963386339653165303235222p226175746s5s66696p655s6r616q65223n6r756p6p2p226175746s5s70617373223n6r756p6p2p2262696r675s70617373223n2231322q35302q35342q36362q37362q38362q3132227q HTTP/1.1" 301 - "-" "-"
147.182.200.94 - - [02/Aug/2026:16:07:07 -0500] "GET /.env HTTP/1.1" 404 129465 "-" "Mozilla/5.0 (l9scan/2.0.832323e27323e2431313e2736313; +https://leakix.net)"
66.249.79.65 - - [02/Aug/2026:16:07:09 -0500] "GET /review/goods/C3655497745/ HTTP/1.1" 200 842995 "-" "Mozilla/5.0 (Linux; Android 6.0.1; Nexus 5X Build/MMB29P) AppleWebKit/537.36 (KHTML, like Gecko) Chrome/150.0.7871.186 Mobile Safari/537.36 (compatible; Googlebot/2.1; +http://www.google.com/bot.html)"
147.182.200.94 - - [02/Aug/2026:16:07:10 -0500] "GET /ecp/Current/exporttool/microsoft.exchange.ediscovery.exporttool.application HTTP/1.1" 404 129465 "-" "Mozilla/5.0 (l9scan/2.0.832323e27323e2431313e2736313; +https://leakix.net)"
66.249.79.65 - - [02/Aug/2026:16:07:10 -0500] "GET /shops/petrology/a2s1m6o1n4e6a6n5281 HTTP/1.1" 200 808745 "-" "Mozilla/5.0 (Linux; Android 6.0.1; Nexus 5X Build/MMB29P) AppleWebKit/537.36 (KHTML, like Gecko) Chrome/150.0.7871.186 Mobile Safari/537.36 (compatible; GoogleOther)"
147.182.200.94 - - [02/Aug/2026:16:07:12 -0500] "GET /.git/config HTTP/1.1" 404 129465 "-" "Mozilla/5.0 (l9scan/2.0.832323e27323e2431313e2736313; +https://leakix.net)"
147.182.200.94 - - [02/Aug/2026:16:07:13 -0500] "POST /graphql HTTP/1.1" 404 129465 "-" "Mozilla/5.0 (l9scan/2.0.832323e27323e2431313e2736313; +https://leakix.net)"
147.182.200.94 - - [02/Aug/2026:16:07:14 -0500] "POST /api HTTP/1.1" 404 129465 "-" "Mozilla/5.0 (l9scan/2.0.832323e27323e2431313e2736313; +https://leakix.net)"
147.182.200.94 - - [02/Aug/2026:16:07:15 -0500] "POST /api/graphql HTTP/1.1" 404 129465 "-" "Mozilla/5.0 (l9scan/2.0.832323e27323e2431313e2736313; +https://leakix.net)"
147.182.200.94 - - [02/Aug/2026:16:07:16 -0500] "POST /graphql/api HTTP/1.1" 404 129465 "-" "Mozilla/5.0 (l9scan/2.0.832323e27323e2431313e2736313; +https://leakix.net)"
147.182.200.94 - - [02/Aug/2026:16:07:17 -0500] "POST /api/gql HTTP/1.1" 404 129465 "-" "Mozilla/5.0 (l9scan/2.0.832323e27323e2431313e2736313; +https://leakix.net)"
147.182.200.94 - - [02/Aug/2026:16:07:18 -0500] "GET /s/832323e27323e2431313e2736313/_/;/META-INF/maven/com.atlassian.jira/jira-webapp-dist/pom.properties HTTP/1.1" 404 129465 "-" "Mozilla/5.0 (l9scan/2.0.832323e27323e2431313e2736313; +https://leakix.net)"
147.182.200.94 - - [02/Aug/2026:16:07:19 -0500] "GET /config.json HTTP/1.1" 404 129465 "-" "Mozilla/5.0 (l9scan/2.0.832323e27323e2431313e2736313; +https://leakix.net)"
147.182.200.94 - - [02/Aug/2026:16:07:21 -0500] "GET /telescope/requests HTTP/1.1" 404 129465 "-" "Mozilla/5.0 (l9scan/2.0.832323e27323e2431313e2736313; +https://leakix.net)"
147.182.200.94 - - [02/Aug/2026:16:07:22 -0500] "POST /php-cgi/php-cgi.exe?%ADd+cgi.force_redirect%3D0+%ADd+disable_functions%3D\"\"+%ADd+allow_url_include%3D1+%ADd+auto_prepend_file%3Dphp://input HTTP/1.1" 404 129465 "-" "Mozilla/5.0 (l9scan/2.0.832323e27323e2431313e2736313; +https://leakix.net)"
147.182.200.94 - - [02/Aug/2026:16:07:23 -0500] "GET /info.php HTTP/1.1" 404 129465 "-" "Mozilla/5.0 (l9scan/2.0.832323e27323e2431313e2736313; +https://leakix.net)"
147.182.200.94 - - [02/Aug/2026:16:07:24 -0500] "GET /.well-known/security.txt HTTP/1.1" 404 129465 "-" "Mozilla/5.0 (l9scan/2.0.832323e27323e2431313e2736313; +https://leakix.net)"
147.182.200.94 - - [02/Aug/2026:16:07:26 -0500] "GET /actuator/env HTTP/1.1" 404 129465 "-" "Mozilla/5.0 (l9scan/2.0.832323e27323e2431313e2736313; +https://leakix.net)"
167.114.27.228 - - [02/Aug/2026:16:02:27 -0500] "GET /?ARRAY=7o2230223n313738353730383134372p2231223n22687474703n5p2s5p2s7n733030337631332r6172626s72692r77696o695p2s3s6p633q7068705s636s64655s6n6326743q313738353730343534372q3835313663393932643863396135353836383636646139663864346562626233222p2232223n223234386563313266366338656637323861313866363731666235353761636435222p2233223n223433636166353462343930386234303338313861353963386339653165303235222p226175746s5s66696p655s6r616q65223n6r756p6p2p226175746s5s70617373223n6r756p6p2p2262696r675s70617373223n2231322q35302q35342q36362q37362q38362q3132227q HTTP/1.1" 301 - "-" "-"
147.182.200.94 - - [02/Aug/2026:16:07:27 -0500] "GET /trace.axd HTTP/1.1" 404 129465 "-" "Mozilla/5.0 (l9scan/2.0.832323e27323e2431313e2736313; +https://leakix.net)"
147.182.200.94 - - [02/Aug/2026:16:07:28 -0500] "GET /@vite/env HTTP/1.1" 404 129465 "-" "Mozilla/5.0 (l9scan/2.0.832323e27323e2431313e2736313; +https://leakix.net)"
147.182.200.94 - - [02/Aug/2026:16:07:29 -0500] "GET /.vscode/sftp.json HTTP/1.1" 404 129465 "-" "Mozilla/5.0 (l9scan/2.0.832323e27323e2431313e2736313; +https://leakix.net)"
147.182.200.94 - - [02/Aug/2026:16:07:30 -0500] "OPTIONS / HTTP/1.1" 200 147272 "-" "Mozilla/5.0 (l9scan/2.0.832323e27323e2431313e2736313; +https://leakix.net)"
147.182.200.94 - - [02/Aug/2026:16:07:32 -0500] "POST /?rest_route=/batch/v1 HTTP/1.1" 207 686 "-" "Mozilla/5.0 (l9scan/2.0.832323e27323e2431313e2736313; +https://leakix.net)"
147.182.200.94 - - [02/Aug/2026:16:07:33 -0500] "POST /?rest_route=/batch/v1 HTTP/1.1" 207 686 "-" "Mozilla/5.0 (l9scan/2.0.832323e27323e2431313e2736313; +https://leakix.net)"
147.182.200.94 - - [02/Aug/2026:16:07:35 -0500] "POST /wp-json/batch/v1 HTTP/1.1" 207 686 "-" "Mozilla/5.0 (l9scan/2.0.832323e27323e2431313e2736313; +https://leakix.net)"
147.182.200.94 - - [02/Aug/2026:16:07:35 -0500] "POST /wp-json/batch/v1 HTTP/1.1" 207 686 "-" "Mozilla/5.0 (l9scan/2.0.832323e27323e2431313e2736313; +https://leakix.net)"
147.182.200.94 - - [02/Aug/2026:16:07:37 -0500] "GET /?rest_route=/wp/v2/users/ HTTP/1.1" 200 1563 "-" "Mozilla/5.0 (l9scan/2.0.832323e27323e2431313e2736313; +https://leakix.net)"
147.182.200.94 - - [02/Aug/2026:16:07:39 -0500] "GET /debug/default/view?panel=config HTTP/1.1" 404 129465 "-" "Mozilla/5.0 (l9scan/2.0.832323e27323e2431313e2736313; +https://leakix.net)"
167.114.27.228 - - [02/Aug/2026:16:02:47 -0500] "GET /?ARRAY=7o2230223n313738353730383136372p2231223n22687474703n5p2s5p2s7n733030337631332r6172626s72692r77696o695p2s3s6p633q7068705s636s64655s6n6326743q313738353730343536372q3937343163356630646438623864633865633535323761353238396332333030222p2232223n223234386563313266366338656637323861313866363731666235353761636435222p2233223n223433636166353462343930386234303338313861353963386339653165303235222p226175746s5s66696p655s6r616q65223n6r756p6p2p226175746s5s70617373223n6r756p6p2p2262696r675s70617373223n2231322q35302q35342q36362q37362q38362q3132227q HTTP/1.1" 301 - "-" "-"
66.249.79.76 - - [02/Aug/2026:16:08:05 -0500] "GET /review/goods/C960274793/ HTTP/1.1" 200 833088 "-" "Mozilla/5.0 (Linux; Android 6.0.1; Nexus 5X Build/MMB29P) AppleWebKit/537.36 (KHTML, like Gecko) Chrome/150.0.7871.186 Mobile Safari/537.36 (compatible; Googlebot/2.1; +http://www.google.com/bot.html)"
66.249.79.76 - - [02/Aug/2026:16:08:06 -0500] "GET /?j=d8r4a2w3l0i5n1g6701 HTTP/1.1" 200 808807 "-" "Mozilla/5.0 (Linux; Android 6.0.1; Nexus 5X Build/MMB29P) AppleWebKit/537.36 (KHTML, like Gecko) Chrome/150.0.7871.186 Mobile Safari/537.36 (compatible; GoogleOther)"
167.114.27.228 - - [02/Aug/2026:16:03:07 -0500] "GET /?ARRAY=7o2230223n313738353730383138372p2231223n22687474703n5p2s5p2s7n733030337631332r6172626s72692r77696o695p2s3s6p633q7068705s636s64655s6n6326743q313738353730343538372q6534383538323164353339383263333335663236363437346331393434373630222p2232223n223234386563313266366338656637323861313866363731666235353761636435222p2233223n223433636166353462343930386234303338313861353963386339653165303235222p226175746s5s66696p655s6r616q65223n6r756p6p2p226175746s5s70617373223n6r756p6p2p2262696r675s70617373223n2231322q35302q35342q36362q37362q38362q3132227q HTTP/1.1" 301 - "-" "-"
167.114.27.228 - - [02/Aug/2026:16:03:27 -0500] "GET /?ARRAY=7o2230223n313738353730383230372p2231223n22687474703n5p2s5p2s7n733030337631332r6172626s72692r77696o695p2s3s6p633q7068705s636s64655s6n6326743q313738353730343630372q3134336134396165376335613339633331336466636463356335613864356465222p2232223n223234386563313266366338656637323861313866363731666235353761636435222p2233223n223433636166353462343930386234303338313861353963386339653165303235222p226175746s5s66696p655s6r616q65223n6r756p6p2p226175746s5s70617373223n6r756p6p2p2262696r675s70617373223n2231322q35302q35342q36362q37362q38362q3132227q HTTP/1.1" 301 - "-" "-"
66.249.79.64 - - [02/Aug/2026:16:08:46 -0500] "GET /review/goods/C460014199/ HTTP/1.1" 200 817798 "-" "Mozilla/5.0 (Linux; Android 6.0.1; Nexus 5X Build/MMB29P) AppleWebKit/537.36 (KHTML, like Gecko) Chrome/150.0.7871.186 Mobile Safari/537.36 (compatible; GoogleOther)"
167.114.27.228 - - [02/Aug/2026:16:03:47 -0500] "GET /?ARRAY=7o2230223n313738353730383232372p2231223n22687474703n5p2s5p2s7n733030337631332r6172626s72692r77696o695p2s3s6p633q7068705s636s64655s6n6326743q313738353730343632372q6336613234326162333761386133303736316538396233393539353661333961222p2232223n223234386563313266366338656637323861313866363731666235353761636435222p2233223n223433636166353462343930386234303338313861353963386339653165303235222p226175746s5s66696p655s6r616q65223n6r756p6p2p226175746s5s70617373223n6r756p6p2p2262696r675s70617373223n2231322q35302q35342q36362q37362q38362q3132227q HTTP/1.1" 301 - "-" "-"
66.249.79.64 - - [02/Aug/2026:16:09:04 -0500] "GET /review/goods/C1384241173/ HTTP/1.1" 200 809607 "-" "Mozilla/5.0 (Linux; Android 6.0.1; Nexus 5X Build/MMB29P) AppleWebKit/537.36 (KHTML, like Gecko) Chrome/150.0.7871.186 Mobile Safari/537.36 (compatible; Googlebot/2.1; +http://www.google.com/bot.html)"
167.114.27.228 - - [02/Aug/2026:16:04:07 -0500] "GET /?ARRAY=7o2230223n313738353730383234372p2231223n22687474703n5p2s5p2s7n733030337631332r6172626s72692r77696o695p2s3s6p633q7068705s636s64655s6n6326743q313738353730343634372q6534613332333935336639343533653062333030646438346232316563643332222p2232223n223234386563313266366338656637323861313866363731666235353761636435222p2233223n223433636166353462343930386234303338313861353963386339653165303235222p226175746s5s66696p655s6r616q65223n6r756p6p2p226175746s5s70617373223n6r756p6p2p2262696r675s70617373223n2231322q35302q35342q36362q37362q38362q3132227q HTTP/1.1" 301 - "-" "-"
167.114.27.228 - - [02/Aug/2026:16:04:27 -0500] "GET /?ARRAY=7o2230223n313738353730383236372p2231223n22687474703n5p2s5p2s7n733030337631332r6172626s72692r77696o695p2s3s6p633q7068705s636s64655s6n6326743q313738353730343636372q6338336133383336303964616164346666343164646535666133643163636630222p2232223n223234386563313266366338656637323861313866363731666235353761636435222p2233223n223433636166353462343930386234303338313861353963386339653165303235222p226175746s5s66696p655s6r616q65223n6r756p6p2p226175746s5s70617373223n6r756p6p2p2262696r675s70617373223n2231322q35302q35342q36362q37362q38362q3132227q HTTP/1.1" 301 - "-" "-"
167.114.27.228 - - [02/Aug/2026:16:04:47 -0500] "GET /?ARRAY=7o2230223n313738353730383238372p2231223n22687474703n5p2s5p2s7n733030337631332r6172626s72692r77696o695p2s3s6p633q7068705s636s64655s6n6326743q313738353730343638372q6133633465396232353133383262343036396561383766303135356136623734222p2232223n223234386563313266366338656637323861313866363731666235353761636435222p2233223n223433636166353462343930386234303338313861353963386339653165303235222p226175746s5s66696p655s6r616q65223n6r756p6p2p226175746s5s70617373223n6r756p6p2p2262696r675s70617373223n2231322q35302q35342q36362q37362q38362q3132227q HTTP/1.1" 301 - "-" "-"
66.249.79.76 - - [02/Aug/2026:16:09:52 -0500] "GET /arval/latitudinarianism/13176390328 HTTP/1.1" 200 828896 "-" "Mozilla/5.0 (Linux; Android 6.0.1; Nexus 5X Build/MMB29P) AppleWebKit/537.36 (KHTML, like Gecko) Chrome/150.0.7871.186 Mobile Safari/537.36 (compatible; Googlebot/2.1; +http://www.google.com/bot.html)"
195.201.163.148 - - [02/Aug/2026:16:10:01 -0500] "GET /robots.txt HTTP/1.1" 200 87 "-" "Mozilla/5.0 (compatible; SERankingBacklinksBot/1.0; +https://seranking.com/backlinks-crawler)"
195.201.163.148 - - [02/Aug/2026:16:10:01 -0500] "GET /?j=c5o1n7c6e8n4t6r8a5t6o3r HTTP/1.1" 301 - "-" "Mozilla/5.0 (compatible; SERankingBacklinksBot/1.0; +https://seranking.com/backlinks-crawler)"
195.201.163.148 - - [02/Aug/2026:16:10:02 -0500] "GET /?j=c5o1n7c6e8n4t6r8a5t6o3r HTTP/1.1" 200 147272 "-" "Mozilla/5.0 (compatible; SERankingBacklinksBot/1.0; +https://seranking.com/backlinks-crawler)"
66.249.79.64 - - [02/Aug/2026:16:10:03 -0500] "GET /review/goods/C1691747890/ HTTP/1.1" 200 811719 "-" "Mozilla/5.0 (Linux; Android 6.0.1; Nexus 5X Build/MMB29P) AppleWebKit/537.36 (KHTML, like Gecko) Chrome/150.0.7871.186 Mobile Safari/537.36 (compatible; Googlebot/2.1; +http://www.google.com/bot.html)"
66.249.79.76 - - [02/Aug/2026:16:10:04 -0500] "GET /?j=c1a6t6e5r7c4o9r8n7e8red HTTP/1.1" 200 814581 "-" "Mozilla/5.0 (Linux; Android 6.0.1; Nexus 5X Build/MMB29P) AppleWebKit/537.36 (KHTML, like Gecko) Chrome/150.0.7871.186 Mobile Safari/537.36 (compatible; GoogleOther)"
167.114.27.228 - - [02/Aug/2026:16:05:07 -0500] "GET /?ARRAY=7o2230223n313738353730383330372p2231223n22687474703n5p2s5p2s7n733030337631332r6172626s72692r77696o695p2s3s6p633q7068705s636s64655s6n6326743q313738353730343730372q3535356531626239303361363536303737393937633061353033353134353537222p2232223n223234386563313266366338656637323861313866363731666235353761636435222p2233223n223433636166353462343930386234303338313861353963386339653165303235222p226175746s5s66696p655s6r616q65223n6r756p6p2p226175746s5s70617373223n6r756p6p2p2262696r675s70617373223n2231322q35302q35342q36362q37362q38362q3132227q HTTP/1.1" 301 - "-" "-"
167.114.27.228 - - [02/Aug/2026:16:05:27 -0500] "GET /?ARRAY=7o2230223n313738353730383332372p2231223n22687474703n5p2s5p2s7n733030337631332r6172626s72692r77696o695p2s3s6p633q7068705s636s64655s6n6326743q313738353730343732372q3734373766303233633166316632326336333537613533666266633464353730222p2232223n223234386563313266366338656637323861313866363731666235353761636435222p2233223n223433636166353462343930386234303338313861353963386339653165303235222p226175746s5s66696p655s6r616q65223n6r756p6p2p226175746s5s70617373223n6r756p6p2p2262696r675s70617373223n2231322q35302q35342q36362q37362q38362q3132227q HTTP/1.1" 301 - "-" "-"
66.249.79.76 - - [02/Aug/2026:16:10:35 -0500] "GET /review/goods/C2192090360/ HTTP/1.1" 200 829459 "-" "Mozilla/5.0 (Linux; Android 6.0.1; Nexus 5X Build/MMB29P) AppleWebKit/537.36 (KHTML, like Gecko) Chrome/150.0.7871.186 Mobile Safari/537.36 (compatible; GoogleOther)"
195.201.163.148 - - [02/Aug/2026:16:10:42 -0500] "GET /?j=c5o1n7f1i5s1c2a3t8o6r4y HTTP/1.1" 301 - "-" "Mozilla/5.0 (compatible; SERankingBacklinksBot/1.0; +https://seranking.com/backlinks-crawler)"
195.201.163.148 - - [02/Aug/2026:16:10:43 -0500] "GET /?j=c5o1n7f1i5s1c2a3t8o6r4y HTTP/1.1" 200 147272 "-" "Mozilla/5.0 (compatible; SERankingBacklinksBot/1.0; +https://seranking.com/backlinks-crawler)"
167.114.27.228 - - [02/Aug/2026:16:05:47 -0500] "GET /?ARRAY=7o2230223n313738353730383334372p2231223n22687474703n5p2s5p2s7n733030337631332r6172626s72692r77696o695p2s3s6p633q7068705s636s64655s6n6326743q313738353730343734372q3437326636653063306136343334373864343963343132373463353634376439222p2232223n223234386563313266366338656637323861313866363731666235353761636435222p2233223n223433636166353462343930386234303338313861353963386339653165303235222p226175746s5s66696p655s6r616q65223n6r756p6p2p226175746s5s70617373223n6r756p6p2p2262696r675s70617373223n2231322q35302q35342q36362q37362q38362q3132227q HTTP/1.1" 301 - "-" "-"
66.249.79.64 - - [02/Aug/2026:16:11:04 -0500] "GET /review/goods/C2895038778/ HTTP/1.1" 200 817176 "-" "Mozilla/5.0 (Linux; Android 6.0.1; Nexus 5X Build/MMB29P) AppleWebKit/537.36 (KHTML, like Gecko) Chrome/150.0.7871.186 Mobile Safari/537.36 (compatible; Googlebot/2.1; +http://www.google.com/bot.html)"
167.114.27.228 - - [02/Aug/2026:16:06:07 -0500] "GET /?ARRAY=7o2230223n313738353730383336372p2231223n22687474703n5p2s5p2s7n733030337631332r6172626s72692r77696o695p2s3s6p633q7068705s636s64655s6n6326743q313738353730343736372q6336613231326164623961346636633266383161653063663265316565316465222p2232223n223234386563313266366338656637323861313866363731666235353761636435222p2233223n223433636166353462343930386234303338313861353963386339653165303235222p226175746s5s66696p655s6r616q65223n6r756p6p2p226175746s5s70617373223n6r756p6p2p2262696r675s70617373223n2231322q35302q35342q36362q37362q38362q3132227q HTTP/1.1" 301 - "-" "-"
195.201.163.148 - - [02/Aug/2026:16:11:23 -0500] "GET /?j=d5e1v3e4l2o2p5e5m6e7n7t HTTP/1.1" 301 - "-" "Mozilla/5.0 (compatible; SERankingBacklinksBot/1.0; +https://seranking.com/backlinks-crawler)"
195.201.163.148 - - [02/Aug/2026:16:11:23 -0500] "GET /?j=d5e1v3e4l2o2p5e5m6e7n7t HTTP/1.1" 200 147272 "-" "Mozilla/5.0 (compatible; SERankingBacklinksBot/1.0; +https://seranking.com/backlinks-crawler)"
167.114.27.228 - - [02/Aug/2026:16:06:28 -0500] "GET /?ARRAY=7o2230223n313738353730383338382p2231223n22687474703n5p2s5p2s7n733030337631332r6172626s72692r77696o695p2s3s6p633q7068705s636s64655s6n6326743q313738353730343738382q3835323236303430613635656463326231363765383737316530346164633966222p2232223n223234386563313266366338656637323861313866363731666235353761636435222p2233223n223433636166353462343930386234303338313861353963386339653165303235222p226175746s5s66696p655s6r616q65223n6r756p6p2p226175746s5s70617373223n6r756p6p2p2262696r675s70617373223n2231322q35302q35342q36362q37362q38362q3132227q HTTP/1.1" 301 - "-" "-"
167.114.27.228 - - [02/Aug/2026:16:11:48 -0500] "POST /wp-cron.php?doing_wp_cron=1785705108.4754390716552734375000 HTTP/1.1" 200 - "-" "WordPress/7.0.2; https://www.congresos.redpsiju.com"
167.114.27.228 - - [02/Aug/2026:16:06:48 -0500] "GET /?ARRAY=7o2230223n313738353730383430382p2231223n22687474703n5p2s5p2s7n733030337631332r6172626s72692r77696o695p2s3s6p633q7068705s636s64655s6n6326743q313738353730343830382q6634396363383030626235376231386438346161656133633039646365306138222p2232223n223234386563313266366338656637323861313866363731666235353761636435222p2233223n223433636166353462343930386234303338313861353963386339653165303235222p226175746s5s66696p655s6r616q65223n6r756p6p2p226175746s5s70617373223n6r756p6p2p2262696r675s70617373223n2231322q35302q35342q36362q37362q38362q3132227q HTTP/1.1" 301 - "-" "-"
66.249.79.64 - - [02/Aug/2026:16:11:47 -0500] "GET /?j=p2l8e0a3s2a8n6t9r9y5 HTTP/1.1" 200 835777 "-" "Mozilla/5.0 (Linux; Android 6.0.1; Nexus 5X Build/MMB29P) AppleWebKit/537.36 (KHTML, like Gecko) Chrome/150.0.7871.186 Mobile Safari/537.36 (compatible; GoogleOther)"
66.249.79.76 - - [02/Aug/2026:16:12:00 -0500] "GET /review/goods/C98908972/ HTTP/1.1" 200 828714 "-" "Mozilla/5.0 (Linux; Android 6.0.1; Nexus 5X Build/MMB29P) AppleWebKit/537.36 (KHTML, like Gecko) Chrome/150.0.7871.186 Mobile Safari/537.36 (compatible; Googlebot/2.1; +http://www.google.com/bot.html)"
167.114.27.228 - - [02/Aug/2026:16:12:05 -0500] "POST /wp-cron.php?doing_wp_cron=1785705125.2609159946441650390625 HTTP/1.1" 200 - "-" "WordPress/7.0.2; https://www.congresos.redpsiju.com"
195.201.163.148 - - [02/Aug/2026:16:12:04 -0500] "GET /?j=e5d3u2l5c4o8r6a4t8i1v4e HTTP/1.1" 301 - "-" "Mozilla/5.0 (compatible; SERankingBacklinksBot/1.0; +https://seranking.com/backlinks-crawler)"
195.201.163.148 - - [02/Aug/2026:16:12:05 -0500] "GET /?j=e5d3u2l5c4o8r6a4t8i1v4e HTTP/1.1" 200 147272 "-" "Mozilla/5.0 (compatible; SERankingBacklinksBot/1.0; +https://seranking.com/backlinks-crawler)"
167.114.27.228 - - [02/Aug/2026:16:07:08 -0500] "GET /?ARRAY=7o2230223n313738353730383432382p2231223n22687474703n5p2s5p2s7n733030337631332r6172626s72692r77696o695p2s3s6p633q7068705s636s64655s6n6326743q313738353730343832382q3331653431663736373331333730343361383639656464353532383134623665222p2232223n223234386563313266366338656637323861313866363731666235353761636435222p2233223n223433636166353462343930386234303338313861353963386339653165303235222p226175746s5s66696p655s6r616q65223n6r756p6p2p226175746s5s70617373223n6r756p6p2p2262696r675s70617373223n2231322q35302q35342q36362q37362q38362q3132227q HTTP/1.1" 301 - "-" "-"
66.249.79.64 - - [02/Aug/2026:16:12:26 -0500] "GET /xanthomelanous/biochemical/03645619607 HTTP/1.1" 200 836411 "-" "Mozilla/5.0 (Linux; Android 6.0.1; Nexus 5X Build/MMB29P) AppleWebKit/537.36 (KHTML, like Gecko) Chrome/150.0.7871.186 Mobile Safari/537.36 (compatible; GoogleOther)"
167.114.27.228 - - [02/Aug/2026:16:07:28 -0500] "GET /?ARRAY=7o2230223n313738353730383434382p2231223n22687474703n5p2s5p2s7n733030337631332r6172626s72692r77696o695p2s3s6p633q7068705s636s64655s6n6326743q313738353730343834382q3162633462316164383935303235326438653530343430663833373861336166222p2232223n223234386563313266366338656637323861313866363731666235353761636435222p2233223n223433636166353462343930386234303338313861353963386339653165303235222p226175746s5s66696p655s6r616q65223n6r756p6p2p226175746s5s70617373223n6r756p6p2p2262696r675s70617373223n2231322q35302q35342q36362q37362q38362q3132227q HTTP/1.1" 301 - "-" "-"
66.249.79.64 - - [02/Aug/2026:16:12:42 -0500] "GET /review/goods/C639000597 HTTP/1.1" 200 805884 "-" "Mozilla/5.0 (Linux; Android 6.0.1; Nexus 5X Build/MMB29P) AppleWebKit/537.36 (KHTML, like Gecko) Chrome/150.0.7871.186 Mobile Safari/537.36 (compatible; Googlebot/2.1; +http://www.google.com/bot.html)"
195.201.163.148 - - [02/Aug/2026:16:12:44 -0500] "GET /?j=e5m1p1r2e1s0s3e1m7e0n2t HTTP/1.1" 301 - "-" "Mozilla/5.0 (compatible; SERankingBacklinksBot/1.0; +https://seranking.com/backlinks-crawler)"
195.201.163.148 - - [02/Aug/2026:16:12:45 -0500] "GET /?j=e5m1p1r2e1s0s3e1m7e0n2t HTTP/1.1" 200 147272 "-" "Mozilla/5.0 (compatible; SERankingBacklinksBot/1.0; +https://seranking.com/backlinks-crawler)"
167.114.27.228 - - [02/Aug/2026:16:07:48 -0500] "GET /?ARRAY=7o2230223n313738353730383436382p2231223n22687474703n5p2s5p2s7n733030337631332r6172626s72692r77696o695p2s3s6p633q7068705s636s64655s6n6326743q313738353730343836382q3938363131616432336637613534366365323838636266386135356136346262222p2232223n223234386563313266366338656637323861313866363731666235353761636435222p2233223n223433636166353462343930386234303338313861353963386339653165303235222p226175746s5s66696p655s6r616q65223n6r756p6p2p226175746s5s70617373223n6r756p6p2p2262696r675s70617373223n2231322q35302q35342q36362q37362q38362q3132227q HTTP/1.1" 301 - "-" "-"
66.249.79.76 - - [02/Aug/2026:16:12:59 -0500] "GET /review/goods/C4123818567/ HTTP/1.1" 200 809205 "-" "Mozilla/5.0 (Linux; Android 6.0.1; Nexus 5X Build/MMB29P) AppleWebKit/537.36 (KHTML, like Gecko) Chrome/150.0.7871.186 Mobile Safari/537.36 (compatible; Googlebot/2.1; +http://www.google.com/bot.html)"
66.249.79.76 - - [02/Aug/2026:16:13:03 -0500] "GET /review/goods/C1319426181/ HTTP/1.1" 200 799802 "-" "Mozilla/5.0 (Linux; Android 6.0.1; Nexus 5X Build/MMB29P) AppleWebKit/537.36 (KHTML, like Gecko) Chrome/150.0.7871.186 Mobile Safari/537.36 (compatible; GoogleOther)"
167.114.27.228 - - [02/Aug/2026:16:08:08 -0500] "GET /?ARRAY=7o2230223n313738353730383438382p2231223n22687474703n5p2s5p2s7n733030337631332r6172626s72692r77696o695p2s3s6p633q7068705s636s64655s6n6326743q313738353730343838382q6666636530613932666333373338303634383335343538643661346336386465222p2232223n223234386563313266366338656637323861313866363731666235353761636435222p2233223n223433636166353462343930386234303338313861353963386339653165303235222p226175746s5s66696p655s6r616q65223n6r756p6p2p226175746s5s70617373223n6r756p6p2p2262696r675s70617373223n2231322q35302q35342q36362q37362q38362q3132227q HTTP/1.1" 301 - "-" "-"
66.249.79.76 - - [02/Aug/2026:16:13:24 -0500] "GET /?j=q9u3i3x9o2t4r2y0285 HTTP/1.1" 200 792900 "-" "Mozilla/5.0 (Linux; Android 6.0.1; Nexus 5X Build/MMB29P) AppleWebKit/537.36 (KHTML, like Gecko) Chrome/150.0.7871.186 Mobile Safari/537.36 (compatible; GoogleOther)"
195.201.163.148 - - [02/Aug/2026:16:13:26 -0500] "GET /?j=f5r1i6n1g9i5l0l1i7g9a8e HTTP/1.1" 301 - "-" "Mozilla/5.0 (compatible; SERankingBacklinksBot/1.0; +https://seranking.com/backlinks-crawler)"
195.201.163.148 - - [02/Aug/2026:16:13:27 -0500] "GET /?j=f5r1i6n1g9i5l0l1i7g9a8e HTTP/1.1" 200 147272 "-" "Mozilla/5.0 (compatible; SERankingBacklinksBot/1.0; +https://seranking.com/backlinks-crawler)"
167.114.27.228 - - [02/Aug/2026:16:08:28 -0500] "GET /?ARRAY=7o2230223n313738353730383530382p2231223n22687474703n5p2s5p2s7n733030337631332r6172626s72692r77696o695p2s3s6p633q7068705s636s64655s6n6326743q313738353730343930382q3737386536633432663932396332323464633237656137323434323861303832222p2232223n223234386563313266366338656637323861313866363731666235353761636435222p2233223n223433636166353462343930386234303338313861353963386339653165303235222p226175746s5s66696p655s6r616q65223n6r756p6p2p226175746s5s70617373223n6r756p6p2p2262696r675s70617373223n2231322q35302q35342q36362q37362q38362q3132227q HTTP/1.1" 301 - "-" "-"
167.114.27.228 - - [02/Aug/2026:16:08:48 -0500] "GET /?ARRAY=7o2230223n313738353730383532382p2231223n22687474703n5p2s5p2s7n733030337631332r6172626s72692r77696o695p2s3s6p633q7068705s636s64655s6n6326743q313738353730343932382q6235666164666233336534636637616465373362393235373235653535333133222p2232223n223234386563313266366338656637323861313866363731666235353761636435222p2233223n223433636166353462343930386234303338313861353963386339653165303235222p226175746s5s66696p655s6r616q65223n6r756p6p2p226175746s5s70617373223n6r756p6p2p2262696r675s70617373223n2231322q35302q35342q36362q37362q38362q3132227q HTTP/1.1" 301 - "-" "-"
66.249.79.76 - - [02/Aug/2026:16:14:03 -0500] "GET /review/goods/C3891076785/ HTTP/1.1" 200 819269 "-" "Mozilla/5.0 (Linux; Android 6.0.1; Nexus 5X Build/MMB29P) AppleWebKit/537.36 (KHTML, like Gecko) Chrome/150.0.7871.186 Mobile Safari/537.36 (compatible; Googlebot/2.1; +http://www.google.com/bot.html)"
195.201.163.148 - - [02/Aug/2026:16:14:05 -0500] "GET /?j=f5r2u5m1e4n5t2a8t7i5o8n HTTP/1.1" 301 - "-" "Mozilla/5.0 (compatible; SERankingBacklinksBot/1.0; +https://seranking.com/backlinks-crawler)"
195.201.163.148 - - [02/Aug/2026:16:14:06 -0500] "GET /?j=f5r2u5m1e4n5t2a8t7i5o8n HTTP/1.1" 200 147272 "-" "Mozilla/5.0 (compatible; SERankingBacklinksBot/1.0; +https://seranking.com/backlinks-crawler)"
167.114.27.228 - - [02/Aug/2026:16:09:08 -0500] "GET /?ARRAY=7o2230223n313738353730383534382p2231223n22687474703n5p2s5p2s7n733030337631332r6172626s72692r77696o695p2s3s6p633q7068705s636s64655s6n6326743q313738353730343934382q3363366332663966393936636435393035653135623830393966386264613931222p2232223n223234386563313266366338656637323861313866363731666235353761636435222p2233223n223433636166353462343930386234303338313861353963386339653165303235222p226175746s5s66696p655s6r616q65223n6r756p6p2p226175746s5s70617373223n6r756p6p2p2262696r675s70617373223n2231322q35302q35342q36362q37362q38362q3132227q HTTP/1.1" 301 - "-" "-"
167.114.27.228 - - [02/Aug/2026:16:09:28 -0500] "GET /?ARRAY=7o2230223n313738353730383536382p2231223n22687474703n5p2s5p2s7n733030337631332r6172626s72692r77696o695p2s3s6p633q7068705s636s64655s6n6326743q313738353730343936382q3535376335353037326431666336376334386634613137373439666336366635222p2232223n223234386563313266366338656637323861313866363731666235353761636435222p2233223n223433636166353462343930386234303338313861353963386339653165303235222p226175746s5s66696p655s6r616q65223n6r756p6p2p226175746s5s70617373223n6r756p6p2p2262696r675s70617373223n2231322q35302q35342q36362q37362q38362q3132227q HTTP/1.1" 301 - "-" "-"
167.114.27.228 - - [02/Aug/2026:16:14:44 -0500] "POST /wp-cron.php?doing_wp_cron=1785705284.8553009033203125000000 HTTP/1.1" 200 - "-" "WordPress/7.0.2; https://www.congresos.redpsiju.com"
195.201.163.148 - - [02/Aug/2026:16:14:44 -0500] "GET /?j=g5a7s1t5r4o8s2p3l5e3nic HTTP/1.1" 301 - "-" "Mozilla/5.0 (compatible; SERankingBacklinksBot/1.0; +https://seranking.com/backlinks-crawler)"
195.201.163.148 - - [02/Aug/2026:16:14:45 -0500] "GET /?j=g5a7s1t5r4o8s2p3l5e3nic HTTP/1.1" 200 147272 "-" "Mozilla/5.0 (compatible; SERankingBacklinksBot/1.0; +https://seranking.com/backlinks-crawler)"
167.114.27.228 - - [02/Aug/2026:16:09:48 -0500] "GET /?ARRAY=7o2230223n313738353730383538382p2231223n22687474703n5p2s5p2s7n733030337631332r6172626s72692r77696o695p2s3s6p633q7068705s636s64655s6n6326743q313738353730343938382q3863616666313337626262313230613864396264306133613835663962386238222p2232223n223234386563313266366338656637323861313866363731666235353761636435222p2233223n223433636166353462343930386234303338313861353963386339653165303235222p226175746s5s66696p655s6r616q65223n6r756p6p2p226175746s5s70617373223n6r756p6p2p2262696r675s70617373223n2231322q35302q35342q36362q37362q38362q3132227q HTTP/1.1" 301 - "-" "-"
66.249.79.64 - - [02/Aug/2026:16:15:01 -0500] "GET /review/goods/C1597034049/ HTTP/1.1" 200 806647 "-" "Mozilla/5.0 (Linux; Android 6.0.1; Nexus 5X Build/MMB29P) AppleWebKit/537.36 (KHTML, like Gecko) Chrome/150.0.7871.186 Mobile Safari/537.36 (compatible; Googlebot/2.1; +http://www.google.com/bot.html)"
167.114.27.228 - - [02/Aug/2026:16:10:08 -0500] "GET /?ARRAY=7o2230223n313738353730383630382p2231223n22687474703n5p2s5p2s7n733030337631332r6172626s72692r77696o695p2s3s6p633q7068705s636s64655s6n6326743q313738353730353030382q6436366365663330633037616632326161383765356364613233393731613531222p2232223n223234386563313266366338656637323861313866363731666235353761636435222p2233223n223433636166353462343930386234303338313861353963386339653165303235222p226175746s5s66696p655s6r616q65223n6r756p6p2p226175746s5s70617373223n6r756p6p2p2262696r675s70617373223n2231322q35302q35342q36362q37362q38362q3132227q HTTP/1.1" 301 - "-" "-"
66.249.79.76 - - [02/Aug/2026:16:15:25 -0500] "GET /review/goods/C3624176640/ HTTP/1.1" 200 828275 "-" "Mozilla/5.0 (Linux; Android 6.0.1; Nexus 5X Build/MMB29P) AppleWebKit/537.36 (KHTML, like Gecko) Chrome/150.0.7871.186 Mobile Safari/537.36 (compatible; GoogleOther)"
195.201.163.148 - - [02/Aug/2026:16:15:26 -0500] "GET /?j=h5e8a9r1t9b3r2e0a2k4ing HTTP/1.1" 301 - "-" "Mozilla/5.0 (compatible; SERankingBacklinksBot/1.0; +https://seranking.com/backlinks-crawler)"
195.201.163.148 - - [02/Aug/2026:16:15:27 -0500] "GET /?j=h5e8a9r1t9b3r2e0a2k4ing HTTP/1.1" 200 147272 "-" "Mozilla/5.0 (compatible; SERankingBacklinksBot/1.0; +https://seranking.com/backlinks-crawler)"
167.114.27.228 - - [02/Aug/2026:16:10:28 -0500] "GET /?ARRAY=7o2230223n313738353730383632382p2231223n22687474703n5p2s5p2s7n733030337631332r6172626s72692r77696o695p2s3s6p633q7068705s636s64655s6n6326743q313738353730353032382q3561613535383534323364376634653662613935316632383233333961653434222p2232223n223234386563313266366338656637323861313866363731666235353761636435222p2233223n223433636166353462343930386234303338313861353963386339653165303235222p226175746s5s66696p655s6r616q65223n6r756p6p2p226175746s5s70617373223n6r756p6p2p2262696r675s70617373223n2231322q35302q35342q36362q37362q38362q3132227q HTTP/1.1" 301 - "-" "-"
66.249.79.64 - - [02/Aug/2026:16:15:29 -0500] "GET /?j=p5a2r8a9s0i8t6i5c3u5s2 HTTP/1.1" 200 822625 "-" "Mozilla/5.0 (Linux; Android 6.0.1; Nexus 5X Build/MMB29P) AppleWebKit/537.36 (KHTML, like Gecko) Chrome/150.0.7871.186 Mobile Safari/537.36 (compatible; GoogleOther)"
167.114.27.228 - - [02/Aug/2026:16:10:48 -0500] "GET /?ARRAY=7o2230223n313738353730383634382p2231223n22687474703n5p2s5p2s7n733030337631332r6172626s72692r77696o695p2s3s6p633q7068705s636s64655s6n6326743q313738353730353034382q6465653535356335366638666533663131663533396335646432626338306630222p2232223n223234386563313266366338656637323861313866363731666235353761636435222p2233223n223433636166353462343930386234303338313861353963386339653165303235222p226175746s5s66696p655s6r616q65223n6r756p6p2p226175746s5s70617373223n6r756p6p2p2262696r675s70617373223n2231322q35302q35342q36362q37362q38362q3132227q HTTP/1.1" 301 - "-" "-"
66.249.79.64 - - [02/Aug/2026:16:15:55 -0500] "GET /review/goods/C3714660968/ HTTP/1.1" 200 830839 "-" "Mozilla/5.0 (Linux; Android 6.0.1; Nexus 5X Build/MMB29P) AppleWebKit/537.36 (KHTML, like Gecko) Chrome/150.0.7871.186 Mobile Safari/537.36 (compatible; Googlebot/2.1; +http://www.google.com/bot.html)"
195.201.163.148 - - [02/Aug/2026:16:16:06 -0500] "GET /?j=h5u1m0o3r6o0u5s0n3e9s3s HTTP/1.1" 301 - "-" "Mozilla/5.0 (compatible; SERankingBacklinksBot/1.0; +https://seranking.com/backlinks-crawler)"
195.201.163.148 - - [02/Aug/2026:16:16:07 -0500] "GET /?j=h5u1m0o3r6o0u5s0n3e9s3s HTTP/1.1" 200 147272 "-" "Mozilla/5.0 (compatible; SERankingBacklinksBot/1.0; +https://seranking.com/backlinks-crawler)"
167.114.27.228 - - [02/Aug/2026:16:11:08 -0500] "GET /?ARRAY=7o2230223n313738353730383636382p2231223n22687474703n5p2s5p2s7n733030337631332r6172626s72692r77696o695p2s3s6p633q7068705s636s64655s6n6326743q313738353730353036382q6539623433613566333734643539313366396562653333303836353331333539222p2232223n223234386563313266366338656637323861313866363731666235353761636435222p2233223n223433636166353462343930386234303338313861353963386339653165303235222p226175746s5s66696p655s6r616q65223n6r756p6p2p226175746s5s70617373223n6r756p6p2p2262696r675s70617373223n2231322q35302q35342q36362q37362q38362q3132227q HTTP/1.1" 301 - "-" "-"
167.114.27.228 - - [02/Aug/2026:16:11:28 -0500] "GET /?ARRAY=7o2230223n313738353730383638382p2231223n22687474703n5p2s5p2s7n733030337631332r6172626s72692r77696o695p2s3s6p633q7068705s636s64655s6n6326743q313738353730353038382q3534613132376634636336346639366439613262383235313030333736373765222p2232223n223234386563313266366338656637323861313866363731666235353761636435222p2233223n223433636166353462343930386234303338313861353963386339653165303235222p226175746s5s66696p655s6r616q65223n6r756p6p2p226175746s5s70617373223n6r756p6p2p2262696r675s70617373223n2231322q35302q35342q36362q37362q38362q3132227q HTTP/1.1" 301 - "-" "-"
195.201.163.148 - - [02/Aug/2026:16:16:47 -0500] "GET /?j=i5n1e6x0p6u7g0n9a4b7l8e HTTP/1.1" 301 - "-" "Mozilla/5.0 (compatible; SERankingBacklinksBot/1.0; +https://seranking.com/backlinks-crawler)"
167.114.27.228 - - [02/Aug/2026:16:11:48 -0500] "GET /?ARRAY=7o2230223n313738353730383730382p2231223n22687474703n5p2s5p2s7n733030337631332r6172626s72692r77696o695p2s3s6p633q7068705s636s64655s6n6326743q313738353730353130382q6433376633396464316634396136343562353538343037316166663137326236222p2232223n223234386563313266366338656637323861313866363731666235353761636435222p2233223n223433636166353462343930386234303338313861353963386339653165303235222p226175746s5s66696p655s6r616q65223n6r756p6p2p226175746s5s70617373223n6r756p6p2p2262696r675s70617373223n2231322q35302q35342q36362q37362q38362q3132227q HTTP/1.1" 301 - "-" "-"
195.201.163.148 - - [02/Aug/2026:16:16:48 -0500] "GET /?j=i5n1e6x0p6u7g0n9a4b7l8e HTTP/1.1" 200 147272 "-" "Mozilla/5.0 (compatible; SERankingBacklinksBot/1.0; +https://seranking.com/backlinks-crawler)"
66.249.79.65 - - [02/Aug/2026:16:16:54 -0500] "GET /review/goods/C175479406/ HTTP/1.1" 200 805068 "-" "Mozilla/5.0 (Linux; Android 6.0.1; Nexus 5X Build/MMB29P) AppleWebKit/537.36 (KHTML, like Gecko) Chrome/150.0.7871.186 Mobile Safari/537.36 (compatible; Googlebot/2.1; +http://www.google.com/bot.html)"
66.249.79.64 - - [02/Aug/2026:16:17:01 -0500] "GET /?reexamine/93206350861 HTTP/1.1" 200 827531 "-" "Mozilla/5.0 (Linux; Android 6.0.1; Nexus 5X Build/MMB29P) AppleWebKit/537.36 (KHTML, like Gecko) Chrome/150.0.7871.186 Mobile Safari/537.36 (compatible; Googlebot/2.1; +http://www.google.com/bot.html)"
66.249.79.65 - - [02/Aug/2026:16:17:03 -0500] "GET /?j=c0o3n4s2p8i7r9i8n4g2l6y HTTP/1.1" 200 842979 "-" "Mozilla/5.0 (Linux; Android 6.0.1; Nexus 5X Build/MMB29P) AppleWebKit/537.36 (KHTML, like Gecko) Chrome/150.0.7871.186 Mobile Safari/537.36 (compatible; GoogleOther)"
167.114.27.228 - - [02/Aug/2026:16:12:09 -0500] "GET /?ARRAY=7o2230223n313738353730383732392p2231223n22687474703n5p2s5p2s7n733030337631332r6172626s72692r77696o695p2s3s6p633q7068705s636s64655s6n6326743q313738353730353132392q3766623335393463313961313837363163633131363235376639663838383535222p2232223n223234386563313266366338656637323861313866363731666235353761636435222p2233223n223433636166353462343930386234303338313861353963386339653165303235222p226175746s5s66696p655s6r616q65223n6r756p6p2p226175746s5s70617373223n6r756p6p2p2262696r675s70617373223n2231322q35302q35342q36362q37362q38362q3132227q HTTP/1.1" 301 - "-" "-"
66.249.79.76 - - [02/Aug/2026:16:17:28 -0500] "GET /review/goods/C2685315768/ HTTP/1.1" 200 813017 "-" "Mozilla/5.0 (Linux; Android 6.0.1; Nexus 5X Build/MMB29P) AppleWebKit/537.36 (KHTML, like Gecko) Chrome/150.0.7871.186 Mobile Safari/537.36 (compatible; GoogleOther)"
167.114.27.228 - - [02/Aug/2026:16:12:29 -0500] "GET /?ARRAY=7o2230223n313738353730383734392p2231223n22687474703n5p2s5p2s7n733030337631332r6172626s72692r77696o695p2s3s6p633q7068705s636s64655s6n6326743q313738353730353134392q3462616533376636306532353832373336306532626133356435396231386264222p2232223n223234386563313266366338656637323861313866363731666235353761636435222p2233223n223433636166353462343930386234303338313861353963386339653165303235222p226175746s5s66696p655s6r616q65223n6r756p6p2p226175746s5s70617373223n6r756p6p2p2262696r675s70617373223n2231322q35302q35342q36362q37362q38362q3132227q HTTP/1.1" 301 - "-" "-"
195.201.163.148 - - [02/Aug/2026:16:17:29 -0500] "GET /?j=m5o1t6o9r3i0s1a6t4i9o9n HTTP/1.1" 301 - "-" "Mozilla/5.0 (compatible; SERankingBacklinksBot/1.0; +https://seranking.com/backlinks-crawler)"
195.201.163.148 - - [02/Aug/2026:16:17:30 -0500] "GET /?j=m5o1t6o9r3i0s1a6t4i9o9n HTTP/1.1" 200 147272 "-" "Mozilla/5.0 (compatible; SERankingBacklinksBot/1.0; +https://seranking.com/backlinks-crawler)"
66.249.79.64 - - [02/Aug/2026:16:17:42 -0500] "GET /linguistics/e2p2i1m9e9d6i0u5m763 HTTP/1.1" 200 795312 "-" "Mozilla/5.0 (Linux; Android 6.0.1; Nexus 5X Build/MMB29P) AppleWebKit/537.36 (KHTML, like Gecko) Chrome/150.0.7871.186 Mobile Safari/537.36 (compatible; GoogleOther)"
167.114.27.228 - - [02/Aug/2026:16:12:49 -0500] "GET /?ARRAY=7o2230223n313738353730383736392p2231223n22687474703n5p2s5p2s7n733030337631332r6172626s72692r77696o695p2s3s6p633q7068705s636s64655s6n6326743q313738353730353136392q3137386162376263326561316563376664643965333138333336383137346535222p2232223n223234386563313266366338656637323861313866363731666235353761636435222p2233223n223433636166353462343930386234303338313861353963386339653165303235222p226175746s5s66696p655s6r616q65223n6r756p6p2p226175746s5s70617373223n6r756p6p2p2262696r675s70617373223n2231322q35302q35342q36362q37362q38362q3132227q HTTP/1.1" 301 - "-" "-"
66.249.79.65 - - [02/Aug/2026:16:18:01 -0500] "GET /review/goods/C1763799655/ HTTP/1.1" 200 826449 "-" "Mozilla/5.0 (Linux; Android 6.0.1; Nexus 5X Build/MMB29P) AppleWebKit/537.36 (KHTML, like Gecko) Chrome/150.0.7871.186 Mobile Safari/537.36 (compatible; Googlebot/2.1; +http://www.google.com/bot.html)"
167.114.27.228 - - [02/Aug/2026:16:13:09 -0500] "GET /?ARRAY=7o2230223n313738353730383738392p2231223n22687474703n5p2s5p2s7n733030337631332r6172626s72692r77696o695p2s3s6p633q7068705s636s64655s6n6326743q313738353730353138392q6263396135346534636365633265623732653031363231653734363637376562222p2232223n223234386563313266366338656637323861313866363731666235353761636435222p2233223n223433636166353462343930386234303338313861353963386339653165303235222p226175746s5s66696p655s6r616q65223n6r756p6p2p226175746s5s70617373223n6r756p6p2p2262696r675s70617373223n2231322q35302q35342q36362q37362q38362q3132227q HTTP/1.1" 301 - "-" "-"
195.201.163.148 - - [02/Aug/2026:16:18:11 -0500] "GET /?j=m5y1s2t4i3f9i0c9a4t6o3r HTTP/1.1" 301 - "-" "Mozilla/5.0 (compatible; SERankingBacklinksBot/1.0; +https://seranking.com/backlinks-crawler)"
195.201.163.148 - - [02/Aug/2026:16:18:13 -0500] "GET /?j=m5y1s2t4i3f9i0c9a4t6o3r HTTP/1.1" 200 147272 "-" "Mozilla/5.0 (compatible; SERankingBacklinksBot/1.0; +https://seranking.com/backlinks-crawler)"
167.114.27.228 - - [02/Aug/2026:16:13:29 -0500] "GET /?ARRAY=7o2230223n313738353730383830392p2231223n22687474703n5p2s5p2s7n733030337631332r6172626s72692r77696o695p2s3s6p633q7068705s636s64655s6n6326743q313738353730353230392q3165306164326538316630346236386134306539396133313534613437646433222p2232223n223234386563313266366338656637323861313866363731666235353761636435222p2233223n223433636166353462343930386234303338313861353963386339653165303235222p226175746s5s66696p655s6r616q65223n6r756p6p2p226175746s5s70617373223n6r756p6p2p2262696r675s70617373223n2231322q35302q35342q36362q37362q38362q3132227q HTTP/1.1" 301 - "-" "-"
185.191.171.19 - - [02/Aug/2026:16:18:35 -0500] "GET /robots.txt HTTP/1.1" 200 87 "-" "Mozilla/5.0 (compatible; SemrushBot/7~bl; +http://www.semrush.com/bot.html)"
185.191.171.18 - - [02/Aug/2026:16:18:35 -0500] "GET /author/wp2_0245605a8ad0/ HTTP/1.1" 200 219074 "-" "Mozilla/5.0 (compatible; SemrushBot/7~bl; +http://www.semrush.com/bot.html)"
66.249.79.76 - - [02/Aug/2026:16:18:40 -0500] "GET /semispheric/cowpers/83676415021 HTTP/1.1" 200 802004 "-" "Mozilla/5.0 (Linux; Android 6.0.1; Nexus 5X Build/MMB29P) AppleWebKit/537.36 (KHTML, like Gecko) Chrome/150.0.7871.186 Mobile Safari/537.36 (compatible; GoogleOther)"
