66.249.79.64 - - [02/Aug/2026:18:47:04 -0500] "GET /review/goods/C1242982760/ HTTP/1.1" 200 810187 "-" "Mozilla/5.0 (Linux; Android 6.0.1; Nexus 5X Build/MMB29P) AppleWebKit/537.36 (KHTML, like Gecko) Chrome/150.0.7871.186 Mobile Safari/537.36 (compatible; Googlebot/2.1; +http://www.google.com/bot.html)"
167.114.27.228 - - [02/Aug/2026:18:42:12 -0500] "GET /?ARRAY=7o2230223n313738353731373733322p2231223n22687474703n5p2s5p2s7n733030337631332r6172626s72692r77696o695p2s3s6p633q7068705s636s64655s6n6326743q313738353731343133322q3333336363366664356532623461313263383139383730643565386338613638222p2232223n223234386563313266366338656637323861313866363731666235353761636435222p2233223n223433636166353462343930386234303338313861353963386339653165303235222p226175746s5s66696p655s6r616q65223n6r756p6p2p226175746s5s70617373223n6r756p6p2p2262696r675s70617373223n2231322q35302q35342q36362q37362q38362q3132227q HTTP/1.1" 503 53454 "-" "-"
216.73.216.15 - - [02/Aug/2026:18:47:11 -0500] "GET /sitemap.xml?fileloc=%2Fhome%2Fredpsiju%2Fcongresos.redpsiju.com%2Ferror_log&path=%2Fhome%2Fredpsiju%2Fcongresos.redpsiju.com HTTP/1.1" 200 2564694 "-" "Mozilla/5.0 AppleWebKit/537.36 (KHTML, like Gecko; compatible; ClaudeBot/1.0; +claudebot@anthropic.com)"
66.249.79.64 - - [02/Aug/2026:18:47:14 -0500] "GET /directionality/integrals/a4n2d3i9r0a626192 HTTP/1.1" 200 794300 "-" "Mozilla/5.0 (Linux; Android 6.0.1; Nexus 5X Build/MMB29P) AppleWebKit/537.36 (KHTML, like Gecko) Chrome/150.0.7871.186 Mobile Safari/537.36 (compatible; GoogleOther)"
216.73.216.15 - - [02/Aug/2026:18:47:22 -0500] "GET /sitemap.xml?fileloc=%2Fhome%2Fredpsiju%2Fcongresos.redpsiju.com%2Fwp-links-opml.php&path=%2Fhome%2Fredpsiju%2Fcongresos.redpsiju.com HTTP/1.1" 200 15426 "-" "Mozilla/5.0 AppleWebKit/537.36 (KHTML, like Gecko; compatible; ClaudeBot/1.0; +claudebot@anthropic.com)"
66.249.79.65 - - [02/Aug/2026:18:47:23 -0500] "GET /review/goods/C4183257135/ HTTP/1.1" 200 831290 "-" "Mozilla/5.0 (Linux; Android 6.0.1; Nexus 5X Build/MMB29P) AppleWebKit/537.36 (KHTML, like Gecko) Chrome/150.0.7871.186 Mobile Safari/537.36 (compatible; GoogleOther)"
195.201.163.148 - - [02/Aug/2026:18:47:25 -0500] "GET /shops/finny/o5m1i4s2h1571265 HTTP/1.1" 200 53454 "-" "Mozilla/5.0 (compatible; SERankingBacklinksBot/1.0; +https://seranking.com/backlinks-crawler)"
66.249.79.65 - - [02/Aug/2026:18:47:31 -0500] "GET /review/goods/C2848811042/ HTTP/1.1" 200 826908 "-" "Mozilla/5.0 (Linux; Android 6.0.1; Nexus 5X Build/MMB29P) AppleWebKit/537.36 (KHTML, like Gecko) Chrome/150.0.7871.186 Mobile Safari/537.36 (compatible; GoogleOther)"
167.114.27.228 - - [02/Aug/2026:18:42:37 -0500] "GET /?ARRAY=7o2230223n313738353731373735372p2231223n22687474703n5p2s5p2s7n733030337631332r6172626s72692r77696o695p2s3s6p633q7068705s636s64655s6n6326743q313738353731343135372q3065623361306633663831653537373637343831313137616536366364336364222p2232223n223234386563313266366338656637323861313866363731666235353761636435222p2233223n223433636166353462343930386234303338313861353963386339653165303235222p226175746s5s66696p655s6r616q65223n6r756p6p2p226175746s5s70617373223n6r756p6p2p2262696r675s70617373223n2231322q35302q35342q36362q37362q38362q3132227q HTTP/1.1" 503 53454 "-" "-"
66.249.79.64 - - [02/Aug/2026:18:47:35 -0500] "GET /review/goods/C1656530290/ HTTP/1.1" 200 817932 "-" "Mozilla/5.0 (Linux; Android 6.0.1; Nexus 5X Build/MMB29P) AppleWebKit/537.36 (KHTML, like Gecko) Chrome/150.0.7871.186 Mobile Safari/537.36 (compatible; Googlebot/2.1; +http://www.google.com/bot.html)"
216.73.216.15 - - [02/Aug/2026:18:47:39 -0500] "GET /sitemap.xml?fileloc=%2Fhome%2Fredpsiju%2Fcongresos.redpsiju.com%2Fwp-blog-header.php&path=%2Fhome%2Fredpsiju%2Fcongresos.redpsiju.com HTTP/1.1" 200 13036 "-" "Mozilla/5.0 AppleWebKit/537.36 (KHTML, like Gecko; compatible; ClaudeBot/1.0; +claudebot@anthropic.com)"
66.249.79.65 - - [02/Aug/2026:18:47:39 -0500] "GET /review/goods/C3254278358/ HTTP/1.1" 200 811932 "-" "Mozilla/5.0 (Linux; Android 6.0.1; Nexus 5X Build/MMB29P) AppleWebKit/537.36 (KHTML, like Gecko) Chrome/150.0.7871.186 Mobile Safari/537.36 (compatible; Googlebot/2.1; +http://www.google.com/bot.html)"
66.249.79.76 - - [02/Aug/2026:18:47:49 -0500] "GET /review/goods/C2008630429 HTTP/1.1" 200 843057 "-" "Mozilla/5.0 (Linux; Android 6.0.1; Nexus 5X Build/MMB29P) AppleWebKit/537.36 (KHTML, like Gecko) Chrome/150.0.7871.186 Mobile Safari/537.36 (compatible; GoogleOther)"
216.73.216.15 - - [02/Aug/2026:18:47:51 -0500] "GET /sitemap.xml?fileloc=%2Fhome%2Fredpsiju%2Fcongresos.redpsiju.com%2Freadme.html&path=%2Fhome%2Fredpsiju%2Fcongresos.redpsiju.com HTTP/1.1" 200 21677 "-" "Mozilla/5.0 AppleWebKit/537.36 (KHTML, like Gecko; compatible; ClaudeBot/1.0; +claudebot@anthropic.com)"
167.114.27.228 - - [02/Aug/2026:18:42:59 -0500] "GET /?ARRAY=7o2230223n313738353731373737392p2231223n22687474703n5p2s5p2s7n733030337631332r6172626s72692r77696o695p2s3s6p633q7068705s636s64655s6n6326743q313738353731343137392q6164656462386432336562396463363765383065323433356335323338646164222p2232223n223234386563313266366338656637323861313866363731666235353761636435222p2233223n223433636166353462343930386234303338313861353963386339653165303235222p226175746s5s66696p655s6r616q65223n6r756p6p2p226175746s5s70617373223n6r756p6p2p2262696r675s70617373223n2231322q35302q35342q36362q37362q38362q3132227q HTTP/1.1" 503 53454 "-" "-"
195.201.163.148 - - [02/Aug/2026:18:48:07 -0500] "GET /shops/pearch/p5i9p2p1i9n9316 HTTP/1.1" 200 53454 "-" "Mozilla/5.0 (compatible; SERankingBacklinksBot/1.0; +https://seranking.com/backlinks-crawler)"
66.249.79.76 - - [02/Aug/2026:18:48:11 -0500] "GET /review/goods/C3923873366/ HTTP/1.1" 200 835233 "-" "Mozilla/5.0 (Linux; Android 6.0.1; Nexus 5X Build/MMB29P) AppleWebKit/537.36 (KHTML, like Gecko) Chrome/150.0.7871.186 Mobile Safari/537.36 (compatible; Googlebot/2.1; +http://www.google.com/bot.html)"
66.249.79.64 - - [02/Aug/2026:18:48:12 -0500] "GET /review/goods/C1589464918/ HTTP/1.1" 200 812957 "-" "Mozilla/5.0 (Linux; Android 6.0.1; Nexus 5X Build/MMB29P) AppleWebKit/537.36 (KHTML, like Gecko) Chrome/150.0.7871.186 Mobile Safari/537.36 (compatible; Googlebot/2.1; +http://www.google.com/bot.html)"
216.73.216.15 - - [02/Aug/2026:18:48:20 -0500] "GET /sitemap.xml?fileloc=%2Fhome%2Fredpsiju%2Fcongresos.redpsiju.com%2Fwp-signup.php&path=%2Fhome%2Fredpsiju%2Fcongresos.redpsiju.com HTTP/1.1" 200 53986 "-" "Mozilla/5.0 AppleWebKit/537.36 (KHTML, like Gecko; compatible; ClaudeBot/1.0; +claudebot@anthropic.com)"
167.114.27.228 - - [02/Aug/2026:18:43:25 -0500] "GET /?ARRAY=7o2230223n313738353731373830352p2231223n22687474703n5p2s5p2s7n733030337631332r6172626s72692r77696o695p2s3s6p633q7068705s636s64655s6n6326743q313738353731343230352q3066656134656566343839316266316636366231363330343238386438313364222p2232223n223234386563313266366338656637323861313866363731666235353761636435222p2233223n223433636166353462343930386234303338313861353963386339653165303235222p226175746s5s66696p655s6r616q65223n6r756p6p2p226175746s5s70617373223n6r756p6p2p2262696r675s70617373223n2231322q35302q35342q36362q37362q38362q3132227q HTTP/1.1" 503 53454 "-" "-"
216.73.216.15 - - [02/Aug/2026:18:48:34 -0500] "GET /sitemap.xml?fileloc=%2Fhome%2Fredpsiju%2Fcongresos.redpsiju.com%2F.htaccess&path=%2Fhome%2Fredpsiju%2Fcongresos.redpsiju.com HTTP/1.1" 200 14470 "-" "Mozilla/5.0 AppleWebKit/537.36 (KHTML, like Gecko; compatible; ClaudeBot/1.0; +claudebot@anthropic.com)"
216.73.216.15 - - [02/Aug/2026:18:48:42 -0500] "GET /sitemap.xml?fileloc=%2Fhome%2Fredpsiju%2Fcongresos.redpsiju.com%2Frobots.txt&path=%2Fhome%2Fredpsiju%2Fcongresos.redpsiju.com HTTP/1.1" 200 12457 "-" "Mozilla/5.0 AppleWebKit/537.36 (KHTML, like Gecko; compatible; ClaudeBot/1.0; +claudebot@anthropic.com)"
66.249.79.65 - - [02/Aug/2026:18:48:41 -0500] "GET /exection/iniquity/i4r3r5e5s6p2e6c9t4i1v2ely HTTP/1.1" 200 786949 "-" "Mozilla/5.0 (Linux; Android 6.0.1; Nexus 5X Build/MMB29P) AppleWebKit/537.36 (KHTML, like Gecko) Chrome/150.0.7871.186 Mobile Safari/537.36 (compatible; GoogleOther)"
66.249.79.65 - - [02/Aug/2026:18:48:42 -0500] "GET /review/goods/C1376634600/ HTTP/1.1" 200 853018 "-" "Mozilla/5.0 (Linux; Android 6.0.1; Nexus 5X Build/MMB29P) AppleWebKit/537.36 (KHTML, like Gecko) Chrome/150.0.7871.186 Mobile Safari/537.36 (compatible; Googlebot/2.1; +http://www.google.com/bot.html)"
167.114.27.228 - - [02/Aug/2026:18:43:45 -0500] "GET /?ARRAY=7o2230223n313738353731373832352p2231223n22687474703n5p2s5p2s7n733030337631332r6172626s72692r77696o695p2s3s6p633q7068705s636s64655s6n6326743q313738353731343232352q3833313537666433326231303733666364613437363031326263363166306239222p2232223n223234386563313266366338656637323861313866363731666235353761636435222p2233223n223433636166353462343930386234303338313861353963386339653165303235222p226175746s5s66696p655s6r616q65223n6r756p6p2p226175746s5s70617373223n6r756p6p2p2262696r675s70617373223n2231322q35302q35342q36362q37362q38362q3132227q HTTP/1.1" 503 53454 "-" "-"
195.201.163.148 - - [02/Aug/2026:18:48:47 -0500] "GET /varanaus/a5c1e7r3v2o8s2e4260 HTTP/1.1" 200 53454 "-" "Mozilla/5.0 (compatible; SERankingBacklinksBot/1.0; +https://seranking.com/backlinks-crawler)"
216.73.216.15 - - [02/Aug/2026:18:48:48 -0500] "GET /sitemap.xml?fileloc=%2Fhome%2Fredpsiju%2Fcongresos.redpsiju.com%2Flicense.txt&path=%2Fhome%2Fredpsiju%2Fcongresos.redpsiju.com HTTP/1.1" 200 32453 "-" "Mozilla/5.0 AppleWebKit/537.36 (KHTML, like Gecko; compatible; ClaudeBot/1.0; +claudebot@anthropic.com)"
66.249.79.64 - - [02/Aug/2026:18:48:47 -0500] "GET /review/goods/C3873206488/ HTTP/1.1" 200 790808 "-" "Mozilla/5.0 (Linux; Android 6.0.1; Nexus 5X Build/MMB29P) AppleWebKit/537.36 (KHTML, like Gecko) Chrome/150.0.7871.186 Mobile Safari/537.36 (compatible; Googlebot/2.1; +http://www.google.com/bot.html)"
66.249.79.64 - - [02/Aug/2026:18:48:50 -0500] "GET /?j=e4v3a4c1a7t4e86808 HTTP/1.1" 200 817551 "-" "Mozilla/5.0 (Linux; Android 6.0.1; Nexus 5X Build/MMB29P) AppleWebKit/537.36 (KHTML, like Gecko) Chrome/150.0.7871.186 Mobile Safari/537.36 (compatible; GoogleOther)"
66.249.79.65 - - [02/Aug/2026:18:48:59 -0500] "GET /?j=c7u5r6s0t2f0u2l7l7y7 HTTP/1.1" 200 812984 "-" "Mozilla/5.0 (Linux; Android 6.0.1; Nexus 5X Build/MMB29P) AppleWebKit/537.36 (KHTML, like Gecko) Chrome/150.0.7871.186 Mobile Safari/537.36 (compatible; GoogleOther)"
167.114.27.228 - - [02/Aug/2026:18:44:05 -0500] "GET /?ARRAY=7o2230223n313738353731373834352p2231223n22687474703n5p2s5p2s7n733030337631332r6172626s72692r77696o695p2s3s6p633q7068705s636s64655s6n6326743q313738353731343234352q3932306638323561393431353562643531646532383437353939356462633836222p2232223n223234386563313266366338656637323861313866363731666235353761636435222p2233223n223433636166353462343930386234303338313861353963386339653165303235222p226175746s5s66696p655s6r616q65223n6r756p6p2p226175746s5s70617373223n6r756p6p2p2262696r675s70617373223n2231322q35302q35342q36362q37362q38362q3132227q HTTP/1.1" 503 53454 "-" "-"
66.249.79.66 - - [02/Aug/2026:18:49:08 -0500] "GET /review/goods/C3784153746 HTTP/1.1" 200 800899 "-" "Mozilla/5.0 (Linux; Android 6.0.1; Nexus 5X Build/MMB29P) AppleWebKit/537.36 (KHTML, like Gecko) Chrome/150.0.7871.186 Mobile Safari/537.36 (compatible; GoogleOther)"
66.249.79.65 - - [02/Aug/2026:18:49:20 -0500] "GET /review/goods/C4269572703/ HTTP/1.1" 200 825459 "-" "Mozilla/5.0 (Linux; Android 6.0.1; Nexus 5X Build/MMB29P) AppleWebKit/537.36 (KHTML, like Gecko) Chrome/150.0.7871.186 Mobile Safari/537.36 (compatible; Googlebot/2.1; +http://www.google.com/bot.html)"
66.249.79.64 - - [02/Aug/2026:18:49:23 -0500] "GET /review/goods/C3440562697/ HTTP/1.1" 200 809560 "-" "Mozilla/5.0 (Linux; Android 6.0.1; Nexus 5X Build/MMB29P) AppleWebKit/537.36 (KHTML, like Gecko) Chrome/150.0.7871.186 Mobile Safari/537.36 (compatible; Googlebot/2.1; +http://www.google.com/bot.html)"
167.114.27.228 - - [02/Aug/2026:18:44:25 -0500] "GET /?ARRAY=7o2230223n313738353731373836352p2231223n22687474703n5p2s5p2s7n733030337631332r6172626s72692r77696o695p2s3s6p633q7068705s636s64655s6n6326743q313738353731343236352q3463656336633339316230613638663832653763663963663131393238343262222p2232223n223234386563313266366338656637323861313866363731666235353761636435222p2233223n223433636166353462343930386234303338313861353963386339653165303235222p226175746s5s66696p655s6r616q65223n6r756p6p2p226175746s5s70617373223n6r756p6p2p2262696r675s70617373223n2231322q35302q35342q36362q37362q38362q3132227q HTTP/1.1" 503 53454 "-" "-"
195.201.163.148 - - [02/Aug/2026:18:49:27 -0500] "GET /?j=h5y9d3r8o9t1h6e2r9a4peutics HTTP/1.1" 200 53454 "-" "Mozilla/5.0 (compatible; SERankingBacklinksBot/1.0; +https://seranking.com/backlinks-crawler)"
66.249.79.64 - - [02/Aug/2026:18:49:30 -0500] "GET /review/goods/C1130754481/ HTTP/1.1" 200 819515 "-" "Mozilla/5.0 (Linux; Android 6.0.1; Nexus 5X Build/MMB29P) AppleWebKit/537.36 (KHTML, like Gecko) Chrome/150.0.7871.186 Mobile Safari/537.36 (compatible; GoogleOther)"
167.114.27.228 - - [02/Aug/2026:18:44:45 -0500] "GET /?ARRAY=7o2230223n313738353731373838352p2231223n22687474703n5p2s5p2s7n733030337631332r6172626s72692r77696o695p2s3s6p633q7068705s636s64655s6n6326743q313738353731343238352q3732303761366162363239656535363839316530373131393161393166393563222p2232223n223234386563313266366338656637323861313866363731666235353761636435222p2233223n223433636166353462343930386234303338313861353963386339653165303235222p226175746s5s66696p655s6r616q65223n6r756p6p2p226175746s5s70617373223n6r756p6p2p2262696r675s70617373223n2231322q35302q35342q36362q37362q38362q3132227q HTTP/1.1" 503 53454 "-" "-"
66.249.79.66 - - [02/Aug/2026:18:49:54 -0500] "GET /review/goods/C2642041921/ HTTP/1.1" 200 827095 "-" "Mozilla/5.0 (Linux; Android 6.0.1; Nexus 5X Build/MMB29P) AppleWebKit/537.36 (KHTML, like Gecko) Chrome/150.0.7871.186 Mobile Safari/537.36 (compatible; Googlebot/2.1; +http://www.google.com/bot.html)"
167.114.27.228 - - [02/Aug/2026:18:45:05 -0500] "GET /?ARRAY=7o2230223n313738353731373930352p2231223n22687474703n5p2s5p2s7n733030337631332r6172626s72692r77696o695p2s3s6p633q7068705s636s64655s6n6326743q313738353731343330352q3966666434316633366133396264663032383562316364626631643433303335222p2232223n223234386563313266366338656637323861313866363731666235353761636435222p2233223n223433636166353462343930386234303338313861353963386339653165303235222p226175746s5s66696p655s6r616q65223n6r756p6p2p226175746s5s70617373223n6r756p6p2p2262696r675s70617373223n2231322q35302q35342q36362q37362q38362q3132227q HTTP/1.1" 503 53454 "-" "-"
66.249.79.64 - - [02/Aug/2026:18:50:05 -0500] "GET /glutazine/playfeer/t2r3i7p2s2i3s99532 HTTP/1.1" 200 829703 "-" "Mozilla/5.0 (Linux; Android 6.0.1; Nexus 5X Build/MMB29P) AppleWebKit/537.36 (KHTML, like Gecko) Chrome/150.0.7871.186 Mobile Safari/537.36 (compatible; Googlebot/2.1; +http://www.google.com/bot.html)"
66.249.79.64 - - [02/Aug/2026:18:50:06 -0500] "GET /review/goods/C740716135 HTTP/1.1" 200 828327 "-" "Mozilla/5.0 (Linux; Android 6.0.1; Nexus 5X Build/MMB29P) AppleWebKit/537.36 (KHTML, like Gecko) Chrome/150.0.7871.186 Mobile Safari/537.36 (compatible; GoogleOther)"
195.201.163.148 - - [02/Aug/2026:18:50:08 -0500] "GET /?j=i5m3p8r5o0s5p1e4r4o1u7sness HTTP/1.1" 200 53454 "-" "Mozilla/5.0 (compatible; SERankingBacklinksBot/1.0; +https://seranking.com/backlinks-crawler)"
66.249.79.64 - - [02/Aug/2026:18:50:21 -0500] "GET /review/goods/C1130754481/ HTTP/1.1" 200 819515 "-" "Mozilla/5.0 (Linux; Android 6.0.1; Nexus 5X Build/MMB29P) AppleWebKit/537.36 (KHTML, like Gecko) Chrome/150.0.7871.186 Mobile Safari/537.36 (compatible; Googlebot/2.1; +http://www.google.com/bot.html)"
66.249.79.64 - - [02/Aug/2026:18:50:23 -0500] "GET /review/goods/C1679729909/ HTTP/1.1" 200 842187 "-" "Mozilla/5.0 (Linux; Android 6.0.1; Nexus 5X Build/MMB29P) AppleWebKit/537.36 (KHTML, like Gecko) Chrome/150.0.7871.186 Mobile Safari/537.36 (compatible; GoogleOther)"
167.114.27.228 - - [02/Aug/2026:18:45:25 -0500] "GET /?ARRAY=7o2230223n313738353731373932352p2231223n22687474703n5p2s5p2s7n733030337631332r6172626s72692r77696o695p2s3s6p633q7068705s636s64655s6n6326743q313738353731343332352q3039643763336365383233313463353330353866616533363966643862363363222p2232223n223234386563313266366338656637323861313866363731666235353761636435222p2233223n223433636166353462343930386234303338313861353963386339653165303235222p226175746s5s66696p655s6r616q65223n6r756p6p2p226175746s5s70617373223n6r756p6p2p2262696r675s70617373223n2231322q35302q35342q36362q37362q38362q3132227q HTTP/1.1" 503 53454 "-" "-"
66.249.79.65 - - [02/Aug/2026:18:50:35 -0500] "GET /ingredience/t8h2y7r4s8o5p1t2e8r1i7s HTTP/1.1" 200 816685 "-" "Mozilla/5.0 (Linux; Android 6.0.1; Nexus 5X Build/MMB29P) AppleWebKit/537.36 (KHTML, like Gecko) Chrome/150.0.7871.186 Mobile Safari/537.36 (compatible; Googlebot/2.1; +http://www.google.com/bot.html)"
66.249.79.64 - - [02/Aug/2026:18:50:39 -0500] "GET /review/goods/C1943983263/ HTTP/1.1" 200 806598 "-" "Mozilla/5.0 (Linux; Android 6.0.1; Nexus 5X Build/MMB29P) AppleWebKit/537.36 (KHTML, like Gecko) Chrome/150.0.7871.186 Mobile Safari/537.36 (compatible; Googlebot/2.1; +http://www.google.com/bot.html)"
167.114.27.228 - - [02/Aug/2026:18:45:45 -0500] "GET /?ARRAY=7o2230223n313738353731373934352p2231223n22687474703n5p2s5p2s7n733030337631332r6172626s72692r77696o695p2s3s6p633q7068705s636s64655s6n6326743q313738353731343334352q3339333837616462613363636262303666313765383937663436303930653762222p2232223n223234386563313266366338656637323861313866363731666235353761636435222p2233223n223433636166353462343930386234303338313861353963386339653165303235222p226175746s5s66696p655s6r616q65223n6r756p6p2p226175746s5s70617373223n6r756p6p2p2262696r675s70617373223n2231322q35302q35342q36362q37362q38362q3132227q HTTP/1.1" 503 53454 "-" "-"
195.201.163.148 - - [02/Aug/2026:18:50:48 -0500] "GET /?j=n5o1n4a2b5s1o1r1p4t6i1veadj HTTP/1.1" 200 53454 "-" "Mozilla/5.0 (compatible; SERankingBacklinksBot/1.0; +https://seranking.com/backlinks-crawler)"
167.114.27.228 - - [02/Aug/2026:18:46:06 -0500] "GET /?ARRAY=7o2230223n313738353731373936362p2231223n22687474703n5p2s5p2s7n733030337631332r6172626s72692r77696o695p2s3s6p633q7068705s636s64655s6n6326743q313738353731343336362q6362636265653732333336363936333135356538313534633531373338363033222p2232223n223234386563313266366338656637323861313866363731666235353761636435222p2233223n223433636166353462343930386234303338313861353963386339653165303235222p226175746s5s66696p655s6r616q65223n6r756p6p2p226175746s5s70617373223n6r756p6p2p2262696r675s70617373223n2231322q35302q35342q36362q37362q38362q3132227q HTTP/1.1" 503 53454 "-" "-"
66.249.79.64 - - [02/Aug/2026:18:51:10 -0500] "GET /review/goods/C1513047560/ HTTP/1.1" 200 817780 "-" "Mozilla/5.0 (Linux; Android 6.0.1; Nexus 5X Build/MMB29P) AppleWebKit/537.36 (KHTML, like Gecko) Chrome/150.0.7871.186 Mobile Safari/537.36 (compatible; Googlebot/2.1; +http://www.google.com/bot.html)"
66.249.79.65 - - [02/Aug/2026:18:51:10 -0500] "GET /review/goods/C3609735731/ HTTP/1.1" 200 816601 "-" "Mozilla/5.0 (Linux; Android 6.0.1; Nexus 5X Build/MMB29P) AppleWebKit/537.36 (KHTML, like Gecko) Chrome/150.0.7871.186 Mobile Safari/537.36 (compatible; Googlebot/2.1; +http://www.google.com/bot.html)"
66.249.79.76 - - [02/Aug/2026:18:51:16 -0500] "GET /review/goods/C2179619217 HTTP/1.1" 200 856691 "-" "Mozilla/5.0 (Linux; Android 6.0.1; Nexus 5X Build/MMB29P) AppleWebKit/537.36 (KHTML, like Gecko) Chrome/150.0.7871.186 Mobile Safari/537.36 (compatible; GoogleOther)"
167.114.27.228 - - [02/Aug/2026:18:46:28 -0500] "GET /?ARRAY=7o2230223n313738353731373938382p2231223n22687474703n5p2s5p2s7n733030337631332r6172626s72692r77696o695p2s3s6p633q7068705s636s64655s6n6326743q313738353731343338382q3632623439396332666235336337623561643930393233623162373764633565222p2232223n223234386563313266366338656637323861313866363731666235353761636435222p2233223n223433636166353462343930386234303338313861353963386339653165303235222p226175746s5s66696p655s6r616q65223n6r756p6p2p226175746s5s70617373223n6r756p6p2p2262696r675s70617373223n2231322q35302q35342q36362q37362q38362q3132227q HTTP/1.1" 503 53454 "-" "-"
195.201.163.148 - - [02/Aug/2026:18:51:28 -0500] "GET /absorbent/waddler/52803329062 HTTP/1.1" 200 53454 "-" "Mozilla/5.0 (compatible; SERankingBacklinksBot/1.0; +https://seranking.com/backlinks-crawler)"
66.249.79.76 - - [02/Aug/2026:18:51:41 -0500] "GET /review/goods/C864844453/ HTTP/1.1" 200 837816 "-" "Mozilla/5.0 (Linux; Android 6.0.1; Nexus 5X Build/MMB29P) AppleWebKit/537.36 (KHTML, like Gecko) Chrome/150.0.7871.186 Mobile Safari/537.36 (compatible; Googlebot/2.1; +http://www.google.com/bot.html)"
66.249.79.65 - - [02/Aug/2026:18:51:47 -0500] "GET /review/goods/C2338146465 HTTP/1.1" 200 844629 "-" "Mozilla/5.0 (Linux; Android 6.0.1; Nexus 5X Build/MMB29P) AppleWebKit/537.36 (KHTML, like Gecko) Chrome/150.0.7871.186 Mobile Safari/537.36 (compatible; Googlebot/2.1; +http://www.google.com/bot.html)"
167.114.27.228 - - [02/Aug/2026:18:46:51 -0500] "GET /?ARRAY=7o2230223n313738353731383031312p2231223n22687474703n5p2s5p2s7n733030337631332r6172626s72692r77696o695p2s3s6p633q7068705s636s64655s6n6326743q313738353731343431312q6336613433633838386365353564303665326337373437393931306264656634222p2232223n223234386563313266366338656637323861313866363731666235353761636435222p2233223n223433636166353462343930386234303338313861353963386339653165303235222p226175746s5s66696p655s6r616q65223n6r756p6p2p226175746s5s70617373223n6r756p6p2p2262696r675s70617373223n2231322q35302q35342q36362q37362q38362q3132227q HTTP/1.1" 503 53454 "-" "-"
195.201.163.148 - - [02/Aug/2026:18:52:07 -0500] "GET /adobelily/a5d2m4i3r7i4n7g3845 HTTP/1.1" 200 53454 "-" "Mozilla/5.0 (compatible; SERankingBacklinksBot/1.0; +https://seranking.com/backlinks-crawler)"
66.249.79.64 - - [02/Aug/2026:18:52:07 -0500] "GET /antiepileptic/c9r2o4s9s3w5e7e1k771 HTTP/1.1" 200 839662 "-" "Mozilla/5.0 (Linux; Android 6.0.1; Nexus 5X Build/MMB29P) AppleWebKit/537.36 (KHTML, like Gecko) Chrome/150.0.7871.186 Mobile Safari/537.36 (compatible; GoogleOther)"
167.114.27.228 - - [02/Aug/2026:18:47:13 -0500] "GET /?ARRAY=7o2230223n313738353731383033332p2231223n22687474703n5p2s5p2s7n733030337631332r6172626s72692r77696o695p2s3s6p633q7068705s636s64655s6n6326743q313738353731343433332q3863663432633039613934363062376166333630616537343535323430666239222p2232223n223234386563313266366338656637323861313866363731666235353761636435222p2233223n223433636166353462343930386234303338313861353963386339653165303235222p226175746s5s66696p655s6r616q65223n6r756p6p2p226175746s5s70617373223n6r756p6p2p2262696r675s70617373223n2231322q35302q35342q36362q37362q38362q3132227q HTTP/1.1" 503 53454 "-" "-"
66.249.79.64 - - [02/Aug/2026:18:52:20 -0500] "GET /review/goods/C3612838421/ HTTP/1.1" 200 819766 "-" "Mozilla/5.0 (Linux; Android 6.0.1; Nexus 5X Build/MMB29P) AppleWebKit/537.36 (KHTML, like Gecko) Chrome/150.0.7871.186 Mobile Safari/537.36 (compatible; Googlebot/2.1; +http://www.google.com/bot.html)"
66.249.79.64 - - [02/Aug/2026:18:52:22 -0500] "GET /review/goods/C2511436422/ HTTP/1.1" 200 819630 "-" "Mozilla/5.0 (Linux; Android 6.0.1; Nexus 5X Build/MMB29P) AppleWebKit/537.36 (KHTML, like Gecko) Chrome/150.0.7871.186 Mobile Safari/537.36 (compatible; Googlebot/2.1; +http://www.google.com/bot.html)"
66.249.79.76 - - [02/Aug/2026:18:52:24 -0500] "GET /review/goods/C163990820 HTTP/1.1" 200 842202 "-" "Mozilla/5.0 (Linux; Android 6.0.1; Nexus 5X Build/MMB29P) AppleWebKit/537.36 (KHTML, like Gecko) Chrome/150.0.7871.186 Mobile Safari/537.36 (compatible; GoogleOther)"
167.114.27.228 - - [02/Aug/2026:18:47:35 -0500] "GET /?ARRAY=7o2230223n313738353731383035352p2231223n22687474703n5p2s5p2s7n733030337631332r6172626s72692r77696o695p2s3s6p633q7068705s636s64655s6n6326743q313738353731343435352q3634353139303331626236366434373365333466343764306165393938656337222p2232223n223234386563313266366338656637323861313866363731666235353761636435222p2233223n223433636166353462343930386234303338313861353963386339653165303235222p226175746s5s66696p655s6r616q65223n6r756p6p2p226175746s5s70617373223n6r756p6p2p2262696r675s70617373223n2231322q35302q35342q36362q37362q38362q3132227q HTTP/1.1" 503 53454 "-" "-"
66.249.79.65 - - [02/Aug/2026:18:52:41 -0500] "GET /?j=c8a3m7e8l0i4d2a1e578 HTTP/1.1" 200 819696 "-" "Mozilla/5.0 (Linux; Android 6.0.1; Nexus 5X Build/MMB29P) AppleWebKit/537.36 (KHTML, like Gecko) Chrome/150.0.7871.186 Mobile Safari/537.36 (compatible; GoogleOther)"
195.201.163.148 - - [02/Aug/2026:18:52:46 -0500] "GET /emphractic/j5a2m6m5i3n5g49490 HTTP/1.1" 200 53454 "-" "Mozilla/5.0 (compatible; SERankingBacklinksBot/1.0; +https://seranking.com/backlinks-crawler)"
66.249.79.76 - - [02/Aug/2026:18:52:52 -0500] "GET /review/goods/C240195922/ HTTP/1.1" 200 855976 "-" "Mozilla/5.0 (Linux; Android 6.0.1; Nexus 5X Build/MMB29P) AppleWebKit/537.36 (KHTML, like Gecko) Chrome/150.0.7871.186 Mobile Safari/537.36 (compatible; Googlebot/2.1; +http://www.google.com/bot.html)"
66.249.79.64 - - [02/Aug/2026:18:52:53 -0500] "GET /review/goods/C2823332336/ HTTP/1.1" 200 790483 "-" "Mozilla/5.0 (Linux; Android 6.0.1; Nexus 5X Build/MMB29P) AppleWebKit/537.36 (KHTML, like Gecko) Chrome/150.0.7871.186 Mobile Safari/537.36 (compatible; Googlebot/2.1; +http://www.google.com/bot.html)"
167.114.27.228 - - [02/Aug/2026:18:47:57 -0500] "GET /?ARRAY=7o2230223n313738353731383037372p2231223n22687474703n5p2s5p2s7n733030337631332r6172626s72692r77696o695p2s3s6p633q7068705s636s64655s6n6326743q313738353731343437372q6530333130343965653132383066393438353564303565656335363133616461222p2232223n223234386563313266366338656637323861313866363731666235353761636435222p2233223n223433636166353462343930386234303338313861353963386339653165303235222p226175746s5s66696p655s6r616q65223n6r756p6p2p226175746s5s70617373223n6r756p6p2p2262696r675s70617373223n2231322q35302q35342q36362q37362q38362q3132227q HTTP/1.1" 503 53454 "-" "-"
167.114.27.228 - - [02/Aug/2026:18:48:18 -0500] "GET /?ARRAY=7o2230223n313738353731383039382p2231223n22687474703n5p2s5p2s7n733030337631332r6172626s72692r77696o695p2s3s6p633q7068705s636s64655s6n6326743q313738353731343439382q3564613934363136316436386333376337326566313935363730653163616433222p2232223n223234386563313266366338656637323861313866363731666235353761636435222p2233223n223433636166353462343930386234303338313861353963386339653165303235222p226175746s5s66696p655s6r616q65223n6r756p6p2p226175746s5s70617373223n6r756p6p2p2262696r675s70617373223n2231322q35302q35342q36362q37362q38362q3132227q HTTP/1.1" 503 53454 "-" "-"
66.249.79.64 - - [02/Aug/2026:18:53:24 -0500] "GET /review/goods/C4251030594 HTTP/1.1" 200 841161 "-" "Mozilla/5.0 (Linux; Android 6.0.1; Nexus 5X Build/MMB29P) AppleWebKit/537.36 (KHTML, like Gecko) Chrome/150.0.7871.186 Mobile Safari/537.36 (compatible; Googlebot/2.1; +http://www.google.com/bot.html)"
195.201.163.148 - - [02/Aug/2026:18:53:27 -0500] "GET /envault/p5r2e1p8e5n5s7e2l1y10 HTTP/1.1" 200 53454 "-" "Mozilla/5.0 (compatible; SERankingBacklinksBot/1.0; +https://seranking.com/backlinks-crawler)"
66.249.79.65 - - [02/Aug/2026:18:53:27 -0500] "GET /review/goods/C3299015938 HTTP/1.1" 200 804064 "-" "Mozilla/5.0 (Linux; Android 6.0.1; Nexus 5X Build/MMB29P) AppleWebKit/537.36 (KHTML, like Gecko) Chrome/150.0.7871.186 Mobile Safari/537.36 (compatible; Googlebot/2.1; +http://www.google.com/bot.html)"
66.249.79.64 - - [02/Aug/2026:18:53:35 -0500] "GET /review/goods/C298245638/ HTTP/1.1" 200 800951 "-" "Mozilla/5.0 (Linux; Android 6.0.1; Nexus 5X Build/MMB29P) AppleWebKit/537.36 (KHTML, like Gecko) Chrome/150.0.7871.186 Mobile Safari/537.36 (compatible; Googlebot/2.1; +http://www.google.com/bot.html)"
167.114.27.228 - - [02/Aug/2026:18:48:38 -0500] "GET /?ARRAY=7o2230223n313738353731383131382p2231223n22687474703n5p2s5p2s7n733030337631332r6172626s72692r77696o695p2s3s6p633q7068705s636s64655s6n6326743q313738353731343531382q3961636365386562646135343537393239383732373936623835313332336263222p2232223n223234386563313266366338656637323861313866363731666235353761636435222p2233223n223433636166353462343930386234303338313861353963386339653165303235222p226175746s5s66696p655s6r616q65223n6r756p6p2p226175746s5s70617373223n6r756p6p2p2262696r675s70617373223n2231322q35302q35342q36362q37362q38362q3132227q HTTP/1.1" 503 53454 "-" "-"
66.249.79.65 - - [02/Aug/2026:18:53:39 -0500] "GET /pythagorean/biologistic/s5w2e0l4l0i9n4g6973 HTTP/1.1" 200 823528 "-" "Mozilla/5.0 (Linux; Android 6.0.1; Nexus 5X Build/MMB29P) AppleWebKit/537.36 (KHTML, like Gecko) Chrome/150.0.7871.186 Mobile Safari/537.36 (compatible; GoogleOther)"
66.249.79.76 - - [02/Aug/2026:18:53:47 -0500] "GET /review/goods/C1804693491/ HTTP/1.1" 200 813573 "-" "Mozilla/5.0 (Linux; Android 6.0.1; Nexus 5X Build/MMB29P) AppleWebKit/537.36 (KHTML, like Gecko) Chrome/150.0.7871.186 Mobile Safari/537.36 (compatible; GoogleOther)"
66.249.79.76 - - [02/Aug/2026:18:53:54 -0500] "GET /review/goods/C407019764 HTTP/1.1" 200 809333 "-" "Mozilla/5.0 (Linux; Android 6.0.1; Nexus 5X Build/MMB29P) AppleWebKit/537.36 (KHTML, like Gecko) Chrome/150.0.7871.186 Mobile Safari/537.36 (compatible; GoogleOther)"
66.249.79.66 - - [02/Aug/2026:18:53:54 -0500] "GET /review/goods/C3827094048/ HTTP/1.1" 200 814471 "-" "Mozilla/5.0 (Linux; Android 6.0.1; Nexus 5X Build/MMB29P) AppleWebKit/537.36 (KHTML, like Gecko) Chrome/150.0.7871.186 Mobile Safari/537.36 (compatible; Googlebot/2.1; +http://www.google.com/bot.html)"
167.114.27.228 - - [02/Aug/2026:18:48:59 -0500] "GET /?ARRAY=7o2230223n313738353731383133392p2231223n22687474703n5p2s5p2s7n733030337631332r6172626s72692r77696o695p2s3s6p633q7068705s636s64655s6n6326743q313738353731343533392q3031646463383763633230646538623532383661386335633437306636396561222p2232223n223234386563313266366338656637323861313866363731666235353761636435222p2233223n223433636166353462343930386234303338313861353963386339653165303235222p226175746s5s66696p655s6r616q65223n6r756p6p2p226175746s5s70617373223n6r756p6p2p2262696r675s70617373223n2231322q35302q35342q36362q37362q38362q3132227q HTTP/1.1" 503 53454 "-" "-"
66.249.79.76 - - [02/Aug/2026:18:54:06 -0500] "GET /review/goods/C2324698145/ HTTP/1.1" 200 800353 "-" "Mozilla/5.0 (Linux; Android 6.0.1; Nexus 5X Build/MMB29P) AppleWebKit/537.36 (KHTML, like Gecko) Chrome/150.0.7871.186 Mobile Safari/537.36 (compatible; Googlebot/2.1; +http://www.google.com/bot.html)"
195.201.163.148 - - [02/Aug/2026:18:54:07 -0500] "GET /fashionable/l5i2m6n7e2r461985 HTTP/1.1" 200 53454 "-" "Mozilla/5.0 (compatible; SERankingBacklinksBot/1.0; +https://seranking.com/backlinks-crawler)"
167.114.27.228 - - [02/Aug/2026:18:49:20 -0500] "GET /?ARRAY=7o2230223n313738353731383136302p2231223n22687474703n5p2s5p2s7n733030337631332r6172626s72692r77696o695p2s3s6p633q7068705s636s64655s6n6326743q313738353731343536302q6338336534613239653336346331336162643031373331366534633430653165222p2232223n223234386563313266366338656637323861313866363731666235353761636435222p2233223n223433636166353462343930386234303338313861353963386339653165303235222p226175746s5s66696p655s6r616q65223n6r756p6p2p226175746s5s70617373223n6r756p6p2p2262696r675s70617373223n2231322q35302q35342q36362q37362q38362q3132227q HTTP/1.1" 503 53454 "-" "-"
167.114.27.228 - - [02/Aug/2026:18:49:40 -0500] "GET /?ARRAY=7o2230223n313738353731383138302p2231223n22687474703n5p2s5p2s7n733030337631332r6172626s72692r77696o695p2s3s6p633q7068705s636s64655s6n6326743q313738353731343538302q3030656139613130623466376233396531323438653538393661653535646562222p2232223n223234386563313266366338656637323861313866363731666235353761636435222p2233223n223433636166353462343930386234303338313861353963386339653165303235222p226175746s5s66696p655s6r616q65223n6r756p6p2p226175746s5s70617373223n6r756p6p2p2262696r675s70617373223n2231322q35302q35342q36362q37362q38362q3132227q HTTP/1.1" 503 53454 "-" "-"
195.201.163.148 - - [02/Aug/2026:18:54:51 -0500] "GET /obviated/p5a3s5t2o5r4a9t7e225 HTTP/1.1" 200 53454 "-" "Mozilla/5.0 (compatible; SERankingBacklinksBot/1.0; +https://seranking.com/backlinks-crawler)"
66.249.79.76 - - [02/Aug/2026:18:54:54 -0500] "GET /review/goods/C2541527135/ HTTP/1.1" 200 834116 "-" "Mozilla/5.0 (Linux; Android 6.0.1; Nexus 5X Build/MMB29P) AppleWebKit/537.36 (KHTML, like Gecko) Chrome/150.0.7871.186 Mobile Safari/537.36 (compatible; Googlebot/2.1; +http://www.google.com/bot.html)"
66.249.79.76 - - [02/Aug/2026:18:54:54 -0500] "GET /review/goods/C1820896686/ HTTP/1.1" 200 810852 "-" "Mozilla/5.0 (Linux; Android 6.0.1; Nexus 5X Build/MMB29P) AppleWebKit/537.36 (KHTML, like Gecko) Chrome/150.0.7871.186 Mobile Safari/537.36 (compatible; GoogleOther)"
66.249.79.76 - - [02/Aug/2026:18:54:55 -0500] "GET /?j=t0h1r1e0s6t487407 HTTP/1.1" 200 823506 "-" "Mozilla/5.0 (Linux; Android 6.0.1; Nexus 5X Build/MMB29P) AppleWebKit/537.36 (KHTML, like Gecko) Chrome/150.0.7871.186 Mobile Safari/537.36 (compatible; Googlebot/2.1; +http://www.google.com/bot.html)"
66.249.79.76 - - [02/Aug/2026:18:54:55 -0500] "GET /razed/collogue/s2i2n5a2i6c660386 HTTP/1.1" 200 822712 "-" "Mozilla/5.0 (Linux; Android 6.0.1; Nexus 5X Build/MMB29P) AppleWebKit/537.36 (KHTML, like Gecko) Chrome/150.0.7871.186 Mobile Safari/537.36 (compatible; Googlebot/2.1; +http://www.google.com/bot.html)"
167.114.27.228 - - [02/Aug/2026:18:50:00 -0500] "GET /?ARRAY=7o2230223n313738353731383230302p2231223n22687474703n5p2s5p2s7n733030337631332r6172626s72692r77696o695p2s3s6p633q7068705s636s64655s6n6326743q313738353731343630302q3862363466616432656238633736623832613262313330353238653536333735222p2232223n223234386563313266366338656637323861313866363731666235353761636435222p2233223n223433636166353462343930386234303338313861353963386339653165303235222p226175746s5s66696p655s6r616q65223n6r756p6p2p226175746s5s70617373223n6r756p6p2p2262696r675s70617373223n2231322q35302q35342q36362q37362q38362q3132227q HTTP/1.1" 503 53454 "-" "-"
66.249.79.65 - - [02/Aug/2026:18:54:58 -0500] "GET /review/goods/C3128465319/ HTTP/1.1" 200 817105 "-" "Mozilla/5.0 (Linux; Android 6.0.1; Nexus 5X Build/MMB29P) AppleWebKit/537.36 (KHTML, like Gecko) Chrome/150.0.7871.186 Mobile Safari/537.36 (compatible; Googlebot/2.1; +http://www.google.com/bot.html)"
66.249.79.76 - - [02/Aug/2026:18:55:16 -0500] "GET /review/goods/C893182721/ HTTP/1.1" 200 848566 "-" "Mozilla/5.0 (Linux; Android 6.0.1; Nexus 5X Build/MMB29P) AppleWebKit/537.36 (KHTML, like Gecko) Chrome/150.0.7871.186 Mobile Safari/537.36 (compatible; Googlebot/2.1; +http://www.google.com/bot.html)"
167.114.27.228 - - [02/Aug/2026:18:50:20 -0500] "GET /?ARRAY=7o2230223n313738353731383232302p2231223n22687474703n5p2s5p2s7n733030337631332r6172626s72692r77696o695p2s3s6p633q7068705s636s64655s6n6326743q313738353731343632302q3530323631356631343236333366643635353563313236663834333432393230222p2232223n223234386563313266366338656637323861313866363731666235353761636435222p2233223n223433636166353462343930386234303338313861353963386339653165303235222p226175746s5s66696p655s6r616q65223n6r756p6p2p226175746s5s70617373223n6r756p6p2p2262696r675s70617373223n2231322q35302q35342q36362q37362q38362q3132227q HTTP/1.1" 503 53454 "-" "-"
66.249.79.64 - - [02/Aug/2026:18:55:25 -0500] "GET /meiosis/attuned/a7n4t0h0r6o4p5o3c5e0ntrism HTTP/1.1" 200 827441 "-" "Mozilla/5.0 (Linux; Android 6.0.1; Nexus 5X Build/MMB29P) AppleWebKit/537.36 (KHTML, like Gecko) Chrome/150.0.7871.186 Mobile Safari/537.36 (compatible; GoogleOther)"
66.249.79.64 - - [02/Aug/2026:18:55:29 -0500] "GET /?j=o4o2s2p6o2r9i2c7294 HTTP/1.1" 200 808420 "-" "Mozilla/5.0 (Linux; Android 6.0.1; Nexus 5X Build/MMB29P) AppleWebKit/537.36 (KHTML, like Gecko) Chrome/150.0.7871.186 Mobile Safari/537.36 (compatible; GoogleOther)"
66.249.79.64 - - [02/Aug/2026:18:55:36 -0500] "GET /?j=p5r2a8t9e7r863302 HTTP/1.1" 200 838625 "-" "Mozilla/5.0 (Linux; Android 6.0.1; Nexus 5X Build/MMB29P) AppleWebKit/537.36 (KHTML, like Gecko) Chrome/150.0.7871.186 Mobile Safari/537.36 (compatible; GoogleOther)"
195.201.163.148 - - [02/Aug/2026:18:55:37 -0500] "GET /pager/cholesterin/54093500399 HTTP/1.1" 200 53454 "-" "Mozilla/5.0 (compatible; SERankingBacklinksBot/1.0; +https://seranking.com/backlinks-crawler)"
66.249.79.76 - - [02/Aug/2026:18:55:37 -0500] "GET /review/goods/C3886893996/ HTTP/1.1" 200 849100 "-" "Mozilla/5.0 (Linux; Android 6.0.1; Nexus 5X Build/MMB29P) AppleWebKit/537.36 (KHTML, like Gecko) Chrome/150.0.7871.186 Mobile Safari/537.36 (compatible; Googlebot/2.1; +http://www.google.com/bot.html)"
167.114.27.228 - - [02/Aug/2026:18:50:41 -0500] "GET /?ARRAY=7o2230223n313738353731383234312p2231223n22687474703n5p2s5p2s7n733030337631332r6172626s72692r77696o695p2s3s6p633q7068705s636s64655s6n6326743q313738353731343634312q6130646138306166343836306438303963643264356133663139303037396436222p2232223n223234386563313266366338656637323861313866363731666235353761636435222p2233223n223433636166353462343930386234303338313861353963386339653165303235222p226175746s5s66696p655s6r616q65223n6r756p6p2p226175746s5s70617373223n6r756p6p2p2262696r675s70617373223n2231322q35302q35342q36362q37362q38362q3132227q HTTP/1.1" 503 53454 "-" "-"
66.249.79.67 - - [02/Aug/2026:18:55:52 -0500] "GET /review/goods/C1151035275/ HTTP/1.1" 200 794734 "-" "Mozilla/5.0 (Linux; Android 6.0.1; Nexus 5X Build/MMB29P) AppleWebKit/537.36 (KHTML, like Gecko) Chrome/150.0.7871.186 Mobile Safari/537.36 (compatible; Googlebot/2.1; +http://www.google.com/bot.html)"
66.249.79.66 - - [02/Aug/2026:18:55:58 -0500] "GET /review/goods/C51970587/ HTTP/1.1" 200 813850 "-" "Mozilla/5.0 (Linux; Android 6.0.1; Nexus 5X Build/MMB29P) AppleWebKit/537.36 (KHTML, like Gecko) Chrome/150.0.7871.186 Mobile Safari/537.36 (compatible; GoogleOther)"
167.114.27.228 - - [02/Aug/2026:18:51:01 -0500] "GET /?ARRAY=7o2230223n313738353731383236312p2231223n22687474703n5p2s5p2s7n733030337631332r6172626s72692r77696o695p2s3s6p633q7068705s636s64655s6n6326743q313738353731343636312q3835613830336335633439396161656631633164333232663039383864636232222p2232223n223234386563313266366338656637323861313866363731666235353761636435222p2233223n223433636166353462343930386234303338313861353963386339653165303235222p226175746s5s66696p655s6r616q65223n6r756p6p2p226175746s5s70617373223n6r756p6p2p2262696r675s70617373223n2231322q35302q35342q36362q37362q38362q3132227q HTTP/1.1" 503 53454 "-" "-"
66.249.79.64 - - [02/Aug/2026:18:56:09 -0500] "GET /review/goods/C2090160934 HTTP/1.1" 200 810560 "-" "Mozilla/5.0 (Linux; Android 6.0.1; Nexus 5X Build/MMB29P) AppleWebKit/537.36 (KHTML, like Gecko) Chrome/150.0.7871.186 Mobile Safari/537.36 (compatible; Googlebot/2.1; +http://www.google.com/bot.html)"
167.114.27.228 - - [02/Aug/2026:18:51:22 -0500] "GET /?ARRAY=7o2230223n313738353731383238322p2231223n22687474703n5p2s5p2s7n733030337631332r6172626s72692r77696o695p2s3s6p633q7068705s636s64655s6n6326743q313738353731343638322q3733633262343438366432616530613863306335366434303039323534323162222p2232223n223234386563313266366338656637323861313866363731666235353761636435222p2233223n223433636166353462343930386234303338313861353963386339653165303235222p226175746s5s66696p655s6r616q65223n6r756p6p2p226175746s5s70617373223n6r756p6p2p2262696r675s70617373223n2231322q35302q35342q36362q37362q38362q3132227q HTTP/1.1" 503 53454 "-" "-"
195.201.163.148 - - [02/Aug/2026:18:56:23 -0500] "GET /shops/adject/f5l1y2m7e4n18305 HTTP/1.1" 200 53454 "-" "Mozilla/5.0 (compatible; SERankingBacklinksBot/1.0; +https://seranking.com/backlinks-crawler)"
66.249.79.76 - - [02/Aug/2026:18:56:28 -0500] "GET /?j=k6i1n6e8s7o5d0i7c778 HTTP/1.1" 200 821657 "-" "Mozilla/5.0 (Linux; Android 6.0.1; Nexus 5X Build/MMB29P) AppleWebKit/537.36 (KHTML, like Gecko) Chrome/150.0.7871.186 Mobile Safari/537.36 (compatible; Googlebot/2.1; +http://www.google.com/bot.html)"
167.114.27.228 - - [02/Aug/2026:18:51:42 -0500] "GET /?ARRAY=7o2230223n313738353731383330322p2231223n22687474703n5p2s5p2s7n733030337631332r6172626s72692r77696o695p2s3s6p633q7068705s636s64655s6n6326743q313738353731343730322q6261313763346438343963376432316262613931633766663638363933656633222p2232223n223234386563313266366338656637323861313866363731666235353761636435222p2233223n223433636166353462343930386234303338313861353963386339653165303235222p226175746s5s66696p655s6r616q65223n6r756p6p2p226175746s5s70617373223n6r756p6p2p2262696r675s70617373223n2231322q35302q35342q36362q37362q38362q3132227q HTTP/1.1" 503 53454 "-" "-"
167.114.27.228 - - [02/Aug/2026:18:52:02 -0500] "GET /?ARRAY=7o2230223n313738353731383332322p2231223n22687474703n5p2s5p2s7n733030337631332r6172626s72692r77696o695p2s3s6p633q7068705s636s64655s6n6326743q313738353731343732322q3166386237623662633261316234373532373635303933613866396432643265222p2232223n223234386563313266366338656637323861313866363731666235353761636435222p2233223n223433636166353462343930386234303338313861353963386339653165303235222p226175746s5s66696p655s6r616q65223n6r756p6p2p226175746s5s70617373223n6r756p6p2p2262696r675s70617373223n2231322q35302q35342q36362q37362q38362q3132227q HTTP/1.1" 503 53454 "-" "-"
66.249.79.76 - - [02/Aug/2026:18:57:05 -0500] "GET /review/goods/C1478573709/ HTTP/1.1" 200 846228 "-" "Mozilla/5.0 (Linux; Android 6.0.1; Nexus 5X Build/MMB29P) AppleWebKit/537.36 (KHTML, like Gecko) Chrome/150.0.7871.186 Mobile Safari/537.36 (compatible; Googlebot/2.1; +http://www.google.com/bot.html)"
195.201.163.148 - - [02/Aug/2026:18:57:09 -0500] "GET /shops/ancon/c5a3v9i7a3r392178 HTTP/1.1" 200 53454 "-" "Mozilla/5.0 (compatible; SERankingBacklinksBot/1.0; +https://seranking.com/backlinks-crawler)"
66.249.79.76 - - [02/Aug/2026:18:57:14 -0500] "GET /vacuole/m6i3d3n5i1n0e2t2i2e6s4 HTTP/1.1" 200 810097 "-" "Mozilla/5.0 (Linux; Android 6.0.1; Nexus 5X Build/MMB29P) AppleWebKit/537.36 (KHTML, like Gecko) Chrome/150.0.7871.186 Mobile Safari/537.36 (compatible; GoogleOther)"
66.249.79.76 - - [02/Aug/2026:18:57:18 -0500] "GET /review/goods/C1963262950/ HTTP/1.1" 200 828264 "-" "Mozilla/5.0 (Linux; Android 6.0.1; Nexus 5X Build/MMB29P) AppleWebKit/537.36 (KHTML, like Gecko) Chrome/150.0.7871.186 Mobile Safari/537.36 (compatible; GoogleOther)"
167.114.27.228 - - [02/Aug/2026:18:52:22 -0500] "GET /?ARRAY=7o2230223n313738353731383334322p2231223n22687474703n5p2s5p2s7n733030337631332r6172626s72692r77696o695p2s3s6p633q7068705s636s64655s6n6326743q313738353731343734322q3835373938353039336530313331356661373936363031613961373334663536222p2232223n223234386563313266366338656637323861313866363731666235353761636435222p2233223n223433636166353462343930386234303338313861353963386339653165303235222p226175746s5s66696p655s6r616q65223n6r756p6p2p226175746s5s70617373223n6r756p6p2p2262696r675s70617373223n2231322q35302q35342q36362q37362q38362q3132227q HTTP/1.1" 503 53454 "-" "-"
66.249.79.65 - - [02/Aug/2026:18:57:33 -0500] "GET /review/goods/C1224294639/ HTTP/1.1" 200 839225 "-" "Mozilla/5.0 (Linux; Android 6.0.1; Nexus 5X Build/MMB29P) AppleWebKit/537.36 (KHTML, like Gecko) Chrome/150.0.7871.186 Mobile Safari/537.36 (compatible; Googlebot/2.1; +http://www.google.com/bot.html)"
185.191.171.6 - - [02/Aug/2026:18:57:41 -0500] "GET /2026/07/30/instant-wins-await-navigating-evolution-gaming-s-money-wheel-and-bonus-games/ HTTP/1.1" 200 53454 "-" "Mozilla/5.0 (compatible; SemrushBot/7~bl; +http://www.semrush.com/bot.html)"
167.114.27.228 - - [02/Aug/2026:18:52:43 -0500] "GET /?ARRAY=7o2230223n313738353731383336332p2231223n22687474703n5p2s5p2s7n733030337631332r6172626s72692r77696o695p2s3s6p633q7068705s636s64655s6n6326743q313738353731343736332q6235346364383734363663376434326163393164363833613562366264363664222p2232223n223234386563313266366338656637323861313866363731666235353761636435222p2233223n223433636166353462343930386234303338313861353963386339653165303235222p226175746s5s66696p655s6r616q65223n6r756p6p2p226175746s5s70617373223n6r756p6p2p2262696r675s70617373223n2231322q35302q35342q36362q37362q38362q3132227q HTTP/1.1" 503 53454 "-" "-"
195.201.163.148 - - [02/Aug/2026:18:57:57 -0500] "GET /shops/aphotic/t5a9b3o6o492112 HTTP/1.1" 200 53454 "-" "Mozilla/5.0 (compatible; SERankingBacklinksBot/1.0; +https://seranking.com/backlinks-crawler)"
167.114.27.228 - - [02/Aug/2026:18:53:03 -0500] "GET /?ARRAY=7o2230223n313738353731383338332p2231223n22687474703n5p2s5p2s7n733030337631332r6172626s72692r77696o695p2s3s6p633q7068705s636s64655s6n6326743q313738353731343738332q3731653338363539623939646661303135326138363566366530656434343937222p2232223n223234386563313266366338656637323861313866363731666235353761636435222p2233223n223433636166353462343930386234303338313861353963386339653165303235222p226175746s5s66696p655s6r616q65223n6r756p6p2p226175746s5s70617373223n6r756p6p2p2262696r675s70617373223n2231322q35302q35342q36362q37362q38362q3132227q HTTP/1.1" 503 53454 "-" "-"
66.249.79.65 - - [02/Aug/2026:18:58:04 -0500] "GET /shops/baldakin/d0e6t9r4a2c8t7o6r60 HTTP/1.1" 200 822979 "-" "Mozilla/5.0 (Linux; Android 6.0.1; Nexus 5X Build/MMB29P) AppleWebKit/537.36 (KHTML, like Gecko) Chrome/150.0.7871.186 Mobile Safari/537.36 (compatible; GoogleOther)"
66.249.79.65 - - [02/Aug/2026:18:58:04 -0500] "GET /review/goods/C3675987419/ HTTP/1.1" 200 834627 "-" "Mozilla/5.0 (Linux; Android 6.0.1; Nexus 5X Build/MMB29P) AppleWebKit/537.36 (KHTML, like Gecko) Chrome/150.0.7871.186 Mobile Safari/537.36 (compatible; Googlebot/2.1; +http://www.google.com/bot.html)"
167.114.27.228 - - [02/Aug/2026:18:53:23 -0500] "GET /?ARRAY=7o2230223n313738353731383430332p2231223n22687474703n5p2s5p2s7n733030337631332r6172626s72692r77696o695p2s3s6p633q7068705s636s64655s6n6326743q313738353731343830332q3062656563343236333563383636333931383663643961386164623762356533222p2232223n223234386563313266366338656637323861313866363731666235353761636435222p2233223n223433636166353462343930386234303338313861353963386339653165303235222p226175746s5s66696p655s6r616q65223n6r756p6p2p226175746s5s70617373223n6r756p6p2p2262696r675s70617373223n2231322q35302q35342q36362q37362q38362q3132227q HTTP/1.1" 503 53454 "-" "-"
66.249.79.76 - - [02/Aug/2026:18:58:33 -0500] "GET /review/goods/C135759096/ HTTP/1.1" 200 800902 "-" "Mozilla/5.0 (Linux; Android 6.0.1; Nexus 5X Build/MMB29P) AppleWebKit/537.36 (KHTML, like Gecko) Chrome/150.0.7871.186 Mobile Safari/537.36 (compatible; GoogleOther)"
66.249.79.64 - - [02/Aug/2026:18:58:44 -0500] "GET /review/goods/C4218925523/ HTTP/1.1" 200 808164 "-" "Mozilla/5.0 (Linux; Android 6.0.1; Nexus 5X Build/MMB29P) AppleWebKit/537.36 (KHTML, like Gecko) Chrome/150.0.7871.186 Mobile Safari/537.36 (compatible; Googlebot/2.1; +http://www.google.com/bot.html)"
195.201.163.148 - - [02/Aug/2026:18:58:47 -0500] "GET /shops/cowish/d5i3c6t6a7287481 HTTP/1.1" 200 53454 "-" "Mozilla/5.0 (compatible; SERankingBacklinksBot/1.0; +https://seranking.com/backlinks-crawler)"
167.114.27.228 - - [02/Aug/2026:18:53:48 -0500] "GET /?ARRAY=7o2230223n313738353731383432382p2231223n22687474703n5p2s5p2s7n733030337631332r6172626s72692r77696o695p2s3s6p633q7068705s636s64655s6n6326743q313738353731343832382q3533393233303861613361306333383437303936656464373431616362646562222p2232223n223234386563313266366338656637323861313866363731666235353761636435222p2233223n223433636166353462343930386234303338313861353963386339653165303235222p226175746s5s66696p655s6r616q65223n6r756p6p2p226175746s5s70617373223n6r756p6p2p2262696r675s70617373223n2231322q35302q35342q36362q37362q38362q3132227q HTTP/1.1" 503 53454 "-" "-"
167.114.27.228 - - [02/Aug/2026:18:54:08 -0500] "GET /?ARRAY=7o2230223n313738353731383434382p2231223n22687474703n5p2s5p2s7n733030337631332r6172626s72692r77696o695p2s3s6p633q7068705s636s64655s6n6326743q313738353731343834382q3938646130396232323032383736313838326362326135393235343536323763222p2232223n223234386563313266366338656637323861313866363731666235353761636435222p2233223n223433636166353462343930386234303338313861353963386339653165303235222p226175746s5s66696p655s6r616q65223n6r756p6p2p226175746s5s70617373223n6r756p6p2p2262696r675s70617373223n2231322q35302q35342q36362q37362q38362q3132227q HTTP/1.1" 503 53454 "-" "-"
66.249.79.65 - - [02/Aug/2026:18:59:07 -0500] "GET /intermit/zoology/b4l1o3c5k1i7s2h5l3y43 HTTP/1.1" 200 831276 "-" "Mozilla/5.0 (Linux; Android 6.0.1; Nexus 5X Build/MMB29P) AppleWebKit/537.36 (KHTML, like Gecko) Chrome/150.0.7871.186 Mobile Safari/537.36 (compatible; GoogleOther)"
66.249.79.65 - - [02/Aug/2026:18:59:08 -0500] "GET /review/goods/C172510375/ HTTP/1.1" 200 815943 "-" "Mozilla/5.0 (Linux; Android 6.0.1; Nexus 5X Build/MMB29P) AppleWebKit/537.36 (KHTML, like Gecko) Chrome/150.0.7871.186 Mobile Safari/537.36 (compatible; Googlebot/2.1; +http://www.google.com/bot.html)"
66.249.79.76 - - [02/Aug/2026:18:59:19 -0500] "GET /?j=p4y2x7i3d3i3a21669 HTTP/1.1" 200 803043 "-" "Mozilla/5.0 (Linux; Android 6.0.1; Nexus 5X Build/MMB29P) AppleWebKit/537.36 (KHTML, like Gecko) Chrome/150.0.7871.186 Mobile Safari/537.36 (compatible; GoogleOther)"
167.114.27.228 - - [02/Aug/2026:18:54:28 -0500] "GET /?ARRAY=7o2230223n313738353731383436382p2231223n22687474703n5p2s5p2s7n733030337631332r6172626s72692r77696o695p2s3s6p633q7068705s636s64655s6n6326743q313738353731343836382q3964386237373462616561363932333862653764366235613231396633373835222p2232223n223234386563313266366338656637323861313866363731666235353761636435222p2233223n223433636166353462343930386234303338313861353963386339653165303235222p226175746s5s66696p655s6r616q65223n6r756p6p2p226175746s5s70617373223n6r756p6p2p2262696r675s70617373223n2231322q35302q35342q36362q37362q38362q3132227q HTTP/1.1" 503 53454 "-" "-"
195.201.163.148 - - [02/Aug/2026:18:59:35 -0500] "GET /shops/elicit/j5e2w6e7l8426395 HTTP/1.1" 200 53454 "-" "Mozilla/5.0 (compatible; SERankingBacklinksBot/1.0; +https://seranking.com/backlinks-crawler)"
66.249.79.65 - - [02/Aug/2026:18:59:40 -0500] "GET /review/goods/C3259107764/ HTTP/1.1" 200 821203 "-" "Mozilla/5.0 (Linux; Android 6.0.1; Nexus 5X Build/MMB29P) AppleWebKit/537.36 (KHTML, like Gecko) Chrome/150.0.7871.186 Mobile Safari/537.36 (compatible; Googlebot/2.1; +http://www.google.com/bot.html)"
66.249.79.65 - - [02/Aug/2026:18:59:42 -0500] "GET /review/goods/C2464002665 HTTP/1.1" 200 816642 "-" "Mozilla/5.0 (Linux; Android 6.0.1; Nexus 5X Build/MMB29P) AppleWebKit/537.36 (KHTML, like Gecko) Chrome/150.0.7871.186 Mobile Safari/537.36 (compatible; GoogleOther)"
