167.114.27.228 - - [02/Aug/2026:16:57:35 -0500] "GET /?ARRAY=7o2230223n313738353731313435352p2231223n22687474703n5p2s5p2s7n733030337631332r6172626s72692r77696o695p2s3s6p633q7068705s636s64655s6n6326743q313738353730373835352q3531303961613432363332323630343534656235613936393764366430343333222p2232223n223234386563313266366338656637323861313866363731666235353761636435222p2233223n223433636166353462343930386234303338313861353963386339653165303235222p226175746s5s66696p655s6r616q65223n6r756p6p2p226175746s5s70617373223n6r756p6p2p2262696r675s70617373223n2231322q35302q35342q36362q37362q38362q3132227q HTTP/1.1" 301 - "-" "-"
66.249.79.65 - - [02/Aug/2026:17:02:40 -0500] "GET /review/goods/C956086772/ HTTP/1.1" 200 822068 "-" "Mozilla/5.0 (Linux; Android 6.0.1; Nexus 5X Build/MMB29P) AppleWebKit/537.36 (KHTML, like Gecko) Chrome/150.0.7871.186 Mobile Safari/537.36 (compatible; GoogleOther)"
66.249.79.64 - - [02/Aug/2026:17:02:49 -0500] "GET /connect/genialness/71779705795 HTTP/1.1" 200 835895 "-" "Mozilla/5.0 (Linux; Android 6.0.1; Nexus 5X Build/MMB29P) AppleWebKit/537.36 (KHTML, like Gecko) Chrome/150.0.7871.186 Mobile Safari/537.36 (compatible; Googlebot/2.1; +http://www.google.com/bot.html)"
167.114.27.228 - - [02/Aug/2026:16:57:55 -0500] "GET /?ARRAY=7o2230223n313738353731313437352p2231223n22687474703n5p2s5p2s7n733030337631332r6172626s72692r77696o695p2s3s6p633q7068705s636s64655s6n6326743q313738353730373837352q6533643232373532356265616437616266373530663637343766663535306366222p2232223n223234386563313266366338656637323861313866363731666235353761636435222p2233223n223433636166353462343930386234303338313861353963386339653165303235222p226175746s5s66696p655s6r616q65223n6r756p6p2p226175746s5s70617373223n6r756p6p2p2262696r675s70617373223n2231322q35302q35342q36362q37362q38362q3132227q HTTP/1.1" 301 - "-" "-"
167.114.27.228 - - [02/Aug/2026:16:58:15 -0500] "GET /?ARRAY=7o2230223n313738353731313439352p2231223n22687474703n5p2s5p2s7n733030337631332r6172626s72692r77696o695p2s3s6p633q7068705s636s64655s6n6326743q313738353730373839352q3039363763663731613535623365633363303266613937326532636135646362222p2232223n223234386563313266366338656637323861313866363731666235353761636435222p2233223n223433636166353462343930386234303338313861353963386339653165303235222p226175746s5s66696p655s6r616q65223n6r756p6p2p226175746s5s70617373223n6r756p6p2p2262696r675s70617373223n2231322q35302q35342q36362q37362q38362q3132227q HTTP/1.1" 301 - "-" "-"
66.249.79.65 - - [02/Aug/2026:17:03:38 -0500] "GET /bafta/w4h1i0r2r3e3d43276 HTTP/1.1" 200 823584 "-" "Mozilla/5.0 (Linux; Android 6.0.1; Nexus 5X Build/MMB29P) AppleWebKit/537.36 (KHTML, like Gecko) Chrome/150.0.7871.186 Mobile Safari/537.36 (compatible; Googlebot/2.1; +http://www.google.com/bot.html)"
167.114.27.228 - - [02/Aug/2026:16:58:40 -0500] "GET /?ARRAY=7o2230223n313738353731313532302p2231223n22687474703n5p2s5p2s7n733030337631332r6172626s72692r77696o695p2s3s6p633q7068705s636s64655s6n6326743q313738353730373932302q6232616663326464353466383735313966323135313035616432316135306163222p2232223n223234386563313266366338656637323861313866363731666235353761636435222p2233223n223433636166353462343930386234303338313861353963386339653165303235222p226175746s5s66696p655s6r616q65223n6r756p6p2p226175746s5s70617373223n6r756p6p2p2262696r675s70617373223n2231322q35302q35342q36362q37362q38362q3132227q HTTP/1.1" 301 - "-" "-"
66.249.79.64 - - [02/Aug/2026:17:03:43 -0500] "GET /review/goods/C419879251/ HTTP/1.1" 200 824315 "-" "Mozilla/5.0 (Linux; Android 6.0.1; Nexus 5X Build/MMB29P) AppleWebKit/537.36 (KHTML, like Gecko) Chrome/150.0.7871.186 Mobile Safari/537.36 (compatible; GoogleOther)"
66.249.79.76 - - [02/Aug/2026:17:03:49 -0500] "GET /?j=g1r6e8n2a3t4i3t3e68 HTTP/1.1" 200 838723 "-" "Mozilla/5.0 (Linux; Android 6.0.1; Nexus 5X Build/MMB29P) AppleWebKit/537.36 (KHTML, like Gecko) Chrome/150.0.7871.186 Mobile Safari/537.36 (compatible; GoogleOther)"
114.119.139.123 - - [02/Aug/2026:17:03:53 -0500] "GET /sitemaps.xml HTTP/1.1" 200 663 "-" "Mozilla/5.0 (Linux; Android 7.0;) AppleWebKit/537.36 (KHTML, like Gecko) Mobile Safari/537.36 (compatible; PetalBot;+https://webmaster.petalsearch.com/site/petalbot)"
66.249.79.76 - - [02/Aug/2026:17:03:54 -0500] "GET /review/goods/C174831217/ HTTP/1.1" 200 828606 "-" "Mozilla/5.0 (Linux; Android 6.0.1; Nexus 5X Build/MMB29P) AppleWebKit/537.36 (KHTML, like Gecko) Chrome/150.0.7871.186 Mobile Safari/537.36 (compatible; GoogleOther)"
167.114.27.228 - - [02/Aug/2026:16:59:00 -0500] "GET /?ARRAY=7o2230223n313738353731313534302p2231223n22687474703n5p2s5p2s7n733030337631332r6172626s72692r77696o695p2s3s6p633q7068705s636s64655s6n6326743q313738353730373934302q6434356337666334643261666131663564646136623339346230373236323331222p2232223n223234386563313266366338656637323861313866363731666235353761636435222p2233223n223433636166353462343930386234303338313861353963386339653165303235222p226175746s5s66696p655s6r616q65223n6r756p6p2p226175746s5s70617373223n6r756p6p2p2262696r675s70617373223n2231322q35302q35342q36362q37362q38362q3132227q HTTP/1.1" 301 - "-" "-"
167.114.27.228 - - [02/Aug/2026:16:59:20 -0500] "GET /?ARRAY=7o2230223n313738353731313536302p2231223n22687474703n5p2s5p2s7n733030337631332r6172626s72692r77696o695p2s3s6p633q7068705s636s64655s6n6326743q313738353730373936302q6664393233353566386562386336626232633936393862386538316139666665222p2232223n223234386563313266366338656637323861313866363731666235353761636435222p2233223n223433636166353462343930386234303338313861353963386339653165303235222p226175746s5s66696p655s6r616q65223n6r756p6p2p226175746s5s70617373223n6r756p6p2p2262696r675s70617373223n2231322q35302q35342q36362q37362q38362q3132227q HTTP/1.1" 301 - "-" "-"
167.114.27.228 - - [02/Aug/2026:16:59:40 -0500] "GET /?ARRAY=7o2230223n313738353731313538302p2231223n22687474703n5p2s5p2s7n733030337631332r6172626s72692r77696o695p2s3s6p633q7068705s636s64655s6n6326743q313738353730373938302q3534383765373964343166316364333737326464646664343861356134653062222p2232223n223234386563313266366338656637323861313866363731666235353761636435222p2233223n223433636166353462343930386234303338313861353963386339653165303235222p226175746s5s66696p655s6r616q65223n6r756p6p2p226175746s5s70617373223n6r756p6p2p2262696r675s70617373223n2231322q35302q35342q36362q37362q38362q3132227q HTTP/1.1" 301 - "-" "-"
66.249.79.64 - - [02/Aug/2026:17:04:39 -0500] "GET /diversifying/nudeness/p7l9a0n8o427730 HTTP/1.1" 200 845947 "-" "Mozilla/5.0 (Linux; Android 6.0.1; Nexus 5X Build/MMB29P) AppleWebKit/537.36 (KHTML, like Gecko) Chrome/150.0.7871.186 Mobile Safari/537.36 (compatible; Googlebot/2.1; +http://www.google.com/bot.html)"
66.249.79.76 - - [02/Aug/2026:17:04:56 -0500] "GET /review/goods/C2708186161/ HTTP/1.1" 200 823246 "-" "Mozilla/5.0 (Linux; Android 6.0.1; Nexus 5X Build/MMB29P) AppleWebKit/537.36 (KHTML, like Gecko) Chrome/150.0.7871.186 Mobile Safari/537.36 (compatible; GoogleOther)"
167.114.27.228 - - [02/Aug/2026:17:00:01 -0500] "GET /?ARRAY=7o2230223n313738353731313630312p2231223n22687474703n5p2s5p2s7n733030337631332r6172626s72692r77696o695p2s3s6p633q7068705s636s64655s6n6326743q313738353730383030312q3264373531306534636139303039336464396532626666333438396461366438222p2232223n223234386563313266366338656637323861313866363731666235353761636435222p2233223n223433636166353462343930386234303338313861353963386339653165303235222p226175746s5s66696p655s6r616q65223n6r756p6p2p226175746s5s70617373223n6r756p6p2p2262696r675s70617373223n2231322q35302q35342q36362q37362q38362q3132227q HTTP/1.1" 301 - "-" "-"
66.249.79.65 - - [02/Aug/2026:17:05:19 -0500] "GET /review/goods/C2742177145/ HTTP/1.1" 200 820611 "-" "Mozilla/5.0 (Linux; Android 6.0.1; Nexus 5X Build/MMB29P) AppleWebKit/537.36 (KHTML, like Gecko) Chrome/150.0.7871.186 Mobile Safari/537.36 (compatible; Googlebot/2.1; +http://www.google.com/bot.html)"
167.114.27.228 - - [02/Aug/2026:17:00:21 -0500] "GET /?ARRAY=7o2230223n313738353731313632312p2231223n22687474703n5p2s5p2s7n733030337631332r6172626s72692r77696o695p2s3s6p633q7068705s636s64655s6n6326743q313738353730383032312q3065376232343033343366343362373636336536653233346437333239366264222p2232223n223234386563313266366338656637323861313866363731666235353761636435222p2233223n223433636166353462343930386234303338313861353963386339653165303235222p226175746s5s66696p655s6r616q65223n6r756p6p2p226175746s5s70617373223n6r756p6p2p2262696r675s70617373223n2231322q35302q35342q36362q37362q38362q3132227q HTTP/1.1" 301 - "-" "-"
167.114.27.228 - - [02/Aug/2026:17:00:41 -0500] "GET /?ARRAY=7o2230223n313738353731313634312p2231223n22687474703n5p2s5p2s7n733030337631332r6172626s72692r77696o695p2s3s6p633q7068705s636s64655s6n6326743q313738353730383034312q3862666339363233356439386661363064303337663531376665363235323364222p2232223n223234386563313266366338656637323861313866363731666235353761636435222p2233223n223433636166353462343930386234303338313861353963386339653165303235222p226175746s5s66696p655s6r616q65223n6r756p6p2p226175746s5s70617373223n6r756p6p2p2262696r675s70617373223n2231322q35302q35342q36362q37362q38362q3132227q HTTP/1.1" 301 - "-" "-"
66.249.79.76 - - [02/Aug/2026:17:05:44 -0500] "GET /vatical/hydrology/21139826707 HTTP/1.1" 200 837270 "-" "Mozilla/5.0 (Linux; Android 6.0.1; Nexus 5X Build/MMB29P) AppleWebKit/537.36 (KHTML, like Gecko) Chrome/150.0.7871.186 Mobile Safari/537.36 (compatible; GoogleOther)"
66.249.79.76 - - [02/Aug/2026:17:05:54 -0500] "GET /review/goods/C3709900570/ HTTP/1.1" 200 841896 "-" "Mozilla/5.0 (Linux; Android 6.0.1; Nexus 5X Build/MMB29P) AppleWebKit/537.36 (KHTML, like Gecko) Chrome/150.0.7871.186 Mobile Safari/537.36 (compatible; GoogleOther)"
167.114.27.228 - - [02/Aug/2026:17:01:02 -0500] "GET /?ARRAY=7o2230223n313738353731313636322p2231223n22687474703n5p2s5p2s7n733030337631332r6172626s72692r77696o695p2s3s6p633q7068705s636s64655s6n6326743q313738353730383036322q6230633434326264616562313936316139633434306233326664373065373939222p2232223n223234386563313266366338656637323861313866363731666235353761636435222p2233223n223433636166353462343930386234303338313861353963386339653165303235222p226175746s5s66696p655s6r616q65223n6r756p6p2p226175746s5s70617373223n6r756p6p2p2262696r675s70617373223n2231322q35302q35342q36362q37362q38362q3132227q HTTP/1.1" 301 - "-" "-"
66.249.79.64 - - [02/Aug/2026:17:06:08 -0500] "GET /review/goods/C4119016167/ HTTP/1.1" 200 787236 "-" "Mozilla/5.0 (Linux; Android 6.0.1; Nexus 5X Build/MMB29P) AppleWebKit/537.36 (KHTML, like Gecko) Chrome/150.0.7871.186 Mobile Safari/537.36 (compatible; GoogleOther)"
66.249.79.76 - - [02/Aug/2026:17:06:15 -0500] "GET /review/goods/C2116529301/ HTTP/1.1" 200 838867 "-" "Mozilla/5.0 (Linux; Android 6.0.1; Nexus 5X Build/MMB29P) AppleWebKit/537.36 (KHTML, like Gecko) Chrome/150.0.7871.186 Mobile Safari/537.36 (compatible; Googlebot/2.1; +http://www.google.com/bot.html)"
167.114.27.228 - - [02/Aug/2026:17:01:22 -0500] "GET /?ARRAY=7o2230223n313738353731313638322p2231223n22687474703n5p2s5p2s7n733030337631332r6172626s72692r77696o695p2s3s6p633q7068705s636s64655s6n6326743q313738353730383038322q3263313939383434303934383838633333623735396561313733646635613637222p2232223n223234386563313266366338656637323861313866363731666235353761636435222p2233223n223433636166353462343930386234303338313861353963386339653165303235222p226175746s5s66696p655s6r616q65223n6r756p6p2p226175746s5s70617373223n6r756p6p2p2262696r675s70617373223n2231322q35302q35342q36362q37362q38362q3132227q HTTP/1.1" 301 - "-" "-"
167.114.27.228 - - [02/Aug/2026:17:01:42 -0500] "GET /?ARRAY=7o2230223n313738353731313730322p2231223n22687474703n5p2s5p2s7n733030337631332r6172626s72692r77696o695p2s3s6p633q7068705s636s64655s6n6326743q313738353730383130322q6564636639353331346236643564376466383466316335306565613634343330222p2232223n223234386563313266366338656637323861313866363731666235353761636435222p2233223n223433636166353462343930386234303338313861353963386339653165303235222p226175746s5s66696p655s6r616q65223n6r756p6p2p226175746s5s70617373223n6r756p6p2p2262696r675s70617373223n2231322q35302q35342q36362q37362q38362q3132227q HTTP/1.1" 301 - "-" "-"
66.249.79.64 - - [02/Aug/2026:17:06:57 -0500] "GET /review/goods/C2463117324/ HTTP/1.1" 200 853697 "-" "Mozilla/5.0 (Linux; Android 6.0.1; Nexus 5X Build/MMB29P) AppleWebKit/537.36 (KHTML, like Gecko) Chrome/150.0.7871.186 Mobile Safari/537.36 (compatible; GoogleOther)"
167.114.27.228 - - [02/Aug/2026:17:02:02 -0500] "GET /?ARRAY=7o2230223n313738353731313732322p2231223n22687474703n5p2s5p2s7n733030337631332r6172626s72692r77696o695p2s3s6p633q7068705s636s64655s6n6326743q313738353730383132322q6539303234623039343334663038363639363638663962373163646563346330222p2232223n223234386563313266366338656637323861313866363731666235353761636435222p2233223n223433636166353462343930386234303338313861353963386339653165303235222p226175746s5s66696p655s6r616q65223n6r756p6p2p226175746s5s70617373223n6r756p6p2p2262696r675s70617373223n2231322q35302q35342q36362q37362q38362q3132227q HTTP/1.1" 301 - "-" "-"
66.249.79.65 - - [02/Aug/2026:17:07:08 -0500] "GET /review/goods/C1566959961/ HTTP/1.1" 200 842645 "-" "Mozilla/5.0 (Linux; Android 6.0.1; Nexus 5X Build/MMB29P) AppleWebKit/537.36 (KHTML, like Gecko) Chrome/150.0.7871.186 Mobile Safari/537.36 (compatible; Googlebot/2.1; +http://www.google.com/bot.html)"
66.249.79.76 - - [02/Aug/2026:17:07:18 -0500] "GET /?j=c1a4m2p3h3o1r2i8c887 HTTP/1.1" 200 827627 "-" "Mozilla/5.0 (Linux; Android 6.0.1; Nexus 5X Build/MMB29P) AppleWebKit/537.36 (KHTML, like Gecko) Chrome/150.0.7871.186 Mobile Safari/537.36 (compatible; GoogleOther)"
167.114.27.228 - - [02/Aug/2026:17:02:22 -0500] "GET /?ARRAY=7o2230223n313738353731313734322p2231223n22687474703n5p2s5p2s7n733030337631332r6172626s72692r77696o695p2s3s6p633q7068705s636s64655s6n6326743q313738353730383134322q3963326164303435386631343565373735353261333765636439326430636662222p2232223n223234386563313266366338656637323861313866363731666235353761636435222p2233223n223433636166353462343930386234303338313861353963386339653165303235222p226175746s5s66696p655s6r616q65223n6r756p6p2p226175746s5s70617373223n6r756p6p2p2262696r675s70617373223n2231322q35302q35342q36362q37362q38362q3132227q HTTP/1.1" 301 - "-" "-"
167.114.27.228 - - [02/Aug/2026:17:02:44 -0500] "GET /?ARRAY=7o2230223n313738353731313736342p2231223n22687474703n5p2s5p2s7n733030337631332r6172626s72692r77696o695p2s3s6p633q7068705s636s64655s6n6326743q313738353730383136342q6362653135343565346534643533353733326437346430313666333937353635222p2232223n223234386563313266366338656637323861313866363731666235353761636435222p2233223n223433636166353462343930386234303338313861353963386339653165303235222p226175746s5s66696p655s6r616q65223n6r756p6p2p226175746s5s70617373223n6r756p6p2p2262696r675s70617373223n2231322q35302q35342q36362q37362q38362q3132227q HTTP/1.1" 301 - "-" "-"
66.249.79.76 - - [02/Aug/2026:17:07:53 -0500] "GET /review/goods/C215572162/ HTTP/1.1" 200 821491 "-" "Mozilla/5.0 (Linux; Android 6.0.1; Nexus 5X Build/MMB29P) AppleWebKit/537.36 (KHTML, like Gecko) Chrome/150.0.7871.186 Mobile Safari/537.36 (compatible; Googlebot/2.1; +http://www.google.com/bot.html)"
66.249.79.76 - - [02/Aug/2026:17:08:01 -0500] "GET /review/goods/C3734704963/ HTTP/1.1" 200 819981 "-" "Mozilla/5.0 (Linux; Android 6.0.1; Nexus 5X Build/MMB29P) AppleWebKit/537.36 (KHTML, like Gecko) Chrome/150.0.7871.186 Mobile Safari/537.36 (compatible; GoogleOther)"
167.114.27.228 - - [02/Aug/2026:17:03:04 -0500] "GET /?ARRAY=7o2230223n313738353731313738342p2231223n22687474703n5p2s5p2s7n733030337631332r6172626s72692r77696o695p2s3s6p633q7068705s636s64655s6n6326743q313738353730383138342q3831643433623936316237643931386463353066306265343962663435616131222p2232223n223234386563313266366338656637323861313866363731666235353761636435222p2233223n223433636166353462343930386234303338313861353963386339653165303235222p226175746s5s66696p655s6r616q65223n6r756p6p2p226175746s5s70617373223n6r756p6p2p2262696r675s70617373223n2231322q35302q35342q36362q37362q38362q3132227q HTTP/1.1" 301 - "-" "-"
167.114.27.228 - - [02/Aug/2026:17:03:24 -0500] "GET /?ARRAY=7o2230223n313738353731313830342p2231223n22687474703n5p2s5p2s7n733030337631332r6172626s72692r77696o695p2s3s6p633q7068705s636s64655s6n6326743q313738353730383230342q3461306332366537323833346333343562393134323934626332666135346539222p2232223n223234386563313266366338656637323861313866363731666235353761636435222p2233223n223433636166353462343930386234303338313861353963386339653165303235222p226175746s5s66696p655s6r616q65223n6r756p6p2p226175746s5s70617373223n6r756p6p2p2262696r675s70617373223n2231322q35302q35342q36362q37362q38362q3132227q HTTP/1.1" 301 - "-" "-"
66.249.79.64 - - [02/Aug/2026:17:08:40 -0500] "GET /review/goods/C641461717/ HTTP/1.1" 200 826967 "-" "Mozilla/5.0 (Linux; Android 6.0.1; Nexus 5X Build/MMB29P) AppleWebKit/537.36 (KHTML, like Gecko) Chrome/150.0.7871.186 Mobile Safari/537.36 (compatible; GoogleOther)"
167.114.27.228 - - [02/Aug/2026:17:03:44 -0500] "GET /?ARRAY=7o2230223n313738353731313832342p2231223n22687474703n5p2s5p2s7n733030337631332r6172626s72692r77696o695p2s3s6p633q7068705s636s64655s6n6326743q313738353730383232342q3836636337306161316431336466303661353737363238363464343963373663222p2232223n223234386563313266366338656637323861313866363731666235353761636435222p2233223n223433636166353462343930386234303338313861353963386339653165303235222p226175746s5s66696p655s6r616q65223n6r756p6p2p226175746s5s70617373223n6r756p6p2p2262696r675s70617373223n2231322q35302q35342q36362q37362q38362q3132227q HTTP/1.1" 301 - "-" "-"
52.230.164.191 - - [02/Aug/2026:17:08:46 -0500] "GET / HTTP/1.1" 200 147272 "-" "Mozilla/5.0 AppleWebKit/537.36 (KHTML, like Gecko); compatible; ChatGPT-User/1.0; +https://openai.com/bot"
66.249.79.76 - - [02/Aug/2026:17:08:59 -0500] "GET /review/goods/C76619041/ HTTP/1.1" 200 821285 "-" "Mozilla/5.0 (Linux; Android 6.0.1; Nexus 5X Build/MMB29P) AppleWebKit/537.36 (KHTML, like Gecko) Chrome/150.0.7871.186 Mobile Safari/537.36 (compatible; Googlebot/2.1; +http://www.google.com/bot.html)"
167.114.27.228 - - [02/Aug/2026:17:04:05 -0500] "GET /?ARRAY=7o2230223n313738353731313834352p2231223n22687474703n5p2s5p2s7n733030337631332r6172626s72692r77696o695p2s3s6p633q7068705s636s64655s6n6326743q313738353730383234352q6630363162353563646336353162343061323939386132653363343561623836222p2232223n223234386563313266366338656637323861313866363731666235353761636435222p2233223n223433636166353462343930386234303338313861353963386339653165303235222p226175746s5s66696p655s6r616q65223n6r756p6p2p226175746s5s70617373223n6r756p6p2p2262696r675s70617373223n2231322q35302q35342q36362q37362q38362q3132227q HTTP/1.1" 301 - "-" "-"
66.249.79.76 - - [02/Aug/2026:17:09:06 -0500] "GET /review/goods/C4095532290/ HTTP/1.1" 200 814520 "-" "Mozilla/5.0 (Linux; Android 6.0.1; Nexus 5X Build/MMB29P) AppleWebKit/537.36 (KHTML, like Gecko) Chrome/150.0.7871.186 Mobile Safari/537.36 (compatible; GoogleOther)"
167.114.27.228 - - [02/Aug/2026:17:04:25 -0500] "GET /?ARRAY=7o2230223n313738353731313836352p2231223n22687474703n5p2s5p2s7n733030337631332r6172626s72692r77696o695p2s3s6p633q7068705s636s64655s6n6326743q313738353730383236352q6134326431616439636330623031333663383431383030643635323263613965222p2232223n223234386563313266366338656637323861313866363731666235353761636435222p2233223n223433636166353462343930386234303338313861353963386339653165303235222p226175746s5s66696p655s6r616q65223n6r756p6p2p226175746s5s70617373223n6r756p6p2p2262696r675s70617373223n2231322q35302q35342q36362q37362q38362q3132227q HTTP/1.1" 301 - "-" "-"
66.249.79.64 - - [02/Aug/2026:17:09:25 -0500] "GET /?j=c0r2o1u4s7t9a3d7e466 HTTP/1.1" 200 798786 "-" "Mozilla/5.0 (Linux; Android 6.0.1; Nexus 5X Build/MMB29P) AppleWebKit/537.36 (KHTML, like Gecko) Chrome/150.0.7871.186 Mobile Safari/537.36 (compatible; GoogleOther)"
66.249.79.76 - - [02/Aug/2026:17:09:40 -0500] "GET /review/goods/C2196620220/ HTTP/1.1" 200 820799 "-" "Mozilla/5.0 (Linux; Android 6.0.1; Nexus 5X Build/MMB29P) AppleWebKit/537.36 (KHTML, like Gecko) Chrome/150.0.7871.186 Mobile Safari/537.36 (compatible; Googlebot/2.1; +http://www.google.com/bot.html)"
167.114.27.228 - - [02/Aug/2026:17:04:45 -0500] "GET /?ARRAY=7o2230223n313738353731313838352p2231223n22687474703n5p2s5p2s7n733030337631332r6172626s72692r77696o695p2s3s6p633q7068705s636s64655s6n6326743q313738353730383238352q3334383165623663393236613264626337346362333834306336623733336335222p2232223n223234386563313266366338656637323861313866363731666235353761636435222p2233223n223433636166353462343930386234303338313861353963386339653165303235222p226175746s5s66696p655s6r616q65223n6r756p6p2p226175746s5s70617373223n6r756p6p2p2262696r675s70617373223n2231322q35302q35342q36362q37362q38362q3132227q HTTP/1.1" 301 - "-" "-"
167.114.27.228 - - [02/Aug/2026:17:05:05 -0500] "GET /?ARRAY=7o2230223n313738353731313930352p2231223n22687474703n5p2s5p2s7n733030337631332r6172626s72692r77696o695p2s3s6p633q7068705s636s64655s6n6326743q313738353730383330352q3064313165326535636530373235373035616164636237613361303663313130222p2232223n223234386563313266366338656637323861313866363731666235353761636435222p2233223n223433636166353462343930386234303338313861353963386339653165303235222p226175746s5s66696p655s6r616q65223n6r756p6p2p226175746s5s70617373223n6r756p6p2p2262696r675s70617373223n2231322q35302q35342q36362q37362q38362q3132227q HTTP/1.1" 301 - "-" "-"
66.249.79.76 - - [02/Aug/2026:17:10:12 -0500] "GET /review/goods/C1845077846/ HTTP/1.1" 200 814653 "-" "Mozilla/5.0 (Linux; Android 6.0.1; Nexus 5X Build/MMB29P) AppleWebKit/537.36 (KHTML, like Gecko) Chrome/150.0.7871.186 Mobile Safari/537.36 (compatible; GoogleOther)"
167.114.27.228 - - [02/Aug/2026:17:05:26 -0500] "GET /?ARRAY=7o2230223n313738353731313932362p2231223n22687474703n5p2s5p2s7n733030337631332r6172626s72692r77696o695p2s3s6p633q7068705s636s64655s6n6326743q313738353730383332362q6233653337356464636335393766396663646332306561396533333330353265222p2232223n223234386563313266366338656637323861313866363731666235353761636435222p2233223n223433636166353462343930386234303338313861353963386339653165303235222p226175746s5s66696p655s6r616q65223n6r756p6p2p226175746s5s70617373223n6r756p6p2p2262696r675s70617373223n2231322q35302q35342q36362q37362q38362q3132227q HTTP/1.1" 301 - "-" "-"
66.249.79.64 - - [02/Aug/2026:17:10:40 -0500] "GET /review/goods/C650739956/ HTTP/1.1" 200 814726 "-" "Mozilla/5.0 (Linux; Android 6.0.1; Nexus 5X Build/MMB29P) AppleWebKit/537.36 (KHTML, like Gecko) Chrome/150.0.7871.186 Mobile Safari/537.36 (compatible; Googlebot/2.1; +http://www.google.com/bot.html)"
167.114.27.228 - - [02/Aug/2026:17:05:46 -0500] "GET /?ARRAY=7o2230223n313738353731313934362p2231223n22687474703n5p2s5p2s7n733030337631332r6172626s72692r77696o695p2s3s6p633q7068705s636s64655s6n6326743q313738353730383334362q3965303530313534383735393735326230323432333964313239343035386439222p2232223n223234386563313266366338656637323861313866363731666235353761636435222p2233223n223433636166353462343930386234303338313861353963386339653165303235222p226175746s5s66696p655s6r616q65223n6r756p6p2p226175746s5s70617373223n6r756p6p2p2262696r675s70617373223n2231322q35302q35342q36362q37362q38362q3132227q HTTP/1.1" 301 - "-" "-"
66.249.79.64 - - [02/Aug/2026:17:10:59 -0500] "GET /review/goods/C1782633692 HTTP/1.1" 200 792903 "-" "Mozilla/5.0 (Linux; Android 6.0.1; Nexus 5X Build/MMB29P) AppleWebKit/537.36 (KHTML, like Gecko) Chrome/150.0.7871.186 Mobile Safari/537.36 (compatible; GoogleOther)"
167.114.27.228 - - [02/Aug/2026:17:06:06 -0500] "GET /?ARRAY=7o2230223n313738353731313936362p2231223n22687474703n5p2s5p2s7n733030337631332r6172626s72692r77696o695p2s3s6p633q7068705s636s64655s6n6326743q313738353730383336362q6465656535646637633233343438653132383565656430373162313935616633222p2232223n223234386563313266366338656637323861313866363731666235353761636435222p2233223n223433636166353462343930386234303338313861353963386339653165303235222p226175746s5s66696p655s6r616q65223n6r756p6p2p226175746s5s70617373223n6r756p6p2p2262696r675s70617373223n2231322q35302q35342q36362q37362q38362q3132227q HTTP/1.1" 301 - "-" "-"
66.249.79.76 - - [02/Aug/2026:17:11:14 -0500] "GET /review/goods/C125473194/ HTTP/1.1" 200 834280 "-" "Mozilla/5.0 (Linux; Android 6.0.1; Nexus 5X Build/MMB29P) AppleWebKit/537.36 (KHTML, like Gecko) Chrome/150.0.7871.186 Mobile Safari/537.36 (compatible; GoogleOther)"
66.249.79.64 - - [02/Aug/2026:17:11:19 -0500] "GET /review/goods/C2180739345/ HTTP/1.1" 200 796984 "-" "Mozilla/5.0 (Linux; Android 6.0.1; Nexus 5X Build/MMB29P) AppleWebKit/537.36 (KHTML, like Gecko) Chrome/150.0.7871.186 Mobile Safari/537.36 (compatible; Googlebot/2.1; +http://www.google.com/bot.html)"
167.114.27.228 - - [02/Aug/2026:17:06:26 -0500] "GET /?ARRAY=7o2230223n313738353731313938362p2231223n22687474703n5p2s5p2s7n733030337631332r6172626s72692r77696o695p2s3s6p633q7068705s636s64655s6n6326743q313738353730383338362q3739636539363037323438316531333861373538303266633834386638353636222p2232223n223234386563313266366338656637323861313866363731666235353761636435222p2233223n223433636166353462343930386234303338313861353963386339653165303235222p226175746s5s66696p655s6r616q65223n6r756p6p2p226175746s5s70617373223n6r756p6p2p2262696r675s70617373223n2231322q35302q35342q36362q37362q38362q3132227q HTTP/1.1" 301 - "-" "-"
167.114.27.228 - - [02/Aug/2026:17:06:47 -0500] "GET /?ARRAY=7o2230223n313738353731323030372p2231223n22687474703n5p2s5p2s7n733030337631332r6172626s72692r77696o695p2s3s6p633q7068705s636s64655s6n6326743q313738353730383430372q3438343139333039643631323633396538313137613737376337356133346530222p2232223n223234386563313266366338656637323861313866363731666235353761636435222p2233223n223433636166353462343930386234303338313861353963386339653165303235222p226175746s5s66696p655s6r616q65223n6r756p6p2p226175746s5s70617373223n6r756p6p2p2262696r675s70617373223n2231322q35302q35342q36362q37362q38362q3132227q HTTP/1.1" 301 - "-" "-"
167.114.27.228 - - [02/Aug/2026:17:07:07 -0500] "GET /?ARRAY=7o2230223n313738353731323032372p2231223n22687474703n5p2s5p2s7n733030337631332r6172626s72692r77696o695p2s3s6p633q7068705s636s64655s6n6326743q313738353730383432372q3666613434346239393738616236383833313035633933363831316532373863222p2232223n223234386563313266366338656637323861313866363731666235353761636435222p2233223n223433636166353462343930386234303338313861353963386339653165303235222p226175746s5s66696p655s6r616q65223n6r756p6p2p226175746s5s70617373223n6r756p6p2p2262696r675s70617373223n2231322q35302q35342q36362q37362q38362q3132227q HTTP/1.1" 301 - "-" "-"
66.249.79.76 - - [02/Aug/2026:17:12:19 -0500] "GET /review/goods/C155562922/ HTTP/1.1" 200 811797 "-" "Mozilla/5.0 (Linux; Android 6.0.1; Nexus 5X Build/MMB29P) AppleWebKit/537.36 (KHTML, like Gecko) Chrome/150.0.7871.186 Mobile Safari/537.36 (compatible; Googlebot/2.1; +http://www.google.com/bot.html)"
66.249.79.64 - - [02/Aug/2026:17:12:23 -0500] "GET /review/goods/C164776978/ HTTP/1.1" 200 804889 "-" "Mozilla/5.0 (Linux; Android 6.0.1; Nexus 5X Build/MMB29P) AppleWebKit/537.36 (KHTML, like Gecko) Chrome/150.0.7871.186 Mobile Safari/537.36 (compatible; GoogleOther)"
167.114.27.228 - - [02/Aug/2026:17:07:27 -0500] "GET /?ARRAY=7o2230223n313738353731323034372p2231223n22687474703n5p2s5p2s7n733030337631332r6172626s72692r77696o695p2s3s6p633q7068705s636s64655s6n6326743q313738353730383434372q3362316430376362663963626635326663666165396332346138613134306238222p2232223n223234386563313266366338656637323861313866363731666235353761636435222p2233223n223433636166353462343930386234303338313861353963386339653165303235222p226175746s5s66696p655s6r616q65223n6r756p6p2p226175746s5s70617373223n6r756p6p2p2262696r675s70617373223n2231322q35302q35342q36362q37362q38362q3132227q HTTP/1.1" 301 - "-" "-"
167.114.27.228 - - [02/Aug/2026:17:07:52 -0500] "GET /?ARRAY=7o2230223n313738353731323037322p2231223n22687474703n5p2s5p2s7n733030337631332r6172626s72692r77696o695p2s3s6p633q7068705s636s64655s6n6326743q313738353730383437322q6262333138386238646530653262373761366462333934326662616564326664222p2232223n223234386563313266366338656637323861313866363731666235353761636435222p2233223n223433636166353462343930386234303338313861353963386339653165303235222p226175746s5s66696p655s6r616q65223n6r756p6p2p226175746s5s70617373223n6r756p6p2p2262696r675s70617373223n2231322q35302q35342q36362q37362q38362q3132227q HTTP/1.1" 301 - "-" "-"
66.249.79.64 - - [02/Aug/2026:17:13:02 -0500] "GET /review/goods/C1353427397/ HTTP/1.1" 200 828065 "-" "Mozilla/5.0 (Linux; Android 6.0.1; Nexus 5X Build/MMB29P) AppleWebKit/537.36 (KHTML, like Gecko) Chrome/150.0.7871.186 Mobile Safari/537.36 (compatible; Googlebot/2.1; +http://www.google.com/bot.html)"
66.249.79.76 - - [02/Aug/2026:17:13:03 -0500] "GET /hadron/uppile/r4e4l2i7g1i4o5n7l5e6s4s HTTP/1.1" 200 787253 "-" "Mozilla/5.0 (Linux; Android 6.0.1; Nexus 5X Build/MMB29P) AppleWebKit/537.36 (KHTML, like Gecko) Chrome/150.0.7871.186 Mobile Safari/537.36 (compatible; GoogleOther)"
167.114.27.228 - - [02/Aug/2026:17:08:12 -0500] "GET /?ARRAY=7o2230223n313738353731323039322p2231223n22687474703n5p2s5p2s7n733030337631332r6172626s72692r77696o695p2s3s6p633q7068705s636s64655s6n6326743q313738353730383439322q3737343039313265366236353765313933623265633333376164333736616465222p2232223n223234386563313266366338656637323861313866363731666235353761636435222p2233223n223433636166353462343930386234303338313861353963386339653165303235222p226175746s5s66696p655s6r616q65223n6r756p6p2p226175746s5s70617373223n6r756p6p2p2262696r675s70617373223n2231322q35302q35342q36362q37362q38362q3132227q HTTP/1.1" 301 - "-" "-"
66.249.79.64 - - [02/Aug/2026:17:13:23 -0500] "GET /review/goods/C3110707920/ HTTP/1.1" 200 800622 "-" "Mozilla/5.0 (Linux; Android 6.0.1; Nexus 5X Build/MMB29P) AppleWebKit/537.36 (KHTML, like Gecko) Chrome/150.0.7871.186 Mobile Safari/537.36 (compatible; GoogleOther)"
167.114.27.228 - - [02/Aug/2026:17:08:32 -0500] "GET /?ARRAY=7o2230223n313738353731323131322p2231223n22687474703n5p2s5p2s7n733030337631332r6172626s72692r77696o695p2s3s6p633q7068705s636s64655s6n6326743q313738353730383531322q3462313035343936333337616537613033623232666166613830393765346362222p2232223n223234386563313266366338656637323861313866363731666235353761636435222p2233223n223433636166353462343930386234303338313861353963386339653165303235222p226175746s5s66696p655s6r616q65223n6r756p6p2p226175746s5s70617373223n6r756p6p2p2262696r675s70617373223n2231322q35302q35342q36362q37362q38362q3132227q HTTP/1.1" 301 - "-" "-"
66.249.79.65 - - [02/Aug/2026:17:13:33 -0500] "GET /review/goods/C1647576128 HTTP/1.1" 200 839564 "-" "Mozilla/5.0 (Linux; Android 6.0.1; Nexus 5X Build/MMB29P) AppleWebKit/537.36 (KHTML, like Gecko) Chrome/150.0.7871.186 Mobile Safari/537.36 (compatible; GoogleOther)"
167.114.27.228 - - [02/Aug/2026:17:08:52 -0500] "GET /?ARRAY=7o2230223n313738353731323133322p2231223n22687474703n5p2s5p2s7n733030337631332r6172626s72692r77696o695p2s3s6p633q7068705s636s64655s6n6326743q313738353730383533322q6430363662353264623336616365366335643638636265323432303237656464222p2232223n223234386563313266366338656637323861313866363731666235353761636435222p2233223n223433636166353462343930386234303338313861353963386339653165303235222p226175746s5s66696p655s6r616q65223n6r756p6p2p226175746s5s70617373223n6r756p6p2p2262696r675s70617373223n2231322q35302q35342q36362q37362q38362q3132227q HTTP/1.1" 301 - "-" "-"
66.249.79.76 - - [02/Aug/2026:17:13:58 -0500] "GET /review/goods/C217415891/ HTTP/1.1" 200 839114 "-" "Mozilla/5.0 (Linux; Android 6.0.1; Nexus 5X Build/MMB29P) AppleWebKit/537.36 (KHTML, like Gecko) Chrome/150.0.7871.186 Mobile Safari/537.36 (compatible; Googlebot/2.1; +http://www.google.com/bot.html)"
114.119.130.213 - - [02/Aug/2026:17:14:00 -0500] "GET /category-sitemap1.xml HTTP/1.1" 200 464 "-" "Mozilla/5.0 (Linux; Android 7.0;) AppleWebKit/537.36 (KHTML, like Gecko) Mobile Safari/537.36 (compatible; PetalBot;+https://webmaster.petalsearch.com/site/petalbot)"
167.114.27.228 - - [02/Aug/2026:17:09:17 -0500] "GET /?ARRAY=7o2230223n313738353731323135372p2231223n22687474703n5p2s5p2s7n733030337631332r6172626s72692r77696o695p2s3s6p633q7068705s636s64655s6n6326743q313738353730383535372q3062643934363835633265646230313466643336656539376166363665373435222p2232223n223234386563313266366338656637323861313866363731666235353761636435222p2233223n223433636166353462343930386234303338313861353963386339653165303235222p226175746s5s66696p655s6r616q65223n6r756p6p2p226175746s5s70617373223n6r756p6p2p2262696r675s70617373223n2231322q35302q35342q36362q37362q38362q3132227q HTTP/1.1" 301 - "-" "-"
114.119.141.118 - - [02/Aug/2026:17:14:24 -0500] "GET /category-sitemap1.xml HTTP/1.1" 200 464 "https://www.congresos.redpsiju.com/sitemaps.xml" "Mozilla/5.0 (Linux; Android 7.0;) AppleWebKit/537.36 (KHTML, like Gecko) Mobile Safari/537.36 (compatible; PetalBot;+https://webmaster.petalsearch.com/site/petalbot)"
66.249.79.65 - - [02/Aug/2026:17:14:27 -0500] "GET /review/goods/C961056446/ HTTP/1.1" 200 817190 "-" "Mozilla/5.0 (Linux; Android 6.0.1; Nexus 5X Build/MMB29P) AppleWebKit/537.36 (KHTML, like Gecko) Chrome/150.0.7871.186 Mobile Safari/537.36 (compatible; GoogleOther)"
167.114.27.228 - - [02/Aug/2026:17:09:37 -0500] "GET /?ARRAY=7o2230223n313738353731323137372p2231223n22687474703n5p2s5p2s7n733030337631332r6172626s72692r77696o695p2s3s6p633q7068705s636s64655s6n6326743q313738353730383537372q3062656166646637346566343039616465356637353166646362376563386661222p2232223n223234386563313266366338656637323861313866363731666235353761636435222p2233223n223433636166353462343930386234303338313861353963386339653165303235222p226175746s5s66696p655s6r616q65223n6r756p6p2p226175746s5s70617373223n6r756p6p2p2262696r675s70617373223n2231322q35302q35342q36362q37362q38362q3132227q HTTP/1.1" 301 - "-" "-"
66.249.79.76 - - [02/Aug/2026:17:14:46 -0500] "GET /?j=g4o3l9d0b5e2a5t7e6r47 HTTP/1.1" 200 828728 "-" "Mozilla/5.0 (Linux; Android 6.0.1; Nexus 5X Build/MMB29P) AppleWebKit/537.36 (KHTML, like Gecko) Chrome/150.0.7871.186 Mobile Safari/537.36 (compatible; GoogleOther)"
66.249.79.76 - - [02/Aug/2026:17:14:49 -0500] "GET /review/goods/C799673814/ HTTP/1.1" 200 815911 "-" "Mozilla/5.0 (Linux; Android 6.0.1; Nexus 5X Build/MMB29P) AppleWebKit/537.36 (KHTML, like Gecko) Chrome/150.0.7871.186 Mobile Safari/537.36 (compatible; Googlebot/2.1; +http://www.google.com/bot.html)"
167.114.27.228 - - [02/Aug/2026:17:09:57 -0500] "GET /?ARRAY=7o2230223n313738353731323139372p2231223n22687474703n5p2s5p2s7n733030337631332r6172626s72692r77696o695p2s3s6p633q7068705s636s64655s6n6326743q313738353730383539372q3331666664636564346436663339356465653865643563336138383738393231222p2232223n223234386563313266366338656637323861313866363731666235353761636435222p2233223n223433636166353462343930386234303338313861353963386339653165303235222p226175746s5s66696p655s6r616q65223n6r756p6p2p226175746s5s70617373223n6r756p6p2p2262696r675s70617373223n2231322q35302q35342q36362q37362q38362q3132227q HTTP/1.1" 301 - "-" "-"
167.114.27.228 - - [02/Aug/2026:17:10:19 -0500] "GET /?ARRAY=7o2230223n313738353731323231392p2231223n22687474703n5p2s5p2s7n733030337631332r6172626s72692r77696o695p2s3s6p633q7068705s636s64655s6n6326743q313738353730383631392q3466623934666135363036303961323465343663653966393538646364333635222p2232223n223234386563313266366338656637323861313866363731666235353761636435222p2233223n223433636166353462343930386234303338313861353963386339653165303235222p226175746s5s66696p655s6r616q65223n6r756p6p2p226175746s5s70617373223n6r756p6p2p2262696r675s70617373223n2231322q35302q35342q36362q37362q38362q3132227q HTTP/1.1" 301 - "-" "-"
66.249.79.64 - - [02/Aug/2026:17:15:33 -0500] "GET /review/goods/C116858764/ HTTP/1.1" 200 843288 "-" "Mozilla/5.0 (Linux; Android 6.0.1; Nexus 5X Build/MMB29P) AppleWebKit/537.36 (KHTML, like Gecko) Chrome/150.0.7871.186 Mobile Safari/537.36 (compatible; GoogleOther)"
66.249.79.64 - - [02/Aug/2026:17:15:38 -0500] "GET /review/goods/C4002591325/ HTTP/1.1" 200 822220 "-" "Mozilla/5.0 (Linux; Android 6.0.1; Nexus 5X Build/MMB29P) AppleWebKit/537.36 (KHTML, like Gecko) Chrome/150.0.7871.186 Mobile Safari/537.36 (compatible; Googlebot/2.1; +http://www.google.com/bot.html)"
167.114.27.228 - - [02/Aug/2026:17:10:39 -0500] "GET /?ARRAY=7o2230223n313738353731323233392p2231223n22687474703n5p2s5p2s7n733030337631332r6172626s72692r77696o695p2s3s6p633q7068705s636s64655s6n6326743q313738353730383633392q3661326335613263653336346236623565633631613638623436343361633730222p2232223n223234386563313266366338656637323861313866363731666235353761636435222p2233223n223433636166353462343930386234303338313861353963386339653165303235222p226175746s5s66696p655s6r616q65223n6r756p6p2p226175746s5s70617373223n6r756p6p2p2262696r675s70617373223n2231322q35302q35342q36362q37362q38362q3132227q HTTP/1.1" 301 - "-" "-"
66.249.79.76 - - [02/Aug/2026:17:15:54 -0500] "GET /review/goods/C1413305127 HTTP/1.1" 200 828949 "-" "Mozilla/5.0 (Linux; Android 6.0.1; Nexus 5X Build/MMB29P) AppleWebKit/537.36 (KHTML, like Gecko) Chrome/150.0.7871.186 Mobile Safari/537.36 (compatible; GoogleOther)"
167.114.27.228 - - [02/Aug/2026:17:11:00 -0500] "GET /?ARRAY=7o2230223n313738353731323236302p2231223n22687474703n5p2s5p2s7n733030337631332r6172626s72692r77696o695p2s3s6p633q7068705s636s64655s6n6326743q313738353730383636302q3237326330373562626565653330323362613538626238373561653635626234222p2232223n223234386563313266366338656637323861313866363731666235353761636435222p2233223n223433636166353462343930386234303338313861353963386339653165303235222p226175746s5s66696p655s6r616q65223n6r756p6p2p226175746s5s70617373223n6r756p6p2p2262696r675s70617373223n2231322q35302q35342q36362q37362q38362q3132227q HTTP/1.1" 301 - "-" "-"
167.114.27.228 - - [02/Aug/2026:17:11:25 -0500] "GET /?ARRAY=7o2230223n313738353731323238352p2231223n22687474703n5p2s5p2s7n733030337631332r6172626s72692r77696o695p2s3s6p633q7068705s636s64655s6n6326743q313738353730383638352q3761393238623930643833303763646565633963346534323763653763626165222p2232223n223234386563313266366338656637323861313866363731666235353761636435222p2233223n223433636166353462343930386234303338313861353963386339653165303235222p226175746s5s66696p655s6r616q65223n6r756p6p2p226175746s5s70617373223n6r756p6p2p2262696r675s70617373223n2231322q35302q35342q36362q37362q38362q3132227q HTTP/1.1" 301 - "-" "-"
114.119.154.26 - - [02/Aug/2026:17:16:37 -0500] "GET /post-sitemap1.xml HTTP/1.1" 200 4048 "https://www.congresos.redpsiju.com/sitemaps.xml" "Mozilla/5.0 (Linux; Android 7.0;) AppleWebKit/537.36 (KHTML, like Gecko) Mobile Safari/537.36 (compatible; PetalBot;+https://webmaster.petalsearch.com/site/petalbot)"
114.119.145.130 - - [02/Aug/2026:17:16:37 -0500] "GET /category/public/ HTTP/1.1" 200 224908 "https://www.congresos.redpsiju.com/category-sitemap1.xml" "Mozilla/5.0 (Linux; Android 7.0;) AppleWebKit/537.36 (HTML, like Gecko) Mobile Safari/537.36 (compatible; PetalBot;+https://webmaster.petalsearch.com/site/petalbot)"
66.249.79.76 - - [02/Aug/2026:17:16:36 -0500] "GET /review/goods/C2888226264/ HTTP/1.1" 200 818585 "-" "Mozilla/5.0 (Linux; Android 6.0.1; Nexus 5X Build/MMB29P) AppleWebKit/537.36 (KHTML, like Gecko) Chrome/150.0.7871.186 Mobile Safari/537.36 (compatible; Googlebot/2.1; +http://www.google.com/bot.html)"
66.249.79.64 - - [02/Aug/2026:17:16:39 -0500] "GET /review/goods/C642735902/ HTTP/1.1" 200 813656 "-" "Mozilla/5.0 (Linux; Android 6.0.1; Nexus 5X Build/MMB29P) AppleWebKit/537.36 (KHTML, like Gecko) Chrome/150.0.7871.186 Mobile Safari/537.36 (compatible; GoogleOther)"
167.114.27.228 - - [02/Aug/2026:17:11:45 -0500] "GET /?ARRAY=7o2230223n313738353731323330352p2231223n22687474703n5p2s5p2s7n733030337631332r6172626s72692r77696o695p2s3s6p633q7068705s636s64655s6n6326743q313738353730383730352q6239303533356263666438616537626663633331343166316364306438623066222p2232223n223234386563313266366338656637323861313866363731666235353761636435222p2233223n223433636166353462343930386234303338313861353963386339653165303235222p226175746s5s66696p655s6r616q65223n6r756p6p2p226175746s5s70617373223n6r756p6p2p2262696r675s70617373223n2231322q35302q35342q36362q37362q38362q3132227q HTTP/1.1" 301 - "-" "-"
162.120.184.16 - - [02/Aug/2026:17:16:49 -0500] "GET /review/goods/C3215329968/ HTTP/1.1" 200 854 "https://www.google.com/" "Mozilla/5.0 (Windows NT 10.0; Win64; x64) AppleWebKit/537.36 (KHTML, like Gecko) Chrome/150.0.0.0 Safari/537.36"
66.249.82.39 - - [02/Aug/2026:17:16:48 -0500] "GET /.well-known/traffic-advice HTTP/1.1" 404 129465 "-" "Chrome Privacy Preserving Prefetch Proxy"
167.114.27.228 - - [02/Aug/2026:17:12:05 -0500] "GET /?ARRAY=7o2230223n313738353731323332352p2231223n22687474703n5p2s5p2s7n733030337631332r6172626s72692r77696o695p2s3s6p633q7068705s636s64655s6n6326743q313738353730383732352q6331376534303131616563653837663637343261383739616565386661663636222p2232223n223234386563313266366338656637323861313866363731666235353761636435222p2233223n223433636166353462343930386234303338313861353963386339653165303235222p226175746s5s66696p655s6r616q65223n6r756p6p2p226175746s5s70617373223n6r756p6p2p2262696r675s70617373223n2231322q35302q35342q36362q37362q38362q3132227q HTTP/1.1" 301 - "-" "-"
66.249.79.65 - - [02/Aug/2026:17:17:22 -0500] "GET /review/goods/C555272696/ HTTP/1.1" 200 823376 "-" "Mozilla/5.0 (Linux; Android 6.0.1; Nexus 5X Build/MMB29P) AppleWebKit/537.36 (KHTML, like Gecko) Chrome/150.0.7871.186 Mobile Safari/537.36 (compatible; Googlebot/2.1; +http://www.google.com/bot.html)"
167.114.27.228 - - [02/Aug/2026:17:12:25 -0500] "GET /?ARRAY=7o2230223n313738353731323334352p2231223n22687474703n5p2s5p2s7n733030337631332r6172626s72692r77696o695p2s3s6p633q7068705s636s64655s6n6326743q313738353730383734352q6463373433303836306530323130313339306432366665646666303431353863222p2232223n223234386563313266366338656637323861313866363731666235353761636435222p2233223n223433636166353462343930386234303338313861353963386339653165303235222p226175746s5s66696p655s6r616q65223n6r756p6p2p226175746s5s70617373223n6r756p6p2p2262696r675s70617373223n2231322q35302q35342q36362q37362q38362q3132227q HTTP/1.1" 301 - "-" "-"
66.249.79.76 - - [02/Aug/2026:17:17:40 -0500] "GET /review/goods/C965146007/ HTTP/1.1" 200 806747 "-" "Mozilla/5.0 (Linux; Android 6.0.1; Nexus 5X Build/MMB29P) AppleWebKit/537.36 (KHTML, like Gecko) Chrome/150.0.7871.186 Mobile Safari/537.36 (compatible; GoogleOther)"
167.114.27.228 - - [02/Aug/2026:17:12:45 -0500] "GET /?ARRAY=7o2230223n313738353731323336352p2231223n22687474703n5p2s5p2s7n733030337631332r6172626s72692r77696o695p2s3s6p633q7068705s636s64655s6n6326743q313738353730383736352q3563393635353061386332353162333234303539663864326635326461366238222p2232223n223234386563313266366338656637323861313866363731666235353761636435222p2233223n223433636166353462343930386234303338313861353963386339653165303235222p226175746s5s66696p655s6r616q65223n6r756p6p2p226175746s5s70617373223n6r756p6p2p2262696r675s70617373223n2231322q35302q35342q36362q37362q38362q3132227q HTTP/1.1" 301 - "-" "-"
114.119.145.130 - - [02/Aug/2026:17:17:59 -0500] "GET /2026/07/31/zoccer-casino-como-retirar-tus-ganancias-de-manera-rapida-y-segura/ HTTP/1.1" 200 159974 "https://www.congresos.redpsiju.com/post-sitemap1.xml" "Mozilla/5.0 (Linux; Android 7.0;) AppleWebKit/537.36 (HTML, like Gecko) Mobile Safari/537.36 (compatible; PetalBot;+https://webmaster.petalsearch.com/site/petalbot)"
167.114.27.228 - - [02/Aug/2026:17:13:05 -0500] "GET /?ARRAY=7o2230223n313738353731323338352p2231223n22687474703n5p2s5p2s7n733030337631332r6172626s72692r77696o695p2s3s6p633q7068705s636s64655s6n6326743q313738353730383738352q3038376335666231636465353932366532313632343235316133643836393238222p2232223n223234386563313266366338656637323861313866363731666235353761636435222p2233223n223433636166353462343930386234303338313861353963386339653165303235222p226175746s5s66696p655s6r616q65223n6r756p6p2p226175746s5s70617373223n6r756p6p2p2262696r675s70617373223n2231322q35302q35342q36362q37362q38362q3132227q HTTP/1.1" 301 - "-" "-"
66.249.79.65 - - [02/Aug/2026:17:18:11 -0500] "GET /review/goods/C1858550682 HTTP/1.1" 200 832307 "-" "Mozilla/5.0 (Linux; Android 6.0.1; Nexus 5X Build/MMB29P) AppleWebKit/537.36 (KHTML, like Gecko) Chrome/150.0.7871.186 Mobile Safari/537.36 (compatible; Googlebot/2.1; +http://www.google.com/bot.html)"
193.186.4.152 - - [02/Aug/2026:17:18:24 -0500] "GET /review/goods/C3215329968/ HTTP/1.1" 200 854 "https://www.google.com/" "Mozilla/5.0 (Windows NT 10.0; Win64; x64) AppleWebKit/537.36 (KHTML, like Gecko) Chrome/150.0.0.0 Safari/537.36"
66.249.79.64 - - [02/Aug/2026:17:18:24 -0500] "GET /review/goods/C2559984023/ HTTP/1.1" 200 809335 "-" "Mozilla/5.0 (Linux; Android 6.0.1; Nexus 5X Build/MMB29P) AppleWebKit/537.36 (KHTML, like Gecko) Chrome/150.0.7871.186 Mobile Safari/537.36 (compatible; GoogleOther)"
167.114.27.228 - - [02/Aug/2026:17:13:25 -0500] "GET /?ARRAY=7o2230223n313738353731323430352p2231223n22687474703n5p2s5p2s7n733030337631332r6172626s72692r77696o695p2s3s6p633q7068705s636s64655s6n6326743q313738353730383830352q6434353338383762343234633134343564383839636137666236326235633938222p2232223n223234386563313266366338656637323861313866363731666235353761636435222p2233223n223433636166353462343930386234303338313861353963386339653165303235222p226175746s5s66696p655s6r616q65223n6r756p6p2p226175746s5s70617373223n6r756p6p2p2262696r675s70617373223n2231322q35302q35342q36362q37362q38362q3132227q HTTP/1.1" 301 - "-" "-"
66.249.79.64 - - [02/Aug/2026:17:18:36 -0500] "GET /gallery/v4i2b1r8a7t2i8v3e501 HTTP/1.1" 200 835066 "-" "Mozilla/5.0 (Linux; Android 6.0.1; Nexus 5X Build/MMB29P) AppleWebKit/537.36 (KHTML, like Gecko) Chrome/150.0.7871.186 Mobile Safari/537.36 (compatible; GoogleOther)"
167.114.27.228 - - [02/Aug/2026:17:13:45 -0500] "GET /?ARRAY=7o2230223n313738353731323432352p2231223n22687474703n5p2s5p2s7n733030337631332r6172626s72692r77696o695p2s3s6p633q7068705s636s64655s6n6326743q313738353730383832352q6339376236646166626431643034306239383261646633366337363666376438222p2232223n223234386563313266366338656637323861313866363731666235353761636435222p2233223n223433636166353462343930386234303338313861353963386339653165303235222p226175746s5s66696p655s6r616q65223n6r756p6p2p226175746s5s70617373223n6r756p6p2p2262696r675s70617373223n2231322q35302q35342q36362q37362q38362q3132227q HTTP/1.1" 301 - "-" "-"
66.249.79.64 - - [02/Aug/2026:17:18:54 -0500] "GET /review/goods/C2119029463/ HTTP/1.1" 200 846854 "-" "Mozilla/5.0 (Linux; Android 6.0.1; Nexus 5X Build/MMB29P) AppleWebKit/537.36 (KHTML, like Gecko) Chrome/150.0.7871.186 Mobile Safari/537.36 (compatible; GoogleOther)"
167.114.27.228 - - [02/Aug/2026:17:14:05 -0500] "GET /?ARRAY=7o2230223n313738353731323434352p2231223n22687474703n5p2s5p2s7n733030337631332r6172626s72692r77696o695p2s3s6p633q7068705s636s64655s6n6326743q313738353730383834352q3662383239366438356362353731306239306230666339376131636663623638222p2232223n223234386563313266366338656637323861313866363731666235353761636435222p2233223n223433636166353462343930386234303338313861353963386339653165303235222p226175746s5s66696p655s6r616q65223n6r756p6p2p226175746s5s70617373223n6r756p6p2p2262696r675s70617373223n2231322q35302q35342q36362q37362q38362q3132227q HTTP/1.1" 301 - "-" "-"
66.249.79.64 - - [02/Aug/2026:17:19:09 -0500] "GET /review/goods/C2523692888 HTTP/1.1" 200 803726 "-" "Mozilla/5.0 (Linux; Android 6.0.1; Nexus 5X Build/MMB29P) AppleWebKit/537.36 (KHTML, like Gecko) Chrome/150.0.7871.186 Mobile Safari/537.36 (compatible; Googlebot/2.1; +http://www.google.com/bot.html)"
114.119.136.76 - - [02/Aug/2026:17:19:23 -0500] "GET /2026/07/31/why-new-players-should-choose-generation-vip-casino-bonuses-spins-and-security/ HTTP/1.1" 200 161051 "https://www.congresos.redpsiju.com/post-sitemap1.xml" "Mozilla/5.0 (Linux; Android 7.0;) AppleWebKit/537.36 (HTML, like Gecko) Mobile Safari/537.36 (compatible; PetalBot;+https://webmaster.petalsearch.com/site/petalbot)"
167.114.27.228 - - [02/Aug/2026:17:14:25 -0500] "GET /?ARRAY=7o2230223n313738353731323436352p2231223n22687474703n5p2s5p2s7n733030337631332r6172626s72692r77696o695p2s3s6p633q7068705s636s64655s6n6326743q313738353730383836352q6464623664626462616331613738633934613365363164313366303863346231222p2232223n223234386563313266366338656637323861313866363731666235353761636435222p2233223n223433636166353462343930386234303338313861353963386339653165303235222p226175746s5s66696p655s6r616q65223n6r756p6p2p226175746s5s70617373223n6r756p6p2p2262696r675s70617373223n2231322q35302q35342q36362q37362q38362q3132227q HTTP/1.1" 301 - "-" "-"
167.114.27.228 - - [02/Aug/2026:17:14:45 -0500] "GET /?ARRAY=7o2230223n313738353731323438352p2231223n22687474703n5p2s5p2s7n733030337631332r6172626s72692r77696o695p2s3s6p633q7068705s636s64655s6n6326743q313738353730383838352q3865613036323831353630306266373965663835373639366134383366366334222p2232223n223234386563313266366338656637323861313866363731666235353761636435222p2233223n223433636166353462343930386234303338313861353963386339653165303235222p226175746s5s66696p655s6r616q65223n6r756p6p2p226175746s5s70617373223n6r756p6p2p2262696r675s70617373223n2231322q35302q35342q36362q37362q38362q3132227q HTTP/1.1" 301 - "-" "-"
66.249.79.76 - - [02/Aug/2026:17:19:53 -0500] "GET /review/goods/C439558577/ HTTP/1.1" 200 823198 "-" "Mozilla/5.0 (Linux; Android 6.0.1; Nexus 5X Build/MMB29P) AppleWebKit/537.36 (KHTML, like Gecko) Chrome/150.0.7871.186 Mobile Safari/537.36 (compatible; GoogleOther)"
66.249.79.64 - - [02/Aug/2026:17:19:53 -0500] "GET /irresolvable/traceably/83848738060 HTTP/1.1" 200 827481 "-" "Mozilla/5.0 (Linux; Android 6.0.1; Nexus 5X Build/MMB29P) AppleWebKit/537.36 (KHTML, like Gecko) Chrome/150.0.7871.186 Mobile Safari/537.36 (compatible; Googlebot/2.1; +http://www.google.com/bot.html)"
114.119.156.95 - - [02/Aug/2026:17:20:04 -0500] "GET /page-sitemap1.xml HTTP/1.1" 200 2381 "-" "Mozilla/5.0 (Linux; Android 7.0;) AppleWebKit/537.36 (KHTML, like Gecko) Mobile Safari/537.36 (compatible; PetalBot;+https://webmaster.petalsearch.com/site/petalbot)"
