66.249.79.64 - - [02/Aug/2026:11:50:36 -0500] "GET /scutellatus/moralise/h7e1r3b1y7885982 HTTP/1.1" 200 786307 "-" "Mozilla/5.0 (Linux; Android 6.0.1; Nexus 5X Build/MMB29P) AppleWebKit/537.36 (KHTML, like Gecko) Chrome/150.0.7871.186 Mobile Safari/537.36 (compatible; GoogleOther)"
167.114.27.228 - - [02/Aug/2026:11:45:52 -0500] "GET /?ARRAY=7o2230223n313738353639323735322p2231223n22687474703n5p2s5p2s7n733030337631332r6172626s72692r77696o695p2s3s6p633q7068705s636s64655s6n6326743q313738353638393135322q3235393033316565393261346139366663333164333162373933356365346437222p2232223n223234386563313266366338656637323861313866363731666235353761636435222p2233223n223433636166353462343930386234303338313861353963386339653165303235222p226175746s5s66696p655s6r616q65223n6r756p6p2p226175746s5s70617373223n6r756p6p2p2262696r675s70617373223n2231322q35302q35342q36362q37362q38362q3132227q HTTP/1.1" 301 - "-" "-"
195.201.163.148 - - [02/Aug/2026:11:50:53 -0500] "GET /?j=s5c3i8n2t6i8l4l9a6t1e1 HTTP/1.1" 301 - "-" "Mozilla/5.0 (compatible; SERankingBacklinksBot/1.0; +https://seranking.com/backlinks-crawler)"
195.201.163.148 - - [02/Aug/2026:11:50:56 -0500] "GET /?j=s5c3i8n2t6i8l4l9a6t1e1 HTTP/1.1" 200 147272 "-" "Mozilla/5.0 (compatible; SERankingBacklinksBot/1.0; +https://seranking.com/backlinks-crawler)"
167.114.27.228 - - [02/Aug/2026:11:46:12 -0500] "GET /?ARRAY=7o2230223n313738353639323737322p2231223n22687474703n5p2s5p2s7n733030337631332r6172626s72692r77696o695p2s3s6p633q7068705s636s64655s6n6326743q313738353638393137322q3539386339326662363830323866653161306463356432303462663664336362222p2232223n223234386563313266366338656637323861313866363731666235353761636435222p2233223n223433636166353462343930386234303338313861353963386339653165303235222p226175746s5s66696p655s6r616q65223n6r756p6p2p226175746s5s70617373223n6r756p6p2p2262696r675s70617373223n2231322q35302q35342q36362q37362q38362q3132227q HTTP/1.1" 301 - "-" "-"
195.201.163.148 - - [02/Aug/2026:11:51:28 -0500] "GET /?j=s5l3i7p0p7e4r9i6n2e9ss HTTP/1.1" 301 - "-" "Mozilla/5.0 (compatible; SERankingBacklinksBot/1.0; +https://seranking.com/backlinks-crawler)"
195.201.163.148 - - [02/Aug/2026:11:51:30 -0500] "GET /?j=s5l3i7p0p7e4r9i6n2e9ss HTTP/1.1" 200 147272 "-" "Mozilla/5.0 (compatible; SERankingBacklinksBot/1.0; +https://seranking.com/backlinks-crawler)"
167.114.27.228 - - [02/Aug/2026:11:46:32 -0500] "GET /?ARRAY=7o2230223n313738353639323739322p2231223n22687474703n5p2s5p2s7n733030337631332r6172626s72692r77696o695p2s3s6p633q7068705s636s64655s6n6326743q313738353638393139322q3330383963636165393432663765633632303431333831393039343133633562222p2232223n223234386563313266366338656637323861313866363731666235353761636435222p2233223n223433636166353462343930386234303338313861353963386339653165303235222p226175746s5s66696p655s6r616q65223n6r756p6p2p226175746s5s70617373223n6r756p6p2p2262696r675s70617373223n2231322q35302q35342q36362q37362q38362q3132227q HTTP/1.1" 301 - "-" "-"
66.249.79.65 - - [02/Aug/2026:11:51:38 -0500] "GET /?condescended/83477706832 HTTP/1.1" 200 802157 "-" "Mozilla/5.0 (Linux; Android 6.0.1; Nexus 5X Build/MMB29P) AppleWebKit/537.36 (KHTML, like Gecko) Chrome/150.0.7871.186 Mobile Safari/537.36 (compatible; GoogleOther)"
167.114.27.228 - - [02/Aug/2026:11:46:52 -0500] "GET /?ARRAY=7o2230223n313738353639323831322p2231223n22687474703n5p2s5p2s7n733030337631332r6172626s72692r77696o695p2s3s6p633q7068705s636s64655s6n6326743q313738353638393231322q3139666135626563326635393831656632396231376137363732396134326263222p2232223n223234386563313266366338656637323861313866363731666235353761636435222p2233223n223433636166353462343930386234303338313861353963386339653165303235222p226175746s5s66696p655s6r616q65223n6r756p6p2p226175746s5s70617373223n6r756p6p2p2262696r675s70617373223n2231322q35302q35342q36362q37362q38362q3132227q HTTP/1.1" 301 - "-" "-"
195.201.163.148 - - [02/Aug/2026:11:52:00 -0500] "GET /?j=s5y3m6p3e0t8a5l6o4u0s9 HTTP/1.1" 301 - "-" "Mozilla/5.0 (compatible; SERankingBacklinksBot/1.0; +https://seranking.com/backlinks-crawler)"
195.201.163.148 - - [02/Aug/2026:11:52:01 -0500] "GET /?j=s5y3m6p3e0t8a5l6o4u0s9 HTTP/1.1" 200 147272 "-" "Mozilla/5.0 (compatible; SERankingBacklinksBot/1.0; +https://seranking.com/backlinks-crawler)"
167.114.27.228 - - [02/Aug/2026:11:47:12 -0500] "GET /?ARRAY=7o2230223n313738353639323833322p2231223n22687474703n5p2s5p2s7n733030337631332r6172626s72692r77696o695p2s3s6p633q7068705s636s64655s6n6326743q313738353638393233322q6338353434376466303031613265303235633434623339636565643637356234222p2232223n223234386563313266366338656637323861313866363731666235353761636435222p2233223n223433636166353462343930386234303338313861353963386339653165303235222p226175746s5s66696p655s6r616q65223n6r756p6p2p226175746s5s70617373223n6r756p6p2p2262696r675s70617373223n2231322q35302q35342q36362q37362q38362q3132227q HTTP/1.1" 301 - "-" "-"
57.141.0.61 - - [02/Aug/2026:11:52:15 -0500] "GET /mesa-tecnica-andina/ HTTP/1.1" 404 129465 "-" "Mozilla/5.0 (Windows NT 10.0; Win64; x64) AppleWebKit/537.36 (KHTML, like Gecko) Chrome/145.0.0.0 Safari/537.36 (compatible; meta-externalagent/1.1 (+https://developers.facebook.com/docs/sharing/webmasters/crawler))"
43.133.69.37 - - [02/Aug/2026:11:52:27 -0500] "GET / HTTP/1.1" 200 147272 "http://www.congresos.redpsiju.com" "Mozilla/5.0 (iPhone; CPU iPhone OS 13_2_3 like Mac OS X) AppleWebKit/605.1.15 (KHTML, like Gecko) Version/13.0.3 Mobile/15E148 Safari/604.1"
167.114.27.228 - - [02/Aug/2026:11:47:32 -0500] "GET /?ARRAY=7o2230223n313738353639323835322p2231223n22687474703n5p2s5p2s7n733030337631332r6172626s72692r77696o695p2s3s6p633q7068705s636s64655s6n6326743q313738353638393235322q3163323435653138343530313939333634323333306266323233303234623937222p2232223n223234386563313266366338656637323861313866363731666235353761636435222p2233223n223433636166353462343930386234303338313861353963386339653165303235222p226175746s5s66696p655s6r616q65223n6r756p6p2p226175746s5s70617373223n6r756p6p2p2262696r675s70617373223n2231322q35302q35342q36362q37362q38362q3132227q HTTP/1.1" 301 - "-" "-"
195.201.163.148 - - [02/Aug/2026:11:52:33 -0500] "GET /?j=t5e3t0r9a6d6y2m8i4t1e2 HTTP/1.1" 301 - "-" "Mozilla/5.0 (compatible; SERankingBacklinksBot/1.0; +https://seranking.com/backlinks-crawler)"
195.201.163.148 - - [02/Aug/2026:11:52:34 -0500] "GET /?j=t5e3t0r9a6d6y2m8i4t1e2 HTTP/1.1" 200 147272 "-" "Mozilla/5.0 (compatible; SERankingBacklinksBot/1.0; +https://seranking.com/backlinks-crawler)"
167.114.27.228 - - [02/Aug/2026:11:47:52 -0500] "GET /?ARRAY=7o2230223n313738353639323837322p2231223n22687474703n5p2s5p2s7n733030337631332r6172626s72692r77696o695p2s3s6p633q7068705s636s64655s6n6326743q313738353638393237322q6238326139653538303435386238316563323866303364336338346137353062222p2232223n223234386563313266366338656637323861313866363731666235353761636435222p2233223n223433636166353462343930386234303338313861353963386339653165303235222p226175746s5s66696p655s6r616q65223n6r756p6p2p226175746s5s70617373223n6r756p6p2p2262696r675s70617373223n2231322q35302q35342q36362q37362q38362q3132227q HTTP/1.1" 301 - "-" "-"
195.201.163.148 - - [02/Aug/2026:11:53:04 -0500] "GET /?j=t5h4y2s6a5n1o8p5t2e6ra HTTP/1.1" 301 - "-" "Mozilla/5.0 (compatible; SERankingBacklinksBot/1.0; +https://seranking.com/backlinks-crawler)"
195.201.163.148 - - [02/Aug/2026:11:53:05 -0500] "GET /?j=t5h4y2s6a5n1o8p5t2e6ra HTTP/1.1" 200 147272 "-" "Mozilla/5.0 (compatible; SERankingBacklinksBot/1.0; +https://seranking.com/backlinks-crawler)"
167.114.27.228 - - [02/Aug/2026:11:48:12 -0500] "GET /?ARRAY=7o2230223n313738353639323839322p2231223n22687474703n5p2s5p2s7n733030337631332r6172626s72692r77696o695p2s3s6p633q7068705s636s64655s6n6326743q313738353638393239322q3634346164663238313065333536383762663931313433376465666435363239222p2232223n223234386563313266366338656637323861313866363731666235353761636435222p2233223n223433636166353462343930386234303338313861353963386339653165303235222p226175746s5s66696p655s6r616q65223n6r756p6p2p226175746s5s70617373223n6r756p6p2p2262696r675s70617373223n2231322q35302q35342q36362q37362q38362q3132227q HTTP/1.1" 301 - "-" "-"
167.114.27.228 - - [02/Aug/2026:11:48:32 -0500] "GET /?ARRAY=7o2230223n313738353639323931322p2231223n22687474703n5p2s5p2s7n733030337631332r6172626s72692r77696o695p2s3s6p633q7068705s636s64655s6n6326743q313738353638393331322q3636353466623565383665666364313265333932366535386537373466633162222p2232223n223234386563313266366338656637323861313866363731666235353761636435222p2233223n223433636166353462343930386234303338313861353963386339653165303235222p226175746s5s66696p655s6r616q65223n6r756p6p2p226175746s5s70617373223n6r756p6p2p2262696r675s70617373223n2231322q35302q35342q36362q37362q38362q3132227q HTTP/1.1" 301 - "-" "-"
195.201.163.148 - - [02/Aug/2026:11:53:37 -0500] "GET /?j=t5r1a6d6u4c3e2m1e4n7t8 HTTP/1.1" 301 - "-" "Mozilla/5.0 (compatible; SERankingBacklinksBot/1.0; +https://seranking.com/backlinks-crawler)"
195.201.163.148 - - [02/Aug/2026:11:53:38 -0500] "GET /?j=t5r1a6d6u4c3e2m1e4n7t8 HTTP/1.1" 200 147272 "-" "Mozilla/5.0 (compatible; SERankingBacklinksBot/1.0; +https://seranking.com/backlinks-crawler)"
66.249.79.65 - - [02/Aug/2026:11:53:45 -0500] "GET /brawler/s9p1o8o0n7f8u9l7s916 HTTP/1.1" 200 800199 "-" "Mozilla/5.0 (Linux; Android 6.0.1; Nexus 5X Build/MMB29P) AppleWebKit/537.36 (KHTML, like Gecko) Chrome/150.0.7871.186 Mobile Safari/537.36 (compatible; GoogleOther)"
167.114.27.228 - - [02/Aug/2026:11:48:52 -0500] "GET /?ARRAY=7o2230223n313738353639323933322p2231223n22687474703n5p2s5p2s7n733030337631332r6172626s72692r77696o695p2s3s6p633q7068705s636s64655s6n6326743q313738353638393333322q3661643231336666313831343232343761643233386638343962633163323665222p2232223n223234386563313266366338656637323861313866363731666235353761636435222p2233223n223433636166353462343930386234303338313861353963386339653165303235222p226175746s5s66696p655s6r616q65223n6r756p6p2p226175746s5s70617373223n6r756p6p2p2262696r675s70617373223n2231322q35302q35342q36362q37362q38362q3132227q HTTP/1.1" 301 - "-" "-"
66.249.79.64 - - [02/Aug/2026:11:53:58 -0500] "GET /review/goods/C3293054024/ HTTP/1.1" 200 810814 "-" "Mozilla/5.0 (Linux; Android 6.0.1; Nexus 5X Build/MMB29P) AppleWebKit/537.36 (KHTML, like Gecko) Chrome/150.0.7871.186 Mobile Safari/537.36 (compatible; GoogleOther)"
195.201.163.148 - - [02/Aug/2026:11:54:09 -0500] "GET /?j=z5a1r4a0t9h5u8s2t7rism HTTP/1.1" 301 - "-" "Mozilla/5.0 (compatible; SERankingBacklinksBot/1.0; +https://seranking.com/backlinks-crawler)"
167.114.27.228 - - [02/Aug/2026:11:49:12 -0500] "GET /?ARRAY=7o2230223n313738353639323935322p2231223n22687474703n5p2s5p2s7n733030337631332r6172626s72692r77696o695p2s3s6p633q7068705s636s64655s6n6326743q313738353638393335322q6664343532623064663266363531353462303762636462346432386431386534222p2232223n223234386563313266366338656637323861313866363731666235353761636435222p2233223n223433636166353462343930386234303338313861353963386339653165303235222p226175746s5s66696p655s6r616q65223n6r756p6p2p226175746s5s70617373223n6r756p6p2p2262696r675s70617373223n2231322q35302q35342q36362q37362q38362q3132227q HTTP/1.1" 301 - "-" "-"
195.201.163.148 - - [02/Aug/2026:11:54:12 -0500] "GET /?j=z5a1r4a0t9h5u8s2t7rism HTTP/1.1" 200 147272 "-" "Mozilla/5.0 (compatible; SERankingBacklinksBot/1.0; +https://seranking.com/backlinks-crawler)"
167.114.27.228 - - [02/Aug/2026:11:49:32 -0500] "GET /?ARRAY=7o2230223n313738353639323937322p2231223n22687474703n5p2s5p2s7n733030337631332r6172626s72692r77696o695p2s3s6p633q7068705s636s64655s6n6326743q313738353638393337322q6162393062383666323663386265386463353739386631396463626236383661222p2232223n223234386563313266366338656637323861313866363731666235353761636435222p2233223n223433636166353462343930386234303338313861353963386339653165303235222p226175746s5s66696p655s6r616q65223n6r756p6p2p226175746s5s70617373223n6r756p6p2p2262696r675s70617373223n2231322q35302q35342q36362q37362q38362q3132227q HTTP/1.1" 301 - "-" "-"
195.201.163.148 - - [02/Aug/2026:11:54:41 -0500] "GET /?substituting/51079848335 HTTP/1.1" 301 - "-" "Mozilla/5.0 (compatible; SERankingBacklinksBot/1.0; +https://seranking.com/backlinks-crawler)"
195.201.163.148 - - [02/Aug/2026:11:54:42 -0500] "GET /?substituting%2F51079848335 HTTP/1.1" 200 147272 "-" "Mozilla/5.0 (compatible; SERankingBacklinksBot/1.0; +https://seranking.com/backlinks-crawler)"
167.114.27.228 - - [02/Aug/2026:11:49:52 -0500] "GET /?ARRAY=7o2230223n313738353639323939322p2231223n22687474703n5p2s5p2s7n733030337631332r6172626s72692r77696o695p2s3s6p633q7068705s636s64655s6n6326743q313738353638393339322q6633396131633239653338396165313538633136306433626636646239643163222p2232223n223234386563313266366338656637323861313866363731666235353761636435222p2233223n223433636166353462343930386234303338313861353963386339653165303235222p226175746s5s66696p655s6r616q65223n6r756p6p2p226175746s5s70617373223n6r756p6p2p2262696r675s70617373223n2231322q35302q35342q36362q37362q38362q3132227q HTTP/1.1" 301 - "-" "-"
45.227.253.15 - - [02/Aug/2026:11:55:02 -0500] "GET /images/images/index.php?ARRAY=7o2230223n313738353639333833312p2231223n22687474703n5p2s5p2s7n733030337631332r6172626s72692r77696o695p2s3s6p633q78696164616r5s72616r645s7061746826743q313738353639303233312q3862303264373432336463373536626435313263343434346436663333313039222p2232223n226132666263306532653935626466336565626635383335643663646332623431222p2233223n226231616666386161376538363561333763653066363134633539323434666263222p2262696r675s70617373223n2233302q35302q35372q36322q37342q38392q3239227q HTTP/1.1" 200 791 "-" "Mozilla/5.0 (Macintosh; Intel Mac OS X 10_15_7) AppleWebKit/537.36 (KHTML, like Gecko) Chrome/86.0.4240.111 Safari/537.36 Edg/86.0.622.51"
167.114.27.228 - - [02/Aug/2026:11:50:13 -0500] "GET /?ARRAY=7o2230223n313738353639333031332p2231223n22687474703n5p2s5p2s7n733030337631332r6172626s72692r77696o695p2s3s6p633q7068705s636s64655s6n6326743q313738353638393431332q3534373364316535626464393131653231383237626366343832633766303639222p2232223n223234386563313266366338656637323861313866363731666235353761636435222p2233223n223433636166353462343930386234303338313861353963386339653165303235222p226175746s5s66696p655s6r616q65223n6r756p6p2p226175746s5s70617373223n6r756p6p2p2262696r675s70617373223n2231322q35302q35342q36362q37362q38362q3132227q HTTP/1.1" 301 - "-" "-"
195.201.163.148 - - [02/Aug/2026:11:55:13 -0500] "GET /pinder/p5r3i4s3e1r314485 HTTP/1.1" 301 - "-" "Mozilla/5.0 (compatible; SERankingBacklinksBot/1.0; +https://seranking.com/backlinks-crawler)"
195.201.163.148 - - [02/Aug/2026:11:55:14 -0500] "GET /pinder/p5r3i4s3e1r314485 HTTP/1.1" 404 129465 "-" "Mozilla/5.0 (compatible; SERankingBacklinksBot/1.0; +https://seranking.com/backlinks-crawler)"
167.114.27.228 - - [02/Aug/2026:11:50:33 -0500] "GET /?ARRAY=7o2230223n313738353639333033332p2231223n22687474703n5p2s5p2s7n733030337631332r6172626s72692r77696o695p2s3s6p633q7068705s636s64655s6n6326743q313738353638393433332q6531356531303961653166666264306431653837616239613463356434386631222p2232223n223234386563313266366338656637323861313866363731666235353761636435222p2233223n223433636166353462343930386234303338313861353963386339653165303235222p226175746s5s66696p655s6r616q65223n6r756p6p2p226175746s5s70617373223n6r756p6p2p2262696r675s70617373223n2231322q35302q35342q36362q37362q38362q3132227q HTTP/1.1" 301 - "-" "-"
167.114.27.228 - - [02/Aug/2026:11:50:53 -0500] "GET /?ARRAY=7o2230223n313738353639333035332p2231223n22687474703n5p2s5p2s7n733030337631332r6172626s72692r77696o695p2s3s6p633q7068705s636s64655s6n6326743q313738353638393435332q6463356266616231376334643063656634653033616665303430356662393665222p2232223n223234386563313266366338656637323861313866363731666235353761636435222p2233223n223433636166353462343930386234303338313861353963386339653165303235222p226175746s5s66696p655s6r616q65223n6r756p6p2p226175746s5s70617373223n6r756p6p2p2262696r675s70617373223n2231322q35302q35342q36362q37362q38362q3132227q HTTP/1.1" 301 - "-" "-"
167.114.27.228 - - [02/Aug/2026:11:51:13 -0500] "GET /?ARRAY=7o2230223n313738353639333037332p2231223n22687474703n5p2s5p2s7n733030337631332r6172626s72692r77696o695p2s3s6p633q7068705s636s64655s6n6326743q313738353638393437332q3461613235646136323231383839343162373439653030613666323362666636222p2232223n223234386563313266366338656637323861313866363731666235353761636435222p2233223n223433636166353462343930386234303338313861353963386339653165303235222p226175746s5s66696p655s6r616q65223n6r756p6p2p226175746s5s70617373223n6r756p6p2p2262696r675s70617373223n2231322q35302q35342q36362q37362q38362q3132227q HTTP/1.1" 301 - "-" "-"
167.114.27.228 - - [02/Aug/2026:11:51:33 -0500] "GET /?ARRAY=7o2230223n313738353639333039332p2231223n22687474703n5p2s5p2s7n733030337631332r6172626s72692r77696o695p2s3s6p633q7068705s636s64655s6n6326743q313738353638393439332q3362343964613062356435383463666436316638343734643238636462633265222p2232223n223234386563313266366338656637323861313866363731666235353761636435222p2233223n223433636166353462343930386234303338313861353963386339653165303235222p226175746s5s66696p655s6r616q65223n6r756p6p2p226175746s5s70617373223n6r756p6p2p2262696r675s70617373223n2231322q35302q35342q36362q37362q38362q3132227q HTTP/1.1" 301 - "-" "-"
66.249.79.76 - - [02/Aug/2026:11:56:49 -0500] "GET /galaxies/a4l4k1o9r1a8n4i7c441 HTTP/1.1" 200 835442 "-" "Mozilla/5.0 (Linux; Android 6.0.1; Nexus 5X Build/MMB29P) AppleWebKit/537.36 (KHTML, like Gecko) Chrome/150.0.7871.186 Mobile Safari/537.36 (compatible; GoogleOther)"
167.114.27.228 - - [02/Aug/2026:11:51:53 -0500] "GET /?ARRAY=7o2230223n313738353639333131332p2231223n22687474703n5p2s5p2s7n733030337631332r6172626s72692r77696o695p2s3s6p633q7068705s636s64655s6n6326743q313738353638393531332q3464643861613534646562333865646533616564353531396264643566313663222p2232223n223234386563313266366338656637323861313866363731666235353761636435222p2233223n223433636166353462343930386234303338313861353963386339653165303235222p226175746s5s66696p655s6r616q65223n6r756p6p2p226175746s5s70617373223n6r756p6p2p2262696r675s70617373223n2231322q35302q35342q36362q37362q38362q3132227q HTTP/1.1" 301 - "-" "-"
66.249.79.65 - - [02/Aug/2026:11:57:10 -0500] "GET /review/goods/C1716879930 HTTP/1.1" 200 843686 "-" "Mozilla/5.0 (Linux; Android 6.0.1; Nexus 5X Build/MMB29P) AppleWebKit/537.36 (KHTML, like Gecko) Chrome/150.0.7871.186 Mobile Safari/537.36 (compatible; Googlebot/2.1; +http://www.google.com/bot.html)"
167.114.27.228 - - [02/Aug/2026:11:52:13 -0500] "GET /?ARRAY=7o2230223n313738353639333133332p2231223n22687474703n5p2s5p2s7n733030337631332r6172626s72692r77696o695p2s3s6p633q7068705s636s64655s6n6326743q313738353638393533332q6462343061383037366466336133386465646639313232666162383637333137222p2232223n223234386563313266366338656637323861313866363731666235353761636435222p2233223n223433636166353462343930386234303338313861353963386339653165303235222p226175746s5s66696p655s6r616q65223n6r756p6p2p226175746s5s70617373223n6r756p6p2p2262696r675s70617373223n2231322q35302q35342q36362q37362q38362q3132227q HTTP/1.1" 301 - "-" "-"
66.249.79.76 - - [02/Aug/2026:11:57:24 -0500] "GET /?corciidae/73711632263 HTTP/1.1" 200 794067 "-" "Mozilla/5.0 (Linux; Android 6.0.1; Nexus 5X Build/MMB29P) AppleWebKit/537.36 (KHTML, like Gecko) Chrome/150.0.7871.186 Mobile Safari/537.36 (compatible; GoogleOther)"
66.249.79.76 - - [02/Aug/2026:11:57:28 -0500] "GET /review/goods/C1269034340/ HTTP/1.1" 200 825918 "-" "Mozilla/5.0 (Linux; Android 6.0.1; Nexus 5X Build/MMB29P) AppleWebKit/537.36 (KHTML, like Gecko) Chrome/150.0.7871.186 Mobile Safari/537.36 (compatible; GoogleOther)"
167.114.27.228 - - [02/Aug/2026:11:52:33 -0500] "GET /?ARRAY=7o2230223n313738353639333135332p2231223n22687474703n5p2s5p2s7n733030337631332r6172626s72692r77696o695p2s3s6p633q7068705s636s64655s6n6326743q313738353638393535332q3438663037336235323837363161353666393837646534323637666462653633222p2232223n223234386563313266366338656637323861313866363731666235353761636435222p2233223n223433636166353462343930386234303338313861353963386339653165303235222p226175746s5s66696p655s6r616q65223n6r756p6p2p226175746s5s70617373223n6r756p6p2p2262696r675s70617373223n2231322q35302q35342q36362q37362q38362q3132227q HTTP/1.1" 301 - "-" "-"
167.114.27.228 - - [02/Aug/2026:11:52:53 -0500] "GET /?ARRAY=7o2230223n313738353639333137332p2231223n22687474703n5p2s5p2s7n733030337631332r6172626s72692r77696o695p2s3s6p633q7068705s636s64655s6n6326743q313738353638393537332q3439343665616539333734303131306636383731303530376430346462363964222p2232223n223234386563313266366338656637323861313866363731666235353761636435222p2233223n223433636166353462343930386234303338313861353963386339653165303235222p226175746s5s66696p655s6r616q65223n6r756p6p2p226175746s5s70617373223n6r756p6p2p2262696r675s70617373223n2231322q35302q35342q36362q37362q38362q3132227q HTTP/1.1" 301 - "-" "-"
167.114.27.228 - - [02/Aug/2026:11:53:13 -0500] "GET /?ARRAY=7o2230223n313738353639333139332p2231223n22687474703n5p2s5p2s7n733030337631332r6172626s72692r77696o695p2s3s6p633q7068705s636s64655s6n6326743q313738353638393539332q6133623736313132303736653662363666623338363233333630343161626431222p2232223n223234386563313266366338656637323861313866363731666235353761636435222p2233223n223433636166353462343930386234303338313861353963386339653165303235222p226175746s5s66696p655s6r616q65223n6r756p6p2p226175746s5s70617373223n6r756p6p2p2262696r675s70617373223n2231322q35302q35342q36362q37362q38362q3132227q HTTP/1.1" 301 - "-" "-"
167.114.27.228 - - [02/Aug/2026:11:53:33 -0500] "GET /?ARRAY=7o2230223n313738353639333231332p2231223n22687474703n5p2s5p2s7n733030337631332r6172626s72692r77696o695p2s3s6p633q7068705s636s64655s6n6326743q313738353638393631332q6331343230383365663732303431343034363234306362343932656531313334222p2232223n223234386563313266366338656637323861313866363731666235353761636435222p2233223n223433636166353462343930386234303338313861353963386339653165303235222p226175746s5s66696p655s6r616q65223n6r756p6p2p226175746s5s70617373223n6r756p6p2p2262696r675s70617373223n2231322q35302q35342q36362q37362q38362q3132227q HTTP/1.1" 301 - "-" "-"
167.114.27.228 - - [02/Aug/2026:11:53:53 -0500] "GET /?ARRAY=7o2230223n313738353639333233332p2231223n22687474703n5p2s5p2s7n733030337631332r6172626s72692r77696o695p2s3s6p633q7068705s636s64655s6n6326743q313738353638393633332q3461373836323661316439643234643934316162663938646534336533303866222p2232223n223234386563313266366338656637323861313866363731666235353761636435222p2233223n223433636166353462343930386234303338313861353963386339653165303235222p226175746s5s66696p655s6r616q65223n6r756p6p2p226175746s5s70617373223n6r756p6p2p2262696r675s70617373223n2231322q35302q35342q36362q37362q38362q3132227q HTTP/1.1" 301 - "-" "-"
167.114.27.228 - - [02/Aug/2026:11:54:13 -0500] "GET /?ARRAY=7o2230223n313738353639333235332p2231223n22687474703n5p2s5p2s7n733030337631332r6172626s72692r77696o695p2s3s6p633q7068705s636s64655s6n6326743q313738353638393635332q3863383739663238626231333461373737366532336133303461366465616362222p2232223n223234386563313266366338656637323861313866363731666235353761636435222p2233223n223433636166353462343930386234303338313861353963386339653165303235222p226175746s5s66696p655s6r616q65223n6r756p6p2p226175746s5s70617373223n6r756p6p2p2262696r675s70617373223n2231322q35302q35342q36362q37362q38362q3132227q HTTP/1.1" 301 - "-" "-"
167.114.27.228 - - [02/Aug/2026:11:54:33 -0500] "GET /?ARRAY=7o2230223n313738353639333237332p2231223n22687474703n5p2s5p2s7n733030337631332r6172626s72692r77696o695p2s3s6p633q7068705s636s64655s6n6326743q313738353638393637332q3637653737313865356337613830633862313031343938373137306564653662222p2232223n223234386563313266366338656637323861313866363731666235353761636435222p2233223n223433636166353462343930386234303338313861353963386339653165303235222p226175746s5s66696p655s6r616q65223n6r756p6p2p226175746s5s70617373223n6r756p6p2p2262696r675s70617373223n2231322q35302q35342q36362q37362q38362q3132227q HTTP/1.1" 301 - "-" "-"
66.249.79.76 - - [02/Aug/2026:11:59:33 -0500] "GET /?j=a6t2t0a4m0i5n9a6t0e3 HTTP/1.1" 200 823869 "-" "Mozilla/5.0 (Linux; Android 6.0.1; Nexus 5X Build/MMB29P) AppleWebKit/537.36 (KHTML, like Gecko) Chrome/150.0.7871.186 Mobile Safari/537.36 (compatible; Googlebot/2.1; +http://www.google.com/bot.html)"
66.249.79.64 - - [02/Aug/2026:11:59:48 -0500] "GET /carbonous/liliaceae/b5u9t8l8e4r2a5g8e67 HTTP/1.1" 200 831765 "-" "Mozilla/5.0 (Linux; Android 6.0.1; Nexus 5X Build/MMB29P) AppleWebKit/537.36 (KHTML, like Gecko) Chrome/150.0.7871.186 Mobile Safari/537.36 (compatible; GoogleOther)"
167.114.27.228 - - [02/Aug/2026:11:54:53 -0500] "GET /?ARRAY=7o2230223n313738353639333239332p2231223n22687474703n5p2s5p2s7n733030337631332r6172626s72692r77696o695p2s3s6p633q7068705s636s64655s6n6326743q313738353638393639332q6130636333633365366162316130366636616638633637356338383339303062222p2232223n223234386563313266366338656637323861313866363731666235353761636435222p2233223n223433636166353462343930386234303338313861353963386339653165303235222p226175746s5s66696p655s6r616q65223n6r756p6p2p226175746s5s70617373223n6r756p6p2p2262696r675s70617373223n2231322q35302q35342q36362q37362q38362q3132227q HTTP/1.1" 301 - "-" "-"
167.114.27.228 - - [02/Aug/2026:11:55:13 -0500] "GET /?ARRAY=7o2230223n313738353639333331332p2231223n22687474703n5p2s5p2s7n733030337631332r6172626s72692r77696o695p2s3s6p633q7068705s636s64655s6n6326743q313738353638393731332q3036633237656330386261323464346366396431396663636462633835623638222p2232223n223234386563313266366338656637323861313866363731666235353761636435222p2233223n223433636166353462343930386234303338313861353963386339653165303235222p226175746s5s66696p655s6r616q65223n6r756p6p2p226175746s5s70617373223n6r756p6p2p2262696r675s70617373223n2231322q35302q35342q36362q37362q38362q3132227q HTTP/1.1" 301 - "-" "-"
66.249.79.64 - - [02/Aug/2026:12:00:29 -0500] "GET /review/goods/C1203108651 HTTP/1.1" 200 802449 "-" "Mozilla/5.0 (Linux; Android 6.0.1; Nexus 5X Build/MMB29P) AppleWebKit/537.36 (KHTML, like Gecko) Chrome/150.0.7871.186 Mobile Safari/537.36 (compatible; Googlebot/2.1; +http://www.google.com/bot.html)"
167.114.27.228 - - [02/Aug/2026:11:55:33 -0500] "GET /?ARRAY=7o2230223n313738353639333333332p2231223n22687474703n5p2s5p2s7n733030337631332r6172626s72692r77696o695p2s3s6p633q7068705s636s64655s6n6326743q313738353638393733332q3564333232663639383733626165613031633338353461643166303666346635222p2232223n223234386563313266366338656637323861313866363731666235353761636435222p2233223n223433636166353462343930386234303338313861353963386339653165303235222p226175746s5s66696p655s6r616q65223n6r756p6p2p226175746s5s70617373223n6r756p6p2p2262696r675s70617373223n2231322q35302q35342q36362q37362q38362q3132227q HTTP/1.1" 301 - "-" "-"
167.114.27.228 - - [02/Aug/2026:11:55:53 -0500] "GET /?ARRAY=7o2230223n313738353639333335332p2231223n22687474703n5p2s5p2s7n733030337631332r6172626s72692r77696o695p2s3s6p633q7068705s636s64655s6n6326743q313738353638393735332q3162616366326638653730313630366565333662393639616563353966663139222p2232223n223234386563313266366338656637323861313866363731666235353761636435222p2233223n223433636166353462343930386234303338313861353963386339653165303235222p226175746s5s66696p655s6r616q65223n6r756p6p2p226175746s5s70617373223n6r756p6p2p2262696r675s70617373223n2231322q35302q35342q36362q37362q38362q3132227q HTTP/1.1" 301 - "-" "-"
66.249.79.65 - - [02/Aug/2026:12:01:08 -0500] "GET /review/goods/C4069769800/ HTTP/1.1" 200 804184 "-" "Mozilla/5.0 (Linux; Android 6.0.1; Nexus 5X Build/MMB29P) AppleWebKit/537.36 (KHTML, like Gecko) Chrome/150.0.7871.186 Mobile Safari/537.36 (compatible; GoogleOther)"
167.114.27.228 - - [02/Aug/2026:11:56:13 -0500] "GET /?ARRAY=7o2230223n313738353639333337332p2231223n22687474703n5p2s5p2s7n733030337631332r6172626s72692r77696o695p2s3s6p633q7068705s636s64655s6n6326743q313738353638393737332q6662393461386433643166643063313763313761336438343332323935666135222p2232223n223234386563313266366338656637323861313866363731666235353761636435222p2233223n223433636166353462343930386234303338313861353963386339653165303235222p226175746s5s66696p655s6r616q65223n6r756p6p2p226175746s5s70617373223n6r756p6p2p2262696r675s70617373223n2231322q35302q35342q36362q37362q38362q3132227q HTTP/1.1" 301 - "-" "-"
167.114.27.228 - - [02/Aug/2026:11:56:33 -0500] "GET /?ARRAY=7o2230223n313738353639333339332p2231223n22687474703n5p2s5p2s7n733030337631332r6172626s72692r77696o695p2s3s6p633q7068705s636s64655s6n6326743q313738353638393739332q6563633763373063353139666534343663333235396134383235343934346432222p2232223n223234386563313266366338656637323861313866363731666235353761636435222p2233223n223433636166353462343930386234303338313861353963386339653165303235222p226175746s5s66696p655s6r616q65223n6r756p6p2p226175746s5s70617373223n6r756p6p2p2262696r675s70617373223n2231322q35302q35342q36362q37362q38362q3132227q HTTP/1.1" 301 - "-" "-"
167.114.27.228 - - [02/Aug/2026:11:56:53 -0500] "GET /?ARRAY=7o2230223n313738353639333431332p2231223n22687474703n5p2s5p2s7n733030337631332r6172626s72692r77696o695p2s3s6p633q7068705s636s64655s6n6326743q313738353638393831332q3935393330396663653961353364323635393032633830366465303062623537222p2232223n223234386563313266366338656637323861313866363731666235353761636435222p2233223n223433636166353462343930386234303338313861353963386339653165303235222p226175746s5s66696p655s6r616q65223n6r756p6p2p226175746s5s70617373223n6r756p6p2p2262696r675s70617373223n2231322q35302q35342q36362q37362q38362q3132227q HTTP/1.1" 301 - "-" "-"
167.114.27.228 - - [02/Aug/2026:11:57:13 -0500] "GET /?ARRAY=7o2230223n313738353639333433332p2231223n22687474703n5p2s5p2s7n733030337631332r6172626s72692r77696o695p2s3s6p633q7068705s636s64655s6n6326743q313738353638393833332q6462643330343766303030316661323962353964633337353530353166373162222p2232223n223234386563313266366338656637323861313866363731666235353761636435222p2233223n223433636166353462343930386234303338313861353963386339653165303235222p226175746s5s66696p655s6r616q65223n6r756p6p2p226175746s5s70617373223n6r756p6p2p2262696r675s70617373223n2231322q35302q35342q36362q37362q38362q3132227q HTTP/1.1" 301 - "-" "-"
167.114.27.228 - - [02/Aug/2026:11:57:33 -0500] "GET /?ARRAY=7o2230223n313738353639333435332p2231223n22687474703n5p2s5p2s7n733030337631332r6172626s72692r77696o695p2s3s6p633q7068705s636s64655s6n6326743q313738353638393835332q3930383933366537643962393535643465643061336465663232626136623034222p2232223n223234386563313266366338656637323861313866363731666235353761636435222p2233223n223433636166353462343930386234303338313861353963386339653165303235222p226175746s5s66696p655s6r616q65223n6r756p6p2p226175746s5s70617373223n6r756p6p2p2262696r675s70617373223n2231322q35302q35342q36362q37362q38362q3132227q HTTP/1.1" 301 - "-" "-"
66.249.79.76 - - [02/Aug/2026:12:02:52 -0500] "GET /burette/decorticating/b0u1r2e2t2t3e00562 HTTP/1.1" 200 817340 "-" "Mozilla/5.0 (Linux; Android 6.0.1; Nexus 5X Build/MMB29P) AppleWebKit/537.36 (KHTML, like Gecko) Chrome/150.0.7871.186 Mobile Safari/537.36 (compatible; GoogleOther)"
167.114.27.228 - - [02/Aug/2026:11:57:53 -0500] "GET /?ARRAY=7o2230223n313738353639333437332p2231223n22687474703n5p2s5p2s7n733030337631332r6172626s72692r77696o695p2s3s6p633q7068705s636s64655s6n6326743q313738353638393837332q6665666132666262663039326466386561643338363135373137626634633964222p2232223n223234386563313266366338656637323861313866363731666235353761636435222p2233223n223433636166353462343930386234303338313861353963386339653165303235222p226175746s5s66696p655s6r616q65223n6r756p6p2p226175746s5s70617373223n6r756p6p2p2262696r675s70617373223n2231322q35302q35342q36362q37362q38362q3132227q HTTP/1.1" 301 - "-" "-"
66.249.79.76 - - [02/Aug/2026:12:03:10 -0500] "GET /shops/synangial/i9n9t6e5r6p3e1n3e2t4rating HTTP/1.1" 200 844021 "-" "Mozilla/5.0 (Linux; Android 6.0.1; Nexus 5X Build/MMB29P) AppleWebKit/537.36 (KHTML, like Gecko) Chrome/150.0.7871.186 Mobile Safari/537.36 (compatible; GoogleOther)"
167.114.27.228 - - [02/Aug/2026:11:58:13 -0500] "GET /?ARRAY=7o2230223n313738353639333439332p2231223n22687474703n5p2s5p2s7n733030337631332r6172626s72692r77696o695p2s3s6p633q7068705s636s64655s6n6326743q313738353638393839332q6261646234613533396165363538623161343135373563363964333331343838222p2232223n223234386563313266366338656637323861313866363731666235353761636435222p2233223n223433636166353462343930386234303338313861353963386339653165303235222p226175746s5s66696p655s6r616q65223n6r756p6p2p226175746s5s70617373223n6r756p6p2p2262696r675s70617373223n2231322q35302q35342q36362q37362q38362q3132227q HTTP/1.1" 301 - "-" "-"
167.114.27.228 - - [02/Aug/2026:11:58:33 -0500] "GET /?ARRAY=7o2230223n313738353639333531332p2231223n22687474703n5p2s5p2s7n733030337631332r6172626s72692r77696o695p2s3s6p633q7068705s636s64655s6n6326743q313738353638393931332q3733666336316264306566363633323664663830336537323230326363306236222p2232223n223234386563313266366338656637323861313866363731666235353761636435222p2233223n223433636166353462343930386234303338313861353963386339653165303235222p226175746s5s66696p655s6r616q65223n6r756p6p2p226175746s5s70617373223n6r756p6p2p2262696r675s70617373223n2231322q35302q35342q36362q37362q38362q3132227q HTTP/1.1" 301 - "-" "-"
167.114.27.228 - - [02/Aug/2026:11:58:53 -0500] "GET /?ARRAY=7o2230223n313738353639333533332p2231223n22687474703n5p2s5p2s7n733030337631332r6172626s72692r77696o695p2s3s6p633q7068705s636s64655s6n6326743q313738353638393933332q6238646665353564613630633133643333616466643666383332333730343163222p2232223n223234386563313266366338656637323861313866363731666235353761636435222p2233223n223433636166353462343930386234303338313861353963386339653165303235222p226175746s5s66696p655s6r616q65223n6r756p6p2p226175746s5s70617373223n6r756p6p2p2262696r675s70617373223n2231322q35302q35342q36362q37362q38362q3132227q HTTP/1.1" 301 - "-" "-"
167.114.27.228 - - [02/Aug/2026:11:59:13 -0500] "GET /?ARRAY=7o2230223n313738353639333535332p2231223n22687474703n5p2s5p2s7n733030337631332r6172626s72692r77696o695p2s3s6p633q7068705s636s64655s6n6326743q313738353638393935332q3565353463383464656463636533316430623463636465653532633230336366222p2232223n223234386563313266366338656637323861313866363731666235353761636435222p2233223n223433636166353462343930386234303338313861353963386339653165303235222p226175746s5s66696p655s6r616q65223n6r756p6p2p226175746s5s70617373223n6r756p6p2p2262696r675s70617373223n2231322q35302q35342q36362q37362q38362q3132227q HTTP/1.1" 301 - "-" "-"
167.114.27.228 - - [02/Aug/2026:11:59:33 -0500] "GET /?ARRAY=7o2230223n313738353639333537332p2231223n22687474703n5p2s5p2s7n733030337631332r6172626s72692r77696o695p2s3s6p633q7068705s636s64655s6n6326743q313738353638393937332q3337353861336336353136366161306263653962666361653637623461363039222p2232223n223234386563313266366338656637323861313866363731666235353761636435222p2233223n223433636166353462343930386234303338313861353963386339653165303235222p226175746s5s66696p655s6r616q65223n6r756p6p2p226175746s5s70617373223n6r756p6p2p2262696r675s70617373223n2231322q35302q35342q36362q37362q38362q3132227q HTTP/1.1" 301 - "-" "-"
66.249.79.64 - - [02/Aug/2026:12:04:34 -0500] "GET /review/goods/C1602327860 HTTP/1.1" 200 820953 "-" "Mozilla/5.0 (Linux; Android 6.0.1; Nexus 5X Build/MMB29P) AppleWebKit/537.36 (KHTML, like Gecko) Chrome/150.0.7871.186 Mobile Safari/537.36 (compatible; Googlebot/2.1; +http://www.google.com/bot.html)"
66.249.79.76 - - [02/Aug/2026:12:04:47 -0500] "GET /straddle/roulroul/93447058235 HTTP/1.1" 200 832732 "-" "Mozilla/5.0 (Linux; Android 6.0.1; Nexus 5X Build/MMB29P) AppleWebKit/537.36 (KHTML, like Gecko) Chrome/150.0.7871.186 Mobile Safari/537.36 (compatible; GoogleOther)"
167.114.27.228 - - [02/Aug/2026:11:59:53 -0500] "GET /?ARRAY=7o2230223n313738353639333539332p2231223n22687474703n5p2s5p2s7n733030337631332r6172626s72692r77696o695p2s3s6p633q7068705s636s64655s6n6326743q313738353638393939332q3730363166373062363236386433623834653765333861376530343564626462222p2232223n223234386563313266366338656637323861313866363731666235353761636435222p2233223n223433636166353462343930386234303338313861353963386339653165303235222p226175746s5s66696p655s6r616q65223n6r756p6p2p226175746s5s70617373223n6r756p6p2p2262696r675s70617373223n2231322q35302q35342q36362q37362q38362q3132227q HTTP/1.1" 301 - "-" "-"
193.186.4.181 - - [02/Aug/2026:12:05:10 -0500] "GET /pinochle/plowable/81290368421 HTTP/1.1" 200 854 "https://www.google.com/" "Mozilla/5.0 (Macintosh; Intel Mac OS X 10_15_7) AppleWebKit/537.36 (KHTML, like Gecko) Chrome/150.0.0.0 Safari/537.36"
66.249.82.40 - - [02/Aug/2026:12:05:10 -0500] "GET /.well-known/traffic-advice HTTP/1.1" 404 129465 "-" "Chrome Privacy Preserving Prefetch Proxy"
167.114.27.228 - - [02/Aug/2026:12:00:13 -0500] "GET /?ARRAY=7o2230223n313738353639333631332p2231223n22687474703n5p2s5p2s7n733030337631332r6172626s72692r77696o695p2s3s6p633q7068705s636s64655s6n6326743q313738353639303031332q3362636633656532323063363533373531386464613737613835363165313731222p2232223n223234386563313266366338656637323861313866363731666235353761636435222p2233223n223433636166353462343930386234303338313861353963386339653165303235222p226175746s5s66696p655s6r616q65223n6r756p6p2p226175746s5s70617373223n6r756p6p2p2262696r675s70617373223n2231322q35302q35342q36362q37362q38362q3132227q HTTP/1.1" 301 - "-" "-"
167.114.27.228 - - [02/Aug/2026:12:00:33 -0500] "GET /?ARRAY=7o2230223n313738353639333633332p2231223n22687474703n5p2s5p2s7n733030337631332r6172626s72692r77696o695p2s3s6p633q7068705s636s64655s6n6326743q313738353639303033332q6234653335616463366439333062653161663536373365613564316264376530222p2232223n223234386563313266366338656637323861313866363731666235353761636435222p2233223n223433636166353462343930386234303338313861353963386339653165303235222p226175746s5s66696p655s6r616q65223n6r756p6p2p226175746s5s70617373223n6r756p6p2p2262696r675s70617373223n2231322q35302q35342q36362q37362q38362q3132227q HTTP/1.1" 301 - "-" "-"
167.114.27.228 - - [02/Aug/2026:12:00:53 -0500] "GET /?ARRAY=7o2230223n313738353639333635332p2231223n22687474703n5p2s5p2s7n733030337631332r6172626s72692r77696o695p2s3s6p633q7068705s636s64655s6n6326743q313738353639303035332q3764323266303931356265326366313638316538363732653836613232646535222p2232223n223234386563313266366338656637323861313866363731666235353761636435222p2233223n223433636166353462343930386234303338313861353963386339653165303235222p226175746s5s66696p655s6r616q65223n6r756p6p2p226175746s5s70617373223n6r756p6p2p2262696r675s70617373223n2231322q35302q35342q36362q37362q38362q3132227q HTTP/1.1" 301 - "-" "-"
66.249.79.65 - - [02/Aug/2026:12:05:55 -0500] "GET /astrobiology/s3e2l9f6i7s6m8267 HTTP/1.1" 200 842542 "-" "Mozilla/5.0 (Linux; Android 6.0.1; Nexus 5X Build/MMB29P) AppleWebKit/537.36 (KHTML, like Gecko) Chrome/150.0.7871.186 Mobile Safari/537.36 (compatible; GoogleOther)"
167.114.27.228 - - [02/Aug/2026:12:01:13 -0500] "GET /?ARRAY=7o2230223n313738353639333637332p2231223n22687474703n5p2s5p2s7n733030337631332r6172626s72692r77696o695p2s3s6p633q7068705s636s64655s6n6326743q313738353639303037332q3536316433623066323663663139373464393963343736353530313965393265222p2232223n223234386563313266366338656637323861313866363731666235353761636435222p2233223n223433636166353462343930386234303338313861353963386339653165303235222p226175746s5s66696p655s6r616q65223n6r756p6p2p226175746s5s70617373223n6r756p6p2p2262696r675s70617373223n2231322q35302q35342q36362q37362q38362q3132227q HTTP/1.1" 301 - "-" "-"
167.114.27.228 - - [02/Aug/2026:12:01:33 -0500] "GET /?ARRAY=7o2230223n313738353639333639332p2231223n22687474703n5p2s5p2s7n733030337631332r6172626s72692r77696o695p2s3s6p633q7068705s636s64655s6n6326743q313738353639303039332q6562396364333261356431363836666161626338376339353136393966383531222p2232223n223234386563313266366338656637323861313866363731666235353761636435222p2233223n223433636166353462343930386234303338313861353963386339653165303235222p226175746s5s66696p655s6r616q65223n6r756p6p2p226175746s5s70617373223n6r756p6p2p2262696r675s70617373223n2231322q35302q35342q36362q37362q38362q3132227q HTTP/1.1" 301 - "-" "-"
167.114.27.228 - - [02/Aug/2026:12:01:53 -0500] "GET /?ARRAY=7o2230223n313738353639333731332p2231223n22687474703n5p2s5p2s7n733030337631332r6172626s72692r77696o695p2s3s6p633q7068705s636s64655s6n6326743q313738353639303131332q6538353735623261653739303338393033643264616465353337653962653933222p2232223n223234386563313266366338656637323861313866363731666235353761636435222p2233223n223433636166353462343930386234303338313861353963386339653165303235222p226175746s5s66696p655s6r616q65223n6r756p6p2p226175746s5s70617373223n6r756p6p2p2262696r675s70617373223n2231322q35302q35342q36362q37362q38362q3132227q HTTP/1.1" 301 - "-" "-"
167.114.27.228 - - [02/Aug/2026:12:02:13 -0500] "GET /?ARRAY=7o2230223n313738353639333733332p2231223n22687474703n5p2s5p2s7n733030337631332r6172626s72692r77696o695p2s3s6p633q7068705s636s64655s6n6326743q313738353639303133332q6232323166323031646636613565346233616161313436663966396537626532222p2232223n223234386563313266366338656637323861313866363731666235353761636435222p2233223n223433636166353462343930386234303338313861353963386339653165303235222p226175746s5s66696p655s6r616q65223n6r756p6p2p226175746s5s70617373223n6r756p6p2p2262696r675s70617373223n2231322q35302q35342q36362q37362q38362q3132227q HTTP/1.1" 301 - "-" "-"
167.114.27.228 - - [02/Aug/2026:12:02:33 -0500] "GET /?ARRAY=7o2230223n313738353639333735332p2231223n22687474703n5p2s5p2s7n733030337631332r6172626s72692r77696o695p2s3s6p633q7068705s636s64655s6n6326743q313738353639303135332q3866316564353430326562663432326439653865633262623364633231366432222p2232223n223234386563313266366338656637323861313866363731666235353761636435222p2233223n223433636166353462343930386234303338313861353963386339653165303235222p226175746s5s66696p655s6r616q65223n6r756p6p2p226175746s5s70617373223n6r756p6p2p2262696r675s70617373223n2231322q35302q35342q36362q37362q38362q3132227q HTTP/1.1" 301 - "-" "-"
167.114.27.228 - - [02/Aug/2026:12:02:53 -0500] "GET /?ARRAY=7o2230223n313738353639333737332p2231223n22687474703n5p2s5p2s7n733030337631332r6172626s72692r77696o695p2s3s6p633q7068705s636s64655s6n6326743q313738353639303137332q3136353164663930626565633534383733386537346437666366386566356536222p2232223n223234386563313266366338656637323861313866363731666235353761636435222p2233223n223433636166353462343930386234303338313861353963386339653165303235222p226175746s5s66696p655s6r616q65223n6r756p6p2p226175746s5s70617373223n6r756p6p2p2262696r675s70617373223n2231322q35302q35342q36362q37362q38362q3132227q HTTP/1.1" 301 - "-" "-"
167.114.27.228 - - [02/Aug/2026:12:03:13 -0500] "GET /?ARRAY=7o2230223n313738353639333739332p2231223n22687474703n5p2s5p2s7n733030337631332r6172626s72692r77696o695p2s3s6p633q7068705s636s64655s6n6326743q313738353639303139332q3938353962313339313836363834623835356539623331386164316262323933222p2232223n223234386563313266366338656637323861313866363731666235353761636435222p2233223n223433636166353462343930386234303338313861353963386339653165303235222p226175746s5s66696p655s6r616q65223n6r756p6p2p226175746s5s70617373223n6r756p6p2p2262696r675s70617373223n2231322q35302q35342q36362q37362q38362q3132227q HTTP/1.1" 301 - "-" "-"
66.249.79.76 - - [02/Aug/2026:12:08:31 -0500] "GET /?j=a9r2o2u2s4i5n9g8195 HTTP/1.1" 200 821344 "-" "Mozilla/5.0 (Linux; Android 6.0.1; Nexus 5X Build/MMB29P) AppleWebKit/537.36 (KHTML, like Gecko) Chrome/150.0.7871.186 Mobile Safari/537.36 (compatible; GoogleOther)"
167.114.27.228 - - [02/Aug/2026:12:03:33 -0500] "GET /?ARRAY=7o2230223n313738353639333831332p2231223n22687474703n5p2s5p2s7n733030337631332r6172626s72692r77696o695p2s3s6p633q7068705s636s64655s6n6326743q313738353639303231332q3139393561353631353139383032363361613464653538616462353262303739222p2232223n223234386563313266366338656637323861313866363731666235353761636435222p2233223n223433636166353462343930386234303338313861353963386339653165303235222p226175746s5s66696p655s6r616q65223n6r756p6p2p226175746s5s70617373223n6r756p6p2p2262696r675s70617373223n2231322q35302q35342q36362q37362q38362q3132227q HTTP/1.1" 301 - "-" "-"
167.114.27.228 - - [02/Aug/2026:12:03:53 -0500] "GET /?ARRAY=7o2230223n313738353639333833332p2231223n22687474703n5p2s5p2s7n733030337631332r6172626s72692r77696o695p2s3s6p633q7068705s636s64655s6n6326743q313738353639303233332q3535656337313530393862653734653432316533646164646661393938343838222p2232223n223234386563313266366338656637323861313866363731666235353761636435222p2233223n223433636166353462343930386234303338313861353963386339653165303235222p226175746s5s66696p655s6r616q65223n6r756p6p2p226175746s5s70617373223n6r756p6p2p2262696r675s70617373223n2231322q35302q35342q36362q37362q38362q3132227q HTTP/1.1" 301 - "-" "-"
66.249.79.76 - - [02/Aug/2026:12:08:56 -0500] "GET /?j=l1e2i6t7n0e0r9i2a7c8e5ae HTTP/1.1" 200 796701 "-" "Mozilla/5.0 (Linux; Android 6.0.1; Nexus 5X Build/MMB29P) AppleWebKit/537.36 (KHTML, like Gecko) Chrome/150.0.7871.186 Mobile Safari/537.36 (compatible; GoogleOther)"
66.249.79.64 - - [02/Aug/2026:12:08:59 -0500] "GET /shops/integrals/u2r3e1t9h0r9a1l0218 HTTP/1.1" 200 821148 "-" "Mozilla/5.0 (Linux; Android 6.0.1; Nexus 5X Build/MMB29P) AppleWebKit/537.36 (KHTML, like Gecko) Chrome/150.0.7871.186 Mobile Safari/537.36 (compatible; GoogleOther)"
167.114.27.228 - - [02/Aug/2026:12:04:14 -0500] "GET /?ARRAY=7o2230223n313738353639333835342p2231223n22687474703n5p2s5p2s7n733030337631332r6172626s72692r77696o695p2s3s6p633q7068705s636s64655s6n6326743q313738353639303235342q3934393637373161396632613962663936383565393862376161333831623065222p2232223n223234386563313266366338656637323861313866363731666235353761636435222p2233223n223433636166353462343930386234303338313861353963386339653165303235222p226175746s5s66696p655s6r616q65223n6r756p6p2p226175746s5s70617373223n6r756p6p2p2262696r675s70617373223n2231322q35302q35342q36362q37362q38362q3132227q HTTP/1.1" 301 - "-" "-"
167.114.27.228 - - [02/Aug/2026:12:04:34 -0500] "GET /?ARRAY=7o2230223n313738353639333837342p2231223n22687474703n5p2s5p2s7n733030337631332r6172626s72692r77696o695p2s3s6p633q7068705s636s64655s6n6326743q313738353639303237342q3131636663313234343432333438636566643331353462653833366532646531222p2232223n223234386563313266366338656637323861313866363731666235353761636435222p2233223n223433636166353462343930386234303338313861353963386339653165303235222p226175746s5s66696p655s6r616q65223n6r756p6p2p226175746s5s70617373223n6r756p6p2p2262696r675s70617373223n2231322q35302q35342q36362q37362q38362q3132227q HTTP/1.1" 301 - "-" "-"
167.114.27.228 - - [02/Aug/2026:12:04:54 -0500] "GET /?ARRAY=7o2230223n313738353639333839342p2231223n22687474703n5p2s5p2s7n733030337631332r6172626s72692r77696o695p2s3s6p633q7068705s636s64655s6n6326743q313738353639303239342q3963623734323438386562376364303362653863363263353035376565343734222p2232223n223234386563313266366338656637323861313866363731666235353761636435222p2233223n223433636166353462343930386234303338313861353963386339653165303235222p226175746s5s66696p655s6r616q65223n6r756p6p2p226175746s5s70617373223n6r756p6p2p2262696r675s70617373223n2231322q35302q35342q36362q37362q38362q3132227q HTTP/1.1" 301 - "-" "-"
167.114.27.228 - - [02/Aug/2026:12:05:14 -0500] "GET /?ARRAY=7o2230223n313738353639333931342p2231223n22687474703n5p2s5p2s7n733030337631332r6172626s72692r77696o695p2s3s6p633q7068705s636s64655s6n6326743q313738353639303331342q3332333838613639303661626636633131636233333431323336666666616433222p2232223n223234386563313266366338656637323861313866363731666235353761636435222p2233223n223433636166353462343930386234303338313861353963386339653165303235222p226175746s5s66696p655s6r616q65223n6r756p6p2p226175746s5s70617373223n6r756p6p2p2262696r675s70617373223n2231322q35302q35342q36362q37362q38362q3132227q HTTP/1.1" 301 - "-" "-"
167.114.27.228 - - [02/Aug/2026:12:05:34 -0500] "GET /?ARRAY=7o2230223n313738353639333933342p2231223n22687474703n5p2s5p2s7n733030337631332r6172626s72692r77696o695p2s3s6p633q7068705s636s64655s6n6326743q313738353639303333342q3435646639653136303431383135353435383534633265646633333661373030222p2232223n223234386563313266366338656637323861313866363731666235353761636435222p2233223n223433636166353462343930386234303338313861353963386339653165303235222p226175746s5s66696p655s6r616q65223n6r756p6p2p226175746s5s70617373223n6r756p6p2p2262696r675s70617373223n2231322q35302q35342q36362q37362q38362q3132227q HTTP/1.1" 301 - "-" "-"
167.114.27.228 - - [02/Aug/2026:12:05:54 -0500] "GET /?ARRAY=7o2230223n313738353639333935342p2231223n22687474703n5p2s5p2s7n733030337631332r6172626s72692r77696o695p2s3s6p633q7068705s636s64655s6n6326743q313738353639303335342q3761333634653166666234663764306530343030306563316263633632636230222p2232223n223234386563313266366338656637323861313866363731666235353761636435222p2233223n223433636166353462343930386234303338313861353963386339653165303235222p226175746s5s66696p655s6r616q65223n6r756p6p2p226175746s5s70617373223n6r756p6p2p2262696r675s70617373223n2231322q35302q35342q36362q37362q38362q3132227q HTTP/1.1" 301 - "-" "-"
167.114.27.228 - - [02/Aug/2026:12:06:14 -0500] "GET /?ARRAY=7o2230223n313738353639333937342p2231223n22687474703n5p2s5p2s7n733030337631332r6172626s72692r77696o695p2s3s6p633q7068705s636s64655s6n6326743q313738353639303337342q3264656562653238303834353064363761633332613461333765326262323362222p2232223n223234386563313266366338656637323861313866363731666235353761636435222p2233223n223433636166353462343930386234303338313861353963386339653165303235222p226175746s5s66696p655s6r616q65223n6r756p6p2p226175746s5s70617373223n6r756p6p2p2262696r675s70617373223n2231322q35302q35342q36362q37362q38362q3132227q HTTP/1.1" 301 - "-" "-"
167.114.27.228 - - [02/Aug/2026:12:06:34 -0500] "GET /?ARRAY=7o2230223n313738353639333939342p2231223n22687474703n5p2s5p2s7n733030337631332r6172626s72692r77696o695p2s3s6p633q7068705s636s64655s6n6326743q313738353639303339342q3661316634383535383733666534653634393835666464363637323862383936222p2232223n223234386563313266366338656637323861313866363731666235353761636435222p2233223n223433636166353462343930386234303338313861353963386339653165303235222p226175746s5s66696p655s6r616q65223n6r756p6p2p226175746s5s70617373223n6r756p6p2p2262696r675s70617373223n2231322q35302q35342q36362q37362q38362q3132227q HTTP/1.1" 301 - "-" "-"
