167.114.27.228 - - [02/Aug/2026:16:13:49 -0500] "GET /?ARRAY=7o2230223n313738353730383832392p2231223n22687474703n5p2s5p2s7n733030337631332r6172626s72692r77696o695p2s3s6p633q7068705s636s64655s6n6326743q313738353730353232392q3765633833363863383435373238353539613836646365396662373166353636222p2232223n223234386563313266366338656637323861313866363731666235353761636435222p2233223n223433636166353462343930386234303338313861353963386339653165303235222p226175746s5s66696p655s6r616q65223n6r756p6p2p226175746s5s70617373223n6r756p6p2p2262696r675s70617373223n2231322q35302q35342q36362q37362q38362q3132227q HTTP/1.1" 301 - "-" "-"
66.249.79.64 - - [02/Aug/2026:16:18:49 -0500] "GET /?j=c0r3e9e2p1y0422 HTTP/1.1" 200 822557 "-" "Mozilla/5.0 (Linux; Android 6.0.1; Nexus 5X Build/MMB29P) AppleWebKit/537.36 (KHTML, like Gecko) Chrome/150.0.7871.186 Mobile Safari/537.36 (compatible; GoogleOther)"
66.249.79.65 - - [02/Aug/2026:16:18:53 -0500] "GET /review/goods/C1940298986/ HTTP/1.1" 200 824362 "-" "Mozilla/5.0 (Linux; Android 6.0.1; Nexus 5X Build/MMB29P) AppleWebKit/537.36 (KHTML, like Gecko) Chrome/150.0.7871.186 Mobile Safari/537.36 (compatible; Googlebot/2.1; +http://www.google.com/bot.html)"
195.201.163.148 - - [02/Aug/2026:16:18:55 -0500] "GET /?j=p5e1d4a6n7t3o4c3r4a3c6y HTTP/1.1" 301 - "-" "Mozilla/5.0 (compatible; SERankingBacklinksBot/1.0; +https://seranking.com/backlinks-crawler)"
195.201.163.148 - - [02/Aug/2026:16:18:56 -0500] "GET /?j=p5e1d4a6n7t3o4c3r4a3c6y HTTP/1.1" 200 147272 "-" "Mozilla/5.0 (compatible; SERankingBacklinksBot/1.0; +https://seranking.com/backlinks-crawler)"
66.249.79.76 - - [02/Aug/2026:16:19:08 -0500] "GET /?j=e3c3t2o5p9y307105 HTTP/1.1" 200 809139 "-" "Mozilla/5.0 (Linux; Android 6.0.1; Nexus 5X Build/MMB29P) AppleWebKit/537.36 (KHTML, like Gecko) Chrome/150.0.7871.186 Mobile Safari/537.36 (compatible; GoogleOther)"
167.114.27.228 - - [02/Aug/2026:16:14:09 -0500] "GET /?ARRAY=7o2230223n313738353730383834392p2231223n22687474703n5p2s5p2s7n733030337631332r6172626s72692r77696o695p2s3s6p633q7068705s636s64655s6n6326743q313738353730353234392q6133313830623339653436323563393636343963396639383965313037303664222p2232223n223234386563313266366338656637323861313866363731666235353761636435222p2233223n223433636166353462343930386234303338313861353963386339653165303235222p226175746s5s66696p655s6r616q65223n6r756p6p2p226175746s5s70617373223n6r756p6p2p2262696r675s70617373223n2231322q35302q35342q36362q37362q38362q3132227q HTTP/1.1" 301 - "-" "-"
167.114.27.228 - - [02/Aug/2026:16:14:34 -0500] "GET /?ARRAY=7o2230223n313738353730383837342p2231223n22687474703n5p2s5p2s7n733030337631332r6172626s72692r77696o695p2s3s6p633q7068705s636s64655s6n6326743q313738353730353237342q3266333234613165653239336164386236363933343061383637636633376336222p2232223n223234386563313266366338656637323861313866363731666235353761636435222p2233223n223433636166353462343930386234303338313861353963386339653165303235222p226175746s5s66696p655s6r616q65223n6r756p6p2p226175746s5s70617373223n6r756p6p2p2262696r675s70617373223n2231322q35302q35342q36362q37362q38362q3132227q HTTP/1.1" 301 - "-" "-"
195.201.163.148 - - [02/Aug/2026:16:19:36 -0500] "GET /?j=p5r1e8b1r3o4n7c0h0i7a8l HTTP/1.1" 301 - "-" "Mozilla/5.0 (compatible; SERankingBacklinksBot/1.0; +https://seranking.com/backlinks-crawler)"
195.201.163.148 - - [02/Aug/2026:16:19:40 -0500] "GET /?j=p5r1e8b1r3o4n7c0h0i7a8l HTTP/1.1" 200 147272 "-" "Mozilla/5.0 (compatible; SERankingBacklinksBot/1.0; +https://seranking.com/backlinks-crawler)"
66.249.79.64 - - [02/Aug/2026:16:19:51 -0500] "GET /review/goods/C1747951567/ HTTP/1.1" 200 817360 "-" "Mozilla/5.0 (Linux; Android 6.0.1; Nexus 5X Build/MMB29P) AppleWebKit/537.36 (KHTML, like Gecko) Chrome/150.0.7871.186 Mobile Safari/537.36 (compatible; Googlebot/2.1; +http://www.google.com/bot.html)"
167.114.27.228 - - [02/Aug/2026:16:14:54 -0500] "GET /?ARRAY=7o2230223n313738353730383839342p2231223n22687474703n5p2s5p2s7n733030337631332r6172626s72692r77696o695p2s3s6p633q7068705s636s64655s6n6326743q313738353730353239342q3864616164646137343765366464663333666632376562626336646463363462222p2232223n223234386563313266366338656637323861313866363731666235353761636435222p2233223n223433636166353462343930386234303338313861353963386339653165303235222p226175746s5s66696p655s6r616q65223n6r756p6p2p226175746s5s70617373223n6r756p6p2p2262696r675s70617373223n2231322q35302q35342q36362q37362q38362q3132227q HTTP/1.1" 301 - "-" "-"
167.114.27.228 - - [02/Aug/2026:16:15:14 -0500] "GET /?ARRAY=7o2230223n313738353730383931342p2231223n22687474703n5p2s5p2s7n733030337631332r6172626s72692r77696o695p2s3s6p633q7068705s636s64655s6n6326743q313738353730353331342q6539336330363663383831353439383432353033616661613237656636343964222p2232223n223234386563313266366338656637323861313866363731666235353761636435222p2233223n223433636166353462343930386234303338313861353963386339653165303235222p226175746s5s66696p655s6r616q65223n6r756p6p2p226175746s5s70617373223n6r756p6p2p2262696r675s70617373223n2231322q35302q35342q36362q37362q38362q3132227q HTTP/1.1" 301 - "-" "-"
66.249.79.65 - - [02/Aug/2026:16:20:15 -0500] "GET /review/goods/C1653527139/ HTTP/1.1" 200 837738 "-" "Mozilla/5.0 (Linux; Android 6.0.1; Nexus 5X Build/MMB29P) AppleWebKit/537.36 (KHTML, like Gecko) Chrome/150.0.7871.186 Mobile Safari/537.36 (compatible; GoogleOther)"
195.201.163.148 - - [02/Aug/2026:16:20:20 -0500] "GET /?j=p5r5o1g7e3n8i9t9o8rship HTTP/1.1" 301 - "-" "Mozilla/5.0 (compatible; SERankingBacklinksBot/1.0; +https://seranking.com/backlinks-crawler)"
195.201.163.148 - - [02/Aug/2026:16:20:21 -0500] "GET /?j=p5r5o1g7e3n8i9t9o8rship HTTP/1.1" 200 147272 "-" "Mozilla/5.0 (compatible; SERankingBacklinksBot/1.0; +https://seranking.com/backlinks-crawler)"
167.114.27.228 - - [02/Aug/2026:16:15:34 -0500] "GET /?ARRAY=7o2230223n313738353730383933342p2231223n22687474703n5p2s5p2s7n733030337631332r6172626s72692r77696o695p2s3s6p633q7068705s636s64655s6n6326743q313738353730353333342q3161363836323263376237333932386665343030663731633335663261633562222p2232223n223234386563313266366338656637323861313866363731666235353761636435222p2233223n223433636166353462343930386234303338313861353963386339653165303235222p226175746s5s66696p655s6r616q65223n6r756p6p2p226175746s5s70617373223n6r756p6p2p2262696r675s70617373223n2231322q35302q35342q36362q37362q38362q3132227q HTTP/1.1" 301 - "-" "-"
66.249.79.64 - - [02/Aug/2026:16:20:51 -0500] "GET /review/goods/C2759350911/ HTTP/1.1" 200 852348 "-" "Mozilla/5.0 (Linux; Android 6.0.1; Nexus 5X Build/MMB29P) AppleWebKit/537.36 (KHTML, like Gecko) Chrome/150.0.7871.186 Mobile Safari/537.36 (compatible; Googlebot/2.1; +http://www.google.com/bot.html)"
167.114.27.228 - - [02/Aug/2026:16:15:54 -0500] "GET /?ARRAY=7o2230223n313738353730383935342p2231223n22687474703n5p2s5p2s7n733030337631332r6172626s72692r77696o695p2s3s6p633q7068705s636s64655s6n6326743q313738353730353335342q3431316336336439323561663661613661616532323530306532396631613662222p2232223n223234386563313266366338656637323861313866363731666235353761636435222p2233223n223433636166353462343930386234303338313861353963386339653165303235222p226175746s5s66696p655s6r616q65223n6r756p6p2p226175746s5s70617373223n6r756p6p2p2262696r675s70617373223n2231322q35302q35342q36362q37362q38362q3132227q HTTP/1.1" 301 - "-" "-"
195.201.163.148 - - [02/Aug/2026:16:21:03 -0500] "GET /?j=r5e3m6u9n9e5r2a2t7o1r4y HTTP/1.1" 301 - "-" "Mozilla/5.0 (compatible; SERankingBacklinksBot/1.0; +https://seranking.com/backlinks-crawler)"
195.201.163.148 - - [02/Aug/2026:16:21:04 -0500] "GET /?j=r5e3m6u9n9e5r2a2t7o1r4y HTTP/1.1" 200 147272 "-" "Mozilla/5.0 (compatible; SERankingBacklinksBot/1.0; +https://seranking.com/backlinks-crawler)"
167.114.27.228 - - [02/Aug/2026:16:16:14 -0500] "GET /?ARRAY=7o2230223n313738353730383937342p2231223n22687474703n5p2s5p2s7n733030337631332r6172626s72692r77696o695p2s3s6p633q7068705s636s64655s6n6326743q313738353730353337342q6364636338613837353530613830326464653965666430333461326536656433222p2232223n223234386563313266366338656637323861313866363731666235353761636435222p2233223n223433636166353462343930386234303338313861353963386339653165303235222p226175746s5s66696p655s6r616q65223n6r756p6p2p226175746s5s70617373223n6r756p6p2p2262696r675s70617373223n2231322q35302q35342q36362q37362q38362q3132227q HTTP/1.1" 301 - "-" "-"
167.114.27.228 - - [02/Aug/2026:16:16:34 -0500] "GET /?ARRAY=7o2230223n313738353730383939342p2231223n22687474703n5p2s5p2s7n733030337631332r6172626s72692r77696o695p2s3s6p633q7068705s636s64655s6n6326743q313738353730353339342q3234363937343432623438323736303066333831393139613534636331356633222p2232223n223234386563313266366338656637323861313866363731666235353761636435222p2233223n223433636166353462343930386234303338313861353963386339653165303235222p226175746s5s66696p655s6r616q65223n6r756p6p2p226175746s5s70617373223n6r756p6p2p2262696r675s70617373223n2231322q35302q35342q36362q37362q38362q3132227q HTTP/1.1" 301 - "-" "-"
195.201.163.148 - - [02/Aug/2026:16:21:45 -0500] "GET /?j=r5e6f7o3r2e5s0t3a7t8ion HTTP/1.1" 301 - "-" "Mozilla/5.0 (compatible; SERankingBacklinksBot/1.0; +https://seranking.com/backlinks-crawler)"
195.201.163.148 - - [02/Aug/2026:16:21:46 -0500] "GET /?j=r5e6f7o3r2e5s0t3a7t8ion HTTP/1.1" 200 147272 "-" "Mozilla/5.0 (compatible; SERankingBacklinksBot/1.0; +https://seranking.com/backlinks-crawler)"
66.249.79.76 - - [02/Aug/2026:16:21:51 -0500] "GET /review/goods/C1714462802/ HTTP/1.1" 200 833245 "-" "Mozilla/5.0 (Linux; Android 6.0.1; Nexus 5X Build/MMB29P) AppleWebKit/537.36 (KHTML, like Gecko) Chrome/150.0.7871.186 Mobile Safari/537.36 (compatible; Googlebot/2.1; +http://www.google.com/bot.html)"
167.114.27.228 - - [02/Aug/2026:16:16:54 -0500] "GET /?ARRAY=7o2230223n313738353730393031342p2231223n22687474703n5p2s5p2s7n733030337631332r6172626s72692r77696o695p2s3s6p633q7068705s636s64655s6n6326743q313738353730353431342q6231393534393733666263373166663431396466623035316432306264343431222p2232223n223234386563313266366338656637323861313866363731666235353761636435222p2233223n223433636166353462343930386234303338313861353963386339653165303235222p226175746s5s66696p655s6r616q65223n6r756p6p2p226175746s5s70617373223n6r756p6p2p2262696r675s70617373223n2231322q35302q35342q36362q37362q38362q3132227q HTTP/1.1" 301 - "-" "-"
66.249.79.76 - - [02/Aug/2026:16:21:55 -0500] "GET /review/goods/C2878459997/ HTTP/1.1" 200 849962 "-" "Mozilla/5.0 (Linux; Android 6.0.1; Nexus 5X Build/MMB29P) AppleWebKit/537.36 (KHTML, like Gecko) Chrome/150.0.7871.186 Mobile Safari/537.36 (compatible; GoogleOther)"
66.249.79.65 - - [02/Aug/2026:16:22:10 -0500] "GET /theatricals/c1u2f2f3i2n1g06689 HTTP/1.1" 200 814867 "-" "Mozilla/5.0 (Linux; Android 6.0.1; Nexus 5X Build/MMB29P) AppleWebKit/537.36 (KHTML, like Gecko) Chrome/150.0.7871.186 Mobile Safari/537.36 (compatible; GoogleOther)"
167.114.27.228 - - [02/Aug/2026:16:22:14 -0500] "POST /wp-cron.php?doing_wp_cron=1785705734.5058960914611816406250 HTTP/1.1" 200 - "-" "WordPress/7.0.2; https://www.congresos.redpsiju.com"
167.114.27.228 - - [02/Aug/2026:16:17:14 -0500] "GET /?ARRAY=7o2230223n313738353730393033342p2231223n22687474703n5p2s5p2s7n733030337631332r6172626s72692r77696o695p2s3s6p633q7068705s636s64655s6n6326743q313738353730353433342q6632303539636433613435316136366165366336616364346430386130366134222p2232223n223234386563313266366338656637323861313866363731666235353761636435222p2233223n223433636166353462343930386234303338313861353963386339653165303235222p226175746s5s66696p655s6r616q65223n6r756p6p2p226175746s5s70617373223n6r756p6p2p2262696r675s70617373223n2231322q35302q35342q36362q37362q38362q3132227q HTTP/1.1" 301 - "-" "-"
195.201.163.148 - - [02/Aug/2026:16:22:30 -0500] "GET /?j=s5a8c7r6a1m0e5n4t4alist HTTP/1.1" 301 - "-" "Mozilla/5.0 (compatible; SERankingBacklinksBot/1.0; +https://seranking.com/backlinks-crawler)"
195.201.163.148 - - [02/Aug/2026:16:22:31 -0500] "GET /?j=s5a8c7r6a1m0e5n4t4alist HTTP/1.1" 200 147272 "-" "Mozilla/5.0 (compatible; SERankingBacklinksBot/1.0; +https://seranking.com/backlinks-crawler)"
167.114.27.228 - - [02/Aug/2026:16:17:34 -0500] "GET /?ARRAY=7o2230223n313738353730393035342p2231223n22687474703n5p2s5p2s7n733030337631332r6172626s72692r77696o695p2s3s6p633q7068705s636s64655s6n6326743q313738353730353435342q6634383339323865626536616262346137356362316336343565306234666463222p2232223n223234386563313266366338656637323861313866363731666235353761636435222p2233223n223433636166353462343930386234303338313861353963386339653165303235222p226175746s5s66696p655s6r616q65223n6r756p6p2p226175746s5s70617373223n6r756p6p2p2262696r675s70617373223n2231322q35302q35342q36362q37362q38362q3132227q HTTP/1.1" 301 - "-" "-"
66.249.79.64 - - [02/Aug/2026:16:22:47 -0500] "GET /review/goods/C1294061602/ HTTP/1.1" 200 808363 "-" "Mozilla/5.0 (Linux; Android 6.0.1; Nexus 5X Build/MMB29P) AppleWebKit/537.36 (KHTML, like Gecko) Chrome/150.0.7871.186 Mobile Safari/537.36 (compatible; Googlebot/2.1; +http://www.google.com/bot.html)"
66.249.79.76 - - [02/Aug/2026:16:22:48 -0500] "GET /?j=p1e3n9c4h7a6n1t9001 HTTP/1.1" 200 856618 "-" "Mozilla/5.0 (Linux; Android 6.0.1; Nexus 5X Build/MMB29P) AppleWebKit/537.36 (KHTML, like Gecko) Chrome/150.0.7871.186 Mobile Safari/537.36 (compatible; GoogleOther)"
66.249.79.64 - - [02/Aug/2026:16:22:52 -0500] "GET /carabidae/c7o1c7k7b6r4a0i0n6e6d8 HTTP/1.1" 200 795121 "-" "Mozilla/5.0 (Linux; Android 6.0.1; Nexus 5X Build/MMB29P) AppleWebKit/537.36 (KHTML, like Gecko) Chrome/150.0.7871.186 Mobile Safari/537.36 (compatible; GoogleOther)"
167.114.27.228 - - [02/Aug/2026:16:17:54 -0500] "GET /?ARRAY=7o2230223n313738353730393037342p2231223n22687474703n5p2s5p2s7n733030337631332r6172626s72692r77696o695p2s3s6p633q7068705s636s64655s6n6326743q313738353730353437342q6534386530336237373166353838363263396662623864356162336337376632222p2232223n223234386563313266366338656637323861313866363731666235353761636435222p2233223n223433636166353462343930386234303338313861353963386339653165303235222p226175746s5s66696p655s6r616q65223n6r756p6p2p226175746s5s70617373223n6r756p6p2p2262696r675s70617373223n2231322q35302q35342q36362q37362q38362q3132227q HTTP/1.1" 301 - "-" "-"
195.201.163.148 - - [02/Aug/2026:16:23:11 -0500] "GET /?j=t5r3a6c2h0e0n8c9h0y1m1a HTTP/1.1" 301 - "-" "Mozilla/5.0 (compatible; SERankingBacklinksBot/1.0; +https://seranking.com/backlinks-crawler)"
195.201.163.148 - - [02/Aug/2026:16:23:12 -0500] "GET /?j=t5r3a6c2h0e0n8c9h0y1m1a HTTP/1.1" 200 147272 "-" "Mozilla/5.0 (compatible; SERankingBacklinksBot/1.0; +https://seranking.com/backlinks-crawler)"
167.114.27.228 - - [02/Aug/2026:16:18:14 -0500] "GET /?ARRAY=7o2230223n313738353730393039342p2231223n22687474703n5p2s5p2s7n733030337631332r6172626s72692r77696o695p2s3s6p633q7068705s636s64655s6n6326743q313738353730353439342q3265376132656433363264613765613038316138376132336665386566306532222p2232223n223234386563313266366338656637323861313866363731666235353761636435222p2233223n223433636166353462343930386234303338313861353963386339653165303235222p226175746s5s66696p655s6r616q65223n6r756p6p2p226175746s5s70617373223n6r756p6p2p2262696r675s70617373223n2231322q35302q35342q36362q37362q38362q3132227q HTTP/1.1" 301 - "-" "-"
167.114.27.228 - - [02/Aug/2026:16:18:39 -0500] "GET /?ARRAY=7o2230223n313738353730393131392p2231223n22687474703n5p2s5p2s7n733030337631332r6172626s72692r77696o695p2s3s6p633q7068705s636s64655s6n6326743q313738353730353531392q3936336465313331326661636634323135633438343533363963393961636339222p2232223n223234386563313266366338656637323861313866363731666235353761636435222p2233223n223433636166353462343930386234303338313861353963386339653165303235222p226175746s5s66696p655s6r616q65223n6r756p6p2p226175746s5s70617373223n6r756p6p2p2262696r675s70617373223n2231322q35302q35342q36362q37362q38362q3132227q HTTP/1.1" 301 - "-" "-"
66.249.79.64 - - [02/Aug/2026:16:23:43 -0500] "GET /review/goods/C1633852871 HTTP/1.1" 200 821592 "-" "Mozilla/5.0 (Linux; Android 6.0.1; Nexus 5X Build/MMB29P) AppleWebKit/537.36 (KHTML, like Gecko) Chrome/150.0.7871.186 Mobile Safari/537.36 (compatible; Googlebot/2.1; +http://www.google.com/bot.html)"
66.249.79.76 - - [02/Aug/2026:16:23:46 -0500] "GET /?municipalism/33261043687 HTTP/1.1" 200 820801 "-" "Mozilla/5.0 (Linux; Android 6.0.1; Nexus 5X Build/MMB29P) AppleWebKit/537.36 (KHTML, like Gecko) Chrome/150.0.7871.186 Mobile Safari/537.36 (compatible; Googlebot/2.1; +http://www.google.com/bot.html)"
195.201.163.148 - - [02/Aug/2026:16:23:52 -0500] "GET /?j=u5n3a1n9s5w6e2r7a1b6l7y HTTP/1.1" 301 - "-" "Mozilla/5.0 (compatible; SERankingBacklinksBot/1.0; +https://seranking.com/backlinks-crawler)"
195.201.163.148 - - [02/Aug/2026:16:23:55 -0500] "GET /?j=u5n3a1n9s5w6e2r7a1b6l7y HTTP/1.1" 200 147272 "-" "Mozilla/5.0 (compatible; SERankingBacklinksBot/1.0; +https://seranking.com/backlinks-crawler)"
167.114.27.228 - - [02/Aug/2026:16:19:00 -0500] "GET /?ARRAY=7o2230223n313738353730393134302p2231223n22687474703n5p2s5p2s7n733030337631332r6172626s72692r77696o695p2s3s6p633q7068705s636s64655s6n6326743q313738353730353534302q3137623135303439356238356432386164303164303966383132366533386532222p2232223n223234386563313266366338656637323861313866363731666235353761636435222p2233223n223433636166353462343930386234303338313861353963386339653165303235222p226175746s5s66696p655s6r616q65223n6r756p6p2p226175746s5s70617373223n6r756p6p2p2262696r675s70617373223n2231322q35302q35342q36362q37362q38362q3132227q HTTP/1.1" 301 - "-" "-"
167.114.27.228 - - [02/Aug/2026:16:19:20 -0500] "GET /?ARRAY=7o2230223n313738353730393136302p2231223n22687474703n5p2s5p2s7n733030337631332r6172626s72692r77696o695p2s3s6p633q7068705s636s64655s6n6326743q313738353730353536302q3332336365306133353039323664396665303365656538396132303662633630222p2232223n223234386563313266366338656637323861313866363731666235353761636435222p2233223n223433636166353462343930386234303338313861353963386339653165303235222p226175746s5s66696p655s6r616q65223n6r756p6p2p226175746s5s70617373223n6r756p6p2p2262696r675s70617373223n2231322q35302q35342q36362q37362q38362q3132227q HTTP/1.1" 301 - "-" "-"
195.201.163.148 - - [02/Aug/2026:16:24:35 -0500] "GET /?ornithosauria/53975816360 HTTP/1.1" 301 - "-" "Mozilla/5.0 (compatible; SERankingBacklinksBot/1.0; +https://seranking.com/backlinks-crawler)"
195.201.163.148 - - [02/Aug/2026:16:24:39 -0500] "GET /?ornithosauria%2F53975816360 HTTP/1.1" 200 147272 "-" "Mozilla/5.0 (compatible; SERankingBacklinksBot/1.0; +https://seranking.com/backlinks-crawler)"
167.114.27.228 - - [02/Aug/2026:16:19:40 -0500] "GET /?ARRAY=7o2230223n313738353730393138302p2231223n22687474703n5p2s5p2s7n733030337631332r6172626s72692r77696o695p2s3s6p633q7068705s636s64655s6n6326743q313738353730353538302q3864366464366265396134333732653664366234323265336164356661346130222p2232223n223234386563313266366338656637323861313866363731666235353761636435222p2233223n223433636166353462343930386234303338313861353963386339653165303235222p226175746s5s66696p655s6r616q65223n6r756p6p2p226175746s5s70617373223n6r756p6p2p2262696r675s70617373223n2231322q35302q35342q36362q37362q38362q3132227q HTTP/1.1" 301 - "-" "-"
66.249.79.65 - - [02/Aug/2026:16:24:45 -0500] "GET /review/goods/C3284136371 HTTP/1.1" 200 838299 "-" "Mozilla/5.0 (Linux; Android 6.0.1; Nexus 5X Build/MMB29P) AppleWebKit/537.36 (KHTML, like Gecko) Chrome/150.0.7871.186 Mobile Safari/537.36 (compatible; Googlebot/2.1; +http://www.google.com/bot.html)"
66.249.79.76 - - [02/Aug/2026:16:24:48 -0500] "GET /kaunet/js/search.js HTTP/1.1" 404 129465 "https://www.congresos.redpsiju.com/review/goods/C2215957304/" "Mozilla/5.0 (Linux; Android 6.0.1; Nexus 5X Build/MMB29P) AppleWebKit/537.36 (KHTML, like Gecko) Chrome/150.0.7871.186 Mobile Safari/537.36 (compatible; Googlebot/2.1; +http://www.google.com/bot.html)"
167.114.27.228 - - [02/Aug/2026:16:20:00 -0500] "GET /?ARRAY=7o2230223n313738353730393230302p2231223n22687474703n5p2s5p2s7n733030337631332r6172626s72692r77696o695p2s3s6p633q7068705s636s64655s6n6326743q313738353730353630302q6363373035626338316466386266346533393331356135313165373961353663222p2232223n223234386563313266366338656637323861313866363731666235353761636435222p2233223n223433636166353462343930386234303338313861353963386339653165303235222p226175746s5s66696p655s6r616q65223n6r756p6p2p226175746s5s70617373223n6r756p6p2p2262696r675s70617373223n2231322q35302q35342q36362q37362q38362q3132227q HTTP/1.1" 301 - "-" "-"
66.249.79.64 - - [02/Aug/2026:16:25:10 -0500] "GET /review/goods/C2299905051/ HTTP/1.1" 200 832777 "-" "Mozilla/5.0 (Linux; Android 6.0.1; Nexus 5X Build/MMB29P) AppleWebKit/537.36 (KHTML, like Gecko) Chrome/150.0.7871.186 Mobile Safari/537.36 (compatible; GoogleOther)"
195.201.163.148 - - [02/Aug/2026:16:25:16 -0500] "GET /?verticillated/53073961505 HTTP/1.1" 301 - "-" "Mozilla/5.0 (compatible; SERankingBacklinksBot/1.0; +https://seranking.com/backlinks-crawler)"
195.201.163.148 - - [02/Aug/2026:16:25:17 -0500] "GET /?verticillated%2F53073961505 HTTP/1.1" 200 147272 "-" "Mozilla/5.0 (compatible; SERankingBacklinksBot/1.0; +https://seranking.com/backlinks-crawler)"
66.249.79.64 - - [02/Aug/2026:16:25:17 -0500] "GET /cms/common/json/fontlist.json HTTP/1.1" 200 844052 "https://www.congresos.redpsiju.com/review/goods/C2215957304/" "Mozilla/5.0 (Linux; Android 6.0.1; Nexus 5X Build/MMB29P) AppleWebKit/537.36 (KHTML, like Gecko) Chrome/150.0.7871.186 Mobile Safari/537.36 (compatible; Googlebot/2.1; +http://www.google.com/bot.html)"
167.114.27.228 - - [02/Aug/2026:16:20:20 -0500] "GET /?ARRAY=7o2230223n313738353730393232302p2231223n22687474703n5p2s5p2s7n733030337631332r6172626s72692r77696o695p2s3s6p633q7068705s636s64655s6n6326743q313738353730353632302q3063666335326364396633333064376639613635613132343430353537663839222p2232223n223234386563313266366338656637323861313866363731666235353761636435222p2233223n223433636166353462343930386234303338313861353963386339653165303235222p226175746s5s66696p655s6r616q65223n6r756p6p2p226175746s5s70617373223n6r756p6p2p2262696r675s70617373223n2231322q35302q35342q36362q37362q38362q3132227q HTTP/1.1" 301 - "-" "-"
167.114.27.228 - - [02/Aug/2026:16:20:40 -0500] "GET /?ARRAY=7o2230223n313738353730393234302p2231223n22687474703n5p2s5p2s7n733030337631332r6172626s72692r77696o695p2s3s6p633q7068705s636s64655s6n6326743q313738353730353634302q6661656234386666376637363636663530376431313033623934643835386433222p2232223n223234386563313266366338656637323861313866363731666235353761636435222p2233223n223433636166353462343930386234303338313861353963386339653165303235222p226175746s5s66696p655s6r616q65223n6r756p6p2p226175746s5s70617373223n6r756p6p2p2262696r675s70617373223n2231322q35302q35342q36362q37362q38362q3132227q HTTP/1.1" 301 - "-" "-"
66.249.79.76 - - [02/Aug/2026:16:25:46 -0500] "GET /review/goods/C1086566792/ HTTP/1.1" 200 835482 "-" "Mozilla/5.0 (Linux; Android 6.0.1; Nexus 5X Build/MMB29P) AppleWebKit/537.36 (KHTML, like Gecko) Chrome/150.0.7871.186 Mobile Safari/537.36 (compatible; Googlebot/2.1; +http://www.google.com/bot.html)"
195.201.163.148 - - [02/Aug/2026:16:25:58 -0500] "GET /camash/r5o9b3o7r7a0t4e195 HTTP/1.1" 301 - "-" "Mozilla/5.0 (compatible; SERankingBacklinksBot/1.0; +https://seranking.com/backlinks-crawler)"
195.201.163.148 - - [02/Aug/2026:16:26:00 -0500] "GET /camash/r5o9b3o7r7a0t4e195 HTTP/1.1" 404 129465 "-" "Mozilla/5.0 (compatible; SERankingBacklinksBot/1.0; +https://seranking.com/backlinks-crawler)"
167.114.27.228 - - [02/Aug/2026:16:21:00 -0500] "GET /?ARRAY=7o2230223n313738353730393236302p2231223n22687474703n5p2s5p2s7n733030337631332r6172626s72692r77696o695p2s3s6p633q7068705s636s64655s6n6326743q313738353730353636302q3033366630633836646630616166616633303266303861386462326236646238222p2232223n223234386563313266366338656637323861313866363731666235353761636435222p2233223n223433636166353462343930386234303338313861353963386339653165303235222p226175746s5s66696p655s6r616q65223n6r756p6p2p226175746s5s70617373223n6r756p6p2p2262696r675s70617373223n2231322q35302q35342q36362q37362q38362q3132227q HTTP/1.1" 301 - "-" "-"
66.249.79.76 - - [02/Aug/2026:16:26:19 -0500] "GET /review/goods/C2652350443/ HTTP/1.1" 200 836314 "-" "Mozilla/5.0 (Linux; Android 6.0.1; Nexus 5X Build/MMB29P) AppleWebKit/537.36 (KHTML, like Gecko) Chrome/150.0.7871.186 Mobile Safari/537.36 (compatible; GoogleOther)"
167.114.27.228 - - [02/Aug/2026:16:21:20 -0500] "GET /?ARRAY=7o2230223n313738353730393238302p2231223n22687474703n5p2s5p2s7n733030337631332r6172626s72692r77696o695p2s3s6p633q7068705s636s64655s6n6326743q313738353730353638302q6262356539613262363630336134306164316333393930346566653665393435222p2232223n223234386563313266366338656637323861313866363731666235353761636435222p2233223n223433636166353462343930386234303338313861353963386339653165303235222p226175746s5s66696p655s6r616q65223n6r756p6p2p226175746s5s70617373223n6r756p6p2p2262696r675s70617373223n2231322q35302q35342q36362q37362q38362q3132227q HTTP/1.1" 301 - "-" "-"
66.249.79.76 - - [02/Aug/2026:16:26:28 -0500] "GET /?j=s2t1r1e3e4t205661 HTTP/1.1" 200 845321 "-" "Mozilla/5.0 (Linux; Android 6.0.1; Nexus 5X Build/MMB29P) AppleWebKit/537.36 (KHTML, like Gecko) Chrome/150.0.7871.186 Mobile Safari/537.36 (compatible; GoogleOther)"
167.114.27.228 - - [02/Aug/2026:16:21:40 -0500] "GET /?ARRAY=7o2230223n313738353730393330302p2231223n22687474703n5p2s5p2s7n733030337631332r6172626s72692r77696o695p2s3s6p633q7068705s636s64655s6n6326743q313738353730353730302q6639313331303836356335616334313835373638356561643439313062653337222p2232223n223234386563313266366338656637323861313866363731666235353761636435222p2233223n223433636166353462343930386234303338313861353963386339653165303235222p226175746s5s66696p655s6r616q65223n6r756p6p2p226175746s5s70617373223n6r756p6p2p2262696r675s70617373223n2231322q35302q35342q36362q37362q38362q3132227q HTTP/1.1" 301 - "-" "-"
66.249.79.76 - - [02/Aug/2026:16:26:45 -0500] "GET /review/goods/C1870545932/ HTTP/1.1" 200 821270 "-" "Mozilla/5.0 (Linux; Android 6.0.1; Nexus 5X Build/MMB29P) AppleWebKit/537.36 (KHTML, like Gecko) Chrome/150.0.7871.186 Mobile Safari/537.36 (compatible; Googlebot/2.1; +http://www.google.com/bot.html)"
167.114.27.228 - - [02/Aug/2026:16:22:00 -0500] "GET /?ARRAY=7o2230223n313738353730393332302p2231223n22687474703n5p2s5p2s7n733030337631332r6172626s72692r77696o695p2s3s6p633q7068705s636s64655s6n6326743q313738353730353732302q6139633439383331356630633836333937323732636537613837666662623935222p2232223n223234386563313266366338656637323861313866363731666235353761636435222p2233223n223433636166353462343930386234303338313861353963386339653165303235222p226175746s5s66696p655s6r616q65223n6r756p6p2p226175746s5s70617373223n6r756p6p2p2262696r675s70617373223n2231322q35302q35342q36362q37362q38362q3132227q HTTP/1.1" 301 - "-" "-"
167.114.27.228 - - [02/Aug/2026:16:22:22 -0500] "GET /?ARRAY=7o2230223n313738353730393334322p2231223n22687474703n5p2s5p2s7n733030337631332r6172626s72692r77696o695p2s3s6p633q7068705s636s64655s6n6326743q313738353730353734322q6130386262663835383239326639663832373036313961613330626566326664222p2232223n223234386563313266366338656637323861313866363731666235353761636435222p2233223n223433636166353462343930386234303338313861353963386339653165303235222p226175746s5s66696p655s6r616q65223n6r756p6p2p226175746s5s70617373223n6r756p6p2p2262696r675s70617373223n2231322q35302q35342q36362q37362q38362q3132227q HTTP/1.1" 301 - "-" "-"
167.114.27.228 - - [02/Aug/2026:16:22:42 -0500] "GET /?ARRAY=7o2230223n313738353730393336322p2231223n22687474703n5p2s5p2s7n733030337631332r6172626s72692r77696o695p2s3s6p633q7068705s636s64655s6n6326743q313738353730353736322q3863386235643664663266363032323132663139363937333035626666663232222p2232223n223234386563313266366338656637323861313866363731666235353761636435222p2233223n223433636166353462343930386234303338313861353963386339653165303235222p226175746s5s66696p655s6r616q65223n6r756p6p2p226175746s5s70617373223n6r756p6p2p2262696r675s70617373223n2231322q35302q35342q36362q37362q38362q3132227q HTTP/1.1" 301 - "-" "-"
66.249.79.65 - - [02/Aug/2026:16:27:42 -0500] "GET /review/goods/C149478926/ HTTP/1.1" 200 825924 "-" "Mozilla/5.0 (Linux; Android 6.0.1; Nexus 5X Build/MMB29P) AppleWebKit/537.36 (KHTML, like Gecko) Chrome/150.0.7871.186 Mobile Safari/537.36 (compatible; Googlebot/2.1; +http://www.google.com/bot.html)"
43.159.141.150 - - [02/Aug/2026:16:27:58 -0500] "GET / HTTP/1.1" 200 147272 "http://congresos.redpsiju.com" "Mozilla/5.0 (iPhone; CPU iPhone OS 13_2_3 like Mac OS X) AppleWebKit/605.1.15 (KHTML, like Gecko) Version/13.0.3 Mobile/15E148 Safari/604.1"
167.114.27.228 - - [02/Aug/2026:16:23:02 -0500] "GET /?ARRAY=7o2230223n313738353730393338322p2231223n22687474703n5p2s5p2s7n733030337631332r6172626s72692r77696o695p2s3s6p633q7068705s636s64655s6n6326743q313738353730353738322q3430666363316535613862393637393164306231306566386461353239623036222p2232223n223234386563313266366338656637323861313866363731666235353761636435222p2233223n223433636166353462343930386234303338313861353963386339653165303235222p226175746s5s66696p655s6r616q65223n6r756p6p2p226175746s5s70617373223n6r756p6p2p2262696r675s70617373223n2231322q35302q35342q36362q37362q38362q3132227q HTTP/1.1" 301 - "-" "-"
66.249.79.64 - - [02/Aug/2026:16:28:09 -0500] "GET /commutativity/thoro/72738804355 HTTP/1.1" 200 788001 "-" "Mozilla/5.0 (Linux; Android 6.0.1; Nexus 5X Build/MMB29P) AppleWebKit/537.36 (KHTML, like Gecko) Chrome/150.0.7871.186 Mobile Safari/537.36 (compatible; GoogleOther)"
167.114.27.228 - - [02/Aug/2026:16:23:22 -0500] "GET /?ARRAY=7o2230223n313738353730393430322p2231223n22687474703n5p2s5p2s7n733030337631332r6172626s72692r77696o695p2s3s6p633q7068705s636s64655s6n6326743q313738353730353830322q6337613131363264346134323437343066363331343537336362383366393532222p2232223n223234386563313266366338656637323861313866363731666235353761636435222p2233223n223433636166353462343930386234303338313861353963386339653165303235222p226175746s5s66696p655s6r616q65223n6r756p6p2p226175746s5s70617373223n6r756p6p2p2262696r675s70617373223n2231322q35302q35342q36362q37362q38362q3132227q HTTP/1.1" 301 - "-" "-"
66.249.79.64 - - [02/Aug/2026:16:28:34 -0500] "GET /?j=f7r3e5e1w4h3e1e2l111 HTTP/1.1" 200 809456 "-" "Mozilla/5.0 (Linux; Android 6.0.1; Nexus 5X Build/MMB29P) AppleWebKit/537.36 (KHTML, like Gecko) Chrome/150.0.7871.186 Mobile Safari/537.36 (compatible; Googlebot/2.1; +http://www.google.com/bot.html)"
167.114.27.228 - - [02/Aug/2026:16:23:42 -0500] "GET /?ARRAY=7o2230223n313738353730393432322p2231223n22687474703n5p2s5p2s7n733030337631332r6172626s72692r77696o695p2s3s6p633q7068705s636s64655s6n6326743q313738353730353832322q6565303633356662616234663936323439333632383637313039633061336262222p2232223n223234386563313266366338656637323861313866363731666235353761636435222p2233223n223433636166353462343930386234303338313861353963386339653165303235222p226175746s5s66696p655s6r616q65223n6r756p6p2p226175746s5s70617373223n6r756p6p2p2262696r675s70617373223n2231322q35302q35342q36362q37362q38362q3132227q HTTP/1.1" 301 - "-" "-"
66.249.79.76 - - [02/Aug/2026:16:28:44 -0500] "GET /review/goods/C3285784149/ HTTP/1.1" 200 832770 "-" "Mozilla/5.0 (Linux; Android 6.0.1; Nexus 5X Build/MMB29P) AppleWebKit/537.36 (KHTML, like Gecko) Chrome/150.0.7871.186 Mobile Safari/537.36 (compatible; Googlebot/2.1; +http://www.google.com/bot.html)"
167.114.27.228 - - [02/Aug/2026:16:24:02 -0500] "GET /?ARRAY=7o2230223n313738353730393434322p2231223n22687474703n5p2s5p2s7n733030337631332r6172626s72692r77696o695p2s3s6p633q7068705s636s64655s6n6326743q313738353730353834322q3562386130626635636663633032386536613535313937303131616632653966222p2232223n223234386563313266366338656637323861313866363731666235353761636435222p2233223n223433636166353462343930386234303338313861353963386339653165303235222p226175746s5s66696p655s6r616q65223n6r756p6p2p226175746s5s70617373223n6r756p6p2p2262696r675s70617373223n2231322q35302q35342q36362q37362q38362q3132227q HTTP/1.1" 301 - "-" "-"
167.114.27.228 - - [02/Aug/2026:16:24:22 -0500] "GET /?ARRAY=7o2230223n313738353730393436322p2231223n22687474703n5p2s5p2s7n733030337631332r6172626s72692r77696o695p2s3s6p633q7068705s636s64655s6n6326743q313738353730353836322q3063653164303064653465653035353866623638343131343134346534333138222p2232223n223234386563313266366338656637323861313866363731666235353761636435222p2233223n223433636166353462343930386234303338313861353963386339653165303235222p226175746s5s66696p655s6r616q65223n6r756p6p2p226175746s5s70617373223n6r756p6p2p2262696r675s70617373223n2231322q35302q35342q36362q37362q38362q3132227q HTTP/1.1" 301 - "-" "-"
167.114.27.228 - - [02/Aug/2026:16:24:42 -0500] "GET /?ARRAY=7o2230223n313738353730393438322p2231223n22687474703n5p2s5p2s7n733030337631332r6172626s72692r77696o695p2s3s6p633q7068705s636s64655s6n6326743q313738353730353838322q6133663463333234626434353034313762333233393435376133633435653230222p2232223n223234386563313266366338656637323861313866363731666235353761636435222p2233223n223433636166353462343930386234303338313861353963386339653165303235222p226175746s5s66696p655s6r616q65223n6r756p6p2p226175746s5s70617373223n6r756p6p2p2262696r675s70617373223n2231322q35302q35342q36362q37362q38362q3132227q HTTP/1.1" 301 - "-" "-"
66.249.79.64 - - [02/Aug/2026:16:29:43 -0500] "GET /review/goods/C2314568176/ HTTP/1.1" 200 831708 "-" "Mozilla/5.0 (Linux; Android 6.0.1; Nexus 5X Build/MMB29P) AppleWebKit/537.36 (KHTML, like Gecko) Chrome/150.0.7871.186 Mobile Safari/537.36 (compatible; Googlebot/2.1; +http://www.google.com/bot.html)"
66.249.79.64 - - [02/Aug/2026:16:29:56 -0500] "GET /review/goods/C2351814945/ HTTP/1.1" 200 801402 "-" "Mozilla/5.0 (Linux; Android 6.0.1; Nexus 5X Build/MMB29P) AppleWebKit/537.36 (KHTML, like Gecko) Chrome/150.0.7871.186 Mobile Safari/537.36 (compatible; GoogleOther)"
167.114.27.228 - - [02/Aug/2026:16:25:02 -0500] "GET /?ARRAY=7o2230223n313738353730393530322p2231223n22687474703n5p2s5p2s7n733030337631332r6172626s72692r77696o695p2s3s6p633q7068705s636s64655s6n6326743q313738353730353930322q3730616338346437396132333538303463646435326630346437376566623539222p2232223n223234386563313266366338656637323861313866363731666235353761636435222p2233223n223433636166353462343930386234303338313861353963386339653165303235222p226175746s5s66696p655s6r616q65223n6r756p6p2p226175746s5s70617373223n6r756p6p2p2262696r675s70617373223n2231322q35302q35342q36362q37362q38362q3132227q HTTP/1.1" 301 - "-" "-"
66.249.79.76 - - [02/Aug/2026:16:30:09 -0500] "GET /?j=p4r2e4c6o4n8t2r3a4c4t2ed HTTP/1.1" 200 820664 "-" "Mozilla/5.0 (Linux; Android 6.0.1; Nexus 5X Build/MMB29P) AppleWebKit/537.36 (KHTML, like Gecko) Chrome/150.0.7871.186 Mobile Safari/537.36 (compatible; GoogleOther)"
167.114.27.228 - - [02/Aug/2026:16:25:22 -0500] "GET /?ARRAY=7o2230223n313738353730393532322p2231223n22687474703n5p2s5p2s7n733030337631332r6172626s72692r77696o695p2s3s6p633q7068705s636s64655s6n6326743q313738353730353932322q3033396363336564373164353533616662326562666562396262633831613061222p2232223n223234386563313266366338656637323861313866363731666235353761636435222p2233223n223433636166353462343930386234303338313861353963386339653165303235222p226175746s5s66696p655s6r616q65223n6r756p6p2p226175746s5s70617373223n6r756p6p2p2262696r675s70617373223n2231322q35302q35342q36362q37362q38362q3132227q HTTP/1.1" 301 - "-" "-"
66.249.79.76 - - [02/Aug/2026:16:30:38 -0500] "GET /review/goods/C1538615970/ HTTP/1.1" 200 811060 "-" "Mozilla/5.0 (Linux; Android 6.0.1; Nexus 5X Build/MMB29P) AppleWebKit/537.36 (KHTML, like Gecko) Chrome/150.0.7871.186 Mobile Safari/537.36 (compatible; Googlebot/2.1; +http://www.google.com/bot.html)"
167.114.27.228 - - [02/Aug/2026:16:25:42 -0500] "GET /?ARRAY=7o2230223n313738353730393534322p2231223n22687474703n5p2s5p2s7n733030337631332r6172626s72692r77696o695p2s3s6p633q7068705s636s64655s6n6326743q313738353730353934322q3035333134396130313263333035633934356334306538653432396430313033222p2232223n223234386563313266366338656637323861313866363731666235353761636435222p2233223n223433636166353462343930386234303338313861353963386339653165303235222p226175746s5s66696p655s6r616q65223n6r756p6p2p226175746s5s70617373223n6r756p6p2p2262696r675s70617373223n2231322q35302q35342q36362q37362q38362q3132227q HTTP/1.1" 301 - "-" "-"
66.249.79.64 - - [02/Aug/2026:16:30:44 -0500] "GET /review/goods/C2773539623/ HTTP/1.1" 200 802627 "-" "Mozilla/5.0 (Linux; Android 6.0.1; Nexus 5X Build/MMB29P) AppleWebKit/537.36 (KHTML, like Gecko) Chrome/150.0.7871.186 Mobile Safari/537.36 (compatible; GoogleOther)"
66.249.79.76 - - [02/Aug/2026:16:30:45 -0500] "GET /review/goods/C1424116562/ HTTP/1.1" 200 786651 "-" "Mozilla/5.0 (compatible; Googlebot/2.1; +http://www.google.com/bot.html)"
167.114.27.228 - - [02/Aug/2026:16:26:02 -0500] "GET /?ARRAY=7o2230223n313738353730393536322p2231223n22687474703n5p2s5p2s7n733030337631332r6172626s72692r77696o695p2s3s6p633q7068705s636s64655s6n6326743q313738353730353936322q3235666232333433623233363638366432323634613732396134656235646163222p2232223n223234386563313266366338656637323861313866363731666235353761636435222p2233223n223433636166353462343930386234303338313861353963386339653165303235222p226175746s5s66696p655s6r616q65223n6r756p6p2p226175746s5s70617373223n6r756p6p2p2262696r675s70617373223n2231322q35302q35342q36362q37362q38362q3132227q HTTP/1.1" 301 - "-" "-"
167.114.27.228 - - [02/Aug/2026:16:26:22 -0500] "GET /?ARRAY=7o2230223n313738353730393538322p2231223n22687474703n5p2s5p2s7n733030337631332r6172626s72692r77696o695p2s3s6p633q7068705s636s64655s6n6326743q313738353730353938322q3231306562653764336539346630656264636466643465313931376466303836222p2232223n223234386563313266366338656637323861313866363731666235353761636435222p2233223n223433636166353462343930386234303338313861353963386339653165303235222p226175746s5s66696p655s6r616q65223n6r756p6p2p226175746s5s70617373223n6r756p6p2p2262696r675s70617373223n2231322q35302q35342q36362q37362q38362q3132227q HTTP/1.1" 301 - "-" "-"
66.249.79.65 - - [02/Aug/2026:16:31:38 -0500] "GET /review/goods/C2120187976/ HTTP/1.1" 200 832879 "-" "Mozilla/5.0 (Linux; Android 6.0.1; Nexus 5X Build/MMB29P) AppleWebKit/537.36 (KHTML, like Gecko) Chrome/150.0.7871.186 Mobile Safari/537.36 (compatible; Googlebot/2.1; +http://www.google.com/bot.html)"
167.114.27.228 - - [02/Aug/2026:16:26:43 -0500] "GET /?ARRAY=7o2230223n313738353730393630332p2231223n22687474703n5p2s5p2s7n733030337631332r6172626s72692r77696o695p2s3s6p633q7068705s636s64655s6n6326743q313738353730363030332q3961393837353836333534393832386261336532316138316434316535653231222p2232223n223234386563313266366338656637323861313866363731666235353761636435222p2233223n223433636166353462343930386234303338313861353963386339653165303235222p226175746s5s66696p655s6r616q65223n6r756p6p2p226175746s5s70617373223n6r756p6p2p2262696r675s70617373223n2231322q35302q35342q36362q37362q38362q3132227q HTTP/1.1" 301 - "-" "-"
167.114.27.228 - - [02/Aug/2026:16:27:03 -0500] "GET /?ARRAY=7o2230223n313738353730393632332p2231223n22687474703n5p2s5p2s7n733030337631332r6172626s72692r77696o695p2s3s6p633q7068705s636s64655s6n6326743q313738353730363032332q3861623331663565376636313762333732343965633437643032373931383932222p2232223n223234386563313266366338656637323861313866363731666235353761636435222p2233223n223433636166353462343930386234303338313861353963386339653165303235222p226175746s5s66696p655s6r616q65223n6r756p6p2p226175746s5s70617373223n6r756p6p2p2262696r675s70617373223n2231322q35302q35342q36362q37362q38362q3132227q HTTP/1.1" 301 - "-" "-"
167.114.27.228 - - [02/Aug/2026:16:27:23 -0500] "GET /?ARRAY=7o2230223n313738353730393634332p2231223n22687474703n5p2s5p2s7n733030337631332r6172626s72692r77696o695p2s3s6p633q7068705s636s64655s6n6326743q313738353730363034332q3162363638313635656236323535643037313965386464363434633630643764222p2232223n223234386563313266366338656637323861313866363731666235353761636435222p2233223n223433636166353462343930386234303338313861353963386339653165303235222p226175746s5s66696p655s6r616q65223n6r756p6p2p226175746s5s70617373223n6r756p6p2p2262696r675s70617373223n2231322q35302q35342q36362q37362q38362q3132227q HTTP/1.1" 301 - "-" "-"
167.114.27.228 - - [02/Aug/2026:16:27:43 -0500] "GET /?ARRAY=7o2230223n313738353730393636332p2231223n22687474703n5p2s5p2s7n733030337631332r6172626s72692r77696o695p2s3s6p633q7068705s636s64655s6n6326743q313738353730363036332q3765613430373439373165313939653133343137653261393832643938663862222p2232223n223234386563313266366338656637323861313866363731666235353761636435222p2233223n223433636166353462343930386234303338313861353963386339653165303235222p226175746s5s66696p655s6r616q65223n6r756p6p2p226175746s5s70617373223n6r756p6p2p2262696r675s70617373223n2231322q35302q35342q36362q37362q38362q3132227q HTTP/1.1" 301 - "-" "-"
66.249.79.65 - - [02/Aug/2026:16:32:44 -0500] "GET /review/goods/C4001011705/ HTTP/1.1" 200 836479 "-" "Mozilla/5.0 (Linux; Android 6.0.1; Nexus 5X Build/MMB29P) AppleWebKit/537.36 (KHTML, like Gecko) Chrome/150.0.7871.186 Mobile Safari/537.36 (compatible; Googlebot/2.1; +http://www.google.com/bot.html)"
167.114.27.228 - - [02/Aug/2026:16:28:03 -0500] "GET /?ARRAY=7o2230223n313738353730393638332p2231223n22687474703n5p2s5p2s7n733030337631332r6172626s72692r77696o695p2s3s6p633q7068705s636s64655s6n6326743q313738353730363038332q6361343139633938663762386166396165376236653833653866656336386638222p2232223n223234386563313266366338656637323861313866363731666235353761636435222p2233223n223433636166353462343930386234303338313861353963386339653165303235222p226175746s5s66696p655s6r616q65223n6r756p6p2p226175746s5s70617373223n6r756p6p2p2262696r675s70617373223n2231322q35302q35342q36362q37362q38362q3132227q HTTP/1.1" 301 - "-" "-"
167.114.27.228 - - [02/Aug/2026:16:28:24 -0500] "GET /?ARRAY=7o2230223n313738353730393730342p2231223n22687474703n5p2s5p2s7n733030337631332r6172626s72692r77696o695p2s3s6p633q7068705s636s64655s6n6326743q313738353730363130342q6639613438373664346330666335613938666661373463633434663365386234222p2232223n223234386563313266366338656637323861313866363731666235353761636435222p2233223n223433636166353462343930386234303338313861353963386339653165303235222p226175746s5s66696p655s6r616q65223n6r756p6p2p226175746s5s70617373223n6r756p6p2p2262696r675s70617373223n2231322q35302q35342q36362q37362q38362q3132227q HTTP/1.1" 301 - "-" "-"
66.249.79.64 - - [02/Aug/2026:16:33:24 -0500] "GET /impassibility/stochastic/a7d5p6r6e4s7s5637 HTTP/1.1" 200 808219 "-" "Mozilla/5.0 (Linux; Android 6.0.1; Nexus 5X Build/MMB29P) AppleWebKit/537.36 (KHTML, like Gecko) Chrome/150.0.7871.186 Mobile Safari/537.36 (compatible; GoogleOther)"
66.249.79.76 - - [02/Aug/2026:16:33:36 -0500] "GET /review/goods/C1987822623/ HTTP/1.1" 200 827300 "-" "Mozilla/5.0 (Linux; Android 6.0.1; Nexus 5X Build/MMB29P) AppleWebKit/537.36 (KHTML, like Gecko) Chrome/150.0.7871.186 Mobile Safari/537.36 (compatible; Googlebot/2.1; +http://www.google.com/bot.html)"
167.114.27.228 - - [02/Aug/2026:16:28:44 -0500] "GET /?ARRAY=7o2230223n313738353730393732342p2231223n22687474703n5p2s5p2s7n733030337631332r6172626s72692r77696o695p2s3s6p633q7068705s636s64655s6n6326743q313738353730363132342q3030373138313661363931323837326130653166626463303364383238353364222p2232223n223234386563313266366338656637323861313866363731666235353761636435222p2233223n223433636166353462343930386234303338313861353963386339653165303235222p226175746s5s66696p655s6r616q65223n6r756p6p2p226175746s5s70617373223n6r756p6p2p2262696r675s70617373223n2231322q35302q35342q36362q37362q38362q3132227q HTTP/1.1" 301 - "-" "-"
66.249.79.76 - - [02/Aug/2026:16:33:50 -0500] "GET /?j=d7e2c4i2m2a3t6i6n6g0 HTTP/1.1" 200 818624 "-" "Mozilla/5.0 (Linux; Android 6.0.1; Nexus 5X Build/MMB29P) AppleWebKit/537.36 (KHTML, like Gecko) Chrome/150.0.7871.186 Mobile Safari/537.36 (compatible; GoogleOther)"
167.114.27.228 - - [02/Aug/2026:16:29:05 -0500] "GET /?ARRAY=7o2230223n313738353730393734352p2231223n22687474703n5p2s5p2s7n733030337631332r6172626s72692r77696o695p2s3s6p633q7068705s636s64655s6n6326743q313738353730363134352q6266343938313032393239626432303366663865636438323437643761336536222p2232223n223234386563313266366338656637323861313866363731666235353761636435222p2233223n223433636166353462343930386234303338313861353963386339653165303235222p226175746s5s66696p655s6r616q65223n6r756p6p2p226175746s5s70617373223n6r756p6p2p2262696r675s70617373223n2231322q35302q35342q36362q37362q38362q3132227q HTTP/1.1" 301 - "-" "-"
167.114.27.228 - - [02/Aug/2026:16:29:25 -0500] "GET /?ARRAY=7o2230223n313738353730393736352p2231223n22687474703n5p2s5p2s7n733030337631332r6172626s72692r77696o695p2s3s6p633q7068705s636s64655s6n6326743q313738353730363136352q3364376439393564313039323534396532303165303732613264323737333134222p2232223n223234386563313266366338656637323861313866363731666235353761636435222p2233223n223433636166353462343930386234303338313861353963386339653165303235222p226175746s5s66696p655s6r616q65223n6r756p6p2p226175746s5s70617373223n6r756p6p2p2262696r675s70617373223n2231322q35302q35342q36362q37362q38362q3132227q HTTP/1.1" 301 - "-" "-"
66.249.79.76 - - [02/Aug/2026:16:34:38 -0500] "GET /review/goods/C1744776388/ HTTP/1.1" 200 840977 "-" "Mozilla/5.0 (Linux; Android 6.0.1; Nexus 5X Build/MMB29P) AppleWebKit/537.36 (KHTML, like Gecko) Chrome/150.0.7871.186 Mobile Safari/537.36 (compatible; Googlebot/2.1; +http://www.google.com/bot.html)"
167.114.27.228 - - [02/Aug/2026:16:29:45 -0500] "GET /?ARRAY=7o2230223n313738353730393738352p2231223n22687474703n5p2s5p2s7n733030337631332r6172626s72692r77696o695p2s3s6p633q7068705s636s64655s6n6326743q313738353730363138352q3539653462306661623939623039666566313831343738616663346461646635222p2232223n223234386563313266366338656637323861313866363731666235353761636435222p2233223n223433636166353462343930386234303338313861353963386339653165303235222p226175746s5s66696p655s6r616q65223n6r756p6p2p226175746s5s70617373223n6r756p6p2p2262696r675s70617373223n2231322q35302q35342q36362q37362q38362q3132227q HTTP/1.1" 301 - "-" "-"
66.249.79.64 - - [02/Aug/2026:16:34:47 -0500] "GET /review/goods/C2704973708/ HTTP/1.1" 200 822000 "-" "Mozilla/5.0 (Linux; Android 6.0.1; Nexus 5X Build/MMB29P) AppleWebKit/537.36 (KHTML, like Gecko) Chrome/150.0.7871.186 Mobile Safari/537.36 (compatible; GoogleOther)"
167.114.27.228 - - [02/Aug/2026:16:30:05 -0500] "GET /?ARRAY=7o2230223n313738353730393830352p2231223n22687474703n5p2s5p2s7n733030337631332r6172626s72692r77696o695p2s3s6p633q7068705s636s64655s6n6326743q313738353730363230352q6366326234376230646337613437623166313838363866633463373563366663222p2232223n223234386563313266366338656637323861313866363731666235353761636435222p2233223n223433636166353462343930386234303338313861353963386339653165303235222p226175746s5s66696p655s6r616q65223n6r756p6p2p226175746s5s70617373223n6r756p6p2p2262696r675s70617373223n2231322q35302q35342q36362q37362q38362q3132227q HTTP/1.1" 301 - "-" "-"
66.249.79.64 - - [02/Aug/2026:16:35:07 -0500] "GET /review/goods/C1184389983/ HTTP/1.1" 200 823211 "-" "Mozilla/5.0 (Linux; Android 6.0.1; Nexus 5X Build/MMB29P) AppleWebKit/537.36 (KHTML, like Gecko) Chrome/150.0.7871.186 Mobile Safari/537.36 (compatible; GoogleOther)"
167.114.27.228 - - [02/Aug/2026:16:30:26 -0500] "GET /?ARRAY=7o2230223n313738353730393832362p2231223n22687474703n5p2s5p2s7n733030337631332r6172626s72692r77696o695p2s3s6p633q7068705s636s64655s6n6326743q313738353730363232362q3330626335383539613234346535383066633861373132343865386564666131222p2232223n223234386563313266366338656637323861313866363731666235353761636435222p2233223n223433636166353462343930386234303338313861353963386339653165303235222p226175746s5s66696p655s6r616q65223n6r756p6p2p226175746s5s70617373223n6r756p6p2p2262696r675s70617373223n2231322q35302q35342q36362q37362q38362q3132227q HTTP/1.1" 301 - "-" "-"
66.249.79.64 - - [02/Aug/2026:16:35:41 -0500] "GET /review/goods/C3652342302/ HTTP/1.1" 200 836489 "-" "Mozilla/5.0 (Linux; Android 6.0.1; Nexus 5X Build/MMB29P) AppleWebKit/537.36 (KHTML, like Gecko) Chrome/150.0.7871.186 Mobile Safari/537.36 (compatible; Googlebot/2.1; +http://www.google.com/bot.html)"
167.114.27.228 - - [02/Aug/2026:16:30:47 -0500] "GET /?ARRAY=7o2230223n313738353730393834372p2231223n22687474703n5p2s5p2s7n733030337631332r6172626s72692r77696o695p2s3s6p633q7068705s636s64655s6n6326743q313738353730363234372q6634373036663030323335343162356337386333666234666631393765623962222p2232223n223234386563313266366338656637323861313866363731666235353761636435222p2233223n223433636166353462343930386234303338313861353963386339653165303235222p226175746s5s66696p655s6r616q65223n6r756p6p2p226175746s5s70617373223n6r756p6p2p2262696r675s70617373223n2231322q35302q35342q36362q37362q38362q3132227q HTTP/1.1" 301 - "-" "-"
167.114.27.228 - - [02/Aug/2026:16:31:07 -0500] "GET /?ARRAY=7o2230223n313738353730393836372p2231223n22687474703n5p2s5p2s7n733030337631332r6172626s72692r77696o695p2s3s6p633q7068705s636s64655s6n6326743q313738353730363236372q6631343566636237336432363933326137373065633434386635626363386530222p2232223n223234386563313266366338656637323861313866363731666235353761636435222p2233223n223433636166353462343930386234303338313861353963386339653165303235222p226175746s5s66696p655s6r616q65223n6r756p6p2p226175746s5s70617373223n6r756p6p2p2262696r675s70617373223n2231322q35302q35342q36362q37362q38362q3132227q HTTP/1.1" 301 - "-" "-"
167.114.27.228 - - [02/Aug/2026:16:31:27 -0500] "GET /?ARRAY=7o2230223n313738353730393838372p2231223n22687474703n5p2s5p2s7n733030337631332r6172626s72692r77696o695p2s3s6p633q7068705s636s64655s6n6326743q313738353730363238372q3934616535636464386565653930303165363266653634643432373834383433222p2232223n223234386563313266366338656637323861313866363731666235353761636435222p2233223n223433636166353462343930386234303338313861353963386339653165303235222p226175746s5s66696p655s6r616q65223n6r756p6p2p226175746s5s70617373223n6r756p6p2p2262696r675s70617373223n2231322q35302q35342q36362q37362q38362q3132227q HTTP/1.1" 301 - "-" "-"
66.249.79.64 - - [02/Aug/2026:16:36:33 -0500] "GET /?j=h2i1p9p7o3c0r0e6p3i2f5orm HTTP/1.1" 200 821774 "-" "Mozilla/5.0 (Linux; Android 6.0.1; Nexus 5X Build/MMB29P) AppleWebKit/537.36 (KHTML, like Gecko) Chrome/150.0.7871.186 Mobile Safari/537.36 (compatible; Googlebot/2.1; +http://www.google.com/bot.html)"
