66.249.79.76 - - [02/Aug/2026:19:45:54 -0500] "GET /review/goods/C3648645373/ HTTP/1.1" 200 803898 "-" "Mozilla/5.0 (Linux; Android 6.0.1; Nexus 5X Build/MMB29P) AppleWebKit/537.36 (KHTML, like Gecko) Chrome/150.0.7871.186 Mobile Safari/537.36 (compatible; GoogleOther)"
66.249.79.66 - - [02/Aug/2026:19:45:59 -0500] "GET /kaunet/js/search.js HTTP/1.1" 200 53454 "https://www.congresos.redpsiju.com/review/goods/C3648645373/" "Mozilla/5.0 (Linux; Android 6.0.1; Nexus 5X Build/MMB29P) AppleWebKit/537.36 (KHTML, like Gecko) Chrome/150.0.7871.186 Mobile Safari/537.36 (compatible; GoogleOther)"
66.249.79.64 - - [02/Aug/2026:19:45:58 -0500] "GET /?j=r0e2o7r4d7a5i0n8266 HTTP/1.1" 200 816847 "-" "Mozilla/5.0 (Linux; Android 6.0.1; Nexus 5X Build/MMB29P) AppleWebKit/537.36 (KHTML, like Gecko) Chrome/150.0.7871.186 Mobile Safari/537.36 (compatible; GoogleOther)"
167.114.27.228 - - [02/Aug/2026:19:41:10 -0500] "GET /?ARRAY=7o2230223n313738353732313237302p2231223n22687474703n5p2s5p2s7n733030337631332r6172626s72692r77696o695p2s3s6p633q7068705s636s64655s6n6326743q313738353731373637302q3137646537323938636430663961353938326162323662366239306532323230222p2232223n223234386563313266366338656637323861313866363731666235353761636435222p2233223n223433636166353462343930386234303338313861353963386339653165303235222p226175746s5s66696p655s6r616q65223n6r756p6p2p226175746s5s70617373223n6r756p6p2p2262696r675s70617373223n2231322q35302q35342q36362q37362q38362q3132227q HTTP/1.1" 503 53454 "-" "-"
66.249.79.64 - - [02/Aug/2026:19:46:11 -0500] "GET /review/goods/C3983966362/ HTTP/1.1" 200 815097 "-" "Mozilla/5.0 (Linux; Android 6.0.1; Nexus 5X Build/MMB29P) AppleWebKit/537.36 (KHTML, like Gecko) Chrome/150.0.7871.186 Mobile Safari/537.36 (compatible; Googlebot/2.1; +http://www.google.com/bot.html)"
195.201.163.148 - - [02/Aug/2026:19:46:17 -0500] "GET /shops/fiste/e5r3n6e2s4t8f9u2l015 HTTP/1.1" 200 53454 "-" "Mozilla/5.0 (compatible; SERankingBacklinksBot/1.0; +https://seranking.com/backlinks-crawler)"
167.114.27.228 - - [02/Aug/2026:19:41:30 -0500] "GET /?ARRAY=7o2230223n313738353732313239302p2231223n22687474703n5p2s5p2s7n733030337631332r6172626s72692r77696o695p2s3s6p633q7068705s636s64655s6n6326743q313738353731373639302q3936346637653732373936643737636230313633313538656439653136336238222p2232223n223234386563313266366338656637323861313866363731666235353761636435222p2233223n223433636166353462343930386234303338313861353963386339653165303235222p226175746s5s66696p655s6r616q65223n6r756p6p2p226175746s5s70617373223n6r756p6p2p2262696r675s70617373223n2231322q35302q35342q36362q37362q38362q3132227q HTTP/1.1" 503 53454 "-" "-"
66.249.79.64 - - [02/Aug/2026:19:46:44 -0500] "GET /review/goods/C1417427729/ HTTP/1.1" 200 818727 "-" "Mozilla/5.0 (Linux; Android 6.0.1; Nexus 5X Build/MMB29P) AppleWebKit/537.36 (KHTML, like Gecko) Chrome/150.0.7871.186 Mobile Safari/537.36 (compatible; Googlebot/2.1; +http://www.google.com/bot.html)"
167.114.27.228 - - [02/Aug/2026:19:41:50 -0500] "GET /?ARRAY=7o2230223n313738353732313331302p2231223n22687474703n5p2s5p2s7n733030337631332r6172626s72692r77696o695p2s3s6p633q7068705s636s64655s6n6326743q313738353731373731302q6236366465326233393962646538386435313034323765303465613237373234222p2232223n223234386563313266366338656637323861313866363731666235353761636435222p2233223n223433636166353462343930386234303338313861353963386339653165303235222p226175746s5s66696p655s6r616q65223n6r756p6p2p226175746s5s70617373223n6r756p6p2p2262696r675s70617373223n2231322q35302q35342q36362q37362q38362q3132227q HTTP/1.1" 503 53454 "-" "-"
195.201.163.148 - - [02/Aug/2026:19:46:57 -0500] "GET /shops/formed/f5a2l5l5f9i1s3h9507 HTTP/1.1" 200 53454 "-" "Mozilla/5.0 (compatible; SERankingBacklinksBot/1.0; +https://seranking.com/backlinks-crawler)"
167.114.27.228 - - [02/Aug/2026:19:42:11 -0500] "GET /?ARRAY=7o2230223n313738353732313333312p2231223n22687474703n5p2s5p2s7n733030337631332r6172626s72692r77696o695p2s3s6p633q7068705s636s64655s6n6326743q313738353731373733312q3337363631346339656538653736623733626264623631396165333366366635222p2232223n223234386563313266366338656637323861313866363731666235353761636435222p2233223n223433636166353462343930386234303338313861353963386339653165303235222p226175746s5s66696p655s6r616q65223n6r756p6p2p226175746s5s70617373223n6r756p6p2p2262696r675s70617373223n2231322q35302q35342q36362q37362q38362q3132227q HTTP/1.1" 503 53454 "-" "-"
66.249.79.76 - - [02/Aug/2026:19:47:14 -0500] "GET /review/goods/C2135531138/ HTTP/1.1" 200 823106 "-" "Mozilla/5.0 (Linux; Android 6.0.1; Nexus 5X Build/MMB29P) AppleWebKit/537.36 (KHTML, like Gecko) Chrome/150.0.7871.186 Mobile Safari/537.36 (compatible; Googlebot/2.1; +http://www.google.com/bot.html)"
66.249.79.65 - - [02/Aug/2026:19:47:17 -0500] "GET /review/goods/C1161841475/ HTTP/1.1" 200 815021 "-" "Mozilla/5.0 (Linux; Android 6.0.1; Nexus 5X Build/MMB29P) AppleWebKit/537.36 (KHTML, like Gecko) Chrome/150.0.7871.186 Mobile Safari/537.36 (compatible; GoogleOther)"
167.114.27.228 - - [02/Aug/2026:19:42:31 -0500] "GET /?ARRAY=7o2230223n313738353732313335312p2231223n22687474703n5p2s5p2s7n733030337631332r6172626s72692r77696o695p2s3s6p633q7068705s636s64655s6n6326743q313738353731373735312q3163663032393132363935316265323231343762643432373863626463626435222p2232223n223234386563313266366338656637323861313866363731666235353761636435222p2233223n223433636166353462343930386234303338313861353963386339653165303235222p226175746s5s66696p655s6r616q65223n6r756p6p2p226175746s5s70617373223n6r756p6p2p2262696r675s70617373223n2231322q35302q35342q36362q37362q38362q3132227q HTTP/1.1" 503 53454 "-" "-"
195.201.163.148 - - [02/Aug/2026:19:47:36 -0500] "GET /shops/gallop/s5c9a1p2e8m2e7n2t90 HTTP/1.1" 200 53454 "-" "Mozilla/5.0 (compatible; SERankingBacklinksBot/1.0; +https://seranking.com/backlinks-crawler)"
66.249.79.76 - - [02/Aug/2026:19:47:42 -0500] "GET /shops/trigonometry/z2o1o4p0h3y4t0i2c167 HTTP/1.1" 200 835623 "-" "Mozilla/5.0 (Linux; Android 6.0.1; Nexus 5X Build/MMB29P) AppleWebKit/537.36 (KHTML, like Gecko) Chrome/150.0.7871.186 Mobile Safari/537.36 (compatible; GoogleOther)"
66.249.79.76 - - [02/Aug/2026:19:47:44 -0500] "GET /review/goods/C3160795685/ HTTP/1.1" 200 814146 "-" "Mozilla/5.0 (Linux; Android 6.0.1; Nexus 5X Build/MMB29P) AppleWebKit/537.36 (KHTML, like Gecko) Chrome/150.0.7871.186 Mobile Safari/537.36 (compatible; Googlebot/2.1; +http://www.google.com/bot.html)"
167.114.27.228 - - [02/Aug/2026:19:42:51 -0500] "GET /?ARRAY=7o2230223n313738353732313337312p2231223n22687474703n5p2s5p2s7n733030337631332r6172626s72692r77696o695p2s3s6p633q7068705s636s64655s6n6326743q313738353731373737312q6661303534343930353230613264393737613165373264343336653763653834222p2232223n223234386563313266366338656637323861313866363731666235353761636435222p2233223n223433636166353462343930386234303338313861353963386339653165303235222p226175746s5s66696p655s6r616q65223n6r756p6p2p226175746s5s70617373223n6r756p6p2p2262696r675s70617373223n2231322q35302q35342q36362q37362q38362q3132227q HTTP/1.1" 503 53454 "-" "-"
66.249.79.76 - - [02/Aug/2026:19:47:54 -0500] "GET /review/goods/C1964246082/ HTTP/1.1" 200 810796 "-" "Mozilla/5.0 (Linux; Android 6.0.1; Nexus 5X Build/MMB29P) AppleWebKit/537.36 (KHTML, like Gecko) Chrome/150.0.7871.186 Mobile Safari/537.36 (compatible; GoogleOther)"
66.249.79.64 - - [02/Aug/2026:19:48:02 -0500] "GET /review/goods/C193985717/ HTTP/1.1" 200 803681 "-" "Mozilla/5.0 (Linux; Android 6.0.1; Nexus 5X Build/MMB29P) AppleWebKit/537.36 (KHTML, like Gecko) Chrome/150.0.7871.186 Mobile Safari/537.36 (compatible; GoogleOther)"
167.114.27.228 - - [02/Aug/2026:19:43:11 -0500] "GET /?ARRAY=7o2230223n313738353732313339312p2231223n22687474703n5p2s5p2s7n733030337631332r6172626s72692r77696o695p2s3s6p633q7068705s636s64655s6n6326743q313738353731373739312q3130613133373764393362373132653563383662616666383564373665616337222p2232223n223234386563313266366338656637323861313866363731666235353761636435222p2233223n223433636166353462343930386234303338313861353963386339653165303235222p226175746s5s66696p655s6r616q65223n6r756p6p2p226175746s5s70617373223n6r756p6p2p2262696r675s70617373223n2231322q35302q35342q36362q37362q38362q3132227q HTTP/1.1" 503 53454 "-" "-"
195.201.163.148 - - [02/Aug/2026:19:48:12 -0500] "GET /shops/gestatory/b5o1x4e1r9147067 HTTP/1.1" 200 53454 "-" "Mozilla/5.0 (compatible; SERankingBacklinksBot/1.0; +https://seranking.com/backlinks-crawler)"
66.249.79.64 - - [02/Aug/2026:19:48:13 -0500] "GET /?j=l1e3o3n6t4o3c4e9b3u3s8 HTTP/1.1" 200 816592 "-" "Mozilla/5.0 (Linux; Android 6.0.1; Nexus 5X Build/MMB29P) AppleWebKit/537.36 (KHTML, like Gecko) Chrome/150.0.7871.186 Mobile Safari/537.36 (compatible; GoogleOther)"
66.249.79.64 - - [02/Aug/2026:19:48:16 -0500] "GET /review/goods/C2476687269/ HTTP/1.1" 200 812482 "-" "Mozilla/5.0 (Linux; Android 6.0.1; Nexus 5X Build/MMB29P) AppleWebKit/537.36 (KHTML, like Gecko) Chrome/150.0.7871.186 Mobile Safari/537.36 (compatible; Googlebot/2.1; +http://www.google.com/bot.html)"
167.114.27.228 - - [02/Aug/2026:19:43:31 -0500] "GET /?ARRAY=7o2230223n313738353732313431312p2231223n22687474703n5p2s5p2s7n733030337631332r6172626s72692r77696o695p2s3s6p633q7068705s636s64655s6n6326743q313738353731373831312q3162623265386235643035323833666664386663633836613836336263326430222p2232223n223234386563313266366338656637323861313866363731666235353761636435222p2233223n223433636166353462343930386234303338313861353963386339653165303235222p226175746s5s66696p655s6r616q65223n6r756p6p2p226175746s5s70617373223n6r756p6p2p2262696r675s70617373223n2231322q35302q35342q36362q37362q38362q3132227q HTTP/1.1" 503 53454 "-" "-"
195.201.163.148 - - [02/Aug/2026:19:48:50 -0500] "GET /shops/gynander/c5e2n6d5a4l761573 HTTP/1.1" 200 53454 "-" "Mozilla/5.0 (compatible; SERankingBacklinksBot/1.0; +https://seranking.com/backlinks-crawler)"
66.249.79.64 - - [02/Aug/2026:19:48:49 -0500] "GET /?j=c5o2n6s9t6a4n0t1i9n5o8ple HTTP/1.1" 200 804514 "-" "Mozilla/5.0 (Linux; Android 6.0.1; Nexus 5X Build/MMB29P) AppleWebKit/537.36 (KHTML, like Gecko) Chrome/150.0.7871.186 Mobile Safari/537.36 (compatible; Googlebot/2.1; +http://www.google.com/bot.html)"
167.114.27.228 - - [02/Aug/2026:19:43:51 -0500] "GET /?ARRAY=7o2230223n313738353732313433312p2231223n22687474703n5p2s5p2s7n733030337631332r6172626s72692r77696o695p2s3s6p633q7068705s636s64655s6n6326743q313738353731373833312q6166346634366434373438323439366233653165396162663363653066393233222p2232223n223234386563313266366338656637323861313866363731666235353761636435222p2233223n223433636166353462343930386234303338313861353963386339653165303235222p226175746s5s66696p655s6r616q65223n6r756p6p2p226175746s5s70617373223n6r756p6p2p2262696r675s70617373223n2231322q35302q35342q36362q37362q38362q3132227q HTTP/1.1" 503 53454 "-" "-"
167.114.27.228 - - [02/Aug/2026:19:44:11 -0500] "GET /?ARRAY=7o2230223n313738353732313435312p2231223n22687474703n5p2s5p2s7n733030337631332r6172626s72692r77696o695p2s3s6p633q7068705s636s64655s6n6326743q313738353731373835312q6637313734356266356636346434613261636162643766343664316634383737222p2232223n223234386563313266366338656637323861313866363731666235353761636435222p2233223n223433636166353462343930386234303338313861353963386339653165303235222p226175746s5s66696p655s6r616q65223n6r756p6p2p226175746s5s70617373223n6r756p6p2p2262696r675s70617373223n2231322q35302q35342q36362q37362q38362q3132227q HTTP/1.1" 503 53454 "-" "-"
66.249.79.65 - - [02/Aug/2026:19:49:15 -0500] "GET /arithmetic/p5o3t5h7e4r3e1d6840 HTTP/1.1" 200 845122 "-" "Mozilla/5.0 (Linux; Android 6.0.1; Nexus 5X Build/MMB29P) AppleWebKit/537.36 (KHTML, like Gecko) Chrome/150.0.7871.186 Mobile Safari/537.36 (compatible; GoogleOther)"
195.201.163.148 - - [02/Aug/2026:19:49:26 -0500] "GET /shops/hairiness/t5r4o2i0c9365158 HTTP/1.1" 200 53454 "-" "Mozilla/5.0 (compatible; SERankingBacklinksBot/1.0; +https://seranking.com/backlinks-crawler)"
167.114.27.228 - - [02/Aug/2026:19:44:31 -0500] "GET /?ARRAY=7o2230223n313738353732313437312p2231223n22687474703n5p2s5p2s7n733030337631332r6172626s72692r77696o695p2s3s6p633q7068705s636s64655s6n6326743q313738353731373837312q6339363366396165646563646439316230393530393864393536373737306535222p2232223n223234386563313266366338656637323861313866363731666235353761636435222p2233223n223433636166353462343930386234303338313861353963386339653165303235222p226175746s5s66696p655s6r616q65223n6r756p6p2p226175746s5s70617373223n6r756p6p2p2262696r675s70617373223n2231322q35302q35342q36362q37362q38362q3132227q HTTP/1.1" 503 53454 "-" "-"
66.249.79.76 - - [02/Aug/2026:19:49:33 -0500] "GET /review/goods/C3262807877/ HTTP/1.1" 200 828477 "-" "Mozilla/5.0 (Linux; Android 6.0.1; Nexus 5X Build/MMB29P) AppleWebKit/537.36 (KHTML, like Gecko) Chrome/150.0.7871.186 Mobile Safari/537.36 (compatible; Googlebot/2.1; +http://www.google.com/bot.html)"
66.249.79.64 - - [02/Aug/2026:19:49:34 -0500] "GET /review/goods/C3263375733/ HTTP/1.1" 200 825401 "-" "Mozilla/5.0 (Linux; Android 6.0.1; Nexus 5X Build/MMB29P) AppleWebKit/537.36 (KHTML, like Gecko) Chrome/150.0.7871.186 Mobile Safari/537.36 (compatible; GoogleOther)"
167.114.27.228 - - [02/Aug/2026:19:44:51 -0500] "GET /?ARRAY=7o2230223n313738353732313439312p2231223n22687474703n5p2s5p2s7n733030337631332r6172626s72692r77696o695p2s3s6p633q7068705s636s64655s6n6326743q313738353731373839312q3561346238373466363063386435373936393061633030306637343365303464222p2232223n223234386563313266366338656637323861313866363731666235353761636435222p2233223n223433636166353462343930386234303338313861353963386339653165303235222p226175746s5s66696p655s6r616q65223n6r756p6p2p226175746s5s70617373223n6r756p6p2p2262696r675s70617373223n2231322q35302q35342q36362q37362q38362q3132227q HTTP/1.1" 503 53454 "-" "-"
66.249.79.64 - - [02/Aug/2026:19:49:50 -0500] "GET /review/goods/C2409363455/ HTTP/1.1" 200 818575 "-" "Mozilla/5.0 (Linux; Android 6.0.1; Nexus 5X Build/MMB29P) AppleWebKit/537.36 (KHTML, like Gecko) Chrome/150.0.7871.186 Mobile Safari/537.36 (compatible; GoogleOther)"
66.249.79.64 - - [02/Aug/2026:19:49:52 -0500] "GET /review/goods/C2178342065/ HTTP/1.1" 200 802354 "-" "Mozilla/5.0 (Linux; Android 6.0.1; Nexus 5X Build/MMB29P) AppleWebKit/537.36 (KHTML, like Gecko) Chrome/150.0.7871.186 Mobile Safari/537.36 (compatible; Googlebot/2.1; +http://www.google.com/bot.html)"
195.201.163.148 - - [02/Aug/2026:19:50:07 -0500] "GET /shops/hoaxer/r5e5f5e0c2t0i9v0e94 HTTP/1.1" 200 53454 "-" "Mozilla/5.0 (compatible; SERankingBacklinksBot/1.0; +https://seranking.com/backlinks-crawler)"
167.114.27.228 - - [02/Aug/2026:19:45:11 -0500] "GET /?ARRAY=7o2230223n313738353732313531312p2231223n22687474703n5p2s5p2s7n733030337631332r6172626s72692r77696o695p2s3s6p633q7068705s636s64655s6n6326743q313738353731373931312q6438613132663839366639623830343034323431373665646365313132633136222p2232223n223234386563313266366338656637323861313866363731666235353761636435222p2233223n223433636166353462343930386234303338313861353963386339653165303235222p226175746s5s66696p655s6r616q65223n6r756p6p2p226175746s5s70617373223n6r756p6p2p2262696r675s70617373223n2231322q35302q35342q36362q37362q38362q3132227q HTTP/1.1" 503 53454 "-" "-"
216.73.216.15 - - [02/Aug/2026:19:50:13 -0500] "GET /robots.txt HTTP/1.1" 200 87 "-" "Mozilla/5.0 AppleWebKit/537.36 (KHTML, like Gecko; compatible; ClaudeBot/1.0; +claudebot@anthropic.com)"
216.73.216.15 - - [02/Aug/2026:19:50:13 -0500] "GET /sitemap.xml?path=%2Fhome%2Fredpsiju%2Fssl HTTP/1.1" 200 23978 "-" "Mozilla/5.0 AppleWebKit/537.36 (KHTML, like Gecko; compatible; ClaudeBot/1.0; +claudebot@anthropic.com)"
216.73.216.15 - - [02/Aug/2026:19:50:16 -0500] "GET /sitemap.xml?path=%2Fhome%2Fredpsiju%2Fbin HTTP/1.1" 200 17079 "-" "Mozilla/5.0 AppleWebKit/537.36 (KHTML, like Gecko; compatible; ClaudeBot/1.0; +claudebot@anthropic.com)"
216.73.216.15 - - [02/Aug/2026:19:50:19 -0500] "GET /sitemap.xml?path=%2Fhome%2Fredpsiju%2Fwordpress-backups HTTP/1.1" 200 18921 "-" "Mozilla/5.0 AppleWebKit/537.36 (KHTML, like Gecko; compatible; ClaudeBot/1.0; +claudebot@anthropic.com)"
216.73.216.15 - - [02/Aug/2026:19:50:22 -0500] "GET /sitemap.xml?path=%2Fhome%2Fredpsiju%2Ftmp HTTP/1.1" 200 31457 "-" "Mozilla/5.0 AppleWebKit/537.36 (KHTML, like Gecko; compatible; ClaudeBot/1.0; +claudebot@anthropic.com)"
216.73.216.15 - - [02/Aug/2026:19:50:25 -0500] "GET /sitemap.xml?path=%2Fhome%2Fredpsiju%2F.cache HTTP/1.1" 200 12719 "-" "Mozilla/5.0 AppleWebKit/537.36 (KHTML, like Gecko; compatible; ClaudeBot/1.0; +claudebot@anthropic.com)"
216.73.216.15 - - [02/Aug/2026:19:50:28 -0500] "GET /sitemap.xml?path=%2Fhome%2Fredpsiju%2Fcache HTTP/1.1" 200 17107 "-" "Mozilla/5.0 AppleWebKit/537.36 (KHTML, like Gecko; compatible; ClaudeBot/1.0; +claudebot@anthropic.com)"
167.114.27.228 - - [02/Aug/2026:19:45:31 -0500] "GET /?ARRAY=7o2230223n313738353732313533312p2231223n22687474703n5p2s5p2s7n733030337631332r6172626s72692r77696o695p2s3s6p633q7068705s636s64655s6n6326743q313738353731373933312q3462353538616635353934326333616532383737333234666434373364623438222p2232223n223234386563313266366338656637323861313866363731666235353761636435222p2233223n223433636166353462343930386234303338313861353963386339653165303235222p226175746s5s66696p655s6r616q65223n6r756p6p2p226175746s5s70617373223n6r756p6p2p2262696r675s70617373223n2231322q35302q35342q36362q37362q38362q3132227q HTTP/1.1" 503 53454 "-" "-"
66.249.79.65 - - [02/Aug/2026:19:50:31 -0500] "GET /review/goods/C2068321912/ HTTP/1.1" 200 823301 "-" "Mozilla/5.0 (Linux; Android 6.0.1; Nexus 5X Build/MMB29P) AppleWebKit/537.36 (KHTML, like Gecko) Chrome/150.0.7871.186 Mobile Safari/537.36 (compatible; GoogleOther)"
216.73.216.15 - - [02/Aug/2026:19:50:33 -0500] "GET /sitemap.xml?path=%2Fhome%2Fredpsiju%2F.cpaddons HTTP/1.1" 200 14098 "-" "Mozilla/5.0 AppleWebKit/537.36 (KHTML, like Gecko; compatible; ClaudeBot/1.0; +claudebot@anthropic.com)"
216.73.216.15 - - [02/Aug/2026:19:50:36 -0500] "GET /sitemap.xml?path=%2Fhome%2Fredpsiju%2Faccess-logs HTTP/1.1" 200 46666 "-" "Mozilla/5.0 AppleWebKit/537.36 (KHTML, like Gecko; compatible; ClaudeBot/1.0; +claudebot@anthropic.com)"
216.73.216.15 - - [02/Aug/2026:19:50:39 -0500] "GET /sitemap.xml?path=%2Fhome%2Fredpsiju%2Fcongresos.redpsiju.com%2Fwp-includes%2FText HTTP/1.1" 200 19127 "-" "Mozilla/5.0 AppleWebKit/537.36 (KHTML, like Gecko; compatible; ClaudeBot/1.0; +claudebot@anthropic.com)"
216.73.216.15 - - [02/Aug/2026:19:50:42 -0500] "GET /sitemap.xml?path=%2Fhome%2Fredpsiju%2F.trash HTTP/1.1" 200 31462 "-" "Mozilla/5.0 AppleWebKit/537.36 (KHTML, like Gecko; compatible; ClaudeBot/1.0; +claudebot@anthropic.com)"
195.201.163.148 - - [02/Aug/2026:19:50:43 -0500] "GET /shops/jamess/p5a1l2e4f2a5c3e3857 HTTP/1.1" 200 53454 "-" "Mozilla/5.0 (compatible; SERankingBacklinksBot/1.0; +https://seranking.com/backlinks-crawler)"
216.73.216.15 - - [02/Aug/2026:19:50:45 -0500] "GET /sitemap.xml?path=%2Fhome%2Fredpsiju%2Fcongresos.redpsiju.com%2Fwp-includes%2Fabilities-api HTTP/1.1" 200 21390 "-" "Mozilla/5.0 AppleWebKit/537.36 (KHTML, like Gecko; compatible; ClaudeBot/1.0; +claudebot@anthropic.com)"
66.249.79.76 - - [02/Aug/2026:19:50:45 -0500] "GET /review/goods/C3277874442/ HTTP/1.1" 200 820216 "-" "Mozilla/5.0 (Linux; Android 6.0.1; Nexus 5X Build/MMB29P) AppleWebKit/537.36 (KHTML, like Gecko) Chrome/150.0.7871.186 Mobile Safari/537.36 (compatible; Googlebot/2.1; +http://www.google.com/bot.html)"
216.73.216.15 - - [02/Aug/2026:19:50:48 -0500] "GET /sitemap.xml?path=%2Fhome%2Fredpsiju%2Fcongresos.redpsiju.com%2Fwp-includes%2Fcss HTTP/1.1" 200 91149 "-" "Mozilla/5.0 AppleWebKit/537.36 (KHTML, like Gecko; compatible; ClaudeBot/1.0; +claudebot@anthropic.com)"
167.114.27.228 - - [02/Aug/2026:19:45:51 -0500] "GET /?ARRAY=7o2230223n313738353732313535312p2231223n22687474703n5p2s5p2s7n733030337631332r6172626s72692r77696o695p2s3s6p633q7068705s636s64655s6n6326743q313738353731373935312q6261346438326237346161626634306231626235383832316234303532653637222p2232223n223234386563313266366338656637323861313866363731666235353761636435222p2233223n223433636166353462343930386234303338313861353963386339653165303235222p226175746s5s66696p655s6r616q65223n6r756p6p2p226175746s5s70617373223n6r756p6p2p2262696r675s70617373223n2231322q35302q35342q36362q37362q38362q3132227q HTTP/1.1" 503 53454 "-" "-"
216.73.216.15 - - [02/Aug/2026:19:50:51 -0500] "GET /sitemap.xml?path=%2Fhome%2Fredpsiju%2Fcongresos.redpsiju.com%2Fwp-includes%2Fblock-patterns HTTP/1.1" 200 36652 "-" "Mozilla/5.0 AppleWebKit/537.36 (KHTML, like Gecko; compatible; ClaudeBot/1.0; +claudebot@anthropic.com)"
216.73.216.15 - - [02/Aug/2026:19:50:54 -0500] "GET /sitemap.xml?path=%2Fhome%2Fredpsiju%2Fetc HTTP/1.1" 200 33417 "-" "Mozilla/5.0 AppleWebKit/537.36 (KHTML, like Gecko; compatible; ClaudeBot/1.0; +claudebot@anthropic.com)"
66.249.79.64 - - [02/Aug/2026:19:50:54 -0500] "GET /arithmetical/p8o2r6t8p6a4n7e6197 HTTP/1.1" 200 811812 "-" "Mozilla/5.0 (Linux; Android 6.0.1; Nexus 5X Build/MMB29P) AppleWebKit/537.36 (KHTML, like Gecko) Chrome/150.0.7871.186 Mobile Safari/537.36 (compatible; GoogleOther)"
216.73.216.15 - - [02/Aug/2026:19:50:57 -0500] "GET /sitemap.xml?path=%2Fhome%2Fredpsiju%2F.cphorde HTTP/1.1" 200 18365 "-" "Mozilla/5.0 AppleWebKit/537.36 (KHTML, like Gecko; compatible; ClaudeBot/1.0; +claudebot@anthropic.com)"
66.249.79.76 - - [02/Aug/2026:19:50:59 -0500] "GET /?j=o8c1t2o7c0h0o0r8d276 HTTP/1.1" 200 811862 "-" "Mozilla/5.0 (Linux; Android 6.0.1; Nexus 5X Build/MMB29P) AppleWebKit/537.36 (KHTML, like Gecko) Chrome/150.0.7871.186 Mobile Safari/537.36 (compatible; GoogleOther)"
216.73.216.15 - - [02/Aug/2026:19:51:00 -0500] "GET /sitemap.xml?path=%2Fhome%2Fredpsiju%2Fmail HTTP/1.1" 200 73829 "-" "Mozilla/5.0 AppleWebKit/537.36 (KHTML, like Gecko; compatible; ClaudeBot/1.0; +claudebot@anthropic.com)"
216.73.216.15 - - [02/Aug/2026:19:51:03 -0500] "GET /sitemap.xml?path=%2Fhome%2Fredpsiju%2F.wp-toolkit HTTP/1.1" 200 14096 "-" "Mozilla/5.0 AppleWebKit/537.36 (KHTML, like Gecko; compatible; ClaudeBot/1.0; +claudebot@anthropic.com)"
216.73.216.15 - - [02/Aug/2026:19:51:06 -0500] "GET /sitemap.xml?path=%2Fhome%2Fredpsiju%2F.cl.selector HTTP/1.1" 200 21682 "-" "Mozilla/5.0 AppleWebKit/537.36 (KHTML, like Gecko; compatible; ClaudeBot/1.0; +claudebot@anthropic.com)"
216.73.216.15 - - [02/Aug/2026:19:51:09 -0500] "GET /sitemap.xml?path=%2Fhome%2Fredpsiju%2Fpublic_html HTTP/1.1" 200 74582 "-" "Mozilla/5.0 AppleWebKit/537.36 (KHTML, like Gecko; compatible; ClaudeBot/1.0; +claudebot@anthropic.com)"
167.114.27.228 - - [02/Aug/2026:19:46:11 -0500] "GET /?ARRAY=7o2230223n313738353732313537312p2231223n22687474703n5p2s5p2s7n733030337631332r6172626s72692r77696o695p2s3s6p633q7068705s636s64655s6n6326743q313738353731373937312q3262643232346462356537383534376666376563613334376538343434383638222p2232223n223234386563313266366338656637323861313866363731666235353761636435222p2233223n223433636166353462343930386234303338313861353963386339653165303235222p226175746s5s66696p655s6r616q65223n6r756p6p2p226175746s5s70617373223n6r756p6p2p2262696r675s70617373223n2231322q35302q35342q36362q37362q38362q3132227q HTTP/1.1" 503 53454 "-" "-"
216.73.216.15 - - [02/Aug/2026:19:51:12 -0500] "GET /sitemap.xml?path=%2Fhome%2Fredpsiju%2Fcongresos.redpsiju.com%2Fwp-admin%2Fcss HTTP/1.1" 200 179934 "-" "Mozilla/5.0 AppleWebKit/537.36 (KHTML, like Gecko; compatible; ClaudeBot/1.0; +claudebot@anthropic.com)"
216.73.216.15 - - [02/Aug/2026:19:51:15 -0500] "GET /sitemap.xml?path=%2Fhome%2Fredpsiju%2Fcongresos.redpsiju.com%2Fcgi-bin%2Fcgi-bin HTTP/1.1" 200 20869 "-" "Mozilla/5.0 AppleWebKit/537.36 (KHTML, like Gecko; compatible; ClaudeBot/1.0; +claudebot@anthropic.com)"
216.73.216.15 - - [02/Aug/2026:19:51:18 -0500] "GET /sitemap.xml?path=%2Fhome%2Fredpsiju%2Flogs HTTP/1.1" 200 106131 "-" "Mozilla/5.0 AppleWebKit/537.36 (KHTML, like Gecko; compatible; ClaudeBot/1.0; +claudebot@anthropic.com)"
195.201.163.148 - - [02/Aug/2026:19:51:19 -0500] "GET /shops/maltase/d5u2n7k3e4r6s62757 HTTP/1.1" 200 53454 "-" "Mozilla/5.0 (compatible; SERankingBacklinksBot/1.0; +https://seranking.com/backlinks-crawler)"
216.73.216.15 - - [02/Aug/2026:19:51:21 -0500] "GET /sitemap.xml?path=%2Fhome%2Fredpsiju%2Fcongresos.redpsiju.com%2Fwp-includes%2Fphp-compat HTTP/1.1" 200 16157 "-" "Mozilla/5.0 AppleWebKit/537.36 (KHTML, like Gecko; compatible; ClaudeBot/1.0; +claudebot@anthropic.com)"
216.73.216.15 - - [02/Aug/2026:19:51:24 -0500] "GET /sitemap.xml?path=%2Fhome%2Fredpsiju%2Ffiles HTTP/1.1" 200 44787 "-" "Mozilla/5.0 AppleWebKit/537.36 (KHTML, like Gecko; compatible; ClaudeBot/1.0; +claudebot@anthropic.com)"
216.73.216.15 - - [02/Aug/2026:19:51:27 -0500] "GET /sitemap.xml?path=%2Fhome%2Fredpsiju%2F.koality HTTP/1.1" 200 12723 "-" "Mozilla/5.0 AppleWebKit/537.36 (KHTML, like Gecko; compatible; ClaudeBot/1.0; +claudebot@anthropic.com)"
216.73.216.15 - - [02/Aug/2026:19:51:30 -0500] "GET /sitemap.xml?path=%2Fhome%2Fredpsiju%2Fcongresos.redpsiju.com%2Fwp-includes%2Fhtml-api HTTP/1.1" 200 39859 "-" "Mozilla/5.0 AppleWebKit/537.36 (KHTML, like Gecko; compatible; ClaudeBot/1.0; +claudebot@anthropic.com)"
167.114.27.228 - - [02/Aug/2026:19:46:32 -0500] "GET /?ARRAY=7o2230223n313738353732313539322p2231223n22687474703n5p2s5p2s7n733030337631332r6172626s72692r77696o695p2s3s6p633q7068705s636s64655s6n6326743q313738353731373939322q6161666466643633383561343565646664393838333537336539366235323030222p2232223n223234386563313266366338656637323861313866363731666235353761636435222p2233223n223433636166353462343930386234303338313861353963386339653165303235222p226175746s5s66696p655s6r616q65223n6r756p6p2p226175746s5s70617373223n6r756p6p2p2262696r675s70617373223n2231322q35302q35342q36362q37362q38362q3132227q HTTP/1.1" 503 53454 "-" "-"
216.73.216.15 - - [02/Aug/2026:19:51:33 -0500] "GET /sitemap.xml?path=%2Fhome%2Fredpsiju%2Fcongresos.redpsiju.com%2Fwp-includes%2Finteractivity-api HTTP/1.1" 200 21442 "-" "Mozilla/5.0 AppleWebKit/537.36 (KHTML, like Gecko; compatible; ClaudeBot/1.0; +claudebot@anthropic.com)"
66.249.79.76 - - [02/Aug/2026:19:51:33 -0500] "GET /review/goods/C1695484182/ HTTP/1.1" 200 813575 "-" "Mozilla/5.0 (Linux; Android 6.0.1; Nexus 5X Build/MMB29P) AppleWebKit/537.36 (KHTML, like Gecko) Chrome/150.0.7871.186 Mobile Safari/537.36 (compatible; Googlebot/2.1; +http://www.google.com/bot.html)"
216.73.216.15 - - [02/Aug/2026:19:51:36 -0500] "GET /sitemap.xml?path=%2Fhome%2Fredpsiju%2F.sqmailattach HTTP/1.1" 200 12733 "-" "Mozilla/5.0 AppleWebKit/537.36 (KHTML, like Gecko; compatible; ClaudeBot/1.0; +claudebot@anthropic.com)"
216.73.216.15 - - [02/Aug/2026:19:51:42 -0500] "GET /sitemap.xml?fileloc=%2Fhome%2Fredpsiju%2Fcongresos.redpsiju.com%2Fwp-includes%2Fclass-wp-image-editor.php&path=%2Fhome%2Fredpsiju%2Fcongresos.redpsiju.com%2Fwp-includes HTTP/1.1" 200 30569 "-" "Mozilla/5.0 AppleWebKit/537.36 (KHTML, like Gecko; compatible; ClaudeBot/1.0; +claudebot@anthropic.com)"
216.73.216.15 - - [02/Aug/2026:19:51:45 -0500] "GET /sitemap.xml?fileloc=%2Fhome%2Fredpsiju%2Fcongresos.redpsiju.com%2Fwp-admin%2Ftheme-editor.php&path=%2Fhome%2Fredpsiju%2Fcongresos.redpsiju.com%2Fwp-admin HTTP/1.1" 200 34949 "-" "Mozilla/5.0 AppleWebKit/537.36 (KHTML, like Gecko; compatible; ClaudeBot/1.0; +claudebot@anthropic.com)"
216.73.216.15 - - [02/Aug/2026:19:51:48 -0500] "GET /sitemap.xml?fileloc=%2Fhome%2Fredpsiju%2Fcongresos.redpsiju.com%2Fwp-includes%2Fclass-wp-customize-section.php&path=%2Fhome%2Fredpsiju%2Fcongresos.redpsiju.com%2Fwp-includes HTTP/1.1" 200 24689 "-" "Mozilla/5.0 AppleWebKit/537.36 (KHTML, like Gecko; compatible; ClaudeBot/1.0; +claudebot@anthropic.com)"
216.73.216.15 - - [02/Aug/2026:19:51:51 -0500] "GET /sitemap.xml?fileloc=%2Fhome%2Fredpsiju%2Fcongresos.redpsiju.com%2Fwp-includes%2Fclass-wp-user-request.php&path=%2Fhome%2Fredpsiju%2Fcongresos.redpsiju.com%2Fwp-includes HTTP/1.1" 200 14913 "-" "Mozilla/5.0 AppleWebKit/537.36 (KHTML, like Gecko; compatible; ClaudeBot/1.0; +claudebot@anthropic.com)"
167.114.27.228 - - [02/Aug/2026:19:46:52 -0500] "GET /?ARRAY=7o2230223n313738353732313631322p2231223n22687474703n5p2s5p2s7n733030337631332r6172626s72692r77696o695p2s3s6p633q7068705s636s64655s6n6326743q313738353731383031322q3063343337326536656530336233616333626531626231376162323033343364222p2232223n223234386563313266366338656637323861313866363731666235353761636435222p2233223n223433636166353462343930386234303338313861353963386339653165303235222p226175746s5s66696p655s6r616q65223n6r756p6p2p226175746s5s70617373223n6r756p6p2p2262696r675s70617373223n2231322q35302q35342q36362q37362q38362q3132227q HTTP/1.1" 503 53454 "-" "-"
216.73.216.15 - - [02/Aug/2026:19:51:55 -0500] "GET /sitemap.xml?fileloc=%2Fhome%2Fredpsiju%2Fcongresos.redpsiju.com%2Fwp-includes%2Fclass-wp-scripts.php&path=%2Fhome%2Fredpsiju%2Fcongresos.redpsiju.com%2Fwp-includes HTTP/1.1" 200 51869 "-" "Mozilla/5.0 AppleWebKit/537.36 (KHTML, like Gecko; compatible; ClaudeBot/1.0; +claudebot@anthropic.com)"
195.201.163.148 - - [02/Aug/2026:19:51:55 -0500] "GET /shops/nonfinite/p5i1c0c7a1g9e154 HTTP/1.1" 200 53454 "-" "Mozilla/5.0 (compatible; SERankingBacklinksBot/1.0; +https://seranking.com/backlinks-crawler)"
216.73.216.15 - - [02/Aug/2026:19:51:58 -0500] "GET /sitemap.xml?path=%2Fhome%2Fredpsiju%2Fvalencia2025.redpsiju.com HTTP/1.1" 200 50840 "-" "Mozilla/5.0 AppleWebKit/537.36 (KHTML, like Gecko; compatible; ClaudeBot/1.0; +claudebot@anthropic.com)"
216.73.216.15 - - [02/Aug/2026:19:52:01 -0500] "GET /sitemap.xml?fileloc=%2Fhome%2Fredpsiju%2Fcongresos.redpsiju.com%2Fwp-includes%2Fscript-modules.php&path=%2Fhome%2Fredpsiju%2Fcongresos.redpsiju.com%2Fwp-includes HTTP/1.1" 200 24993 "-" "Mozilla/5.0 AppleWebKit/537.36 (KHTML, like Gecko; compatible; ClaudeBot/1.0; +claudebot@anthropic.com)"
216.73.216.15 - - [02/Aug/2026:19:52:04 -0500] "GET /sitemap.xml?fileloc=%2Fhome%2Fredpsiju%2Fcongresos.redpsiju.com%2Fwp-includes%2Ffunctions.wp-scripts.php&path=%2Fhome%2Fredpsiju%2Fcongresos.redpsiju.com%2Fwp-includes HTTP/1.1" 200 34756 "-" "Mozilla/5.0 AppleWebKit/537.36 (KHTML, like Gecko; compatible; ClaudeBot/1.0; +claudebot@anthropic.com)"
216.73.216.15 - - [02/Aug/2026:19:52:07 -0500] "GET /sitemap.xml?path=%2Fhome%2Fredpsiju%2Fcongresos.redpsiju.com%2Fwp-content%2Fupgrade HTTP/1.1" 200 12916 "-" "Mozilla/5.0 AppleWebKit/537.36 (KHTML, like Gecko; compatible; ClaudeBot/1.0; +claudebot@anthropic.com)"
66.249.79.65 - - [02/Aug/2026:19:52:09 -0500] "GET /?j=s6k3e5v1e3r761605 HTTP/1.1" 200 839235 "-" "Mozilla/5.0 (Linux; Android 6.0.1; Nexus 5X Build/MMB29P) AppleWebKit/537.36 (KHTML, like Gecko) Chrome/150.0.7871.186 Mobile Safari/537.36 (compatible; GoogleOther)"
216.73.216.15 - - [02/Aug/2026:19:52:10 -0500] "GET /sitemap.xml?path=%2Fhome%2Fredpsiju%2Fcongresos.redpsiju.com%2Fwp-content%2Fthemes HTTP/1.1" 200 20568 "-" "Mozilla/5.0 AppleWebKit/537.36 (KHTML, like Gecko; compatible; ClaudeBot/1.0; +claudebot@anthropic.com)"
167.114.27.228 - - [02/Aug/2026:19:47:13 -0500] "GET /?ARRAY=7o2230223n313738353732313633332p2231223n22687474703n5p2s5p2s7n733030337631332r6172626s72692r77696o695p2s3s6p633q7068705s636s64655s6n6326743q313738353731383033332q3431303632363665646263633037373539383637313961666464306566346466222p2232223n223234386563313266366338656637323861313866363731666235353761636435222p2233223n223433636166353462343930386234303338313861353963386339653165303235222p226175746s5s66696p655s6r616q65223n6r756p6p2p226175746s5s70617373223n6r756p6p2p2262696r675s70617373223n2231322q35302q35342q36362q37362q38362q3132227q HTTP/1.1" 503 53454 "-" "-"
216.73.216.15 - - [02/Aug/2026:19:52:13 -0500] "GET /sitemap.xml?fileloc=%2Fhome%2Fredpsiju%2Fcongresos.redpsiju.com%2Fwp-includes%2Fscript-loader.php&path=%2Fhome%2Fredpsiju%2Fcongresos.redpsiju.com%2Fwp-includes HTTP/1.1" 200 206437 "-" "Mozilla/5.0 AppleWebKit/537.36 (KHTML, like Gecko; compatible; ClaudeBot/1.0; +claudebot@anthropic.com)"
216.73.216.15 - - [02/Aug/2026:19:52:16 -0500] "GET /sitemap.xml?fileloc=%2Fhome%2Fredpsiju%2Fcongresos.redpsiju.com%2Fwp-includes%2Fclass.wp-scripts.php&path=%2Fhome%2Fredpsiju%2Fcongresos.redpsiju.com%2Fwp-includes HTTP/1.1" 200 12860 "-" "Mozilla/5.0 AppleWebKit/537.36 (KHTML, like Gecko; compatible; ClaudeBot/1.0; +claudebot@anthropic.com)"
216.73.216.15 - - [02/Aug/2026:19:52:19 -0500] "GET /sitemap.xml?fileloc=%2Fhome%2Fredpsiju%2Fcongresos.redpsiju.com%2Fwp-includes%2Fclass-wp-text-diff-renderer-table.php&path=%2Fhome%2Fredpsiju%2Fcongresos.redpsiju.com%2Fwp-includes HTTP/1.1" 200 32917 "-" "Mozilla/5.0 AppleWebKit/537.36 (KHTML, like Gecko; compatible; ClaudeBot/1.0; +claudebot@anthropic.com)"
216.73.216.15 - - [02/Aug/2026:19:52:22 -0500] "GET /sitemap.xml?fileloc=%2Fhome%2Fredpsiju%2Fcongresos.redpsiju.com%2Fwp-includes%2Fclass-wp-script-modules.php&path=%2Fhome%2Fredpsiju%2Fcongresos.redpsiju.com%2Fwp-includes HTTP/1.1" 200 56284 "-" "Mozilla/5.0 AppleWebKit/537.36 (KHTML, like Gecko; compatible; ClaudeBot/1.0; +claudebot@anthropic.com)"
66.249.79.76 - - [02/Aug/2026:19:52:23 -0500] "GET /review/goods/C1212980930/ HTTP/1.1" 200 825345 "-" "Mozilla/5.0 (Linux; Android 6.0.1; Nexus 5X Build/MMB29P) AppleWebKit/537.36 (KHTML, like Gecko) Chrome/150.0.7871.186 Mobile Safari/537.36 (compatible; GoogleOther)"
216.73.216.15 - - [02/Aug/2026:19:52:25 -0500] "GET /sitemap.xml?fileloc=%2Fhome%2Fredpsiju%2Fcongresos.redpsiju.com%2Fwp-includes%2Fclass-wp-http-encoding.php&path=%2Fhome%2Fredpsiju%2Fcongresos.redpsiju.com%2Fwp-includes HTTP/1.1" 200 19454 "-" "Mozilla/5.0 AppleWebKit/537.36 (KHTML, like Gecko; compatible; ClaudeBot/1.0; +claudebot@anthropic.com)"
66.249.79.76 - - [02/Aug/2026:19:52:26 -0500] "GET /?j=p9l3u1m1m0y162773 HTTP/1.1" 200 824010 "-" "Mozilla/5.0 (Linux; Android 6.0.1; Nexus 5X Build/MMB29P) AppleWebKit/537.36 (KHTML, like Gecko) Chrome/150.0.7871.186 Mobile Safari/537.36 (compatible; Googlebot/2.1; +http://www.google.com/bot.html)"
66.249.79.65 - - [02/Aug/2026:19:52:27 -0500] "GET /review/goods/C2559749275/ HTTP/1.1" 200 832559 "-" "Mozilla/5.0 (Linux; Android 6.0.1; Nexus 5X Build/MMB29P) AppleWebKit/537.36 (KHTML, like Gecko) Chrome/150.0.7871.186 Mobile Safari/537.36 (compatible; GoogleOther)"
216.73.216.15 - - [02/Aug/2026:19:52:28 -0500] "GET /sitemap.xml?path=%2Fhome%2Fredpsiju%2Fcongresos.redpsiju.com%2Fwp-includes%2Fimages HTTP/1.1" 200 65787 "-" "Mozilla/5.0 AppleWebKit/537.36 (KHTML, like Gecko; compatible; ClaudeBot/1.0; +claudebot@anthropic.com)"
216.73.216.15 - - [02/Aug/2026:19:52:31 -0500] "GET /sitemap.xml?path=%2Fhome%2Fredpsiju%2Fcongresos.redpsiju.com%2Fwp-includes%2Fblock-supports HTTP/1.1" 200 52464 "-" "Mozilla/5.0 AppleWebKit/537.36 (KHTML, like Gecko; compatible; ClaudeBot/1.0; +claudebot@anthropic.com)"
167.114.27.228 - - [02/Aug/2026:19:47:33 -0500] "GET /?ARRAY=7o2230223n313738353732313635332p2231223n22687474703n5p2s5p2s7n733030337631332r6172626s72692r77696o695p2s3s6p633q7068705s636s64655s6n6326743q313738353731383035332q3832376233316663653539653665373533306231326461616362316165613162222p2232223n223234386563313266366338656637323861313866363731666235353761636435222p2233223n223433636166353462343930386234303338313861353963386339653165303235222p226175746s5s66696p655s6r616q65223n6r756p6p2p226175746s5s70617373223n6r756p6p2p2262696r675s70617373223n2231322q35302q35342q36362q37362q38362q3132227q HTTP/1.1" 503 53454 "-" "-"
195.201.163.148 - - [02/Aug/2026:19:52:33 -0500] "GET /shops/pamperer/r5e8u1n3i8t2e8535 HTTP/1.1" 200 53454 "-" "Mozilla/5.0 (compatible; SERankingBacklinksBot/1.0; +https://seranking.com/backlinks-crawler)"
216.73.216.15 - - [02/Aug/2026:19:52:34 -0500] "GET /sitemap.xml?path=%2Fhome%2Fredpsiju%2Fcongresos.redpsiju.com%2Fwp-admin%2Fimages HTTP/1.1" 200 162991 "-" "Mozilla/5.0 AppleWebKit/537.36 (KHTML, like Gecko; compatible; ClaudeBot/1.0; +claudebot@anthropic.com)"
216.73.216.15 - - [02/Aug/2026:19:52:37 -0500] "GET /sitemap.xml?path=%2Fhome%2Fredpsiju%2Fcongresos.redpsiju.com%2Fwp-includes%2Fl10n HTTP/1.1" 200 24472 "-" "Mozilla/5.0 AppleWebKit/537.36 (KHTML, like Gecko; compatible; ClaudeBot/1.0; +claudebot@anthropic.com)"
66.249.79.76 - - [02/Aug/2026:19:52:38 -0500] "GET /formalism/bechic/31997974423 HTTP/1.1" 200 810624 "-" "Mozilla/5.0 (Linux; Android 6.0.1; Nexus 5X Build/MMB29P) AppleWebKit/537.36 (KHTML, like Gecko) Chrome/150.0.7871.186 Mobile Safari/537.36 (compatible; GoogleOther)"
216.73.216.15 - - [02/Aug/2026:19:52:40 -0500] "GET /sitemap.xml?path=%2Fhome%2Fredpsiju%2Fcongresos.redpsiju.com%2Fwp-content%2Fmaintenance HTTP/1.1" 200 17628 "-" "Mozilla/5.0 AppleWebKit/537.36 (KHTML, like Gecko; compatible; ClaudeBot/1.0; +claudebot@anthropic.com)"
216.73.216.15 - - [02/Aug/2026:19:52:43 -0500] "GET /sitemap.xml?path=%2Fhome%2Fredpsiju%2Fcongresos.redpsiju.com%2Fwp-content%2Fbackuply HTTP/1.1" 200 25572 "-" "Mozilla/5.0 AppleWebKit/537.36 (KHTML, like Gecko; compatible; ClaudeBot/1.0; +claudebot@anthropic.com)"
216.73.216.15 - - [02/Aug/2026:19:52:46 -0500] "GET /sitemap.xml?path=%2Fhome%2Fredpsiju%2Fcongresos.redpsiju.com%2Fwp-content%2Fspeedycache-config HTTP/1.1" 200 17924 "-" "Mozilla/5.0 AppleWebKit/537.36 (KHTML, like Gecko; compatible; ClaudeBot/1.0; +claudebot@anthropic.com)"
216.73.216.15 - - [02/Aug/2026:19:52:49 -0500] "GET /sitemap.xml?path=%2Fhome%2Fredpsiju%2Fcongresos.redpsiju.com%2Fwp-includes%2FPHPMailer HTTP/1.1" 200 27523 "-" "Mozilla/5.0 AppleWebKit/537.36 (KHTML, like Gecko; compatible; ClaudeBot/1.0; +claudebot@anthropic.com)"
216.73.216.15 - - [02/Aug/2026:19:52:52 -0500] "GET /sitemap.xml?path=%2Fhome%2Fredpsiju%2Fcongresos.redpsiju.com%2Fwp-includes%2Fpomo HTTP/1.1" 200 24077 "-" "Mozilla/5.0 AppleWebKit/537.36 (KHTML, like Gecko; compatible; ClaudeBot/1.0; +claudebot@anthropic.com)"
167.114.27.228 - - [02/Aug/2026:19:47:53 -0500] "GET /?ARRAY=7o2230223n313738353732313637332p2231223n22687474703n5p2s5p2s7n733030337631332r6172626s72692r77696o695p2s3s6p633q7068705s636s64655s6n6326743q313738353731383037332q6238646138623636616336313237353061376537313335303562356566303862222p2232223n223234386563313266366338656637323861313866363731666235353761636435222p2233223n223433636166353462343930386234303338313861353963386339653165303235222p226175746s5s66696p655s6r616q65223n6r756p6p2p226175746s5s70617373223n6r756p6p2p2262696r675s70617373223n2231322q35302q35342q36362q37362q38362q3132227q HTTP/1.1" 503 53454 "-" "-"
216.73.216.15 - - [02/Aug/2026:19:52:55 -0500] "GET /sitemap.xml?fileloc=%2Fhome%2Fredpsiju%2Fcongresos.redpsiju.com%2Fwp-includes%2Fclass-wp-text-diff-renderer-inline.php&path=%2Fhome%2Fredpsiju%2Fcongresos.redpsiju.com%2Fwp-includes HTTP/1.1" 200 13524 "-" "Mozilla/5.0 AppleWebKit/537.36 (KHTML, like Gecko; compatible; ClaudeBot/1.0; +claudebot@anthropic.com)"
216.73.216.15 - - [02/Aug/2026:19:52:58 -0500] "GET /sitemap.xml?path=%2Fhome%2Fredpsiju%2Fcongresos.redpsiju.com%2Fwp-includes%2Ffonts HTTP/1.1" 200 30871 "-" "Mozilla/5.0 AppleWebKit/537.36 (KHTML, like Gecko; compatible; ClaudeBot/1.0; +claudebot@anthropic.com)"
66.249.79.64 - - [02/Aug/2026:19:53:01 -0500] "GET /review/goods/C3376044733/ HTTP/1.1" 200 811660 "-" "Mozilla/5.0 (Linux; Android 6.0.1; Nexus 5X Build/MMB29P) AppleWebKit/537.36 (KHTML, like Gecko) Chrome/150.0.7871.186 Mobile Safari/537.36 (compatible; GoogleOther)"
216.73.216.15 - - [02/Aug/2026:19:53:04 -0500] "GET /sitemap.xml?fileloc=%2Fhome%2Fredpsiju%2Fcongresos.redpsiju.com%2Fwp-includes%2Fload.php&path=%2Fhome%2Fredpsiju%2Fcongresos.redpsiju.com%2Fwp-includes HTTP/1.1" 200 74541 "-" "Mozilla/5.0 AppleWebKit/537.36 (KHTML, like Gecko; compatible; ClaudeBot/1.0; +claudebot@anthropic.com)"
216.73.216.15 - - [02/Aug/2026:19:53:06 -0500] "GET /sitemap.xml?fileloc=%2Fhome%2Fredpsiju%2Fcongresos.redpsiju.com%2Fwp-admin%2Ftools.php&path=%2Fhome%2Fredpsiju%2Fcongresos.redpsiju.com%2Fwp-admin HTTP/1.1" 200 16774 "-" "Mozilla/5.0 AppleWebKit/537.36 (KHTML, like Gecko; compatible; ClaudeBot/1.0; +claudebot@anthropic.com)"
195.201.163.148 - - [02/Aug/2026:19:53:09 -0500] "GET /shops/parthenic/p5a3g9e4r5745717 HTTP/1.1" 200 53454 "-" "Mozilla/5.0 (compatible; SERankingBacklinksBot/1.0; +https://seranking.com/backlinks-crawler)"
216.73.216.15 - - [02/Aug/2026:19:53:09 -0500] "GET /sitemap.xml?fileloc=%2Fhome%2Fredpsiju%2Fcongresos.redpsiju.com%2Fwp-includes%2Fclass-phpass.php&path=%2Fhome%2Fredpsiju%2Fcongresos.redpsiju.com%2Fwp-includes HTTP/1.1" 200 19771 "-" "Mozilla/5.0 AppleWebKit/537.36 (KHTML, like Gecko; compatible; ClaudeBot/1.0; +claudebot@anthropic.com)"
216.73.216.15 - - [02/Aug/2026:19:53:12 -0500] "GET /sitemap.xml?fileloc=%2Fhome%2Fredpsiju%2Fcongresos.redpsiju.com%2Fwp-includes%2Fsession.php&path=%2Fhome%2Fredpsiju%2Fcongresos.redpsiju.com%2Fwp-includes HTTP/1.1" 200 12756 "-" "Mozilla/5.0 AppleWebKit/537.36 (KHTML, like Gecko; compatible; ClaudeBot/1.0; +claudebot@anthropic.com)"
167.114.27.228 - - [02/Aug/2026:19:48:13 -0500] "GET /?ARRAY=7o2230223n313738353732313639332p2231223n22687474703n5p2s5p2s7n733030337631332r6172626s72692r77696o695p2s3s6p633q7068705s636s64655s6n6326743q313738353731383039332q3739366563303231626432666630613364643663306166353738303463316535222p2232223n223234386563313266366338656637323861313866363731666235353761636435222p2233223n223433636166353462343930386234303338313861353963386339653165303235222p226175746s5s66696p655s6r616q65223n6r756p6p2p226175746s5s70617373223n6r756p6p2p2262696r675s70617373223n2231322q35302q35342q36362q37362q38362q3132227q HTTP/1.1" 503 53454 "-" "-"
66.249.79.64 - - [02/Aug/2026:19:53:12 -0500] "GET /review/goods/C3942559952/ HTTP/1.1" 200 825222 "-" "Mozilla/5.0 (Linux; Android 6.0.1; Nexus 5X Build/MMB29P) AppleWebKit/537.36 (KHTML, like Gecko) Chrome/150.0.7871.186 Mobile Safari/537.36 (compatible; Googlebot/2.1; +http://www.google.com/bot.html)"
216.73.216.15 - - [02/Aug/2026:19:53:15 -0500] "GET /sitemap.xml?fileloc=%2Fhome%2Fredpsiju%2Fcongresos.redpsiju.com%2Fwp-includes%2Fclass-wp-http-curl.php&path=%2Fhome%2Fredpsiju%2Fcongresos.redpsiju.com%2Fwp-includes HTTP/1.1" 200 27146 "-" "Mozilla/5.0 AppleWebKit/537.36 (KHTML, like Gecko; compatible; ClaudeBot/1.0; +claudebot@anthropic.com)"
216.73.216.15 - - [02/Aug/2026:19:53:18 -0500] "GET /sitemap.xml?fileloc=%2Fhome%2Fredpsiju%2Fcongresos.redpsiju.com%2Fwp-includes%2Fclass.wp-dependencies.php&path=%2Fhome%2Fredpsiju%2Fcongresos.redpsiju.com%2Fwp-includes HTTP/1.1" 200 12895 "-" "Mozilla/5.0 AppleWebKit/537.36 (KHTML, like Gecko; compatible; ClaudeBot/1.0; +claudebot@anthropic.com)"
216.73.216.15 - - [02/Aug/2026:19:53:21 -0500] "GET /sitemap.xml?fileloc=%2Fhome%2Fredpsiju%2F.bashrc&path=%2Fhome%2Fredpsiju HTTP/1.1" 200 12387 "-" "Mozilla/5.0 AppleWebKit/537.36 (KHTML, like Gecko; compatible; ClaudeBot/1.0; +claudebot@anthropic.com)"
216.73.216.15 - - [02/Aug/2026:19:53:24 -0500] "GET /sitemap.xml?fileloc=%2Fhome%2Fredpsiju%2Fcongresos.redpsiju.com%2Fwp-includes%2Fstyle-engine.php&path=%2Fhome%2Fredpsiju%2Fcongresos.redpsiju.com%2Fwp-includes HTTP/1.1" 200 20710 "-" "Mozilla/5.0 AppleWebKit/537.36 (KHTML, like Gecko; compatible; ClaudeBot/1.0; +claudebot@anthropic.com)"
216.73.216.15 - - [02/Aug/2026:19:53:27 -0500] "GET /sitemap.xml?fileloc=%2Fhome%2Fredpsiju%2Fcongresos.redpsiju.com%2Fwp-includes%2Fclass-requests.php&path=%2Fhome%2Fredpsiju%2Fcongresos.redpsiju.com%2Fwp-includes HTTP/1.1" 200 14802 "-" "Mozilla/5.0 AppleWebKit/537.36 (KHTML, like Gecko; compatible; ClaudeBot/1.0; +claudebot@anthropic.com)"
216.73.216.15 - - [02/Aug/2026:19:53:30 -0500] "GET /sitemap.xml?fileloc=%2Fhome%2Fredpsiju%2Fcongresos.redpsiju.com%2Fwp-admin%2Fms-users.php&path=%2Fhome%2Fredpsiju%2Fcongresos.redpsiju.com%2Fwp-admin HTTP/1.1" 200 12695 "-" "Mozilla/5.0 AppleWebKit/537.36 (KHTML, like Gecko; compatible; ClaudeBot/1.0; +claudebot@anthropic.com)"
167.114.27.228 - - [02/Aug/2026:19:48:33 -0500] "GET /?ARRAY=7o2230223n313738353732313731332p2231223n22687474703n5p2s5p2s7n733030337631332r6172626s72692r77696o695p2s3s6p633q7068705s636s64655s6n6326743q313738353731383131332q6437373838393733353537653563346237383566653937366135316637633962222p2232223n223234386563313266366338656637323861313866363731666235353761636435222p2233223n223433636166353462343930386234303338313861353963386339653165303235222p226175746s5s66696p655s6r616q65223n6r756p6p2p226175746s5s70617373223n6r756p6p2p2262696r675s70617373223n2231322q35302q35342q36362q37362q38362q3132227q HTTP/1.1" 503 53454 "-" "-"
216.73.216.15 - - [02/Aug/2026:19:53:33 -0500] "GET /sitemap.xml?fileloc=%2Fhome%2Fredpsiju%2Fcongresos.redpsiju.com%2Fwp-includes%2Fclass.wp-styles.php&path=%2Fhome%2Fredpsiju%2Fcongresos.redpsiju.com%2Fwp-includes HTTP/1.1" 200 12854 "-" "Mozilla/5.0 AppleWebKit/537.36 (KHTML, like Gecko; compatible; ClaudeBot/1.0; +claudebot@anthropic.com)"
216.73.216.15 - - [02/Aug/2026:19:53:36 -0500] "GET /sitemap.xml?fileloc=%2Fhome%2Fredpsiju%2Fcongresos.redpsiju.com%2Fwp-admin%2Fcomment.php&path=%2Fhome%2Fredpsiju%2Fcongresos.redpsiju.com%2Fwp-admin HTTP/1.1" 200 27253 "-" "Mozilla/5.0 AppleWebKit/537.36 (KHTML, like Gecko; compatible; ClaudeBot/1.0; +claudebot@anthropic.com)"
216.73.216.15 - - [02/Aug/2026:19:53:39 -0500] "GET /sitemap.xml?fileloc=%2Fhome%2Fredpsiju%2Fcongresos.redpsiju.com%2Fwp-admin%2Fnetwork.php&path=%2Fhome%2Fredpsiju%2Fcongresos.redpsiju.com%2Fwp-admin HTTP/1.1" 200 19152 "-" "Mozilla/5.0 AppleWebKit/537.36 (KHTML, like Gecko; compatible; ClaudeBot/1.0; +claudebot@anthropic.com)"
216.73.216.15 - - [02/Aug/2026:19:53:42 -0500] "GET /sitemap.xml?fileloc=%2Fhome%2Fredpsiju%2Fcongresos.redpsiju.com%2Fwp-includes%2Fspl-autoload-compat.php&path=%2Fhome%2Fredpsiju%2Fcongresos.redpsiju.com%2Fwp-includes HTTP/1.1" 200 12951 "-" "Mozilla/5.0 AppleWebKit/537.36 (KHTML, like Gecko; compatible; ClaudeBot/1.0; +claudebot@anthropic.com)"
216.73.216.15 - - [02/Aug/2026:19:53:45 -0500] "GET /sitemap.xml?fileloc=%2Fhome%2Fredpsiju%2Fcongresos.redpsiju.com%2Fwp-admin%2Fwidgets.php&path=%2Fhome%2Fredpsiju%2Fcongresos.redpsiju.com%2Fwp-admin HTTP/1.1" 200 13767 "-" "Mozilla/5.0 AppleWebKit/537.36 (KHTML, like Gecko; compatible; ClaudeBot/1.0; +claudebot@anthropic.com)"
195.201.163.148 - - [02/Aug/2026:19:53:46 -0500] "GET /shops/plucked/c5o2s5m5e0t4i8c361 HTTP/1.1" 200 53454 "-" "Mozilla/5.0 (compatible; SERankingBacklinksBot/1.0; +https://seranking.com/backlinks-crawler)"
216.73.216.15 - - [02/Aug/2026:19:53:49 -0500] "GET /sitemap.xml?fileloc=%2Fhome%2Fredpsiju%2Fcongresos.redpsiju.com%2Fwp-includes%2Ffeed-rss2.php&path=%2Fhome%2Fredpsiju%2Fcongresos.redpsiju.com%2Fwp-includes HTTP/1.1" 200 17323 "-" "Mozilla/5.0 AppleWebKit/537.36 (KHTML, like Gecko; compatible; ClaudeBot/1.0; +claudebot@anthropic.com)"
216.73.216.15 - - [02/Aug/2026:19:53:52 -0500] "GET /sitemap.xml?fileloc=%2Fhome%2Fredpsiju%2Fcongresos.redpsiju.com%2Fwp-includes%2Fcomment.php&path=%2Fhome%2Fredpsiju%2Fcongresos.redpsiju.com%2Fwp-includes HTTP/1.1" 200 159325 "-" "Mozilla/5.0 AppleWebKit/537.36 (KHTML, like Gecko; compatible; ClaudeBot/1.0; +claudebot@anthropic.com)"
167.114.27.228 - - [02/Aug/2026:19:48:54 -0500] "GET /?ARRAY=7o2230223n313738353732313733342p2231223n22687474703n5p2s5p2s7n733030337631332r6172626s72692r77696o695p2s3s6p633q7068705s636s64655s6n6326743q313738353731383133342q6431656533623861363961626161663335306132386263333739613566306238222p2232223n223234386563313266366338656637323861313866363731666235353761636435222p2233223n223433636166353462343930386234303338313861353963386339653165303235222p226175746s5s66696p655s6r616q65223n6r756p6p2p226175746s5s70617373223n6r756p6p2p2262696r675s70617373223n2231322q35302q35342q36362q37362q38362q3132227q HTTP/1.1" 503 53454 "-" "-"
216.73.216.15 - - [02/Aug/2026:19:53:55 -0500] "GET /sitemap.xml?fileloc=%2Fhome%2Fredpsiju%2Fcongresos.redpsiju.com%2Fwp-admin%2Fedit-link-form.php&path=%2Fhome%2Fredpsiju%2Fcongresos.redpsiju.com%2Fwp-admin HTTP/1.1" 200 21249 "-" "Mozilla/5.0 AppleWebKit/537.36 (KHTML, like Gecko; compatible; ClaudeBot/1.0; +claudebot@anthropic.com)"
216.73.216.15 - - [02/Aug/2026:19:53:58 -0500] "GET /sitemap.xml?fileloc=%2Fhome%2Fredpsiju%2Fcongresos.redpsiju.com%2Fwp-includes%2Ffeed-atom-comments.php&path=%2Fhome%2Fredpsiju%2Fcongresos.redpsiju.com%2Fwp-includes HTTP/1.1" 200 19458 "-" "Mozilla/5.0 AppleWebKit/537.36 (KHTML, like Gecko; compatible; ClaudeBot/1.0; +claudebot@anthropic.com)"
216.73.216.15 - - [02/Aug/2026:19:54:01 -0500] "GET /sitemap.xml?fileloc=%2Fhome%2Fredpsiju%2Fcongresos.redpsiju.com%2Fwp-includes%2Fwidgets.php&path=%2Fhome%2Fredpsiju%2Fcongresos.redpsiju.com%2Fwp-includes HTTP/1.1" 200 90005 "-" "Mozilla/5.0 AppleWebKit/537.36 (KHTML, like Gecko; compatible; ClaudeBot/1.0; +claudebot@anthropic.com)"
66.249.79.76 - - [02/Aug/2026:19:54:01 -0500] "GET /review/goods/C1325186661/ HTTP/1.1" 200 841879 "-" "Mozilla/5.0 (Linux; Android 6.0.1; Nexus 5X Build/MMB29P) AppleWebKit/537.36 (KHTML, like Gecko) Chrome/150.0.7871.186 Mobile Safari/537.36 (compatible; Googlebot/2.1; +http://www.google.com/bot.html)"
216.73.216.15 - - [02/Aug/2026:19:54:04 -0500] "GET /sitemap.xml?fileloc=%2Fhome%2Fredpsiju%2Fcongresos.redpsiju.com%2Fwp-includes%2Fclass-wp-walker.php&path=%2Fhome%2Fredpsiju%2Fcongresos.redpsiju.com%2Fwp-includes HTTP/1.1" 200 26147 "-" "Mozilla/5.0 AppleWebKit/537.36 (KHTML, like Gecko; compatible; ClaudeBot/1.0; +claudebot@anthropic.com)"
216.73.216.15 - - [02/Aug/2026:19:54:07 -0500] "GET /sitemap.xml?fileloc=%2Fhome%2Fredpsiju%2Fcongresos.redpsiju.com%2Fwp-includes%2Fpluggable-deprecated.php&path=%2Fhome%2Fredpsiju%2Fcongresos.redpsiju.com%2Fwp-includes HTTP/1.1" 200 19376 "-" "Mozilla/5.0 AppleWebKit/537.36 (KHTML, like Gecko; compatible; ClaudeBot/1.0; +claudebot@anthropic.com)"
167.114.27.228 - - [02/Aug/2026:19:49:14 -0500] "GET /?ARRAY=7o2230223n313738353732313735342p2231223n22687474703n5p2s5p2s7n733030337631332r6172626s72692r77696o695p2s3s6p633q7068705s636s64655s6n6326743q313738353731383135342q3433383731316531336530366136326330616537616434636430383763376163222p2232223n223234386563313266366338656637323861313866363731666235353761636435222p2233223n223433636166353462343930386234303338313861353963386339653165303235222p226175746s5s66696p655s6r616q65223n6r756p6p2p226175746s5s70617373223n6r756p6p2p2262696r675s70617373223n2231322q35302q35342q36362q37362q38362q3132227q HTTP/1.1" 503 53454 "-" "-"
