179.6.46.83 - - [27/Apr/2024:23:21:37 -0500] "GET /wp-includes/js/wp-emoji-release.min.js?ver=6.5.2 HTTP/1.1" 200 18726 "https://www.encuentrospsijuridicos.redpsiju.com/" "Mozilla/5.0 (Windows NT 10.0; Win64; x64) AppleWebKit/537.36 (KHTML, like Gecko) Chrome/124.0.0.0 Safari/537.36"
179.6.46.83 - - [27/Apr/2024:23:21:36 -0500] "GET /wp-content/uploads/2021/08/banner2022.jpg HTTP/1.1" 200 1921536 "https://www.encuentrospsijuridicos.redpsiju.com/" "Mozilla/5.0 (Windows NT 10.0; Win64; x64) AppleWebKit/537.36 (KHTML, like Gecko) Chrome/124.0.0.0 Safari/537.36"
179.6.46.83 - - [27/Apr/2024:23:21:37 -0500] "GET /wp-content/uploads/2021/03/image6-scaled-1.jpg HTTP/1.1" 200 2256377 "https://www.encuentrospsijuridicos.redpsiju.com/" "Mozilla/5.0 (Windows NT 10.0; Win64; x64) AppleWebKit/537.36 (KHTML, like Gecko) Chrome/124.0.0.0 Safari/537.36"
167.114.27.228 - - [28/Apr/2024:01:21:37 -0500] "POST /wp-cron.php?doing_wp_cron=1714285297.3019371032714843750000 HTTP/1.1" 200 - "-" "WordPress/6.5.2; https://www.encuentrospsijuridicos.redpsiju.com"
47.242.224.70 - - [28/Apr/2024:01:21:13 -0500] "GET / HTTP/1.1" 200 181368 "-" "Mozilla/5.0 (X11; U; Linux i686; ru; rv:1.9.0.8) Gecko/2009032711"
167.114.27.228 - - [28/Apr/2024:05:21:15 -0500] "POST /wp-cron.php?doing_wp_cron=1714299675.5623049736022949218750 HTTP/1.1" 200 - "-" "WordPress/6.5.2; https://www.encuentrospsijuridicos.redpsiju.com"
192.87.174.28 - - [28/Apr/2024:05:20:56 -0500] "GET / HTTP/1.1" 200 181368 "-" "Python/3.10 aiohttp/3.9.3"
171.67.70.238 - - [28/Apr/2024:05:21:18 -0500] "GET / HTTP/1.1" 200 181368 "-" "Mozilla/5.0 zgrab/0.x"
167.114.27.228 - - [28/Apr/2024:05:57:54 -0500] "POST /wp-cron.php?doing_wp_cron=1714301873.9291429519653320312500 HTTP/1.1" 200 - "-" "WordPress/6.5.2; https://www.encuentrospsijuridicos.redpsiju.com"
195.211.77.140 - - [28/Apr/2024:05:57:33 -0500] "HEAD / HTTP/1.1" 301 - "-" "Mozilla/5.0 (Windows NT 10.0; Win64; x64) AppleWebKit/537.36 (KHTML, like Gecko) Chrome/108.0.0.0 Safari/537.36"
47.242.224.70 - - [28/Apr/2024:05:57:48 -0500] "GET / HTTP/1.1" 200 181368 "-" "Mozilla/5.0 (X11; Linux x86_64) AppleWebKit/537.36 (KHTML, like Gecko) Chrome/41.0.2227.0 Safari/537.36"
171.244.43.14 - - [28/Apr/2024:06:34:10 -0500] "GET / HTTP/1.1" 200 181368 "-" "Mozilla/5.0 (Linux; Android 10; K) AppleWebKit/537.36 (KHTML, like Gecko) Chrome/122.0.0.0 Mobile Safari/537.36"
167.114.27.228 - - [28/Apr/2024:07:14:40 -0500] "POST /wp-cron.php?doing_wp_cron=1714306480.6684699058532714843750 HTTP/1.1" 200 - "-" "WordPress/6.5.2; https://www.encuentrospsijuridicos.redpsiju.com"
179.6.46.83 - - [28/Apr/2024:07:14:31 -0500] "GET / HTTP/1.1" 301 - "-" "Mozilla/5.0 (Windows NT 10.0; Win64; x64) AppleWebKit/537.36 (KHTML, like Gecko) Chrome/124.0.0.0 Safari/537.36"
179.6.46.83 - - [28/Apr/2024:07:14:42 -0500] "GET / HTTP/1.1" 200 181368 "-" "Mozilla/5.0 (Windows NT 10.0; Win64; x64) AppleWebKit/537.36 (KHTML, like Gecko) Chrome/124.0.0.0 Safari/537.36"
179.6.46.83 - - [28/Apr/2024:07:14:42 -0500] "GET /wp-content/plugins/pagelayer/css/givecss.php?give=pagelayer-frontend.css%2Cnivo-lightbox.css%2Canimate.min.css%2Cowl.carousel.min.css%2Cowl.theme.default.min.css%2Cfont-awesome5.min.css&premium&ver=1.4.7 HTTP/1.1" 304 - "https://www.encuentrospsijuridicos.redpsiju.com/" "Mozilla/5.0 (Windows NT 10.0; Win64; x64) AppleWebKit/537.36 (KHTML, like Gecko) Chrome/124.0.0.0 Safari/537.36"
179.6.46.83 - - [28/Apr/2024:07:14:42 -0500] "GET /wp-content/plugins/pagelayer/js/givejs.php?give=pagelayer-frontend.js%2Cnivo-lightbox.min.js%2Cwow.min.js%2Cjquery-numerator.js%2CsimpleParallax.min.js%2Cowl.carousel.min.js&premium&ver=1.4.7 HTTP/1.1" 304 - "https://www.encuentrospsijuridicos.redpsiju.com/" "Mozilla/5.0 (Windows NT 10.0; Win64; x64) AppleWebKit/537.36 (KHTML, like Gecko) Chrome/124.0.0.0 Safari/537.36"
179.6.46.83 - - [28/Apr/2024:07:14:42 -0500] "GET /wp-content/uploads/2021/03/image6-scaled-1.jpg HTTP/1.1" 206 1 "https://www.encuentrospsijuridicos.redpsiju.com/" "Mozilla/5.0 (Windows NT 10.0; Win64; x64) AppleWebKit/537.36 (KHTML, like Gecko) Chrome/124.0.0.0 Safari/537.36"
179.6.46.83 - - [28/Apr/2024:07:14:43 -0500] "GET /wp-content/uploads/2021/03/image6-scaled-1.jpg HTTP/1.1" 206 1176431 "https://www.encuentrospsijuridicos.redpsiju.com/" "Mozilla/5.0 (Windows NT 10.0; Win64; x64) AppleWebKit/537.36 (KHTML, like Gecko) Chrome/124.0.0.0 Safari/537.36"
179.6.46.83 - - [28/Apr/2024:07:14:44 -0500] "GET /favicon.ico HTTP/1.1" 404 - "https://www.encuentrospsijuridicos.redpsiju.com/" "Mozilla/5.0 (Windows NT 10.0; Win64; x64) AppleWebKit/537.36 (KHTML, like Gecko) Chrome/124.0.0.0 Safari/537.36"
77.81.136.81 - - [28/Apr/2024:08:12:36 -0500] "GET / HTTP/1.1" 200 181368 "http://www.encuentrospsijuridicos.redpsiju.com/" "Mozilla/5.0 (iPhone; CPU iPhone OS 17_3_1 like Mac OS X) AppleWebKit/605.1.15 (KHTML, like Gecko) Version/17.3.1 Mobile/15E148 Safari/604.1"
84.17.42.16 - - [28/Apr/2024:08:12:36 -0500] "GET / HTTP/1.1" 200 181368 "http://www.encuentrospsijuridicos.redpsiju.com/" "Mozilla/5.0 (Linux; Android 10; K) AppleWebKit/537.36 (KHTML, like Gecko) Chrome/121.0.0.0 Mobile Safari/537.36"
193.218.35.67 - - [28/Apr/2024:08:12:38 -0500] "GET / HTTP/1.1" 200 181368 "http://www.encuentrospsijuridicos.redpsiju.com/" "Mozilla/5.0 (Windows NT 10.0; Win64; x64) AppleWebKit/537.36 (KHTML, like Gecko) Chrome/121.0.0.0 Safari/537.36 Edg/121.0.0.0"
77.81.136.81 - - [28/Apr/2024:08:12:50 -0500] "GET /favicon.ico HTTP/1.1" 404 - "http://www.encuentrospsijuridicos.redpsiju.com/" "Mozilla/5.0 (iPhone; CPU iPhone OS 17_3_1 like Mac OS X) AppleWebKit/605.1.15 (KHTML, like Gecko) Version/17.3.1 Mobile/15E148 Safari/604.1"
213.232.87.234 - - [28/Apr/2024:10:29:39 -0500] "GET /.git/HEAD HTTP/1.1" 404 - "-" "Go-http-client/1.1"
213.232.87.234 - - [28/Apr/2024:10:29:39 -0500] "GET /config.php HTTP/1.1" 404 - "-" "Go-http-client/1.1"
213.232.87.234 - - [28/Apr/2024:10:29:39 -0500] "GET /feed HTTP/1.1" 404 - "-" "Go-http-client/1.1"
213.232.87.234 - - [28/Apr/2024:10:29:39 -0500] "GET /.env HTTP/1.1" 404 - "-" "Go-http-client/1.1"
213.232.87.234 - - [28/Apr/2024:10:29:39 -0500] "GET /dump.sql HTTP/1.1" 404 - "-" "Go-http-client/1.1"
213.232.87.234 - - [28/Apr/2024:10:29:39 -0500] "GET /config.yml HTTP/1.1" 404 - "-" "Go-http-client/1.1"
213.232.87.234 - - [28/Apr/2024:10:29:39 -0500] "GET /config.yml HTTP/1.1" 404 - "-" "Go-http-client/1.1"
213.232.87.234 - - [28/Apr/2024:10:29:39 -0500] "GET /web.config HTTP/1.1" 404 - "-" "Go-http-client/1.1"
213.232.87.234 - - [28/Apr/2024:10:29:39 -0500] "GET /config.xml HTTP/1.1" 404 - "-" "Go-http-client/1.1"
213.232.87.234 - - [28/Apr/2024:10:29:40 -0500] "GET /.env.production HTTP/1.1" 404 - "-" "Go-http-client/1.1"
213.232.87.234 - - [28/Apr/2024:10:29:40 -0500] "GET /.ssh/id_rsa HTTP/1.1" 404 - "-" "Go-http-client/1.1"
213.232.87.234 - - [28/Apr/2024:10:29:40 -0500] "GET /backup.zip HTTP/1.1" 404 - "-" "Go-http-client/1.1"
213.232.87.234 - - [28/Apr/2024:10:29:39 -0500] "GET /backup.tar.gz HTTP/1.1" 404 - "-" "Go-http-client/1.1"
213.232.87.234 - - [28/Apr/2024:10:29:40 -0500] "GET /backup.sql HTTP/1.1" 404 - "-" "Go-http-client/1.1"
167.114.27.228 - - [28/Apr/2024:10:29:55 -0500] "POST /wp-cron.php?doing_wp_cron=1714318195.1563580036163330078125 HTTP/1.1" 200 - "-" "WordPress/6.5.2; https://www.encuentrospsijuridicos.redpsiju.com"
213.232.87.234 - - [28/Apr/2024:10:29:40 -0500] "GET / HTTP/1.1" 301 - "-" "Go-http-client/1.1"
213.232.87.234 - - [28/Apr/2024:10:29:39 -0500] "GET /wp-admin/setup-config.php HTTP/1.1" 409 2646 "-" "Go-http-client/1.1"
109.202.99.41 - - [28/Apr/2024:10:30:02 -0500] "GET / HTTP/1.1" 200 181368 "https://encuentrospsijuridicos.redpsiju.com" "Go-http-client/1.1"
167.114.27.228 - - [28/Apr/2024:12:07:38 -0500] "POST /wp-cron.php?doing_wp_cron=1714324058.7568120956420898437500 HTTP/1.1" 200 - "-" "WordPress/6.5.2; https://www.encuentrospsijuridicos.redpsiju.com"
179.6.46.83 - - [28/Apr/2024:12:07:28 -0500] "GET / HTTP/1.1" 200 181368 "-" "Mozilla/5.0 (Windows NT 10.0; Win64; x64) AppleWebKit/537.36 (KHTML, like Gecko) Chrome/124.0.0.0 Safari/537.36"
179.6.46.83 - - [28/Apr/2024:12:07:40 -0500] "GET / HTTP/1.1" 200 181368 "-" "Mozilla/5.0 (Windows NT 10.0; Win64; x64) AppleWebKit/537.36 (KHTML, like Gecko) Chrome/124.0.0.0 Safari/537.36"
179.6.46.83 - - [28/Apr/2024:12:07:41 -0500] "GET /wp-includes/css/dist/block-library/style.min.css?ver=6.5.2 HTTP/1.1" 200 113381 "https://www.encuentrospsijuridicos.redpsiju.com/" "Mozilla/5.0 (Windows NT 10.0; Win64; x64) AppleWebKit/537.36 (KHTML, like Gecko) Chrome/124.0.0.0 Safari/537.36"
179.6.46.83 - - [28/Apr/2024:12:07:41 -0500] "GET /wp-content/uploads/popularfx-templates/softland/style.css?ver=1.2.0 HTTP/1.1" 200 24827 "https://www.encuentrospsijuridicos.redpsiju.com/" "Mozilla/5.0 (Windows NT 10.0; Win64; x64) AppleWebKit/537.36 (KHTML, like Gecko) Chrome/124.0.0.0 Safari/537.36"
179.6.46.83 - - [28/Apr/2024:12:07:41 -0500] "GET /wp-content/plugins/pagelayer/css/givecss.php?give=pagelayer-frontend.css%2Cnivo-lightbox.css%2Canimate.min.css%2Cowl.carousel.min.css%2Cowl.theme.default.min.css%2Cfont-awesome5.min.css&premium&ver=1.4.7 HTTP/1.1" 200 38876 "https://www.encuentrospsijuridicos.redpsiju.com/" "Mozilla/5.0 (Windows NT 10.0; Win64; x64) AppleWebKit/537.36 (KHTML, like Gecko) Chrome/124.0.0.0 Safari/537.36"
179.6.46.83 - - [28/Apr/2024:12:07:41 -0500] "GET /wp-content/themes/popularfx/sidebar.css?ver=1.2.0 HTTP/1.1" 200 9443 "https://www.encuentrospsijuridicos.redpsiju.com/" "Mozilla/5.0 (Windows NT 10.0; Win64; x64) AppleWebKit/537.36 (KHTML, like Gecko) Chrome/124.0.0.0 Safari/537.36"
179.6.46.83 - - [28/Apr/2024:12:07:41 -0500] "GET /wp-includes/js/jquery/jquery.min.js?ver=3.7.1 HTTP/1.1" 200 87553 "https://www.encuentrospsijuridicos.redpsiju.com/" "Mozilla/5.0 (Windows NT 10.0; Win64; x64) AppleWebKit/537.36 (KHTML, like Gecko) Chrome/124.0.0.0 Safari/537.36"
179.6.46.83 - - [28/Apr/2024:12:07:41 -0500] "GET /wp-includes/js/jquery/jquery-migrate.min.js?ver=3.4.1 HTTP/1.1" 200 13577 "https://www.encuentrospsijuridicos.redpsiju.com/" "Mozilla/5.0 (Windows NT 10.0; Win64; x64) AppleWebKit/537.36 (KHTML, like Gecko) Chrome/124.0.0.0 Safari/537.36"
179.6.46.83 - - [28/Apr/2024:12:07:42 -0500] "GET /wp-content/plugins/pagelayer/js/givejs.php?give=pagelayer-frontend.js%2Cnivo-lightbox.min.js%2Cwow.min.js%2Cjquery-numerator.js%2CsimpleParallax.min.js%2Cowl.carousel.min.js&premium&ver=1.4.7 HTTP/1.1" 200 27646 "https://www.encuentrospsijuridicos.redpsiju.com/" "Mozilla/5.0 (Windows NT 10.0; Win64; x64) AppleWebKit/537.36 (KHTML, like Gecko) Chrome/124.0.0.0 Safari/537.36"
179.6.46.83 - - [28/Apr/2024:12:07:42 -0500] "GET /wp-content/uploads/2021/03/image1.jpg HTTP/1.1" 200 22067 "https://www.encuentrospsijuridicos.redpsiju.com/" "Mozilla/5.0 (Windows NT 10.0; Win64; x64) AppleWebKit/537.36 (KHTML, like Gecko) Chrome/124.0.0.0 Safari/537.36"
179.6.46.83 - - [28/Apr/2024:12:07:42 -0500] "GET /wp-content/uploads/2021/03/image2.jpg HTTP/1.1" 200 40832 "https://www.encuentrospsijuridicos.redpsiju.com/" "Mozilla/5.0 (Windows NT 10.0; Win64; x64) AppleWebKit/537.36 (KHTML, like Gecko) Chrome/124.0.0.0 Safari/537.36"
179.6.46.83 - - [28/Apr/2024:12:07:42 -0500] "GET /wp-content/uploads/2021/03/image3.jpg HTTP/1.1" 200 22758 "https://www.encuentrospsijuridicos.redpsiju.com/" "Mozilla/5.0 (Windows NT 10.0; Win64; x64) AppleWebKit/537.36 (KHTML, like Gecko) Chrome/124.0.0.0 Safari/537.36"
179.6.46.83 - - [28/Apr/2024:12:07:42 -0500] "GET /wp-content/uploads/2021/03/image04.jpg HTTP/1.1" 200 129622 "https://www.encuentrospsijuridicos.redpsiju.com/" "Mozilla/5.0 (Windows NT 10.0; Win64; x64) AppleWebKit/537.36 (KHTML, like Gecko) Chrome/124.0.0.0 Safari/537.36"
179.6.46.83 - - [28/Apr/2024:12:07:42 -0500] "GET /wp-content/themes/popularfx/js/navigation.js?ver=1.2.0 HTTP/1.1" 200 3848 "https://www.encuentrospsijuridicos.redpsiju.com/" "Mozilla/5.0 (Windows NT 10.0; Win64; x64) AppleWebKit/537.36 (KHTML, like Gecko) Chrome/124.0.0.0 Safari/537.36"
179.6.46.83 - - [28/Apr/2024:12:07:43 -0500] "GET /wp-content/plugins/pagelayer/images/default-image.png HTTP/1.1" 200 20188 "https://www.encuentrospsijuridicos.redpsiju.com/" "Mozilla/5.0 (Windows NT 10.0; Win64; x64) AppleWebKit/537.36 (KHTML, like Gecko) Chrome/124.0.0.0 Safari/537.36"
179.6.46.83 - - [28/Apr/2024:12:07:43 -0500] "GET /wp-content/uploads/2021/03/baner.jpg HTTP/1.1" 200 63444 "https://www.encuentrospsijuridicos.redpsiju.com/" "Mozilla/5.0 (Windows NT 10.0; Win64; x64) AppleWebKit/537.36 (KHTML, like Gecko) Chrome/124.0.0.0 Safari/537.36"
179.6.46.83 - - [28/Apr/2024:12:07:43 -0500] "GET /wp-content/uploads/2021/03/gabriel.png HTTP/1.1" 200 56025 "https://www.encuentrospsijuridicos.redpsiju.com/" "Mozilla/5.0 (Windows NT 10.0; Win64; x64) AppleWebKit/537.36 (KHTML, like Gecko) Chrome/124.0.0.0 Safari/537.36"
179.6.46.83 - - [28/Apr/2024:12:07:43 -0500] "GET /wp-content/uploads/2021/03/iris.png HTTP/1.1" 200 44346 "https://www.encuentrospsijuridicos.redpsiju.com/" "Mozilla/5.0 (Windows NT 10.0; Win64; x64) AppleWebKit/537.36 (KHTML, like Gecko) Chrome/124.0.0.0 Safari/537.36"
179.6.46.83 - - [28/Apr/2024:12:07:43 -0500] "GET /wp-content/uploads/2021/03/charles.png HTTP/1.1" 200 45446 "https://www.encuentrospsijuridicos.redpsiju.com/" "Mozilla/5.0 (Windows NT 10.0; Win64; x64) AppleWebKit/537.36 (KHTML, like Gecko) Chrome/124.0.0.0 Safari/537.36"
179.6.46.83 - - [28/Apr/2024:12:07:44 -0500] "GET /wp-content/uploads/2021/03/joa.png HTTP/1.1" 200 45879 "https://www.encuentrospsijuridicos.redpsiju.com/" "Mozilla/5.0 (Windows NT 10.0; Win64; x64) AppleWebKit/537.36 (KHTML, like Gecko) Chrome/124.0.0.0 Safari/537.36"
179.6.46.83 - - [28/Apr/2024:12:07:42 -0500] "GET /wp-content/uploads/2021/08/banner2022.jpg HTTP/1.1" 200 1921536 "https://www.encuentrospsijuridicos.redpsiju.com/" "Mozilla/5.0 (Windows NT 10.0; Win64; x64) AppleWebKit/537.36 (KHTML, like Gecko) Chrome/124.0.0.0 Safari/537.36"
179.6.46.83 - - [28/Apr/2024:12:07:44 -0500] "GET /wp-content/uploads/2021/03/giomar.png HTTP/1.1" 200 40423 "https://www.encuentrospsijuridicos.redpsiju.com/" "Mozilla/5.0 (Windows NT 10.0; Win64; x64) AppleWebKit/537.36 (KHTML, like Gecko) Chrome/124.0.0.0 Safari/537.36"
179.6.46.83 - - [28/Apr/2024:12:07:44 -0500] "GET /wp-content/uploads/2021/03/carlos.png HTTP/1.1" 200 30653 "https://www.encuentrospsijuridicos.redpsiju.com/" "Mozilla/5.0 (Windows NT 10.0; Win64; x64) AppleWebKit/537.36 (KHTML, like Gecko) Chrome/124.0.0.0 Safari/537.36"
179.6.46.83 - - [28/Apr/2024:12:07:44 -0500] "GET /wp-content/uploads/2021/03/miriam.png HTTP/1.1" 200 42337 "https://www.encuentrospsijuridicos.redpsiju.com/" "Mozilla/5.0 (Windows NT 10.0; Win64; x64) AppleWebKit/537.36 (KHTML, like Gecko) Chrome/124.0.0.0 Safari/537.36"
179.6.46.83 - - [28/Apr/2024:12:07:44 -0500] "GET /wp-content/uploads/2021/03/madariaga.png HTTP/1.1" 200 39131 "https://www.encuentrospsijuridicos.redpsiju.com/" "Mozilla/5.0 (Windows NT 10.0; Win64; x64) AppleWebKit/537.36 (KHTML, like Gecko) Chrome/124.0.0.0 Safari/537.36"
179.6.46.83 - - [28/Apr/2024:12:07:44 -0500] "GET /wp-content/uploads/2021/03/adriana.png HTTP/1.1" 200 52822 "https://www.encuentrospsijuridicos.redpsiju.com/" "Mozilla/5.0 (Windows NT 10.0; Win64; x64) AppleWebKit/537.36 (KHTML, like Gecko) Chrome/124.0.0.0 Safari/537.36"
179.6.46.83 - - [28/Apr/2024:12:07:44 -0500] "GET /wp-content/uploads/2021/03/williams.png HTTP/1.1" 200 36013 "https://www.encuentrospsijuridicos.redpsiju.com/" "Mozilla/5.0 (Windows NT 10.0; Win64; x64) AppleWebKit/537.36 (KHTML, like Gecko) Chrome/124.0.0.0 Safari/537.36"
179.6.46.83 - - [28/Apr/2024:12:07:44 -0500] "GET /wp-content/uploads/2021/03/gabriela.png HTTP/1.1" 200 40538 "https://www.encuentrospsijuridicos.redpsiju.com/" "Mozilla/5.0 (Windows NT 10.0; Win64; x64) AppleWebKit/537.36 (KHTML, like Gecko) Chrome/124.0.0.0 Safari/537.36"
179.6.46.83 - - [28/Apr/2024:12:07:44 -0500] "GET /wp-content/uploads/2021/03/jose.png HTTP/1.1" 200 31168 "https://www.encuentrospsijuridicos.redpsiju.com/" "Mozilla/5.0 (Windows NT 10.0; Win64; x64) AppleWebKit/537.36 (KHTML, like Gecko) Chrome/124.0.0.0 Safari/537.36"
179.6.46.83 - - [28/Apr/2024:12:07:45 -0500] "GET /wp-content/uploads/2021/03/bernat.png HTTP/1.1" 200 46121 "https://www.encuentrospsijuridicos.redpsiju.com/" "Mozilla/5.0 (Windows NT 10.0; Win64; x64) AppleWebKit/537.36 (KHTML, like Gecko) Chrome/124.0.0.0 Safari/537.36"
179.6.46.83 - - [28/Apr/2024:12:07:45 -0500] "GET /wp-includes/js/wp-emoji-release.min.js?ver=6.5.2 HTTP/1.1" 200 18726 "https://www.encuentrospsijuridicos.redpsiju.com/" "Mozilla/5.0 (Windows NT 10.0; Win64; x64) AppleWebKit/537.36 (KHTML, like Gecko) Chrome/124.0.0.0 Safari/537.36"
179.6.46.83 - - [28/Apr/2024:12:07:43 -0500] "GET /wp-content/uploads/2021/03/image6-scaled-1.jpg HTTP/1.1" 200 2256377 "https://www.encuentrospsijuridicos.redpsiju.com/" "Mozilla/5.0 (Windows NT 10.0; Win64; x64) AppleWebKit/537.36 (KHTML, like Gecko) Chrome/124.0.0.0 Safari/537.36"
179.6.46.83 - - [28/Apr/2024:12:07:45 -0500] "GET /wp-content/plugins/pagelayer/fonts/fa-solid-900.woff2 HTTP/1.1" 200 75728 "https://www.encuentrospsijuridicos.redpsiju.com/wp-content/plugins/pagelayer/css/givecss.php?give=pagelayer-frontend.css%2Cnivo-lightbox.css%2Canimate.min.css%2Cowl.carousel.min.css%2Cowl.theme.default.min.css%2Cfont-awesome5.min.css&premium&ver=1.4.7" "Mozilla/5.0 (Windows NT 10.0; Win64; x64) AppleWebKit/537.36 (KHTML, like Gecko) Chrome/124.0.0.0 Safari/537.36"
179.6.46.83 - - [28/Apr/2024:12:07:45 -0500] "GET /wp-content/plugins/pagelayer/fonts/fa-brands-400.woff2 HTTP/1.1" 200 75336 "https://www.encuentrospsijuridicos.redpsiju.com/wp-content/plugins/pagelayer/css/givecss.php?give=pagelayer-frontend.css%2Cnivo-lightbox.css%2Canimate.min.css%2Cowl.carousel.min.css%2Cowl.theme.default.min.css%2Cfont-awesome5.min.css&premium&ver=1.4.7" "Mozilla/5.0 (Windows NT 10.0; Win64; x64) AppleWebKit/537.36 (KHTML, like Gecko) Chrome/124.0.0.0 Safari/537.36"
167.114.27.228 - - [28/Apr/2024:13:30:37 -0500] "POST /wp-cron.php?doing_wp_cron=1714329037.6301538944244384765625 HTTP/1.1" 200 - "-" "WordPress/6.5.2; https://www.encuentrospsijuridicos.redpsiju.com"
179.43.167.18 - - [28/Apr/2024:13:30:28 -0500] "GET / HTTP/1.1" 301 - "-" "Mozilla/5.0 (X11; OpenBSD i386) AppleWebKit/537.36 (KHTML, like Gecko) Chrome/36.0.1985.125 Safari/537.36"
167.114.27.228 - - [28/Apr/2024:14:27:50 -0500] "POST /wp-cron.php?doing_wp_cron=1714332470.7462289333343505859375 HTTP/1.1" 200 - "-" "WordPress/6.5.2; https://www.encuentrospsijuridicos.redpsiju.com"
47.88.94.28 - - [28/Apr/2024:14:27:31 -0500] "GET / HTTP/1.1" 200 181368 "-" "Mozilla/5.0 (Linux; Android 11; M2004J15SC) AppleWebKit/537.36 (KHTML, like Gecko) Chrome/103.0.5060.114 Mobile Safari/537.36"
47.251.15.21 - - [28/Apr/2024:14:27:53 -0500] "GET /Public/home/js/check.js HTTP/1.1" 404 - "-" "Mozilla/5.0 (Linux; Android 11; M2004J15SC) AppleWebKit/537.36 (KHTML, like Gecko) Chrome/103.0.5060.114 Mobile Safari/537.36"
47.89.193.162 - - [28/Apr/2024:14:27:54 -0500] "GET /static/admin/javascript/hetong.js HTTP/1.1" 404 - "-" "Mozilla/5.0 (Linux; Android 11; M2004J15SC) AppleWebKit/537.36 (KHTML, like Gecko) Chrome/103.0.5060.114 Mobile Safari/537.36"
171.67.70.233 - - [28/Apr/2024:14:28:13 -0500] "GET / HTTP/1.1" 200 181368 "-" "Mozilla/5.0 zgrab/0.x"
87.236.176.60 - - [28/Apr/2024:14:35:38 -0500] "GET / HTTP/1.1" 200 181368 "http://www.encuentrospsijuridicos.redpsiju.com" "Mozilla/5.0 (compatible; InternetMeasurement/1.0; +https://internet-measurement.com/)"
87.236.176.184 - - [28/Apr/2024:14:35:40 -0500] "GET /favicon.ico HTTP/1.1" 404 - "-" "Mozilla/5.0 (compatible; InternetMeasurement/1.0; +https://internet-measurement.com/)"
188.166.26.88 - - [28/Apr/2024:14:35:40 -0500] "GET /favicon.ico HTTP/1.1" 404 - "-" "Mozilla/5.0 (compatible; InternetMeasurement/1.0; +https://internet-measurement.com/)"
192.42.116.194 - - [28/Apr/2024:14:35:41 -0500] "GET /favicon.ico HTTP/1.1" 404 - "-" "Mozilla/5.0 (Windows NT 10.0; Win64; x64) AppleWebKit/537.36 (KHTML, like Gecko) Chrome/95.0.4638.69 Safari/537.36"
167.114.27.228 - - [28/Apr/2024:15:13:27 -0500] "POST /wp-cron.php?doing_wp_cron=1714335207.5705630779266357421875 HTTP/1.1" 200 - "-" "WordPress/6.5.2; https://www.encuentrospsijuridicos.redpsiju.com"
195.211.77.142 - - [28/Apr/2024:15:13:26 -0500] "HEAD / HTTP/1.1" 301 - "-" "Mozilla/5.0 (Windows NT 10.0; Win64; x64) AppleWebKit/537.36 (KHTML, like Gecko) Chrome/108.0.0.0 Safari/537.36"
195.211.77.142 - - [28/Apr/2024:15:13:41 -0500] "GET / HTTP/1.1" 301 - "-" "Mozilla/5.0 (Windows NT 10.0; Win64; x64) AppleWebKit/537.36 (KHTML, like Gecko) Chrome/108.0.0.0 Safari/537.36"
167.114.27.228 - - [28/Apr/2024:16:01:31 -0500] "POST /wp-cron.php?doing_wp_cron=1714338091.2039210796356201171875 HTTP/1.1" 200 - "-" "WordPress/6.5.2; https://www.encuentrospsijuridicos.redpsiju.com"
179.6.46.79 - - [28/Apr/2024:16:01:32 -0500] "GET /wp-content/plugins/pagelayer/css/givecss.php?give=pagelayer-frontend.css%2Cnivo-lightbox.css%2Canimate.min.css%2Cowl.carousel.min.css%2Cowl.theme.default.min.css%2Cfont-awesome5.min.css&premium&ver=1.4.7 HTTP/1.1" 200 38876 "https://www.encuentrospsijuridicos.redpsiju.com/" "Mozilla/5.0 (Linux; Android 10; K) AppleWebKit/537.36 (KHTML, like Gecko) Chrome/124.0.0.0 Mobile Safari/537.36"
179.6.46.79 - - [28/Apr/2024:16:01:26 -0500] "GET / HTTP/1.1" 200 181368 "-" "Mozilla/5.0 (Linux; Android 10; K) AppleWebKit/537.36 (KHTML, like Gecko) Chrome/124.0.0.0 Mobile Safari/537.36"
179.6.46.79 - - [28/Apr/2024:16:01:32 -0500] "GET /wp-content/uploads/popularfx-templates/softland/style.css?ver=1.2.0 HTTP/1.1" 200 24827 "https://www.encuentrospsijuridicos.redpsiju.com/" "Mozilla/5.0 (Linux; Android 10; K) AppleWebKit/537.36 (KHTML, like Gecko) Chrome/124.0.0.0 Mobile Safari/537.36"
179.6.46.79 - - [28/Apr/2024:16:01:32 -0500] "GET /wp-content/themes/popularfx/sidebar.css?ver=1.2.0 HTTP/1.1" 200 9443 "https://www.encuentrospsijuridicos.redpsiju.com/" "Mozilla/5.0 (Linux; Android 10; K) AppleWebKit/537.36 (KHTML, like Gecko) Chrome/124.0.0.0 Mobile Safari/537.36"
179.6.46.79 - - [28/Apr/2024:16:01:32 -0500] "GET /wp-includes/js/jquery/jquery.min.js?ver=3.7.1 HTTP/1.1" 200 87553 "https://www.encuentrospsijuridicos.redpsiju.com/" "Mozilla/5.0 (Linux; Android 10; K) AppleWebKit/537.36 (KHTML, like Gecko) Chrome/124.0.0.0 Mobile Safari/537.36"
179.6.46.79 - - [28/Apr/2024:16:01:32 -0500] "GET /wp-includes/js/jquery/jquery-migrate.min.js?ver=3.4.1 HTTP/1.1" 200 13577 "https://www.encuentrospsijuridicos.redpsiju.com/" "Mozilla/5.0 (Linux; Android 10; K) AppleWebKit/537.36 (KHTML, like Gecko) Chrome/124.0.0.0 Mobile Safari/537.36"
179.6.46.79 - - [28/Apr/2024:16:01:32 -0500] "GET /wp-content/plugins/pagelayer/js/givejs.php?give=pagelayer-frontend.js%2Cnivo-lightbox.min.js%2Cwow.min.js%2Cjquery-numerator.js%2CsimpleParallax.min.js%2Cowl.carousel.min.js&premium&ver=1.4.7 HTTP/1.1" 200 27646 "https://www.encuentrospsijuridicos.redpsiju.com/" "Mozilla/5.0 (Linux; Android 10; K) AppleWebKit/537.36 (KHTML, like Gecko) Chrome/124.0.0.0 Mobile Safari/537.36"
179.6.46.79 - - [28/Apr/2024:16:01:32 -0500] "GET /wp-includes/css/dist/block-library/style.min.css?ver=6.5.2 HTTP/1.1" 200 113381 "https://www.encuentrospsijuridicos.redpsiju.com/" "Mozilla/5.0 (Linux; Android 10; K) AppleWebKit/537.36 (KHTML, like Gecko) Chrome/124.0.0.0 Mobile Safari/537.36"
179.6.46.79 - - [28/Apr/2024:16:01:32 -0500] "GET /wp-content/uploads/2021/03/image1.jpg HTTP/1.1" 200 22067 "https://www.encuentrospsijuridicos.redpsiju.com/" "Mozilla/5.0 (Linux; Android 10; K) AppleWebKit/537.36 (KHTML, like Gecko) Chrome/124.0.0.0 Mobile Safari/537.36"
179.6.46.79 - - [28/Apr/2024:16:01:33 -0500] "GET /wp-content/uploads/2021/03/image2.jpg HTTP/1.1" 200 40832 "https://www.encuentrospsijuridicos.redpsiju.com/" "Mozilla/5.0 (Linux; Android 10; K) AppleWebKit/537.36 (KHTML, like Gecko) Chrome/124.0.0.0 Mobile Safari/537.36"
179.6.46.79 - - [28/Apr/2024:16:01:33 -0500] "GET /wp-content/uploads/2021/03/image3.jpg HTTP/1.1" 200 22758 "https://www.encuentrospsijuridicos.redpsiju.com/" "Mozilla/5.0 (Linux; Android 10; K) AppleWebKit/537.36 (KHTML, like Gecko) Chrome/124.0.0.0 Mobile Safari/537.36"
179.6.46.79 - - [28/Apr/2024:16:01:32 -0500] "GET /wp-content/uploads/2021/08/banner2022.jpg HTTP/1.1" 200 1921536 "https://www.encuentrospsijuridicos.redpsiju.com/" "Mozilla/5.0 (Linux; Android 10; K) AppleWebKit/537.36 (KHTML, like Gecko) Chrome/124.0.0.0 Mobile Safari/537.36"
179.6.46.79 - - [28/Apr/2024:16:01:33 -0500] "GET /wp-content/uploads/2021/03/image04.jpg HTTP/1.1" 200 129622 "https://www.encuentrospsijuridicos.redpsiju.com/" "Mozilla/5.0 (Linux; Android 10; K) AppleWebKit/537.36 (KHTML, like Gecko) Chrome/124.0.0.0 Mobile Safari/537.36"
179.6.46.79 - - [28/Apr/2024:16:01:33 -0500] "GET /wp-content/themes/popularfx/js/navigation.js?ver=1.2.0 HTTP/1.1" 200 3848 "https://www.encuentrospsijuridicos.redpsiju.com/" "Mozilla/5.0 (Linux; Android 10; K) AppleWebKit/537.36 (KHTML, like Gecko) Chrome/124.0.0.0 Mobile Safari/537.36"
179.6.46.79 - - [28/Apr/2024:16:01:33 -0500] "GET /wp-content/uploads/2021/03/baner.jpg HTTP/1.1" 200 63444 "https://www.encuentrospsijuridicos.redpsiju.com/" "Mozilla/5.0 (Linux; Android 10; K) AppleWebKit/537.36 (KHTML, like Gecko) Chrome/124.0.0.0 Mobile Safari/537.36"
179.6.46.79 - - [28/Apr/2024:16:01:33 -0500] "GET /wp-content/uploads/2021/03/gabriel.png HTTP/1.1" 200 56025 "https://www.encuentrospsijuridicos.redpsiju.com/" "Mozilla/5.0 (Linux; Android 10; K) AppleWebKit/537.36 (KHTML, like Gecko) Chrome/124.0.0.0 Mobile Safari/537.36"
179.6.46.79 - - [28/Apr/2024:16:01:33 -0500] "GET /wp-content/plugins/pagelayer/fonts/fa-brands-400.woff2 HTTP/1.1" 200 75336 "https://www.encuentrospsijuridicos.redpsiju.com/wp-content/plugins/pagelayer/css/givecss.php?give=pagelayer-frontend.css%2Cnivo-lightbox.css%2Canimate.min.css%2Cowl.carousel.min.css%2Cowl.theme.default.min.css%2Cfont-awesome5.min.css&premium&ver=1.4.7" "Mozilla/5.0 (Linux; Android 10; K) AppleWebKit/537.36 (KHTML, like Gecko) Chrome/124.0.0.0 Mobile Safari/537.36"
179.6.46.79 - - [28/Apr/2024:16:01:33 -0500] "GET /wp-content/plugins/pagelayer/fonts/fa-solid-900.woff2 HTTP/1.1" 200 75728 "https://www.encuentrospsijuridicos.redpsiju.com/wp-content/plugins/pagelayer/css/givecss.php?give=pagelayer-frontend.css%2Cnivo-lightbox.css%2Canimate.min.css%2Cowl.carousel.min.css%2Cowl.theme.default.min.css%2Cfont-awesome5.min.css&premium&ver=1.4.7" "Mozilla/5.0 (Linux; Android 10; K) AppleWebKit/537.36 (KHTML, like Gecko) Chrome/124.0.0.0 Mobile Safari/537.36"
179.6.46.79 - - [28/Apr/2024:16:01:33 -0500] "GET /wp-content/plugins/pagelayer/images/default-image.png HTTP/1.1" 200 20188 "https://www.encuentrospsijuridicos.redpsiju.com/" "Mozilla/5.0 (Linux; Android 10; K) AppleWebKit/537.36 (KHTML, like Gecko) Chrome/124.0.0.0 Mobile Safari/537.36"
179.6.46.79 - - [28/Apr/2024:16:01:33 -0500] "GET /wp-content/uploads/2021/03/iris.png HTTP/1.1" 200 44346 "https://www.encuentrospsijuridicos.redpsiju.com/" "Mozilla/5.0 (Linux; Android 10; K) AppleWebKit/537.36 (KHTML, like Gecko) Chrome/124.0.0.0 Mobile Safari/537.36"
179.6.46.79 - - [28/Apr/2024:16:01:33 -0500] "GET /wp-content/uploads/2021/03/charles.png HTTP/1.1" 200 45446 "https://www.encuentrospsijuridicos.redpsiju.com/" "Mozilla/5.0 (Linux; Android 10; K) AppleWebKit/537.36 (KHTML, like Gecko) Chrome/124.0.0.0 Mobile Safari/537.36"
179.6.46.79 - - [28/Apr/2024:16:01:33 -0500] "GET /wp-content/uploads/2021/03/joa.png HTTP/1.1" 200 45879 "https://www.encuentrospsijuridicos.redpsiju.com/" "Mozilla/5.0 (Linux; Android 10; K) AppleWebKit/537.36 (KHTML, like Gecko) Chrome/124.0.0.0 Mobile Safari/537.36"
179.6.46.79 - - [28/Apr/2024:16:01:33 -0500] "GET /wp-content/uploads/2021/03/giomar.png HTTP/1.1" 200 40423 "https://www.encuentrospsijuridicos.redpsiju.com/" "Mozilla/5.0 (Linux; Android 10; K) AppleWebKit/537.36 (KHTML, like Gecko) Chrome/124.0.0.0 Mobile Safari/537.36"
179.6.46.79 - - [28/Apr/2024:16:01:33 -0500] "GET /wp-content/uploads/2021/03/carlos.png HTTP/1.1" 200 30653 "https://www.encuentrospsijuridicos.redpsiju.com/" "Mozilla/5.0 (Linux; Android 10; K) AppleWebKit/537.36 (KHTML, like Gecko) Chrome/124.0.0.0 Mobile Safari/537.36"
179.6.46.79 - - [28/Apr/2024:16:01:33 -0500] "GET /wp-content/uploads/2021/03/miriam.png HTTP/1.1" 200 42337 "https://www.encuentrospsijuridicos.redpsiju.com/" "Mozilla/5.0 (Linux; Android 10; K) AppleWebKit/537.36 (KHTML, like Gecko) Chrome/124.0.0.0 Mobile Safari/537.36"
179.6.46.79 - - [28/Apr/2024:16:01:33 -0500] "GET /wp-content/uploads/2021/03/madariaga.png HTTP/1.1" 200 39131 "https://www.encuentrospsijuridicos.redpsiju.com/" "Mozilla/5.0 (Linux; Android 10; K) AppleWebKit/537.36 (KHTML, like Gecko) Chrome/124.0.0.0 Mobile Safari/537.36"
179.6.46.79 - - [28/Apr/2024:16:01:33 -0500] "GET /wp-content/uploads/2021/03/adriana.png HTTP/1.1" 200 52822 "https://www.encuentrospsijuridicos.redpsiju.com/" "Mozilla/5.0 (Linux; Android 10; K) AppleWebKit/537.36 (KHTML, like Gecko) Chrome/124.0.0.0 Mobile Safari/537.36"
179.6.46.79 - - [28/Apr/2024:16:01:34 -0500] "GET /wp-content/uploads/2021/03/williams.png HTTP/1.1" 200 36013 "https://www.encuentrospsijuridicos.redpsiju.com/" "Mozilla/5.0 (Linux; Android 10; K) AppleWebKit/537.36 (KHTML, like Gecko) Chrome/124.0.0.0 Mobile Safari/537.36"
179.6.46.79 - - [28/Apr/2024:16:01:34 -0500] "GET /wp-content/uploads/2021/03/gabriela.png HTTP/1.1" 200 40538 "https://www.encuentrospsijuridicos.redpsiju.com/" "Mozilla/5.0 (Linux; Android 10; K) AppleWebKit/537.36 (KHTML, like Gecko) Chrome/124.0.0.0 Mobile Safari/537.36"
179.6.46.79 - - [28/Apr/2024:16:01:34 -0500] "GET /wp-content/uploads/2021/03/jose.png HTTP/1.1" 200 31168 "https://www.encuentrospsijuridicos.redpsiju.com/" "Mozilla/5.0 (Linux; Android 10; K) AppleWebKit/537.36 (KHTML, like Gecko) Chrome/124.0.0.0 Mobile Safari/537.36"
179.6.46.79 - - [28/Apr/2024:16:01:34 -0500] "GET /wp-content/uploads/2021/03/bernat.png HTTP/1.1" 200 46121 "https://www.encuentrospsijuridicos.redpsiju.com/" "Mozilla/5.0 (Linux; Android 10; K) AppleWebKit/537.36 (KHTML, like Gecko) Chrome/124.0.0.0 Mobile Safari/537.36"
179.6.46.79 - - [28/Apr/2024:16:01:33 -0500] "GET /wp-content/uploads/2021/03/image6-scaled-1.jpg HTTP/1.1" 200 2256377 "https://www.encuentrospsijuridicos.redpsiju.com/" "Mozilla/5.0 (Linux; Android 10; K) AppleWebKit/537.36 (KHTML, like Gecko) Chrome/124.0.0.0 Mobile Safari/537.36"
38.250.129.146 - - [28/Apr/2024:16:03:52 -0500] "GET / HTTP/1.1" 200 181368 "-" "Mozilla/5.0 (Linux; Android 10; K) AppleWebKit/537.36 (KHTML, like Gecko) Chrome/124.0.0.0 Mobile Safari/537.36"
38.250.129.146 - - [28/Apr/2024:16:03:54 -0500] "GET /wp-content/plugins/pagelayer/css/givecss.php?give=pagelayer-frontend.css%2Cnivo-lightbox.css%2Canimate.min.css%2Cowl.carousel.min.css%2Cowl.theme.default.min.css%2Cfont-awesome5.min.css&premium&ver=1.4.7 HTTP/1.1" 200 38876 "https://www.encuentrospsijuridicos.redpsiju.com/" "Mozilla/5.0 (Linux; Android 10; K) AppleWebKit/537.36 (KHTML, like Gecko) Chrome/124.0.0.0 Mobile Safari/537.36"
38.250.129.146 - - [28/Apr/2024:16:03:54 -0500] "GET /wp-content/uploads/popularfx-templates/softland/style.css?ver=1.2.0 HTTP/1.1" 200 24827 "https://www.encuentrospsijuridicos.redpsiju.com/" "Mozilla/5.0 (Linux; Android 10; K) AppleWebKit/537.36 (KHTML, like Gecko) Chrome/124.0.0.0 Mobile Safari/537.36"
38.250.129.146 - - [28/Apr/2024:16:03:54 -0500] "GET /wp-content/themes/popularfx/sidebar.css?ver=1.2.0 HTTP/1.1" 200 9443 "https://www.encuentrospsijuridicos.redpsiju.com/" "Mozilla/5.0 (Linux; Android 10; K) AppleWebKit/537.36 (KHTML, like Gecko) Chrome/124.0.0.0 Mobile Safari/537.36"
38.250.129.146 - - [28/Apr/2024:16:03:54 -0500] "GET /wp-includes/js/jquery/jquery.min.js?ver=3.7.1 HTTP/1.1" 200 87553 "https://www.encuentrospsijuridicos.redpsiju.com/" "Mozilla/5.0 (Linux; Android 10; K) AppleWebKit/537.36 (KHTML, like Gecko) Chrome/124.0.0.0 Mobile Safari/537.36"
38.250.129.146 - - [28/Apr/2024:16:03:54 -0500] "GET /wp-includes/js/jquery/jquery-migrate.min.js?ver=3.4.1 HTTP/1.1" 200 13577 "https://www.encuentrospsijuridicos.redpsiju.com/" "Mozilla/5.0 (Linux; Android 10; K) AppleWebKit/537.36 (KHTML, like Gecko) Chrome/124.0.0.0 Mobile Safari/537.36"
38.250.129.146 - - [28/Apr/2024:16:03:54 -0500] "GET /wp-content/plugins/pagelayer/js/givejs.php?give=pagelayer-frontend.js%2Cnivo-lightbox.min.js%2Cwow.min.js%2Cjquery-numerator.js%2CsimpleParallax.min.js%2Cowl.carousel.min.js&premium&ver=1.4.7 HTTP/1.1" 200 27646 "https://www.encuentrospsijuridicos.redpsiju.com/" "Mozilla/5.0 (Linux; Android 10; K) AppleWebKit/537.36 (KHTML, like Gecko) Chrome/124.0.0.0 Mobile Safari/537.36"
38.250.129.40 - - [28/Apr/2024:16:03:54 -0500] "GET /wp-includes/css/dist/block-library/style.min.css?ver=6.5.2 HTTP/1.1" 200 113381 "https://www.encuentrospsijuridicos.redpsiju.com/" "Mozilla/5.0 (Linux; Android 10; K) AppleWebKit/537.36 (KHTML, like Gecko) Chrome/124.0.0.0 Mobile Safari/537.36"
38.250.129.146 - - [28/Apr/2024:16:03:54 -0500] "GET /wp-content/uploads/2021/03/image1.jpg HTTP/1.1" 200 22067 "https://www.encuentrospsijuridicos.redpsiju.com/" "Mozilla/5.0 (Linux; Android 10; K) AppleWebKit/537.36 (KHTML, like Gecko) Chrome/124.0.0.0 Mobile Safari/537.36"
38.250.129.146 - - [28/Apr/2024:16:03:54 -0500] "GET /wp-content/uploads/2021/03/image2.jpg HTTP/1.1" 200 40832 "https://www.encuentrospsijuridicos.redpsiju.com/" "Mozilla/5.0 (Linux; Android 10; K) AppleWebKit/537.36 (KHTML, like Gecko) Chrome/124.0.0.0 Mobile Safari/537.36"
38.250.129.40 - - [28/Apr/2024:16:03:54 -0500] "GET /wp-content/uploads/2021/03/image3.jpg HTTP/1.1" 200 22758 "https://www.encuentrospsijuridicos.redpsiju.com/" "Mozilla/5.0 (Linux; Android 10; K) AppleWebKit/537.36 (KHTML, like Gecko) Chrome/124.0.0.0 Mobile Safari/537.36"
38.250.129.146 - - [28/Apr/2024:16:03:54 -0500] "GET /wp-content/uploads/2021/03/image04.jpg HTTP/1.1" 200 129622 "https://www.encuentrospsijuridicos.redpsiju.com/" "Mozilla/5.0 (Linux; Android 10; K) AppleWebKit/537.36 (KHTML, like Gecko) Chrome/124.0.0.0 Mobile Safari/537.36"
38.250.129.146 - - [28/Apr/2024:16:03:54 -0500] "GET /wp-content/themes/popularfx/js/navigation.js?ver=1.2.0 HTTP/1.1" 200 3848 "https://www.encuentrospsijuridicos.redpsiju.com/" "Mozilla/5.0 (Linux; Android 10; K) AppleWebKit/537.36 (KHTML, like Gecko) Chrome/124.0.0.0 Mobile Safari/537.36"
38.250.129.146 - - [28/Apr/2024:16:03:54 -0500] "GET /wp-content/uploads/2021/08/banner2022.jpg HTTP/1.1" 200 1921536 "https://www.encuentrospsijuridicos.redpsiju.com/" "Mozilla/5.0 (Linux; Android 10; K) AppleWebKit/537.36 (KHTML, like Gecko) Chrome/124.0.0.0 Mobile Safari/537.36"
38.250.129.146 - - [28/Apr/2024:16:03:55 -0500] "GET /wp-content/plugins/pagelayer/images/default-image.png HTTP/1.1" 200 20188 "https://www.encuentrospsijuridicos.redpsiju.com/" "Mozilla/5.0 (Linux; Android 10; K) AppleWebKit/537.36 (KHTML, like Gecko) Chrome/124.0.0.0 Mobile Safari/537.36"
38.250.129.40 - - [28/Apr/2024:16:03:55 -0500] "GET /wp-content/uploads/2021/03/baner.jpg HTTP/1.1" 200 63444 "https://www.encuentrospsijuridicos.redpsiju.com/" "Mozilla/5.0 (Linux; Android 10; K) AppleWebKit/537.36 (KHTML, like Gecko) Chrome/124.0.0.0 Mobile Safari/537.36"
38.250.129.146 - - [28/Apr/2024:16:03:55 -0500] "GET /wp-content/uploads/2021/03/gabriel.png HTTP/1.1" 200 56025 "https://www.encuentrospsijuridicos.redpsiju.com/" "Mozilla/5.0 (Linux; Android 10; K) AppleWebKit/537.36 (KHTML, like Gecko) Chrome/124.0.0.0 Mobile Safari/537.36"
38.250.129.146 - - [28/Apr/2024:16:03:55 -0500] "GET /wp-content/plugins/pagelayer/fonts/fa-brands-400.woff2 HTTP/1.1" 200 75336 "https://www.encuentrospsijuridicos.redpsiju.com/wp-content/plugins/pagelayer/css/givecss.php?give=pagelayer-frontend.css%2Cnivo-lightbox.css%2Canimate.min.css%2Cowl.carousel.min.css%2Cowl.theme.default.min.css%2Cfont-awesome5.min.css&premium&ver=1.4.7" "Mozilla/5.0 (Linux; Android 10; K) AppleWebKit/537.36 (KHTML, like Gecko) Chrome/124.0.0.0 Mobile Safari/537.36"
38.250.129.146 - - [28/Apr/2024:16:03:55 -0500] "GET /wp-content/plugins/pagelayer/fonts/fa-solid-900.woff2 HTTP/1.1" 200 75728 "https://www.encuentrospsijuridicos.redpsiju.com/wp-content/plugins/pagelayer/css/givecss.php?give=pagelayer-frontend.css%2Cnivo-lightbox.css%2Canimate.min.css%2Cowl.carousel.min.css%2Cowl.theme.default.min.css%2Cfont-awesome5.min.css&premium&ver=1.4.7" "Mozilla/5.0 (Linux; Android 10; K) AppleWebKit/537.36 (KHTML, like Gecko) Chrome/124.0.0.0 Mobile Safari/537.36"
38.250.129.40 - - [28/Apr/2024:16:03:55 -0500] "GET /wp-content/uploads/2021/03/iris.png HTTP/1.1" 200 44346 "https://www.encuentrospsijuridicos.redpsiju.com/" "Mozilla/5.0 (Linux; Android 10; K) AppleWebKit/537.36 (KHTML, like Gecko) Chrome/124.0.0.0 Mobile Safari/537.36"
38.250.129.146 - - [28/Apr/2024:16:03:55 -0500] "GET /wp-content/uploads/2021/03/charles.png HTTP/1.1" 200 45446 "https://www.encuentrospsijuridicos.redpsiju.com/" "Mozilla/5.0 (Linux; Android 10; K) AppleWebKit/537.36 (KHTML, like Gecko) Chrome/124.0.0.0 Mobile Safari/537.36"
38.250.129.146 - - [28/Apr/2024:16:03:55 -0500] "GET /wp-content/uploads/2021/03/joa.png HTTP/1.1" 200 45879 "https://www.encuentrospsijuridicos.redpsiju.com/" "Mozilla/5.0 (Linux; Android 10; K) AppleWebKit/537.36 (KHTML, like Gecko) Chrome/124.0.0.0 Mobile Safari/537.36"
38.250.129.40 - - [28/Apr/2024:16:03:55 -0500] "GET /wp-content/uploads/2021/03/giomar.png HTTP/1.1" 200 40423 "https://www.encuentrospsijuridicos.redpsiju.com/" "Mozilla/5.0 (Linux; Android 10; K) AppleWebKit/537.36 (KHTML, like Gecko) Chrome/124.0.0.0 Mobile Safari/537.36"
38.250.129.146 - - [28/Apr/2024:16:03:55 -0500] "GET /wp-content/uploads/2021/03/carlos.png HTTP/1.1" 200 30653 "https://www.encuentrospsijuridicos.redpsiju.com/" "Mozilla/5.0 (Linux; Android 10; K) AppleWebKit/537.36 (KHTML, like Gecko) Chrome/124.0.0.0 Mobile Safari/537.36"
38.250.129.146 - - [28/Apr/2024:16:03:55 -0500] "GET /wp-content/uploads/2021/03/miriam.png HTTP/1.1" 200 42337 "https://www.encuentrospsijuridicos.redpsiju.com/" "Mozilla/5.0 (Linux; Android 10; K) AppleWebKit/537.36 (KHTML, like Gecko) Chrome/124.0.0.0 Mobile Safari/537.36"
38.250.129.146 - - [28/Apr/2024:16:03:55 -0500] "GET /wp-content/uploads/2021/03/madariaga.png HTTP/1.1" 200 39131 "https://www.encuentrospsijuridicos.redpsiju.com/" "Mozilla/5.0 (Linux; Android 10; K) AppleWebKit/537.36 (KHTML, like Gecko) Chrome/124.0.0.0 Mobile Safari/537.36"
38.250.129.40 - - [28/Apr/2024:16:03:55 -0500] "GET /wp-content/uploads/2021/03/adriana.png HTTP/1.1" 200 52822 "https://www.encuentrospsijuridicos.redpsiju.com/" "Mozilla/5.0 (Linux; Android 10; K) AppleWebKit/537.36 (KHTML, like Gecko) Chrome/124.0.0.0 Mobile Safari/537.36"
38.250.129.146 - - [28/Apr/2024:16:03:55 -0500] "GET /wp-content/uploads/2021/03/williams.png HTTP/1.1" 200 36013 "https://www.encuentrospsijuridicos.redpsiju.com/" "Mozilla/5.0 (Linux; Android 10; K) AppleWebKit/537.36 (KHTML, like Gecko) Chrome/124.0.0.0 Mobile Safari/537.36"
38.250.129.146 - - [28/Apr/2024:16:03:55 -0500] "GET /wp-content/uploads/2021/03/gabriela.png HTTP/1.1" 200 40538 "https://www.encuentrospsijuridicos.redpsiju.com/" "Mozilla/5.0 (Linux; Android 10; K) AppleWebKit/537.36 (KHTML, like Gecko) Chrome/124.0.0.0 Mobile Safari/537.36"
38.250.129.146 - - [28/Apr/2024:16:03:55 -0500] "GET /wp-content/uploads/2021/03/jose.png HTTP/1.1" 200 31168 "https://www.encuentrospsijuridicos.redpsiju.com/" "Mozilla/5.0 (Linux; Android 10; K) AppleWebKit/537.36 (KHTML, like Gecko) Chrome/124.0.0.0 Mobile Safari/537.36"
38.250.129.40 - - [28/Apr/2024:16:03:55 -0500] "GET /wp-content/uploads/2021/03/bernat.png HTTP/1.1" 200 46121 "https://www.encuentrospsijuridicos.redpsiju.com/" "Mozilla/5.0 (Linux; Android 10; K) AppleWebKit/537.36 (KHTML, like Gecko) Chrome/124.0.0.0 Mobile Safari/537.36"
38.250.129.146 - - [28/Apr/2024:16:03:55 -0500] "GET /wp-content/uploads/2021/03/image6-scaled-1.jpg HTTP/1.1" 200 2256377 "https://www.encuentrospsijuridicos.redpsiju.com/" "Mozilla/5.0 (Linux; Android 10; K) AppleWebKit/537.36 (KHTML, like Gecko) Chrome/124.0.0.0 Mobile Safari/537.36"
38.250.129.146 - - [28/Apr/2024:16:03:58 -0500] "GET /favicon.ico HTTP/1.1" 404 - "https://www.encuentrospsijuridicos.redpsiju.com/" "Mozilla/5.0 (Linux; Android 10; K) AppleWebKit/537.36 (KHTML, like Gecko) Chrome/124.0.0.0 Mobile Safari/537.36"
167.114.27.228 - - [28/Apr/2024:17:21:13 -0500] "POST /wp-cron.php?doing_wp_cron=1714342872.7269380092620849609375 HTTP/1.1" 200 - "-" "WordPress/6.5.2; https://www.encuentrospsijuridicos.redpsiju.com"
192.87.174.28 - - [28/Apr/2024:17:20:51 -0500] "GET / HTTP/1.1" 200 181368 "-" "Python/3.10 aiohttp/3.9.3"
87.236.176.35 - - [28/Apr/2024:17:23:32 -0500] "GET / HTTP/1.1" 200 181368 "-" "Mozilla/5.0 (compatible; InternetMeasurement/1.0; +https://internet-measurement.com/)"
167.114.27.228 - - [28/Apr/2024:18:17:52 -0500] "POST /wp-cron.php?doing_wp_cron=1714346272.5095899105072021484375 HTTP/1.1" 200 - "-" "WordPress/6.5.2; https://www.encuentrospsijuridicos.redpsiju.com"
47.88.93.234 - - [28/Apr/2024:18:17:33 -0500] "GET / HTTP/1.1" 200 181368 "-" "Mozilla/5.0 (Linux; Android 11; M2004J15SC) AppleWebKit/537.36 (KHTML, like Gecko) Chrome/103.0.5060.114 Mobile Safari/537.36"
47.88.6.178 - - [28/Apr/2024:18:17:55 -0500] "GET /Public/home/js/check.js HTTP/1.1" 404 - "-" "Mozilla/5.0 (Linux; Android 11; M2004J15SC) AppleWebKit/537.36 (KHTML, like Gecko) Chrome/103.0.5060.114 Mobile Safari/537.36"
47.254.74.59 - - [28/Apr/2024:18:17:57 -0500] "GET /static/admin/javascript/hetong.js HTTP/1.1" 404 - "-" "Mozilla/5.0 (Linux; Android 11; M2004J15SC) AppleWebKit/537.36 (KHTML, like Gecko) Chrome/103.0.5060.114 Mobile Safari/537.36"
171.67.70.233 - - [28/Apr/2024:18:29:01 -0500] "GET / HTTP/1.1" 200 181368 "-" "Mozilla/5.0 zgrab/0.x"
167.114.27.228 - - [28/Apr/2024:20:14:02 -0500] "POST /wp-cron.php?doing_wp_cron=1714353242.4732129573822021484375 HTTP/1.1" 200 - "-" "WordPress/6.5.2; https://www.encuentrospsijuridicos.redpsiju.com"
104.166.80.38 - - [28/Apr/2024:20:13:53 -0500] "GET / HTTP/1.1" 200 181368 "-" "Mozilla/5.0 (X11; Linux i686; rv:109.0) Gecko/20100101 Firefox/120.0"
167.114.27.228 - - [28/Apr/2024:21:08:28 -0500] "POST /wp-cron.php?doing_wp_cron=1714356508.4149250984191894531250 HTTP/1.1" 200 - "-" "WordPress/6.5.2; https://www.encuentrospsijuridicos.redpsiju.com"
142.93.52.219 - - [28/Apr/2024:21:08:22 -0500] "GET / HTTP/1.1" 200 181368 "-" "Mozilla/5.0 (Macintosh; Intel Mac OS X 10_15_7) AppleWebKit/537.36 (KHTML, like Gecko) Chrome/121.0.0.0 Safari/537.36"