HEX
Server: Apache
System: Linux r5.a1center.net 4.18.0-513.5.1.lve.el8.x86_64 #1 SMP Tue Nov 21 10:14:49 UTC 2023 x86_64
User: redpsiju (1623)
PHP: 8.2.32
Disabled: NONE
Upload Files
File: /home/redpsiju/access-logs/peru-1en2022.redpsiju.org
167.114.27.228 - - [27/Apr/2024:21:54:17 -0500] "GET /.well-known/acme-challenge/QY64R4O6SDV736J7843F-EROSC5J4LJ- HTTP/1.1" 200 64 "-" "Cpanel-HTTP-Client/1.0"
167.114.27.228 - - [27/Apr/2024:21:54:17 -0500] "GET /.well-known/acme-challenge/9CB4KZAE52VE173_HZDXB_S6FC3MB95A HTTP/1.1" 200 64 "-" "Cpanel-HTTP-Client/1.0"
179.6.46.83 - - [27/Apr/2024:21:57:07 -0500] "GET / HTTP/1.1" 301 - "https://r5.a1center.net:2083/" "Mozilla/5.0 (Windows NT 10.0; Win64; x64) AppleWebKit/537.36 (KHTML, like Gecko) Chrome/124.0.0.0 Safari/537.36"
179.6.46.83 - - [27/Apr/2024:22:19:19 -0500] "GET / HTTP/1.1" 301 - "https://r5.a1center.net:2083/" "Mozilla/5.0 (Windows NT 10.0; Win64; x64) AppleWebKit/537.36 (KHTML, like Gecko) Chrome/124.0.0.0 Safari/537.36"
179.6.46.83 - - [27/Apr/2024:22:33:46 -0500] "GET / HTTP/1.1" 301 - "https://r5.a1center.net:2083/" "Mozilla/5.0 (Windows NT 10.0; Win64; x64) AppleWebKit/537.36 (KHTML, like Gecko) Chrome/124.0.0.0 Safari/537.36"
179.6.46.83 - - [27/Apr/2024:22:53:37 -0500] "GET /wp-admin HTTP/1.1" 301 250 "-" "Mozilla/5.0 (Windows NT 10.0; Win64; x64) AppleWebKit/537.36 (KHTML, like Gecko) Chrome/124.0.0.0 Safari/537.36"
179.6.46.83 - - [27/Apr/2024:22:53:38 -0500] "GET /wp-admin/ HTTP/1.1" 302 - "-" "Mozilla/5.0 (Windows NT 10.0; Win64; x64) AppleWebKit/537.36 (KHTML, like Gecko) Chrome/124.0.0.0 Safari/537.36"
167.114.27.228 - - [27/Apr/2024:23:05:19 -0500] "GET /.well-known/acme-challenge/INPS8-FABXTSI7OCG8DJ9O2VYBW3HDTK HTTP/1.1" 200 64 "-" "Cpanel-HTTP-Client/1.0"
167.114.27.228 - - [27/Apr/2024:23:05:19 -0500] "GET /.well-known/acme-challenge/NV6A6WL2N7LRP1O3C6C7997V-LB0P5N2 HTTP/1.1" 200 64 "-" "Cpanel-HTTP-Client/1.0"
167.114.27.228 - - [27/Apr/2024:23:20:08 -0500] "POST /wp-cron.php?doing_wp_cron=1714278008.9526240825653076171875 HTTP/1.1" 200 - "-" "WordPress/6.4.2; http://peru-1en2022.redpsiju.com"
179.6.46.83 - - [27/Apr/2024:23:20:08 -0500] "GET / HTTP/1.1" 200 158724 "-" "Mozilla/5.0 (Windows NT 10.0; Win64; x64) AppleWebKit/537.36 (KHTML, like Gecko) Chrome/124.0.0.0 Safari/537.36"
179.6.46.83 - - [27/Apr/2024:23:20:09 -0500] "GET /wp-content/plugins/pagelayer/css/givecss.php?give=pagelayer-frontend.css%2Cnivo-lightbox.css%2Canimate.min.css%2Cowl.carousel.min.css%2Cowl.theme.default.min.css%2Cfont-awesome5.min.css&premium&ver=1.7.6 HTTP/1.1" 200 40510 "http://peru-1en2022.redpsiju.com/" "Mozilla/5.0 (Windows NT 10.0; Win64; x64) AppleWebKit/537.36 (KHTML, like Gecko) Chrome/124.0.0.0 Safari/537.36"
179.6.46.83 - - [27/Apr/2024:23:20:09 -0500] "GET /wp-includes/css/dist/block-library/style.min.css?ver=6.4.2 HTTP/1.1" 200 110035 "http://peru-1en2022.redpsiju.com/" "Mozilla/5.0 (Windows NT 10.0; Win64; x64) AppleWebKit/537.36 (KHTML, like Gecko) Chrome/124.0.0.0 Safari/537.36"
179.6.46.83 - - [27/Apr/2024:23:20:09 -0500] "GET /wp-content/themes/popularfx/sidebar.css?ver=1.2.3 HTTP/1.1" 200 8951 "http://peru-1en2022.redpsiju.com/" "Mozilla/5.0 (Windows NT 10.0; Win64; x64) AppleWebKit/537.36 (KHTML, like Gecko) Chrome/124.0.0.0 Safari/537.36"
179.6.46.83 - - [27/Apr/2024:23:20:09 -0500] "GET /wp-content/uploads/popularfx-templates/softland/style.css?ver=1.2.3 HTTP/1.1" 200 2540 "http://peru-1en2022.redpsiju.com/" "Mozilla/5.0 (Windows NT 10.0; Win64; x64) AppleWebKit/537.36 (KHTML, like Gecko) Chrome/124.0.0.0 Safari/537.36"
179.6.46.83 - - [27/Apr/2024:23:20:09 -0500] "GET /wp-includes/js/jquery/jquery.min.js?ver=3.7.1 HTTP/1.1" 200 87553 "http://peru-1en2022.redpsiju.com/" "Mozilla/5.0 (Windows NT 10.0; Win64; x64) AppleWebKit/537.36 (KHTML, like Gecko) Chrome/124.0.0.0 Safari/537.36"
179.6.46.83 - - [27/Apr/2024:23:20:09 -0500] "GET /wp-includes/js/jquery/jquery-migrate.min.js?ver=3.4.1 HTTP/1.1" 200 13577 "http://peru-1en2022.redpsiju.com/" "Mozilla/5.0 (Windows NT 10.0; Win64; x64) AppleWebKit/537.36 (KHTML, like Gecko) Chrome/124.0.0.0 Safari/537.36"
179.6.46.83 - - [27/Apr/2024:23:20:09 -0500] "GET /wp-content/uploads/2022/06/image2.jpg HTTP/1.1" 200 37074 "http://peru-1en2022.redpsiju.com/" "Mozilla/5.0 (Windows NT 10.0; Win64; x64) AppleWebKit/537.36 (KHTML, like Gecko) Chrome/124.0.0.0 Safari/537.36"
179.6.46.83 - - [27/Apr/2024:23:20:09 -0500] "GET /wp-content/uploads/2022/06/image1.jpg HTTP/1.1" 200 22067 "http://peru-1en2022.redpsiju.com/" "Mozilla/5.0 (Windows NT 10.0; Win64; x64) AppleWebKit/537.36 (KHTML, like Gecko) Chrome/124.0.0.0 Safari/537.36"
179.6.46.83 - - [27/Apr/2024:23:20:09 -0500] "GET /wp-content/uploads/2022/07/esc-wp.png HTTP/1.1" 200 33529 "http://peru-1en2022.redpsiju.com/" "Mozilla/5.0 (Windows NT 10.0; Win64; x64) AppleWebKit/537.36 (KHTML, like Gecko) Chrome/124.0.0.0 Safari/537.36"
179.6.46.83 - - [27/Apr/2024:23:20:09 -0500] "GET /wp-content/uploads/2022/06/red.png HTTP/1.1" 200 416649 "http://peru-1en2022.redpsiju.com/" "Mozilla/5.0 (Windows NT 10.0; Win64; x64) AppleWebKit/537.36 (KHTML, like Gecko) Chrome/124.0.0.0 Safari/537.36"
179.6.46.83 - - [27/Apr/2024:23:20:09 -0500] "GET /wp-content/uploads/2022/06/bg-300x214-1.jpg HTTP/1.1" 200 663968 "http://peru-1en2022.redpsiju.com/" "Mozilla/5.0 (Windows NT 10.0; Win64; x64) AppleWebKit/537.36 (KHTML, like Gecko) Chrome/124.0.0.0 Safari/537.36"
179.6.46.83 - - [27/Apr/2024:23:20:09 -0500] "GET /wp-content/plugins/pagelayer/js/givejs.php?give=pagelayer-frontend.js%2Cnivo-lightbox.min.js%2Cwow.min.js%2Cjquery-numerator.js%2CsimpleParallax.min.js%2Cowl.carousel.min.js&premium&ver=1.7.6 HTTP/1.1" 200 29983 "http://peru-1en2022.redpsiju.com/" "Mozilla/5.0 (Windows NT 10.0; Win64; x64) AppleWebKit/537.36 (KHTML, like Gecko) Chrome/124.0.0.0 Safari/537.36"
179.6.46.83 - - [27/Apr/2024:23:20:10 -0500] "GET /wp-content/themes/popularfx/js/navigation.js?ver=1.2.3 HTTP/1.1" 200 4386 "http://peru-1en2022.redpsiju.com/" "Mozilla/5.0 (Windows NT 10.0; Win64; x64) AppleWebKit/537.36 (KHTML, like Gecko) Chrome/124.0.0.0 Safari/537.36"
179.6.46.83 - - [27/Apr/2024:23:20:10 -0500] "GET /wp-content/uploads/2022/06/masev.png HTTP/1.1" 200 75666 "http://peru-1en2022.redpsiju.com/" "Mozilla/5.0 (Windows NT 10.0; Win64; x64) AppleWebKit/537.36 (KHTML, like Gecko) Chrome/124.0.0.0 Safari/537.36"
179.6.46.83 - - [27/Apr/2024:23:20:10 -0500] "GET /wp-content/uploads/2022/06/pp-scaled.jpg HTTP/1.1" 200 363106 "http://peru-1en2022.redpsiju.com/" "Mozilla/5.0 (Windows NT 10.0; Win64; x64) AppleWebKit/537.36 (KHTML, like Gecko) Chrome/124.0.0.0 Safari/537.36"
179.6.46.83 - - [27/Apr/2024:23:20:10 -0500] "GET /wp-content/uploads/2022/06/argentina-150x150.jpg HTTP/1.1" 200 8863 "http://peru-1en2022.redpsiju.com/" "Mozilla/5.0 (Windows NT 10.0; Win64; x64) AppleWebKit/537.36 (KHTML, like Gecko) Chrome/124.0.0.0 Safari/537.36"
179.6.46.83 - - [27/Apr/2024:23:20:10 -0500] "GET /wp-content/uploads/2022/06/bolivia-150x150.jpg HTTP/1.1" 200 5465 "http://peru-1en2022.redpsiju.com/" "Mozilla/5.0 (Windows NT 10.0; Win64; x64) AppleWebKit/537.36 (KHTML, like Gecko) Chrome/124.0.0.0 Safari/537.36"
179.6.46.83 - - [27/Apr/2024:23:20:10 -0500] "GET /wp-content/plugins/pagelayer/fonts/fa-solid-900.woff2 HTTP/1.1" 200 78268 "http://peru-1en2022.redpsiju.com/wp-content/plugins/pagelayer/css/givecss.php?give=pagelayer-frontend.css%2Cnivo-lightbox.css%2Canimate.min.css%2Cowl.carousel.min.css%2Cowl.theme.default.min.css%2Cfont-awesome5.min.css&premium&ver=1.7.6" "Mozilla/5.0 (Windows NT 10.0; Win64; x64) AppleWebKit/537.36 (KHTML, like Gecko) Chrome/124.0.0.0 Safari/537.36"
179.6.46.83 - - [27/Apr/2024:23:20:10 -0500] "GET /wp-content/plugins/pagelayer/fonts/fa-brands-400.woff2 HTTP/1.1" 200 76736 "http://peru-1en2022.redpsiju.com/wp-content/plugins/pagelayer/css/givecss.php?give=pagelayer-frontend.css%2Cnivo-lightbox.css%2Canimate.min.css%2Cowl.carousel.min.css%2Cowl.theme.default.min.css%2Cfont-awesome5.min.css&premium&ver=1.7.6" "Mozilla/5.0 (Windows NT 10.0; Win64; x64) AppleWebKit/537.36 (KHTML, like Gecko) Chrome/124.0.0.0 Safari/537.36"
179.6.46.83 - - [27/Apr/2024:23:20:10 -0500] "GET /wp-content/uploads/2022/06/brasil-150x150.png HTTP/1.1" 200 17215 "http://peru-1en2022.redpsiju.com/" "Mozilla/5.0 (Windows NT 10.0; Win64; x64) AppleWebKit/537.36 (KHTML, like Gecko) Chrome/124.0.0.0 Safari/537.36"
179.6.46.83 - - [27/Apr/2024:23:20:10 -0500] "GET /wp-content/uploads/2022/06/ecuador-150x150.png HTTP/1.1" 200 22798 "http://peru-1en2022.redpsiju.com/" "Mozilla/5.0 (Windows NT 10.0; Win64; x64) AppleWebKit/537.36 (KHTML, like Gecko) Chrome/124.0.0.0 Safari/537.36"
179.6.46.83 - - [27/Apr/2024:23:20:10 -0500] "GET /wp-content/uploads/2022/06/elsalvador-150x150.png HTTP/1.1" 200 12248 "http://peru-1en2022.redpsiju.com/" "Mozilla/5.0 (Windows NT 10.0; Win64; x64) AppleWebKit/537.36 (KHTML, like Gecko) Chrome/124.0.0.0 Safari/537.36"
179.6.46.83 - - [27/Apr/2024:23:20:10 -0500] "GET /wp-content/uploads/2022/06/espana-150x150.png HTTP/1.1" 200 13930 "http://peru-1en2022.redpsiju.com/" "Mozilla/5.0 (Windows NT 10.0; Win64; x64) AppleWebKit/537.36 (KHTML, like Gecko) Chrome/124.0.0.0 Safari/537.36"
179.6.46.83 - - [27/Apr/2024:23:20:10 -0500] "GET /wp-content/uploads/2022/06/mexico-150x150.png HTTP/1.1" 200 9479 "http://peru-1en2022.redpsiju.com/" "Mozilla/5.0 (Windows NT 10.0; Win64; x64) AppleWebKit/537.36 (KHTML, like Gecko) Chrome/124.0.0.0 Safari/537.36"
179.6.46.83 - - [27/Apr/2024:23:20:10 -0500] "GET /wp-content/uploads/2022/06/mexicoac-150x150.png HTTP/1.1" 200 34412 "http://peru-1en2022.redpsiju.com/" "Mozilla/5.0 (Windows NT 10.0; Win64; x64) AppleWebKit/537.36 (KHTML, like Gecko) Chrome/124.0.0.0 Safari/537.36"
179.6.46.83 - - [27/Apr/2024:23:20:10 -0500] "GET /wp-content/uploads/2022/06/panama-150x150.jpg HTTP/1.1" 200 9701 "http://peru-1en2022.redpsiju.com/" "Mozilla/5.0 (Windows NT 10.0; Win64; x64) AppleWebKit/537.36 (KHTML, like Gecko) Chrome/124.0.0.0 Safari/537.36"
179.6.46.83 - - [27/Apr/2024:23:20:11 -0500] "GET /wp-content/uploads/2022/06/paraguay-150x150.jpg HTTP/1.1" 200 5822 "http://peru-1en2022.redpsiju.com/" "Mozilla/5.0 (Windows NT 10.0; Win64; x64) AppleWebKit/537.36 (KHTML, like Gecko) Chrome/124.0.0.0 Safari/537.36"
179.6.46.83 - - [27/Apr/2024:23:20:11 -0500] "GET /wp-content/uploads/2022/06/portugal-150x150.png HTTP/1.1" 200 15579 "http://peru-1en2022.redpsiju.com/" "Mozilla/5.0 (Windows NT 10.0; Win64; x64) AppleWebKit/537.36 (KHTML, like Gecko) Chrome/124.0.0.0 Safari/537.36"
179.6.46.83 - - [27/Apr/2024:23:20:11 -0500] "GET /wp-content/uploads/2022/06/uruguay-150x150.jpg HTTP/1.1" 200 7646 "http://peru-1en2022.redpsiju.com/" "Mozilla/5.0 (Windows NT 10.0; Win64; x64) AppleWebKit/537.36 (KHTML, like Gecko) Chrome/124.0.0.0 Safari/537.36"
179.6.46.83 - - [27/Apr/2024:23:20:11 -0500] "GET /wp-content/uploads/2022/06/venezuela-150x150.jpg HTTP/1.1" 200 6074 "http://peru-1en2022.redpsiju.com/" "Mozilla/5.0 (Windows NT 10.0; Win64; x64) AppleWebKit/537.36 (KHTML, like Gecko) Chrome/124.0.0.0 Safari/537.36"
179.6.46.83 - - [27/Apr/2024:23:20:11 -0500] "GET /wp-content/uploads/2022/07/appjf-150x150.png HTTP/1.1" 200 20294 "http://peru-1en2022.redpsiju.com/" "Mozilla/5.0 (Windows NT 10.0; Win64; x64) AppleWebKit/537.36 (KHTML, like Gecko) Chrome/124.0.0.0 Safari/537.36"
179.6.46.83 - - [27/Apr/2024:23:20:11 -0500] "GET /wp-includes/js/wp-emoji-release.min.js?ver=6.4.2 HTTP/1.1" 200 18692 "http://peru-1en2022.redpsiju.com/" "Mozilla/5.0 (Windows NT 10.0; Win64; x64) AppleWebKit/537.36 (KHTML, like Gecko) Chrome/124.0.0.0 Safari/537.36"
179.6.46.83 - - [27/Apr/2024:23:20:10 -0500] "GET /wp-content/uploads/2022/06/afi.png HTTP/1.1" 200 1030945 "http://peru-1en2022.redpsiju.com/" "Mozilla/5.0 (Windows NT 10.0; Win64; x64) AppleWebKit/537.36 (KHTML, like Gecko) Chrome/124.0.0.0 Safari/537.36"
179.6.46.83 - - [27/Apr/2024:23:20:11 -0500] "GET /wp-content/uploads/2022/06/cropped-logo-32x32.png HTTP/1.1" 200 1674 "http://peru-1en2022.redpsiju.com/" "Mozilla/5.0 (Windows NT 10.0; Win64; x64) AppleWebKit/537.36 (KHTML, like Gecko) Chrome/124.0.0.0 Safari/537.36"
179.6.46.83 - - [27/Apr/2024:23:20:35 -0500] "GET /ponentes-nacionales/ HTTP/1.1" 404 - "http://peru-1en2022.redpsiju.com/" "Mozilla/5.0 (Windows NT 10.0; Win64; x64) AppleWebKit/537.36 (KHTML, like Gecko) Chrome/124.0.0.0 Safari/537.36"
179.6.46.83 - - [27/Apr/2024:23:20:35 -0500] "GET /favicon.ico HTTP/1.1" 404 - "http://peru-1en2022.redpsiju.com/ponentes-nacionales/" "Mozilla/5.0 (Windows NT 10.0; Win64; x64) AppleWebKit/537.36 (KHTML, like Gecko) Chrome/124.0.0.0 Safari/537.36"
179.6.46.83 - - [27/Apr/2024:23:20:39 -0500] "GET /ponentes-nacionales/ HTTP/1.1" 404 - "-" "Mozilla/5.0 (Windows NT 10.0; Win64; x64) AppleWebKit/537.36 (KHTML, like Gecko) Chrome/124.0.0.0 Safari/537.36"
179.6.46.83 - - [27/Apr/2024:23:20:52 -0500] "GET / HTTP/1.1" 200 158724 "https://r5.a1center.net:2083/" "Mozilla/5.0 (Windows NT 10.0; Win64; x64) AppleWebKit/537.36 (KHTML, like Gecko) Chrome/124.0.0.0 Safari/537.36"
179.6.46.83 - - [27/Apr/2024:23:20:52 -0500] "GET /wp-content/plugins/pagelayer/css/givecss.php?give=pagelayer-frontend.css%2Cnivo-lightbox.css%2Canimate.min.css%2Cowl.carousel.min.css%2Cowl.theme.default.min.css%2Cfont-awesome5.min.css&premium&ver=1.7.6 HTTP/1.1" 304 - "http://peru-1en2022.redpsiju.com/" "Mozilla/5.0 (Windows NT 10.0; Win64; x64) AppleWebKit/537.36 (KHTML, like Gecko) Chrome/124.0.0.0 Safari/537.36"
179.6.46.83 - - [27/Apr/2024:23:20:52 -0500] "GET /wp-content/plugins/pagelayer/js/givejs.php?give=pagelayer-frontend.js%2Cnivo-lightbox.min.js%2Cwow.min.js%2Cjquery-numerator.js%2CsimpleParallax.min.js%2Cowl.carousel.min.js&premium&ver=1.7.6 HTTP/1.1" 304 - "http://peru-1en2022.redpsiju.com/" "Mozilla/5.0 (Windows NT 10.0; Win64; x64) AppleWebKit/537.36 (KHTML, like Gecko) Chrome/124.0.0.0 Safari/537.36"
179.6.46.83 - - [27/Apr/2024:23:20:58 -0500] "GET /media/ippse/ HTTP/1.1" 404 - "http://peru-1en2022.redpsiju.com/" "Mozilla/5.0 (Windows NT 10.0; Win64; x64) AppleWebKit/537.36 (KHTML, like Gecko) Chrome/124.0.0.0 Safari/537.36"
167.114.27.228 - - [27/Apr/2024:23:21:50 -0500] "POST /wp-cron.php?doing_wp_cron=1714278110.1677660942077636718750 HTTP/1.1" 200 - "-" "WordPress/6.4.2; http://peru-1en2022.redpsiju.com"
179.6.46.83 - - [27/Apr/2024:23:21:50 -0500] "GET / HTTP/1.1" 200 158724 "https://r5.a1center.net:2083/" "Mozilla/5.0 (Windows NT 10.0; Win64; x64) AppleWebKit/537.36 (KHTML, like Gecko) Chrome/124.0.0.0 Safari/537.36"
179.6.46.83 - - [27/Apr/2024:23:21:50 -0500] "GET /wp-content/plugins/pagelayer/css/givecss.php?give=pagelayer-frontend.css%2Cnivo-lightbox.css%2Canimate.min.css%2Cowl.carousel.min.css%2Cowl.theme.default.min.css%2Cfont-awesome5.min.css&premium&ver=1.7.6 HTTP/1.1" 304 - "http://peru-1en2022.redpsiju.com/" "Mozilla/5.0 (Windows NT 10.0; Win64; x64) AppleWebKit/537.36 (KHTML, like Gecko) Chrome/124.0.0.0 Safari/537.36"
179.6.46.83 - - [27/Apr/2024:23:21:50 -0500] "GET /wp-content/plugins/pagelayer/js/givejs.php?give=pagelayer-frontend.js%2Cnivo-lightbox.min.js%2Cwow.min.js%2Cjquery-numerator.js%2CsimpleParallax.min.js%2Cowl.carousel.min.js&premium&ver=1.7.6 HTTP/1.1" 304 - "http://peru-1en2022.redpsiju.com/" "Mozilla/5.0 (Windows NT 10.0; Win64; x64) AppleWebKit/537.36 (KHTML, like Gecko) Chrome/124.0.0.0 Safari/537.36"
179.6.46.83 - - [27/Apr/2024:23:21:52 -0500] "GET / HTTP/1.1" 200 158724 "http://peru-1en2022.redpsiju.com/" "Mozilla/5.0 (Windows NT 10.0; Win64; x64) AppleWebKit/537.36 (KHTML, like Gecko) Chrome/124.0.0.0 Safari/537.36"
179.6.46.83 - - [27/Apr/2024:23:21:54 -0500] "GET / HTTP/1.1" 200 158724 "http://peru-1en2022.redpsiju.com/" "Mozilla/5.0 (Windows NT 10.0; Win64; x64) AppleWebKit/537.36 (KHTML, like Gecko) Chrome/124.0.0.0 Safari/537.36"
179.6.46.83 - - [27/Apr/2024:23:21:55 -0500] "GET / HTTP/1.1" 200 158724 "http://peru-1en2022.redpsiju.com/" "Mozilla/5.0 (Windows NT 10.0; Win64; x64) AppleWebKit/537.36 (KHTML, like Gecko) Chrome/124.0.0.0 Safari/537.36"
167.114.27.228 - - [27/Apr/2024:23:21:59 -0500] "POST /wp-cron.php HTTP/1.1" 200 - "-" "WordPress/6.4.2; http://peru-1en2022.redpsiju.com"
167.114.27.228 - - [27/Apr/2024:23:22:00 -0500] "GET / HTTP/1.1" 200 158738 "-" "WordPress/6.4.2; http://peru-1en2022.redpsiju.com"
167.114.27.228 - - [27/Apr/2024:23:22:00 -0500] "GET / HTTP/1.1" 200 158724 "-" "WordPress/6.4.2; http://peru-1en2022.redpsiju.com"
167.114.27.228 - - [27/Apr/2024:23:22:00 -0500] "GET / HTTP/1.1" 200 158738 "-" "WordPress/6.4.2; http://peru-1en2022.redpsiju.com"
179.6.46.83 - - [27/Apr/2024:23:22:07 -0500] "GET /inscripciones/ HTTP/1.1" 404 - "http://peru-1en2022.redpsiju.com/" "Mozilla/5.0 (Windows NT 10.0; Win64; x64) AppleWebKit/537.36 (KHTML, like Gecko) Chrome/124.0.0.0 Safari/537.36"
167.114.27.228 - - [27/Apr/2024:23:23:32 -0500] "POST /wp-admin/upgrade.php?step=upgrade_db HTTP/1.1" 200 1 "-" "WordPress/6.4.2; http://peru-1en2022.redpsiju.com"
167.114.27.228 - - [28/Apr/2024:05:08:49 -0500] "POST /wp-cron.php?doing_wp_cron=1714298929.8464319705963134765625 HTTP/1.1" 200 - "-" "WordPress/6.5.2; http://peru-1en2022.redpsiju.com"
87.236.176.175 - - [28/Apr/2024:05:08:39 -0500] "GET / HTTP/1.1" 301 - "-" "Mozilla/5.0 (compatible; InternetMeasurement/1.0; +https://internet-measurement.com/)"
87.236.176.175 - - [28/Apr/2024:05:08:51 -0500] "GET / HTTP/1.1" 200 158664 "http://www.peru-1en2022.redpsiju.com" "Mozilla/5.0 (compatible; InternetMeasurement/1.0; +https://internet-measurement.com/)"
87.236.176.167 - - [28/Apr/2024:05:08:53 -0500] "GET /wp-content/uploads/2022/06/cropped-logo-270x270.png HTTP/1.1" 200 43915 "-" "Mozilla/5.0 (compatible; InternetMeasurement/1.0; +https://internet-measurement.com/)"
87.236.176.168 - - [28/Apr/2024:05:08:53 -0500] "GET /favicon.ico HTTP/1.1" 404 - "-" "Mozilla/5.0 (compatible; InternetMeasurement/1.0; +https://internet-measurement.com/)"
87.236.176.158 - - [28/Apr/2024:05:08:53 -0500] "GET /wp-content/uploads/2022/06/cropped-logo-180x180.png HTTP/1.1" 200 22455 "-" "Mozilla/5.0 (compatible; InternetMeasurement/1.0; +https://internet-measurement.com/)"
87.236.176.151 - - [28/Apr/2024:05:08:53 -0500] "GET /wp-content/uploads/2022/06/cropped-logo-192x192.png HTTP/1.1" 200 19938 "-" "Mozilla/5.0 (compatible; InternetMeasurement/1.0; +https://internet-measurement.com/)"
87.236.176.122 - - [28/Apr/2024:05:08:53 -0500] "GET /wp-content/uploads/2022/06/cropped-logo-32x32.png HTTP/1.1" 200 1674 "-" "Mozilla/5.0 (compatible; InternetMeasurement/1.0; +https://internet-measurement.com/)"
104.248.204.195 - - [28/Apr/2024:05:08:53 -0500] "GET /favicon.ico HTTP/1.1" 404 - "-" "Mozilla/5.0 (compatible; InternetMeasurement/1.0; +https://internet-measurement.com/)"
192.42.116.179 - - [28/Apr/2024:05:08:55 -0500] "GET /favicon.ico HTTP/1.1" 404 - "-" "Mozilla/5.0 (Windows NT 10.0; Win64; x64) AppleWebKit/537.36 (KHTML, like Gecko) Chrome/95.0.4638.69 Safari/537.36"
167.114.27.228 - - [28/Apr/2024:07:16:01 -0500] "POST /wp-cron.php?doing_wp_cron=1714306560.9348089694976806640625 HTTP/1.1" 200 - "-" "WordPress/6.5.2; http://peru-1en2022.redpsiju.com"
179.6.46.83 - - [28/Apr/2024:07:16:02 -0500] "GET /wp-includes/css/dist/block-library/style.min.css?ver=6.5.2 HTTP/1.1" 200 113381 "http://peru-1en2022.redpsiju.com/" "Mozilla/5.0 (Windows NT 10.0; Win64; x64) AppleWebKit/537.36 (KHTML, like Gecko) Chrome/124.0.0.0 Safari/537.36"
179.6.46.83 - - [28/Apr/2024:07:15:51 -0500] "GET / HTTP/1.1" 200 158664 "-" "Mozilla/5.0 (Windows NT 10.0; Win64; x64) AppleWebKit/537.36 (KHTML, like Gecko) Chrome/124.0.0.0 Safari/537.36"
179.6.46.83 - - [28/Apr/2024:07:16:02 -0500] "GET /wp-content/plugins/pagelayer/css/givecss.php?give=pagelayer-frontend.css%2Cnivo-lightbox.css%2Canimate.min.css%2Cowl.carousel.min.css%2Cowl.theme.default.min.css%2Cfont-awesome5.min.css&premium&ver=1.7.6 HTTP/1.1" 304 - "http://peru-1en2022.redpsiju.com/" "Mozilla/5.0 (Windows NT 10.0; Win64; x64) AppleWebKit/537.36 (KHTML, like Gecko) Chrome/124.0.0.0 Safari/537.36"
179.6.46.83 - - [28/Apr/2024:07:16:02 -0500] "GET /wp-content/plugins/pagelayer/js/givejs.php?give=pagelayer-frontend.js%2Cnivo-lightbox.min.js%2Cwow.min.js%2Cjquery-numerator.js%2CsimpleParallax.min.js%2Cowl.carousel.min.js&premium&ver=1.7.6 HTTP/1.1" 304 - "http://peru-1en2022.redpsiju.com/" "Mozilla/5.0 (Windows NT 10.0; Win64; x64) AppleWebKit/537.36 (KHTML, like Gecko) Chrome/124.0.0.0 Safari/537.36"
179.6.46.83 - - [28/Apr/2024:07:16:02 -0500] "GET /wp-includes/js/wp-emoji-release.min.js?ver=6.5.2 HTTP/1.1" 200 18726 "http://peru-1en2022.redpsiju.com/" "Mozilla/5.0 (Windows NT 10.0; Win64; x64) AppleWebKit/537.36 (KHTML, like Gecko) Chrome/124.0.0.0 Safari/537.36"
179.6.46.83 - - [28/Apr/2024:07:16:30 -0500] "GET /ponentes-internacionales/ HTTP/1.1" 404 - "http://peru-1en2022.redpsiju.com/" "Mozilla/5.0 (Windows NT 10.0; Win64; x64) AppleWebKit/537.36 (KHTML, like Gecko) Chrome/124.0.0.0 Safari/537.36"
179.6.46.83 - - [28/Apr/2024:07:16:30 -0500] "GET /favicon.ico HTTP/1.1" 404 - "http://peru-1en2022.redpsiju.com/ponentes-internacionales/" "Mozilla/5.0 (Windows NT 10.0; Win64; x64) AppleWebKit/537.36 (KHTML, like Gecko) Chrome/124.0.0.0 Safari/537.36"
167.114.27.228 - - [28/Apr/2024:07:46:25 -0500] "POST /wp-cron.php?doing_wp_cron=1714308385.6007239818572998046875 HTTP/1.1" 200 - "-" "WordPress/6.5.2; http://peru-1en2022.redpsiju.com"
159.65.179.153 - - [28/Apr/2024:07:46:16 -0500] "GET / HTTP/1.1" 301 - "-" "Mozilla/5.0 (Macintosh; Intel Mac OS X 10_15_7) AppleWebKit/537.36 (KHTML, like Gecko) Chrome/121.0.0.0 Safari/537.36"
167.114.27.228 - - [28/Apr/2024:10:44:59 -0500] "POST /wp-cron.php?doing_wp_cron=1714319099.2217121124267578125000 HTTP/1.1" 200 - "-" "WordPress/6.5.2; http://peru-1en2022.redpsiju.com"
179.6.46.83 - - [28/Apr/2024:10:45:00 -0500] "GET /wp-content/plugins/pagelayer/css/givecss.php?give=pagelayer-frontend.css%2Cnivo-lightbox.css%2Canimate.min.css%2Cowl.carousel.min.css%2Cowl.theme.default.min.css%2Cfont-awesome5.min.css&premium&ver=1.7.6 HTTP/1.1" 200 40510 "http://peru-1en2022.redpsiju.com/" "Mozilla/5.0 (Windows NT 10.0; Win64; x64) AppleWebKit/537.36 (KHTML, like Gecko) Chrome/124.0.0.0 Safari/537.36"
179.6.46.83 - - [28/Apr/2024:10:45:00 -0500] "GET /wp-includes/css/dist/block-library/style.min.css?ver=6.5.2 HTTP/1.1" 200 113381 "http://peru-1en2022.redpsiju.com/" "Mozilla/5.0 (Windows NT 10.0; Win64; x64) AppleWebKit/537.36 (KHTML, like Gecko) Chrome/124.0.0.0 Safari/537.36"
179.6.46.83 - - [28/Apr/2024:10:45:00 -0500] "GET /wp-content/themes/popularfx/sidebar.css?ver=1.2.3 HTTP/1.1" 200 8951 "http://peru-1en2022.redpsiju.com/" "Mozilla/5.0 (Windows NT 10.0; Win64; x64) AppleWebKit/537.36 (KHTML, like Gecko) Chrome/124.0.0.0 Safari/537.36"
179.6.46.83 - - [28/Apr/2024:10:45:00 -0500] "GET /wp-content/uploads/popularfx-templates/softland/style.css?ver=1.2.3 HTTP/1.1" 200 2540 "http://peru-1en2022.redpsiju.com/" "Mozilla/5.0 (Windows NT 10.0; Win64; x64) AppleWebKit/537.36 (KHTML, like Gecko) Chrome/124.0.0.0 Safari/537.36"
179.6.46.83 - - [28/Apr/2024:10:45:00 -0500] "GET /wp-includes/js/jquery/jquery.min.js?ver=3.7.1 HTTP/1.1" 200 87553 "http://peru-1en2022.redpsiju.com/" "Mozilla/5.0 (Windows NT 10.0; Win64; x64) AppleWebKit/537.36 (KHTML, like Gecko) Chrome/124.0.0.0 Safari/537.36"
179.6.46.83 - - [28/Apr/2024:10:45:00 -0500] "GET /wp-includes/js/jquery/jquery-migrate.min.js?ver=3.4.1 HTTP/1.1" 200 13577 "http://peru-1en2022.redpsiju.com/" "Mozilla/5.0 (Windows NT 10.0; Win64; x64) AppleWebKit/537.36 (KHTML, like Gecko) Chrome/124.0.0.0 Safari/537.36"
179.6.46.83 - - [28/Apr/2024:10:45:00 -0500] "GET /wp-content/plugins/pagelayer/js/givejs.php?give=pagelayer-frontend.js%2Cnivo-lightbox.min.js%2Cwow.min.js%2Cjquery-numerator.js%2CsimpleParallax.min.js%2Cowl.carousel.min.js&premium&ver=1.7.6 HTTP/1.1" 200 29983 "http://peru-1en2022.redpsiju.com/" "Mozilla/5.0 (Windows NT 10.0; Win64; x64) AppleWebKit/537.36 (KHTML, like Gecko) Chrome/124.0.0.0 Safari/537.36"
179.6.46.83 - - [28/Apr/2024:10:44:53 -0500] "GET / HTTP/1.1" 200 158678 "https://r5.a1center.net:2083/" "Mozilla/5.0 (Windows NT 10.0; Win64; x64) AppleWebKit/537.36 (KHTML, like Gecko) Chrome/124.0.0.0 Safari/537.36"
179.6.46.83 - - [28/Apr/2024:10:45:01 -0500] "GET /wp-content/uploads/2022/06/image1.jpg HTTP/1.1" 200 22067 "http://peru-1en2022.redpsiju.com/" "Mozilla/5.0 (Windows NT 10.0; Win64; x64) AppleWebKit/537.36 (KHTML, like Gecko) Chrome/124.0.0.0 Safari/537.36"
179.6.46.83 - - [28/Apr/2024:10:45:01 -0500] "GET /wp-content/uploads/2022/06/image2.jpg HTTP/1.1" 200 37074 "http://peru-1en2022.redpsiju.com/" "Mozilla/5.0 (Windows NT 10.0; Win64; x64) AppleWebKit/537.36 (KHTML, like Gecko) Chrome/124.0.0.0 Safari/537.36"
179.6.46.83 - - [28/Apr/2024:10:45:01 -0500] "GET /wp-content/uploads/2022/07/esc-wp.png HTTP/1.1" 200 33529 "http://peru-1en2022.redpsiju.com/" "Mozilla/5.0 (Windows NT 10.0; Win64; x64) AppleWebKit/537.36 (KHTML, like Gecko) Chrome/124.0.0.0 Safari/537.36"
179.6.46.83 - - [28/Apr/2024:10:45:01 -0500] "GET /wp-content/themes/popularfx/js/navigation.js?ver=1.2.3 HTTP/1.1" 200 4386 "http://peru-1en2022.redpsiju.com/" "Mozilla/5.0 (Windows NT 10.0; Win64; x64) AppleWebKit/537.36 (KHTML, like Gecko) Chrome/124.0.0.0 Safari/537.36"
179.6.46.83 - - [28/Apr/2024:10:45:01 -0500] "GET /wp-content/uploads/2022/06/masev.png HTTP/1.1" 200 75666 "http://peru-1en2022.redpsiju.com/" "Mozilla/5.0 (Windows NT 10.0; Win64; x64) AppleWebKit/537.36 (KHTML, like Gecko) Chrome/124.0.0.0 Safari/537.36"
179.6.46.83 - - [28/Apr/2024:10:45:01 -0500] "GET /wp-content/uploads/2022/06/argentina-150x150.jpg HTTP/1.1" 200 8863 "http://peru-1en2022.redpsiju.com/" "Mozilla/5.0 (Windows NT 10.0; Win64; x64) AppleWebKit/537.36 (KHTML, like Gecko) Chrome/124.0.0.0 Safari/537.36"
179.6.46.83 - - [28/Apr/2024:10:45:01 -0500] "GET /wp-content/plugins/pagelayer/fonts/fa-solid-900.woff2 HTTP/1.1" 200 78268 "http://peru-1en2022.redpsiju.com/wp-content/plugins/pagelayer/css/givecss.php?give=pagelayer-frontend.css%2Cnivo-lightbox.css%2Canimate.min.css%2Cowl.carousel.min.css%2Cowl.theme.default.min.css%2Cfont-awesome5.min.css&premium&ver=1.7.6" "Mozilla/5.0 (Windows NT 10.0; Win64; x64) AppleWebKit/537.36 (KHTML, like Gecko) Chrome/124.0.0.0 Safari/537.36"
179.6.46.83 - - [28/Apr/2024:10:45:02 -0500] "GET /wp-content/plugins/pagelayer/fonts/fa-brands-400.woff2 HTTP/1.1" 200 76736 "http://peru-1en2022.redpsiju.com/wp-content/plugins/pagelayer/css/givecss.php?give=pagelayer-frontend.css%2Cnivo-lightbox.css%2Canimate.min.css%2Cowl.carousel.min.css%2Cowl.theme.default.min.css%2Cfont-awesome5.min.css&premium&ver=1.7.6" "Mozilla/5.0 (Windows NT 10.0; Win64; x64) AppleWebKit/537.36 (KHTML, like Gecko) Chrome/124.0.0.0 Safari/537.36"
179.6.46.83 - - [28/Apr/2024:10:45:02 -0500] "GET /wp-content/uploads/2022/06/bolivia-150x150.jpg HTTP/1.1" 200 5465 "http://peru-1en2022.redpsiju.com/" "Mozilla/5.0 (Windows NT 10.0; Win64; x64) AppleWebKit/537.36 (KHTML, like Gecko) Chrome/124.0.0.0 Safari/537.36"
179.6.46.83 - - [28/Apr/2024:10:45:02 -0500] "GET /wp-content/uploads/2022/06/brasil-150x150.png HTTP/1.1" 200 17215 "http://peru-1en2022.redpsiju.com/" "Mozilla/5.0 (Windows NT 10.0; Win64; x64) AppleWebKit/537.36 (KHTML, like Gecko) Chrome/124.0.0.0 Safari/537.36"
179.6.46.83 - - [28/Apr/2024:10:45:02 -0500] "GET /wp-content/uploads/2022/06/ecuador-150x150.png HTTP/1.1" 200 22798 "http://peru-1en2022.redpsiju.com/" "Mozilla/5.0 (Windows NT 10.0; Win64; x64) AppleWebKit/537.36 (KHTML, like Gecko) Chrome/124.0.0.0 Safari/537.36"
179.6.46.83 - - [28/Apr/2024:10:45:02 -0500] "GET /wp-content/uploads/2022/06/elsalvador-150x150.png HTTP/1.1" 200 12248 "http://peru-1en2022.redpsiju.com/" "Mozilla/5.0 (Windows NT 10.0; Win64; x64) AppleWebKit/537.36 (KHTML, like Gecko) Chrome/124.0.0.0 Safari/537.36"
179.6.46.83 - - [28/Apr/2024:10:45:02 -0500] "GET /wp-content/uploads/2022/06/espana-150x150.png HTTP/1.1" 200 13930 "http://peru-1en2022.redpsiju.com/" "Mozilla/5.0 (Windows NT 10.0; Win64; x64) AppleWebKit/537.36 (KHTML, like Gecko) Chrome/124.0.0.0 Safari/537.36"
179.6.46.83 - - [28/Apr/2024:10:45:02 -0500] "GET /wp-content/uploads/2022/06/mexico-150x150.png HTTP/1.1" 200 9479 "http://peru-1en2022.redpsiju.com/" "Mozilla/5.0 (Windows NT 10.0; Win64; x64) AppleWebKit/537.36 (KHTML, like Gecko) Chrome/124.0.0.0 Safari/537.36"
179.6.46.83 - - [28/Apr/2024:10:45:01 -0500] "GET /wp-content/uploads/2022/06/red.png HTTP/1.1" 200 416649 "http://peru-1en2022.redpsiju.com/" "Mozilla/5.0 (Windows NT 10.0; Win64; x64) AppleWebKit/537.36 (KHTML, like Gecko) Chrome/124.0.0.0 Safari/537.36"
179.6.46.83 - - [28/Apr/2024:10:45:02 -0500] "GET /wp-content/uploads/2022/06/mexicoac-150x150.png HTTP/1.1" 200 34412 "http://peru-1en2022.redpsiju.com/" "Mozilla/5.0 (Windows NT 10.0; Win64; x64) AppleWebKit/537.36 (KHTML, like Gecko) Chrome/124.0.0.0 Safari/537.36"
179.6.46.83 - - [28/Apr/2024:10:45:02 -0500] "GET /wp-content/uploads/2022/06/panama-150x150.jpg HTTP/1.1" 200 9701 "http://peru-1en2022.redpsiju.com/" "Mozilla/5.0 (Windows NT 10.0; Win64; x64) AppleWebKit/537.36 (KHTML, like Gecko) Chrome/124.0.0.0 Safari/537.36"
179.6.46.83 - - [28/Apr/2024:10:45:03 -0500] "GET /wp-content/uploads/2022/06/paraguay-150x150.jpg HTTP/1.1" 200 5822 "http://peru-1en2022.redpsiju.com/" "Mozilla/5.0 (Windows NT 10.0; Win64; x64) AppleWebKit/537.36 (KHTML, like Gecko) Chrome/124.0.0.0 Safari/537.36"
179.6.46.83 - - [28/Apr/2024:10:45:01 -0500] "GET /wp-content/uploads/2022/06/pp-scaled.jpg HTTP/1.1" 200 363106 "http://peru-1en2022.redpsiju.com/" "Mozilla/5.0 (Windows NT 10.0; Win64; x64) AppleWebKit/537.36 (KHTML, like Gecko) Chrome/124.0.0.0 Safari/537.36"
179.6.46.83 - - [28/Apr/2024:10:45:03 -0500] "GET /wp-content/uploads/2022/06/portugal-150x150.png HTTP/1.1" 200 15579 "http://peru-1en2022.redpsiju.com/" "Mozilla/5.0 (Windows NT 10.0; Win64; x64) AppleWebKit/537.36 (KHTML, like Gecko) Chrome/124.0.0.0 Safari/537.36"
179.6.46.83 - - [28/Apr/2024:10:45:03 -0500] "GET /wp-content/uploads/2022/06/uruguay-150x150.jpg HTTP/1.1" 200 7646 "http://peru-1en2022.redpsiju.com/" "Mozilla/5.0 (Windows NT 10.0; Win64; x64) AppleWebKit/537.36 (KHTML, like Gecko) Chrome/124.0.0.0 Safari/537.36"
179.6.46.83 - - [28/Apr/2024:10:45:03 -0500] "GET /wp-content/uploads/2022/06/venezuela-150x150.jpg HTTP/1.1" 200 6074 "http://peru-1en2022.redpsiju.com/" "Mozilla/5.0 (Windows NT 10.0; Win64; x64) AppleWebKit/537.36 (KHTML, like Gecko) Chrome/124.0.0.0 Safari/537.36"
179.6.46.83 - - [28/Apr/2024:10:45:03 -0500] "GET /wp-content/uploads/2022/07/appjf-150x150.png HTTP/1.1" 200 20294 "http://peru-1en2022.redpsiju.com/" "Mozilla/5.0 (Windows NT 10.0; Win64; x64) AppleWebKit/537.36 (KHTML, like Gecko) Chrome/124.0.0.0 Safari/537.36"
179.6.46.83 - - [28/Apr/2024:10:45:03 -0500] "GET /wp-includes/js/wp-emoji-release.min.js?ver=6.5.2 HTTP/1.1" 200 18726 "http://peru-1en2022.redpsiju.com/" "Mozilla/5.0 (Windows NT 10.0; Win64; x64) AppleWebKit/537.36 (KHTML, like Gecko) Chrome/124.0.0.0 Safari/537.36"
179.6.46.83 - - [28/Apr/2024:10:45:01 -0500] "GET /wp-content/uploads/2022/06/bg-300x214-1.jpg HTTP/1.1" 200 663968 "http://peru-1en2022.redpsiju.com/" "Mozilla/5.0 (Windows NT 10.0; Win64; x64) AppleWebKit/537.36 (KHTML, like Gecko) Chrome/124.0.0.0 Safari/537.36"
179.6.46.83 - - [28/Apr/2024:10:45:01 -0500] "GET /wp-content/uploads/2022/06/afi.png HTTP/1.1" 200 1030945 "http://peru-1en2022.redpsiju.com/" "Mozilla/5.0 (Windows NT 10.0; Win64; x64) AppleWebKit/537.36 (KHTML, like Gecko) Chrome/124.0.0.0 Safari/537.36"
179.6.46.83 - - [28/Apr/2024:10:45:05 -0500] "GET /wp-content/uploads/2022/06/cropped-logo-32x32.png HTTP/1.1" 200 1674 "http://peru-1en2022.redpsiju.com/" "Mozilla/5.0 (Windows NT 10.0; Win64; x64) AppleWebKit/537.36 (KHTML, like Gecko) Chrome/124.0.0.0 Safari/537.36"
179.43.167.18 - - [28/Apr/2024:11:47:24 -0500] "GET /wp-emoji-release.min.js HTTP/1.1" 404 - "-" "BlackBerry9530/4.7.0.167 Profile/MIDP-2.0 Configuration/CLDC-1.1 VendorID/102 UP.Link/6.3.1.20.0"
206.168.34.182 - - [28/Apr/2024:13:55:44 -0500] "GET / HTTP/1.1" 301 - "-" "Mozilla/5.0 (compatible; CensysInspect/1.1; +https://about.censys.io/)"
206.168.34.182 - - [28/Apr/2024:13:55:48 -0500] "GET / HTTP/1.1" 200 158678 "-" "Mozilla/5.0 (compatible; CensysInspect/1.1; +https://about.censys.io/)"
206.168.34.182 - - [28/Apr/2024:13:55:49 -0500] "GET /wp-content/uploads/2022/06/cropped-logo-32x32.png HTTP/1.1" 200 1674 "-" "Mozilla/5.0 (compatible; CensysInspect/1.1; +https://about.censys.io/)"
206.168.34.182 - - [28/Apr/2024:13:55:50 -0500] "GET /wp-content/uploads/2022/06/cropped-logo-192x192.png HTTP/1.1" 200 19938 "-" "Mozilla/5.0 (compatible; CensysInspect/1.1; +https://about.censys.io/)"
206.168.34.182 - - [28/Apr/2024:13:55:50 -0500] "GET /wp-content/uploads/2022/06/cropped-logo-180x180.png HTTP/1.1" 200 22455 "-" "Mozilla/5.0 (compatible; CensysInspect/1.1; +https://about.censys.io/)"
206.168.34.182 - - [28/Apr/2024:13:55:50 -0500] "GET /favicon.ico HTTP/1.1" 404 - "-" "Mozilla/5.0 (compatible; CensysInspect/1.1; +https://about.censys.io/)"
167.114.27.228 - - [28/Apr/2024:21:43:50 -0500] "POST /wp-cron.php?doing_wp_cron=1714358630.3822660446166992187500 HTTP/1.1" 200 - "-" "WordPress/6.5.2; http://peru-1en2022.redpsiju.com"
179.6.46.83 - - [28/Apr/2024:21:43:52 -0500] "GET /wp-content/plugins/pagelayer/css/givecss.php?give=pagelayer-frontend.css%2Cnivo-lightbox.css%2Canimate.min.css%2Cowl.carousel.min.css%2Cowl.theme.default.min.css%2Cfont-awesome5.min.css&premium&ver=1.7.6 HTTP/1.1" 304 - "http://peru-1en2022.redpsiju.com/" "Mozilla/5.0 (Windows NT 10.0; Win64; x64) AppleWebKit/537.36 (KHTML, like Gecko) Chrome/124.0.0.0 Safari/537.36"
179.6.46.83 - - [28/Apr/2024:21:43:52 -0500] "GET /wp-includes/css/dist/block-library/style.min.css?ver=6.5.2 HTTP/1.1" 304 - "http://peru-1en2022.redpsiju.com/" "Mozilla/5.0 (Windows NT 10.0; Win64; x64) AppleWebKit/537.36 (KHTML, like Gecko) Chrome/124.0.0.0 Safari/537.36"
179.6.46.83 - - [28/Apr/2024:21:43:52 -0500] "GET /wp-content/plugins/pagelayer/js/givejs.php?give=pagelayer-frontend.js%2Cnivo-lightbox.min.js%2Cwow.min.js%2Cjquery-numerator.js%2CsimpleParallax.min.js%2Cowl.carousel.min.js&premium&ver=1.7.6 HTTP/1.1" 304 - "http://peru-1en2022.redpsiju.com/" "Mozilla/5.0 (Windows NT 10.0; Win64; x64) AppleWebKit/537.36 (KHTML, like Gecko) Chrome/124.0.0.0 Safari/537.36"
179.6.46.83 - - [28/Apr/2024:21:43:41 -0500] "GET / HTTP/1.1" 200 158650 "-" "Mozilla/5.0 (Windows NT 10.0; Win64; x64) AppleWebKit/537.36 (KHTML, like Gecko) Chrome/124.0.0.0 Safari/537.36"
179.6.46.83 - - [28/Apr/2024:21:43:59 -0500] "GET /wp-includes/js/wp-emoji-release.min.js?ver=6.5.2 HTTP/1.1" 304 - "http://peru-1en2022.redpsiju.com/" "Mozilla/5.0 (Windows NT 10.0; Win64; x64) AppleWebKit/537.36 (KHTML, like Gecko) Chrome/124.0.0.0 Safari/537.36"