HEX
Server: Apache
System: Linux r5.a1center.net 4.18.0-513.5.1.lve.el8.x86_64 #1 SMP Tue Nov 21 10:14:49 UTC 2023 x86_64
User: redpsiju (1623)
PHP: 8.2.32
Disabled: NONE
Upload Files
File: /home/redpsiju/access-logs/peru-1en2022.redpsiju.org-ssl_log
129.153.125.162 - - [27/Apr/2024:21:55:53 -0500] "GET / HTTP/1.1" 301 - "-" "Mozilla/5.0 (iPhone; CPU iPhone OS 17_0 like Mac OS X) AppleWebKit/605.1.15 (KHTML, like Gecko) Version/17.0 Mobile/15E148 Safari/604.1"
129.153.125.162 - - [27/Apr/2024:21:55:58 -0500] "HEAD / HTTP/1.1" 301 - "-" "Mozilla/5.0 (iPhone; CPU iPhone OS 17_0 like Mac OS X) AppleWebKit/605.1.15 (KHTML, like Gecko) Version/17.0 Mobile/15E148 Safari/604.1"
54.156.90.248 - - [27/Apr/2024:21:56:22 -0500] "GET /.git/config HTTP/1.1" 404 64719 "-" "WDG_Validator/1.6.2"
129.153.125.162 - - [27/Apr/2024:21:56:33 -0500] "GET / HTTP/1.1" 301 - "-" "Mozilla/5.0 (iPhone; CPU iPhone OS 17_0 like Mac OS X) AppleWebKit/605.1.15 (KHTML, like Gecko) Version/17.0 Mobile/15E148 Safari/604.1"
179.6.46.83 - - [27/Apr/2024:21:57:04 -0500] "GET / HTTP/1.1" 301 - "https://r5.a1center.net:2083/" "Mozilla/5.0 (Windows NT 10.0; Win64; x64) AppleWebKit/537.36 (KHTML, like Gecko) Chrome/124.0.0.0 Safari/537.36"
179.43.169.181 - - [27/Apr/2024:21:57:33 -0500] "GET / HTTP/1.1" 301 - "-" "Mozilla/5.0 (X11; Linux i686; rv:10.0) Gecko/20100101 Firefox/10.0"
179.6.46.83 - - [27/Apr/2024:22:19:16 -0500] "GET / HTTP/1.1" 301 - "https://r5.a1center.net:2083/" "Mozilla/5.0 (Windows NT 10.0; Win64; x64) AppleWebKit/537.36 (KHTML, like Gecko) Chrome/124.0.0.0 Safari/537.36"
135.148.100.196 - - [27/Apr/2024:22:20:16 -0500] "GET / HTTP/1.1" 301 - "-" "-"
179.6.46.83 - - [27/Apr/2024:22:33:43 -0500] "GET / HTTP/1.1" 301 - "https://r5.a1center.net:2083/" "Mozilla/5.0 (Windows NT 10.0; Win64; x64) AppleWebKit/537.36 (KHTML, like Gecko) Chrome/124.0.0.0 Safari/537.36"
179.6.46.83 - - [27/Apr/2024:22:53:35 -0500] "GET /wp-admin HTTP/1.1" 301 251 "-" "Mozilla/5.0 (Windows NT 10.0; Win64; x64) AppleWebKit/537.36 (KHTML, like Gecko) Chrome/124.0.0.0 Safari/537.36"
179.6.46.83 - - [27/Apr/2024:22:53:35 -0500] "GET /wp-admin/ HTTP/1.1" 302 - "-" "Mozilla/5.0 (Windows NT 10.0; Win64; x64) AppleWebKit/537.36 (KHTML, like Gecko) Chrome/124.0.0.0 Safari/537.36"
179.6.46.83 - - [27/Apr/2024:22:53:46 -0500] "GET /wp-admin/ HTTP/1.1" 302 - "-" "Mozilla/5.0 (Windows NT 10.0; Win64; x64) AppleWebKit/537.36 (KHTML, like Gecko) Chrome/124.0.0.0 Safari/537.36"
179.6.46.83 - - [27/Apr/2024:22:53:56 -0500] "GET /wp-login.php?redirect_to=https%3A%2F%2Fperu-1en2022.redpsiju.com%2Fwp-admin%2F&reauth=1 HTTP/1.1" 200 8523 "-" "Mozilla/5.0 (Windows NT 10.0; Win64; x64) AppleWebKit/537.36 (KHTML, like Gecko) Chrome/124.0.0.0 Safari/537.36"
179.6.46.83 - - [27/Apr/2024:22:54:01 -0500] "GET /wp-login.php?redirect_to=https%3A%2F%2Fperu-1en2022.redpsiju.com%2Fwp-admin%2F&reauth=1 HTTP/1.1" 200 8523 "-" "Mozilla/5.0 (Windows NT 10.0; Win64; x64) AppleWebKit/537.36 (KHTML, like Gecko) Chrome/124.0.0.0 Safari/537.36"
179.6.46.83 - - [27/Apr/2024:22:54:03 -0500] "GET /wp-login.php?redirect_to=https%3A%2F%2Fperu-1en2022.redpsiju.com%2Fwp-admin%2F&reauth=1 HTTP/1.1" 200 8523 "-" "Mozilla/5.0 (Windows NT 10.0; Win64; x64) AppleWebKit/537.36 (KHTML, like Gecko) Chrome/124.0.0.0 Safari/537.36"
179.6.46.83 - - [27/Apr/2024:22:54:30 -0500] "GET /wp-login.php?redirect_to=https%3A%2F%2Fperu-1en2022.redpsiju.com%2Fwp-admin%2F&reauth=1 HTTP/1.1" 200 8523 "-" "Mozilla/5.0 (Windows NT 10.0; Win64; x64) AppleWebKit/537.36 (KHTML, like Gecko) Chrome/124.0.0.0 Safari/537.36"
179.6.46.83 - - [27/Apr/2024:22:56:40 -0500] "GET / HTTP/1.1" 301 - "https://r5.a1center.net:2083/" "Mozilla/5.0 (Windows NT 10.0; Win64; x64) AppleWebKit/537.36 (KHTML, like Gecko) Chrome/124.0.0.0 Safari/537.36"
129.153.125.162 - - [27/Apr/2024:22:57:54 -0500] "GET / HTTP/1.1" 301 - "-" "Mozilla/5.0 (iPhone; CPU iPhone OS 17_0 like Mac OS X) AppleWebKit/605.1.15 (KHTML, like Gecko) Version/17.0 Mobile/15E148 Safari/604.1"
179.43.169.181 - - [27/Apr/2024:23:10:31 -0500] "GET / HTTP/1.1" 301 - "-" "Mozilla/5.0 (X11; Linux i686; rv:10.0) Gecko/20100101 Firefox/10.0"
179.43.169.181 - - [27/Apr/2024:23:10:36 -0500] "GET / HTTP/1.1" 301 - "-" "Mozilla/5.0 (X11; Linux i686; rv:10.0) Gecko/20100101 Firefox/10.0"
179.43.169.181 - - [27/Apr/2024:23:12:05 -0500] "GET / HTTP/1.1" 301 - "-" "Mozilla/5.0 (X11; Linux i686; rv:10.0) Gecko/20100101 Firefox/10.0"
192.87.174.28 - - [27/Apr/2024:23:20:58 -0500] "GET / HTTP/1.1" 301 - "-" "Python/3.10 aiohttp/3.9.3"
192.87.174.28 - - [27/Apr/2024:23:21:01 -0500] "GET / HTTP/1.1" 200 158816 "-" "Python/3.10 aiohttp/3.9.3"
167.114.27.228 - - [27/Apr/2024:23:21:59 -0500] "GET / HTTP/1.1" 200 158816 "-" "WordPress/6.4.2; http://peru-1en2022.redpsiju.com"
167.114.27.228 - - [28/Apr/2024:00:58:55 -0500] "POST /wp-cron.php?doing_wp_cron=1714283935.3581819534301757812500 HTTP/1.1" 200 - "-" "WordPress/6.5.2; https://peru-1en2022.redpsiju.com"
133.242.174.119 - - [28/Apr/2024:00:58:46 -0500] "GET / HTTP/1.1" 301 - "-" "Mozilla/5.0 (Linux; Android 10; K) AppleWebKit/537.36 (KHTML, like Gecko) Chrome/122.0.0.0 Mobile Safari/537.36"
133.242.174.119 - - [28/Apr/2024:00:58:57 -0500] "GET / HTTP/1.1" 200 158770 "-" "Mozilla/5.0 (Linux; Android 10; K) AppleWebKit/537.36 (KHTML, like Gecko) Chrome/122.0.0.0 Mobile Safari/537.36"
47.242.224.70 - - [28/Apr/2024:01:21:12 -0500] "GET / HTTP/1.1" 301 - "-" "Opera/12.0(Windows NT 5.2;U;en)Presto/22.9.168 Version/12.00"
47.242.224.70 - - [28/Apr/2024:01:21:37 -0500] "GET / HTTP/1.1" 200 158770 "https://www.peru-1en2022.redpsiju.com" "Opera/12.0(Windows NT 5.2;U;en)Presto/22.9.168 Version/12.00"
192.87.174.28 - - [28/Apr/2024:05:20:56 -0500] "GET / HTTP/1.1" 301 - "-" "Python/3.10 aiohttp/3.9.3"
167.114.27.228 - - [28/Apr/2024:05:57:51 -0500] "POST /wp-cron.php?doing_wp_cron=1714301870.6195409297943115234375 HTTP/1.1" 200 - "-" "WordPress/6.5.2; https://peru-1en2022.redpsiju.com"
195.211.77.140 - - [28/Apr/2024:05:57:33 -0500] "HEAD / HTTP/1.1" 200 - "-" "Mozilla/5.0 (Windows NT 10.0; Win64; x64) AppleWebKit/537.36 (KHTML, like Gecko) Chrome/108.0.0.0 Safari/537.36"
47.242.224.70 - - [28/Apr/2024:05:57:47 -0500] "GET / HTTP/1.1" 301 - "-" "Mozilla/5.0 (Windows NT 5.1) AppleWebKit/537.36 (KHTML, like Gecko) Chrome/34.0.1866.237 Safari/537.36"
47.242.224.70 - - [28/Apr/2024:05:57:54 -0500] "GET / HTTP/1.1" 200 158770 "https://www.peru-1en2022.redpsiju.com" "Mozilla/5.0 (Windows NT 5.1) AppleWebKit/537.36 (KHTML, like Gecko) Chrome/34.0.1866.237 Safari/537.36"
159.65.179.153 - - [28/Apr/2024:07:46:19 -0500] "GET / HTTP/1.1" 301 - "-" "Mozilla/5.0 (Macintosh; Intel Mac OS X 10_15_7) AppleWebKit/537.36 (KHTML, like Gecko) Chrome/121.0.0.0 Safari/537.36"
213.152.176.252 - - [28/Apr/2024:10:29:40 -0500] "GET /feed HTTP/1.1" 404 - "-" "Go-http-client/1.1"
213.152.176.252 - - [28/Apr/2024:10:29:40 -0500] "GET /.git/HEAD HTTP/1.1" 404 - "-" "Go-http-client/1.1"
213.152.176.252 - - [28/Apr/2024:10:29:40 -0500] "GET /.env HTTP/1.1" 404 - "-" "Go-http-client/1.1"
213.152.176.252 - - [28/Apr/2024:10:29:40 -0500] "GET /web.config HTTP/1.1" 404 - "-" "Go-http-client/1.1"
213.152.176.252 - - [28/Apr/2024:10:29:40 -0500] "GET /.ssh/id_rsa HTTP/1.1" 404 - "-" "Go-http-client/1.1"
109.202.99.46 - - [28/Apr/2024:10:29:55 -0500] "GET /config.php HTTP/1.1" 404 - "-" "Go-http-client/1.1"
109.202.99.46 - - [28/Apr/2024:10:29:55 -0500] "GET /config.yml HTTP/1.1" 404 - "-" "Go-http-client/1.1"
109.202.99.46 - - [28/Apr/2024:10:29:55 -0500] "GET /config.xml HTTP/1.1" 404 - "-" "Go-http-client/1.1"
109.202.99.46 - - [28/Apr/2024:10:29:55 -0500] "GET /config.yml HTTP/1.1" 404 - "-" "Go-http-client/1.1"
109.202.99.46 - - [28/Apr/2024:10:29:55 -0500] "GET /backup.tar.gz HTTP/1.1" 404 - "-" "Go-http-client/1.1"
109.202.99.46 - - [28/Apr/2024:10:29:55 -0500] "GET /backup.sql HTTP/1.1" 404 - "-" "Go-http-client/1.1"
109.202.99.46 - - [28/Apr/2024:10:29:55 -0500] "GET /backup.zip HTTP/1.1" 404 - "-" "Go-http-client/1.1"
109.202.99.46 - - [28/Apr/2024:10:29:55 -0500] "GET /dump.sql HTTP/1.1" 404 - "-" "Go-http-client/1.1"
109.202.99.46 - - [28/Apr/2024:10:29:55 -0500] "GET /.env.production HTTP/1.1" 404 - "-" "Go-http-client/1.1"
167.114.27.228 - - [28/Apr/2024:10:30:13 -0500] "POST /wp-cron.php?doing_wp_cron=1714318213.3474519252777099609375 HTTP/1.1" 200 - "-" "WordPress/6.5.2; https://peru-1en2022.redpsiju.com"
213.152.176.252 - - [28/Apr/2024:10:29:40 -0500] "GET /wp-admin/setup-config.php HTTP/1.1" 409 2646 "-" "Go-http-client/1.1"
109.202.99.46 - - [28/Apr/2024:10:29:55 -0500] "GET / HTTP/1.1" 200 158770 "-" "Go-http-client/1.1"
179.6.46.83 - - [28/Apr/2024:10:44:50 -0500] "GET / HTTP/1.1" 200 158770 "https://r5.a1center.net:2083/" "Mozilla/5.0 (Windows NT 10.0; Win64; x64) AppleWebKit/537.36 (KHTML, like Gecko) Chrome/124.0.0.0 Safari/537.36"
129.153.125.162 - - [28/Apr/2024:10:59:34 -0500] "GET / HTTP/1.1" 200 447 "-" "Mozilla/5.0 (iPhone; CPU iPhone OS 17_0 like Mac OS X) AppleWebKit/605.1.15 (KHTML, like Gecko) Version/17.0 Mobile/15E148 Safari/604.1"
129.153.125.162 - - [28/Apr/2024:10:59:34 -0500] "GET /favicon.ico HTTP/1.1" 404 - "-" "Mozilla/5.0 (iPhone; CPU iPhone OS 17_0 like Mac OS X) AppleWebKit/605.1.15 (KHTML, like Gecko) Version/17.0 Mobile/15E148 Safari/604.1"
129.153.125.162 - - [28/Apr/2024:10:59:34 -0500] "GET / HTTP/1.1" 200 447 "-" "Mozilla/5.0 (iPhone; CPU iPhone OS 16_0 like Mac OS X) AppleWebKit/605.1.15 (KHTML, like Gecko) Version/17.4 Mobile/15E148 Safari/604.1"
129.153.125.162 - - [28/Apr/2024:10:59:35 -0500] "GET /favicon.ico HTTP/1.1" 404 - "-" "Mozilla/5.0 (iPhone; CPU iPhone OS 17_0 like Mac OS X) AppleWebKit/605.1.15 (KHTML, like Gecko) Version/17.0 Mobile/15E148 Safari/604.1"
213.232.87.234 - - [28/Apr/2024:11:43:39 -0500] "GET /config.php HTTP/1.1" 404 - "-" "Go-http-client/1.1"
213.232.87.234 - - [28/Apr/2024:11:43:39 -0500] "GET /backup.sql HTTP/1.1" 404 - "-" "Go-http-client/1.1"
213.232.87.234 - - [28/Apr/2024:11:43:39 -0500] "GET /backup.zip HTTP/1.1" 404 - "-" "Go-http-client/1.1"
213.232.87.234 - - [28/Apr/2024:11:43:39 -0500] "GET /dump.sql HTTP/1.1" 404 - "-" "Go-http-client/1.1"
213.232.87.234 - - [28/Apr/2024:11:43:39 -0500] "GET /.env.production HTTP/1.1" 404 - "-" "Go-http-client/1.1"
213.232.87.234 - - [28/Apr/2024:11:43:39 -0500] "GET /.git/HEAD HTTP/1.1" 404 - "-" "Go-http-client/1.1"
213.232.87.234 - - [28/Apr/2024:11:43:39 -0500] "GET /feed HTTP/1.1" 404 - "-" "Go-http-client/1.1"
213.232.87.234 - - [28/Apr/2024:11:43:39 -0500] "GET /config.yml HTTP/1.1" 404 - "-" "Go-http-client/1.1"
213.232.87.234 - - [28/Apr/2024:11:43:39 -0500] "GET /web.config HTTP/1.1" 404 - "-" "Go-http-client/1.1"
213.232.87.234 - - [28/Apr/2024:11:43:39 -0500] "GET /.ssh/id_rsa HTTP/1.1" 404 - "-" "Go-http-client/1.1"
213.232.87.234 - - [28/Apr/2024:11:43:39 -0500] "GET /.env HTTP/1.1" 404 - "-" "Go-http-client/1.1"
213.232.87.234 - - [28/Apr/2024:11:43:39 -0500] "GET /config.xml HTTP/1.1" 404 - "-" "Go-http-client/1.1"
213.232.87.234 - - [28/Apr/2024:11:43:39 -0500] "GET /backup.tar.gz HTTP/1.1" 404 - "-" "Go-http-client/1.1"
213.232.87.234 - - [28/Apr/2024:11:43:39 -0500] "GET /config.yml HTTP/1.1" 404 - "-" "Go-http-client/1.1"
167.114.27.228 - - [28/Apr/2024:11:43:51 -0500] "POST /wp-cron.php?doing_wp_cron=1714322631.2808759212493896484375 HTTP/1.1" 200 - "-" "WordPress/6.5.2; https://peru-1en2022.redpsiju.com"
213.232.87.234 - - [28/Apr/2024:11:43:39 -0500] "GET /wp-admin/setup-config.php HTTP/1.1" 409 2646 "-" "Go-http-client/1.1"
213.232.87.234 - - [28/Apr/2024:11:43:39 -0500] "GET / HTTP/1.1" 200 158756 "-" "Go-http-client/1.1"
179.43.167.18 - - [28/Apr/2024:11:46:39 -0500] "GET / HTTP/1.1" 200 158756 "-" "Mozilla/5.0 (Windows NT 10.0; Win64; x64) AppleWebKit/537.36 (KHTML, like Gecko) Chrome/78.0.3866.0 Safari/537.36"
179.43.167.18 - - [28/Apr/2024:11:47:20 -0500] "GET //peru-1en2022.redpsiju.com/wp-admin/admin-ajax.php HTTP/1.1" 404 - "-" "Mozilla/5.0 (Linux; Android 7.0; SM-A510F) AppleWebKit/537.36 (KHTML, like Gecko) Chrome/75.0.3770.101 Mobile Safari/537.36"
179.43.167.18 - - [28/Apr/2024:11:47:20 -0500] "GET //peru-1en2022.redpsiju.com/xmlrpc.php HTTP/1.1" 404 - "-" "Mozilla/5.0 (X11; Linux x86_64) AppleWebKit/534.24 (KHTML, like Gecko) Ubuntu/10.10 Chromium/12.0.703.0 Chrome/12.0.703.0 Safari/534.24"
179.43.167.18 - - [28/Apr/2024:11:47:20 -0500] "GET //peru-1en2022.redpsiju.com/wp-content/themes/popularfx/js/navigation.js HTTP/1.1" 404 - "-" "Mozilla/5.0 (Macintosh; Intel Mac OS X 10_13_6) AppleWebKit/537.36 (KHTML, like Gecko) Chrome/76.0.3803.0 Safari/537.36 Edg/76.0.174.0"
179.43.167.18 - - [28/Apr/2024:11:47:20 -0500] "GET //peru-1en2022.redpsiju.com/wp-includes/js/jquery/jquery.min.js HTTP/1.1" 404 - "-" "Mozilla/5.0 (compatible; MSIE 9.0; Windows NT 6.1; Trident/5.0; XBLWP7; ZuneWP7) UCBrowser/2.9.0.263"
179.43.167.18 - - [28/Apr/2024:11:47:20 -0500] "GET //peru-1en2022.redpsiju.com/wp-includes/js/jquery/jquery-migrate.min.js HTTP/1.1" 404 - "-" "Mozilla/5.0 (Windows; U; Windows NT 5.1; en-US; rv:1.8.1.23) Gecko/20090825 SeaMonkey/1.1.18"
179.43.167.18 - - [28/Apr/2024:11:47:22 -0500] "GET //www.escuelapsi.org/index.php HTTP/1.1" 404 - "-" "Mozilla/5.0 (SymbianOS/9.1; U; en-us) AppleWebKit/413 (KHTML, like Gecko) Safari/413 es65"
179.43.167.18 - - [28/Apr/2024:11:47:22 -0500] "GET //www.psicologiajuridicaperu.org/index.php HTTP/1.1" 404 - "-" "Mozilla/5.0 (Macintosh; Intel Mac OS X 10_6_8) AppleWebKit/535.7 (KHTML, like Gecko) Chrome/16.0.912.36 Safari/535.7"
179.43.167.18 - - [28/Apr/2024:11:47:22 -0500] "GET //peru-1en2022.redpsiju.com/wp-content/plugins/pagelayer/css/givecss.php HTTP/1.1" 404 - "-" "Mozilla/5.0 (Linux; Android 5.0; ASUS_Z00AD) AppleWebKit/537.36 (KHTML, like Gecko) Chrome/76.0.3809.111 Mobile Safari/537.36"
179.43.167.18 - - [28/Apr/2024:11:47:22 -0500] "GET //peru-1en2022.redpsiju.com/wp-content/plugins/pagelayer/js/givejs.php?give=pagelayer-frontend.js HTTP/1.1" 404 - "-" "nook browser/1.0"
167.114.27.228 - - [28/Apr/2024:13:47:50 -0500] "POST /wp-cron.php?doing_wp_cron=1714330070.0409259796142578125000 HTTP/1.1" 200 - "-" "WordPress/6.5.2; https://peru-1en2022.redpsiju.com"
199.45.154.48 - - [28/Apr/2024:13:47:40 -0500] "GET / HTTP/1.1" 301 - "-" "Mozilla/5.0 (compatible; CensysInspect/1.1; +https://about.censys.io/)"
199.45.154.48 - - [28/Apr/2024:13:48:13 -0500] "GET / HTTP/1.1" 200 158770 "-" "Mozilla/5.0 (compatible; CensysInspect/1.1; +https://about.censys.io/)"
199.45.154.48 - - [28/Apr/2024:13:48:16 -0500] "GET /wp-content/uploads/2022/06/cropped-logo-32x32.png HTTP/1.1" 200 1674 "-" "Mozilla/5.0 (compatible; CensysInspect/1.1; +https://about.censys.io/)"
199.45.154.48 - - [28/Apr/2024:13:48:18 -0500] "GET /wp-content/uploads/2022/06/cropped-logo-192x192.png HTTP/1.1" 200 19938 "-" "Mozilla/5.0 (compatible; CensysInspect/1.1; +https://about.censys.io/)"
199.45.154.48 - - [28/Apr/2024:13:48:20 -0500] "GET /wp-content/uploads/2022/06/cropped-logo-180x180.png HTTP/1.1" 200 22455 "-" "Mozilla/5.0 (compatible; CensysInspect/1.1; +https://about.censys.io/)"
199.45.154.48 - - [28/Apr/2024:13:48:22 -0500] "GET /favicon.ico HTTP/1.1" 404 - "-" "Mozilla/5.0 (compatible; CensysInspect/1.1; +https://about.censys.io/)"
47.88.5.56 - - [28/Apr/2024:14:27:31 -0500] "GET / HTTP/1.1" 301 - "-" "Mozilla/5.0 (Linux; Android 11; M2004J15SC) AppleWebKit/537.36 (KHTML, like Gecko) Chrome/103.0.5060.114 Mobile Safari/537.36"
47.88.86.63 - - [28/Apr/2024:14:27:46 -0500] "GET / HTTP/1.1" 200 158770 "https://www.peru-1en2022.redpsiju.com/" "Mozilla/5.0 (Linux; Android 11; M2004J15SC) AppleWebKit/537.36 (KHTML, like Gecko) Chrome/103.0.5060.114 Mobile Safari/537.36"
47.251.14.232 - - [28/Apr/2024:14:27:48 -0500] "GET /Public/home/js/check.js HTTP/1.1" 404 - "-" "Mozilla/5.0 (Linux; Android 11; M2004J15SC) AppleWebKit/537.36 (KHTML, like Gecko) Chrome/103.0.5060.114 Mobile Safari/537.36"
47.89.193.162 - - [28/Apr/2024:14:27:49 -0500] "GET /static/admin/javascript/hetong.js HTTP/1.1" 404 - "-" "Mozilla/5.0 (Linux; Android 11; M2004J15SC) AppleWebKit/537.36 (KHTML, like Gecko) Chrome/103.0.5060.114 Mobile Safari/537.36"
171.67.70.233 - - [28/Apr/2024:14:28:13 -0500] "GET / HTTP/1.1" 301 - "-" "Mozilla/5.0 zgrab/0.x"
171.67.70.233 - - [28/Apr/2024:14:28:16 -0500] "GET / HTTP/1.1" 200 158756 "https://www.peru-1en2022.redpsiju.com/" "Mozilla/5.0 zgrab/0.x"
167.114.27.228 - - [28/Apr/2024:14:36:24 -0500] "POST /wp-cron.php?doing_wp_cron=1714332984.6082549095153808593750 HTTP/1.1" 200 - "-" "WordPress/6.5.2; https://peru-1en2022.redpsiju.com"
195.211.77.142 - - [28/Apr/2024:14:36:23 -0500] "HEAD / HTTP/1.1" 200 - "-" "Mozilla/5.0 (Windows NT 10.0; Win64; x64) AppleWebKit/537.36 (KHTML, like Gecko) Chrome/108.0.0.0 Safari/537.36"
195.211.77.142 - - [28/Apr/2024:14:36:41 -0500] "GET / HTTP/1.1" 200 158770 "-" "Mozilla/5.0 (Windows NT 10.0; Win64; x64) AppleWebKit/537.36 (KHTML, like Gecko) Chrome/108.0.0.0 Safari/537.36"
167.114.27.228 - - [28/Apr/2024:17:21:12 -0500] "POST /wp-cron.php?doing_wp_cron=1714342872.4416239261627197265625 HTTP/1.1" 200 - "-" "WordPress/6.5.2; https://peru-1en2022.redpsiju.com"
192.87.174.28 - - [28/Apr/2024:17:20:51 -0500] "GET / HTTP/1.1" 301 - "-" "Python/3.10 aiohttp/3.9.3"
167.114.27.228 - - [28/Apr/2024:18:17:54 -0500] "POST /wp-cron.php?doing_wp_cron=1714346274.4028239250183105468750 HTTP/1.1" 200 - "-" "WordPress/6.5.2; https://peru-1en2022.redpsiju.com"
47.88.78.6 - - [28/Apr/2024:18:17:33 -0500] "GET / HTTP/1.1" 301 - "-" "Mozilla/5.0 (Linux; Android 11; M2004J15SC) AppleWebKit/537.36 (KHTML, like Gecko) Chrome/103.0.5060.114 Mobile Safari/537.36"
47.88.86.63 - - [28/Apr/2024:18:17:57 -0500] "GET / HTTP/1.1" 200 158770 "https://www.peru-1en2022.redpsiju.com/" "Mozilla/5.0 (Linux; Android 11; M2004J15SC) AppleWebKit/537.36 (KHTML, like Gecko) Chrome/103.0.5060.114 Mobile Safari/537.36"
47.88.6.178 - - [28/Apr/2024:18:17:58 -0500] "GET /Public/home/js/check.js HTTP/1.1" 404 - "-" "Mozilla/5.0 (Linux; Android 11; M2004J15SC) AppleWebKit/537.36 (KHTML, like Gecko) Chrome/103.0.5060.114 Mobile Safari/537.36"
47.88.94.161 - - [28/Apr/2024:18:18:00 -0500] "GET /static/admin/javascript/hetong.js HTTP/1.1" 404 - "-" "Mozilla/5.0 (Linux; Android 11; M2004J15SC) AppleWebKit/537.36 (KHTML, like Gecko) Chrome/103.0.5060.114 Mobile Safari/537.36"
171.67.70.233 - - [28/Apr/2024:18:29:02 -0500] "GET / HTTP/1.1" 301 - "-" "Mozilla/5.0 zgrab/0.x"
171.67.70.233 - - [28/Apr/2024:18:29:04 -0500] "GET / HTTP/1.1" 200 158770 "https://www.peru-1en2022.redpsiju.com/" "Mozilla/5.0 zgrab/0.x"
167.114.27.228 - - [28/Apr/2024:19:16:22 -0500] "POST /wp-cron.php?doing_wp_cron=1714349782.4140019416809082031250 HTTP/1.1" 200 - "-" "WordPress/6.5.2; https://peru-1en2022.redpsiju.com"
47.88.78.6 - - [28/Apr/2024:19:16:13 -0500] "GET / HTTP/1.1" 301 - "-" "Mozilla/5.0 (Linux; Android 11; M2004J15SC) AppleWebKit/537.36 (KHTML, like Gecko) Chrome/103.0.5060.114 Mobile Safari/537.36"
47.88.101.3 - - [28/Apr/2024:19:16:24 -0500] "GET /Public/home/js/check.js HTTP/1.1" 404 - "-" "Mozilla/5.0 (Linux; Android 11; M2004J15SC) AppleWebKit/537.36 (KHTML, like Gecko) Chrome/103.0.5060.114 Mobile Safari/537.36"
47.88.94.28 - - [28/Apr/2024:19:16:26 -0500] "GET /static/admin/javascript/hetong.js HTTP/1.1" 404 - "-" "Mozilla/5.0 (Linux; Android 11; M2004J15SC) AppleWebKit/537.36 (KHTML, like Gecko) Chrome/103.0.5060.114 Mobile Safari/537.36"
167.114.27.228 - - [28/Apr/2024:20:12:52 -0500] "POST /wp-cron.php?doing_wp_cron=1714353172.8818840980529785156250 HTTP/1.1" 200 - "-" "WordPress/6.5.2; https://peru-1en2022.redpsiju.com"
104.166.80.98 - - [28/Apr/2024:20:12:43 -0500] "GET / HTTP/1.1" 301 - "-" "Mozilla/5.0 (X11; Linux i686; rv:109.0) Gecko/20100101 Firefox/120.0"